Report for Bitmask-Data-2.05

Back
From: metabase:user:320bfe00-2aae-11df-837a-5e0a49663a4f
Subject: FAIL Bitmask-Data-2.05 5.37.10 GNU/Linux
Date: 2023-03-28T10:17:00Z

This distribution has been tested as part of the CPAN Testers
project, supporting the Perl programming language.  See
http://wiki.cpantesters.org/ for more information or email
questions to cpan-testers-discuss@perl.org


--
Dear Maros Kollar,

This is a computer-generated report for Bitmask-Data-2.05
on perl 5.37.10, created by CPAN-Reporter-1.2018.

Thank you for uploading your work to CPAN.  However, there was a problem
testing your distribution.

If you think this report is invalid, please consult the CPAN Testers Wiki
for suggestions on how to avoid getting FAIL reports for missing library
or binary dependencies, unsupported operating systems, and so on:

http://wiki.cpantesters.org/wiki/CPANAuthorNotes

Sections of this report:

    * Tester comments
    * Program output
    * Prerequisites
    * Environment and other context

------------------------------
TESTER COMMENTS
------------------------------

Additional comments from tester:

this report is from an automated smoke testing program
and was not reviewed by a human for accuracy

------------------------------
PROGRAM OUTPUT
------------------------------

Output from '/usr/bin/make test':

PERL_DL_NONLAZY=1 "/tmp/basesmoker-reloperl-niLM/bin/perl" "-MExtUtils::Command::MM" "-MTest::Harness" "-e" "undef *Test::Harness::Switches; test_harness(0, 'inc', 'blib/lib', 'blib/arch')" t/*.t
given is deprecated at /tmp/loop_over_bdir-1601045-niXMfj/Bitmask-Data-2.05-0/blib/lib/Bitmask/Data.pm line 266.
when is deprecated at /tmp/loop_over_bdir-1601045-niXMfj/Bitmask-Data-2.05-0/blib/lib/Bitmask/Data.pm line 267.
when is deprecated at /tmp/loop_over_bdir-1601045-niXMfj/Bitmask-Data-2.05-0/blib/lib/Bitmask/Data.pm line 270.
when is deprecated at /tmp/loop_over_bdir-1601045-niXMfj/Bitmask-Data-2.05-0/blib/lib/Bitmask/Data.pm line 273.
when is deprecated at /tmp/loop_over_bdir-1601045-niXMfj/Bitmask-Data-2.05-0/blib/lib/Bitmask/Data.pm line 276.
given is deprecated at /tmp/loop_over_bdir-1601045-niXMfj/Bitmask-Data-2.05-0/blib/lib/Bitmask/Data.pm line 391.
when is deprecated at /tmp/loop_over_bdir-1601045-niXMfj/Bitmask-Data-2.05-0/blib/lib/Bitmask/Data.pm line 392.
when is deprecated at /tmp/loop_over_bdir-1601045-niXMfj/Bitmask-Data-2.05-0/blib/lib/Bitmask/Data.pm line 395.
when is deprecated at /tmp/loop_over_bdir-1601045-niXMfj/Bitmask-Data-2.05-0/blib/lib/Bitmask/Data.pm line 398.
Smartmatch is deprecated at /tmp/loop_over_bdir-1601045-niXMfj/Bitmask-Data-2.05-0/blib/lib/Bitmask/Data.pm line 398.
when is deprecated at /tmp/loop_over_bdir-1601045-niXMfj/Bitmask-Data-2.05-0/blib/lib/Bitmask/Data.pm line 401.
when is deprecated at /tmp/loop_over_bdir-1601045-niXMfj/Bitmask-Data-2.05-0/blib/lib/Bitmask/Data.pm line 404.
when is deprecated at /tmp/loop_over_bdir-1601045-niXMfj/Bitmask-Data-2.05-0/blib/lib/Bitmask/Data.pm line 407.
when is deprecated at /tmp/loop_over_bdir-1601045-niXMfj/Bitmask-Data-2.05-0/blib/lib/Bitmask/Data.pm line 410.
t/00_load.t ........ ok

#   Failed test 'no warnings'
#   at /home/sand/src/perl/repoperls/installed-perls/host/k93jammy/v5.37.10/5674/lib/5.37.10/Test/Builder.pm line 193.
# There were 14 warning(s)
#     Previous test 0 ''
#     given is deprecated at /tmp/loop_over_bdir-1601045-niXMfj/Bitmask-Data-2.05-0/blib/lib/Bitmask/Data.pm line 266.
#  at /tmp/loop_over_bdir-1601045-niXMfj/Bitmask-Data-2.05-0/blib/lib/Bitmask/Data.pm line 266.
# 	require Bitmask/Data.pm called at /home/sand/src/perl/repoperls/installed-perls/host/k93jammy/v5.37.10/5674/lib/5.37.10/parent.pm line 16
# 	parent::import("parent", "Bitmask::Data") called at t/lib/Testmask1.pm line 6
# 	Testmask1::BEGIN() called at t/lib/Testmask1.pm line 6
# 	eval {...} called at t/lib/Testmask1.pm line 6
# 	require Testmask1.pm called at t/exceptions.t line 13
# 	main::BEGIN() called at t/exceptions.t line 13
# 	eval {...} called at t/exceptions.t line 13
# 
# ----------
#     Previous test 0 ''
#     when is deprecated at /tmp/loop_over_bdir-1601045-niXMfj/Bitmask-Data-2.05-0/blib/lib/Bitmask/Data.pm line 267.
#  at /tmp/loop_over_bdir-1601045-niXMfj/Bitmask-Data-2.05-0/blib/lib/Bitmask/Data.pm line 267.
# 	require Bitmask/Data.pm called at /home/sand/src/perl/repoperls/installed-perls/host/k93jammy/v5.37.10/5674/lib/5.37.10/parent.pm line 16
# 	parent::import("parent", "Bitmask::Data") called at t/lib/Testmask1.pm line 6
# 	Testmask1::BEGIN() called at t/lib/Testmask1.pm line 6
# 	eval {...} called at t/lib/Testmask1.pm line 6
# 	require Testmask1.pm called at t/exceptions.t line 13
# 	main::BEGIN() called at t/exceptions.t line 13
# 	eval {...} called at t/exceptions.t line 13
# 
# ----------
#     Previous test 0 ''
#     when is deprecated at /tmp/loop_over_bdir-1601045-niXMfj/Bitmask-Data-2.05-0/blib/lib/Bitmask/Data.pm line 270.
#  at /tmp/loop_over_bdir-1601045-niXMfj/Bitmask-Data-2.05-0/blib/lib/Bitmask/Data.pm line 270.
# 	require Bitmask/Data.pm called at /home/sand/src/perl/repoperls/installed-perls/host/k93jammy/v5.37.10/5674/lib/5.37.10/parent.pm line 16
# 	parent::import("parent", "Bitmask::Data") called at t/lib/Testmask1.pm line 6
# 	Testmask1::BEGIN() called at t/lib/Testmask1.pm line 6
# 	eval {...} called at t/lib/Testmask1.pm line 6
# 	require Testmask1.pm called at t/exceptions.t line 13
# 	main::BEGIN() called at t/exceptions.t line 13
# 	eval {...} called at t/exceptions.t line 13
# 
# ----------
#     Previous test 0 ''
#     when is deprecated at /tmp/loop_over_bdir-1601045-niXMfj/Bitmask-Data-2.05-0/blib/lib/Bitmask/Data.pm line 273.
#  at /tmp/loop_over_bdir-1601045-niXMfj/Bitmask-Data-2.05-0/blib/lib/Bitmask/Data.pm line 273.
# 	require Bitmask/Data.pm called at /home/sand/src/perl/repoperls/installed-perls/host/k93jammy/v5.37.10/5674/lib/5.37.10/parent.pm line 16
# 	parent::import("parent", "Bitmask::Data") called at t/lib/Testmask1.pm line 6
# 	Testmask1::BEGIN() called at t/lib/Testmask1.pm line 6
# 	eval {...} called at t/lib/Testmask1.pm line 6
# 	require Testmask1.pm called at t/exceptions.t line 13
# 	main::BEGIN() called at t/exceptions.t line 13
# 	eval {...} called at t/exceptions.t line 13
# 
# ----------
#     Previous test 0 ''
#     when is deprecated at /tmp/loop_over_bdir-1601045-niXMfj/Bitmask-Data-2.05-0/blib/lib/Bitmask/Data.pm line 276.
#  at /tmp/loop_over_bdir-1601045-niXMfj/Bitmask-Data-2.05-0/blib/lib/Bitmask/Data.pm line 276.
# 	require Bitmask/Data.pm called at /home/sand/src/perl/repoperls/installed-perls/host/k93jammy/v5.37.10/5674/lib/5.37.10/parent.pm line 16
# 	parent::import("parent", "Bitmask::Data") called at t/lib/Testmask1.pm line 6
# 	Testmask1::BEGIN() called at t/lib/Testmask1.pm line 6
# 	eval {...} called at t/lib/Testmask1.pm line 6
# 	require Testmask1.pm called at t/exceptions.t line 13
# 	main::BEGIN() called at t/exceptions.t line 13
# 	eval {...} called at t/exceptions.t line 13
# 
# ----------
#     Previous test 0 ''
#     given is deprecated at /tmp/loop_over_bdir-1601045-niXMfj/Bitmask-Data-2.05-0/blib/lib/Bitmask/Data.pm line 391.
#  at /tmp/loop_over_bdir-1601045-niXMfj/Bitmask-Data-2.05-0/blib/lib/Bitmask/Data.pm line 391.
# 	require Bitmask/Data.pm called at /home/sand/src/perl/repoperls/installed-perls/host/k93jammy/v5.37.10/5674/lib/5.37.10/parent.pm line 16
# 	parent::import("parent", "Bitmask::Data") called at t/lib/Testmask1.pm line 6
# 	Testmask1::BEGIN() called at t/lib/Testmask1.pm line 6
# 	eval {...} called at t/lib/Testmask1.pm line 6
# 	require Testmask1.pm called at t/exceptions.t line 13
# 	main::BEGIN() called at t/exceptions.t line 13
# 	eval {...} called at t/exceptions.t line 13
# 
# ----------
#     Previous test 0 ''
#     when is deprecated at /tmp/loop_over_bdir-1601045-niXMfj/Bitmask-Data-2.05-0/blib/lib/Bitmask/Data.pm line 392.
#  at /tmp/loop_over_bdir-1601045-niXMfj/Bitmask-Data-2.05-0/blib/lib/Bitmask/Data.pm line 392.
# 	require Bitmask/Data.pm called at /home/sand/src/perl/repoperls/installed-perls/host/k93jammy/v5.37.10/5674/lib/5.37.10/parent.pm line 16
# 	parent::import("parent", "Bitmask::Data") called at t/lib/Testmask1.pm line 6
# 	Testmask1::BEGIN() called at t/lib/Testmask1.pm line 6
# 	eval {...} called at t/lib/Testmask1.pm line 6
# 	require Testmask1.pm called at t/exceptions.t line 13
# 	main::BEGIN() called at t/exceptions.t line 13
# 	eval {...} called at t/exceptions.t line 13
# 
# ----------
#     Previous test 0 ''
#     when is deprecated at /tmp/loop_over_bdir-1601045-niXMfj/Bitmask-Data-2.05-0/blib/lib/Bitmask/Data.pm line 395.
#  at /tmp/loop_over_bdir-1601045-niXMfj/Bitmask-Data-2.05-0/blib/lib/Bitmask/Data.pm line 395.
# 	require Bitmask/Data.pm called at /home/sand/src/perl/repoperls/installed-perls/host/k93jammy/v5.37.10/5674/lib/5.37.10/parent.pm line 16
# 	parent::import("parent", "Bitmask::Data") called at t/lib/Testmask1.pm line 6
# 	Testmask1::BEGIN() called at t/lib/Testmask1.pm line 6
# 	eval {...} called at t/lib/Testmask1.pm line 6
# 	require Testmask1.pm called at t/exceptions.t line 13
# 	main::BEGIN() called at t/exceptions.t line 13
# 	eval {...} called at t/exceptions.t line 13
# 
# ----------
#     Previous test 0 ''
#     when is deprecated at /tmp/loop_over_bdir-1601045-niXMfj/Bitmask-Data-2.05-0/blib/lib/Bitmask/Data.pm line 398.
#  at /tmp/loop_over_bdir-1601045-niXMfj/Bitmask-Data-2.05-0/blib/lib/Bitmask/Data.pm line 398.
# 	require Bitmask/Data.pm called at /home/sand/src/perl/repoperls/installed-perls/host/k93jammy/v5.37.10/5674/lib/5.37.10/parent.pm line 16
# 	parent::import("parent", "Bitmask::Data") called at t/lib/Testmask1.pm line 6
# 	Testmask1::BEGIN() called at t/lib/Testmask1.pm line 6
# 	eval {...} called at t/lib/Testmask1.pm line 6
# 	require Testmask1.pm called at t/exceptions.t line 13
# 	main::BEGIN() called at t/exceptions.t line 13
# 	eval {...} called at t/exceptions.t line 13
# 
# ----------
#     Previous test 0 ''
#     Smartmatch is deprecated at /tmp/loop_over_bdir-1601045-niXMfj/Bitmask-Data-2.05-0/blib/lib/Bitmask/Data.pm line 398.
#  at /tmp/loop_over_bdir-1601045-niXMfj/Bitmask-Data-2.05-0/blib/lib/Bitmask/Data.pm line 398.
# 	require Bitmask/Data.pm called at /home/sand/src/perl/repoperls/installed-perls/host/k93jammy/v5.37.10/5674/lib/5.37.10/parent.pm line 16
# 	parent::import("parent", "Bitmask::Data") called at t/lib/Testmask1.pm line 6
# 	Testmask1::BEGIN() called at t/lib/Testmask1.pm line 6
# 	eval {...} called at t/lib/Testmask1.pm line 6
# 	require Testmask1.pm called at t/exceptions.t line 13
# 	main::BEGIN() called at t/exceptions.t line 13
# 	eval {...} called at t/exceptions.t line 13
# 
# ----------
#     Previous test 0 ''
#     when is deprecated at /tmp/loop_over_bdir-1601045-niXMfj/Bitmask-Data-2.05-0/blib/lib/Bitmask/Data.pm line 401.
#  at /tmp/loop_over_bdir-1601045-niXMfj/Bitmask-Data-2.05-0/blib/lib/Bitmask/Data.pm line 401.
# 	require Bitmask/Data.pm called at /home/sand/src/perl/repoperls/installed-perls/host/k93jammy/v5.37.10/5674/lib/5.37.10/parent.pm line 16
# 	parent::import("parent", "Bitmask::Data") called at t/lib/Testmask1.pm line 6
# 	Testmask1::BEGIN() called at t/lib/Testmask1.pm line 6
# 	eval {...} called at t/lib/Testmask1.pm line 6
# 	require Testmask1.pm called at t/exceptions.t line 13
# 	main::BEGIN() called at t/exceptions.t line 13
# 	eval {...} called at t/exceptions.t line 13
# 
# ----------
#     Previous test 0 ''
#     when is deprecated at /tmp/loop_over_bdir-1601045-niXMfj/Bitmask-Data-2.05-0/blib/lib/Bitmask/Data.pm line 404.
#  at /tmp/loop_over_bdir-1601045-niXMfj/Bitmask-Data-2.05-0/blib/lib/Bitmask/Data.pm line 404.
# 	require Bitmask/Data.pm called at /home/sand/src/perl/repoperls/installed-perls/host/k93jammy/v5.37.10/5674/lib/5.37.10/parent.pm line 16
# 	parent::import("parent", "Bitmask::Data") called at t/lib/Testmask1.pm line 6
# 	Testmask1::BEGIN() called at t/lib/Testmask1.pm line 6
# 	eval {...} called at t/lib/Testmask1.pm line 6
# 	require Testmask1.pm called at t/exceptions.t line 13
# 	main::BEGIN() called at t/exceptions.t line 13
# 	eval {...} called at t/exceptions.t line 13
# 
# ----------
#     Previous test 0 ''
#     when is deprecated at /tmp/loop_over_bdir-1601045-niXMfj/Bitmask-Data-2.05-0/blib/lib/Bitmask/Data.pm line 407.
#  at /tmp/loop_over_bdir-1601045-niXMfj/Bitmask-Data-2.05-0/blib/lib/Bitmask/Data.pm line 407.
# 	require Bitmask/Data.pm called at /home/sand/src/perl/repoperls/installed-perls/host/k93jammy/v5.37.10/5674/lib/5.37.10/parent.pm line 16
# 	parent::import("parent", "Bitmask::Data") called at t/lib/Testmask1.pm line 6
# 	Testmask1::BEGIN() called at t/lib/Testmask1.pm line 6
# 	eval {...} called at t/lib/Testmask1.pm line 6
# 	require Testmask1.pm called at t/exceptions.t line 13
# 	main::BEGIN() called at t/exceptions.t line 13
# 	eval {...} called at t/exceptions.t line 13
# 
# ----------
#     Previous test 0 ''
#     when is deprecated at /tmp/loop_over_bdir-1601045-niXMfj/Bitmask-Data-2.05-0/blib/lib/Bitmask/Data.pm line 410.
#  at /tmp/loop_over_bdir-1601045-niXMfj/Bitmask-Data-2.05-0/blib/lib/Bitmask/Data.pm line 410.
# 	require Bitmask/Data.pm called at /home/sand/src/perl/repoperls/installed-perls/host/k93jammy/v5.37.10/5674/lib/5.37.10/parent.pm line 16
# 	parent::import("parent", "Bitmask::Data") called at t/lib/Testmask1.pm line 6
# 	Testmask1::BEGIN() called at t/lib/Testmask1.pm line 6
# 	eval {...} called at t/lib/Testmask1.pm line 6
# 	require Testmask1.pm called at t/exceptions.t line 13
# 	main::BEGIN() called at t/exceptions.t line 13
# 	eval {...} called at t/exceptions.t line 13
# 
# Looks like you failed 1 test of 17.
t/exceptions.t ..... 
Dubious, test returned 1 (wstat 256, 0x100)
Failed 1/17 subtests 

#   Failed test 'no warnings'
#   at /home/sand/src/perl/repoperls/installed-perls/host/k93jammy/v5.37.10/5674/lib/5.37.10/Test/Builder.pm line 193.
# There were 14 warning(s)
#     Previous test 0 ''
#     given is deprecated at /tmp/loop_over_bdir-1601045-niXMfj/Bitmask-Data-2.05-0/blib/lib/Bitmask/Data.pm line 266.
#  at /tmp/loop_over_bdir-1601045-niXMfj/Bitmask-Data-2.05-0/blib/lib/Bitmask/Data.pm line 266.
# 	require Bitmask/Data.pm called at /home/sand/src/perl/repoperls/installed-perls/host/k93jammy/v5.37.10/5674/lib/5.37.10/parent.pm line 16
# 	parent::import("parent", "Bitmask::Data") called at t/lib/Testmask7.pm line 4
# 	Testmask7::BEGIN() called at t/lib/Testmask7.pm line 4
# 	eval {...} called at t/lib/Testmask7.pm line 4
# 	require Testmask7.pm called at t/maxinteger.t line 14
# 	main::BEGIN() called at t/maxinteger.t line 14
# 	eval {...} called at t/maxinteger.t line 14
# 	eval 'package main;
# BEGIN { ${^WARNING_BITS} = $args[-1] if defined $args[-1] }
# #line 14 t/maxinteger.t
# use Testmask7 @{$args[0]};
# 1;
# ' called at /home/sand/src/perl/repoperls/installed-perls/host/k93jammy/v5.37.10/5674/lib/5.37.10/Test/More.pm line 1056
# 	Test::More::_eval("package main;\x{a}BEGIN { \${^WARNING_BITS} = \$args[-1] if defined"..., ARRAY(0x5634fa49c5e0), "UUUUUUUUUUUUUUUUUUUU") called at /home/sand/src/perl/repoperls/installed-perls/host/k93jammy/v5.37.10/5674/lib/5.37.10/Test/More.pm line 1031
# 	Test::More::use_ok("Testmask7") called at t/maxinteger.t line 14
# 
# ----------
#     Previous test 0 ''
#     when is deprecated at /tmp/loop_over_bdir-1601045-niXMfj/Bitmask-Data-2.05-0/blib/lib/Bitmask/Data.pm line 267.
#  at /tmp/loop_over_bdir-1601045-niXMfj/Bitmask-Data-2.05-0/blib/lib/Bitmask/Data.pm line 267.
# 	require Bitmask/Data.pm called at /home/sand/src/perl/repoperls/installed-perls/host/k93jammy/v5.37.10/5674/lib/5.37.10/parent.pm line 16
# 	parent::import("parent", "Bitmask::Data") called at t/lib/Testmask7.pm line 4
# 	Testmask7::BEGIN() called at t/lib/Testmask7.pm line 4
# 	eval {...} called at t/lib/Testmask7.pm line 4
# 	require Testmask7.pm called at t/maxinteger.t line 14
# 	main::BEGIN() called at t/maxinteger.t line 14
# 	eval {...} called at t/maxinteger.t line 14
# 	eval 'package main;
# BEGIN { ${^WARNING_BITS} = $args[-1] if defined $args[-1] }
# #line 14 t/maxinteger.t
# use Testmask7 @{$args[0]};
# 1;
# ' called at /home/sand/src/perl/repoperls/installed-perls/host/k93jammy/v5.37.10/5674/lib/5.37.10/Test/More.pm line 1056
# 	Test::More::_eval("package main;\x{a}BEGIN { \${^WARNING_BITS} = \$args[-1] if defined"..., ARRAY(0x5634fa49c5e0), "UUUUUUUUUUUUUUUUUUUU") called at /home/sand/src/perl/repoperls/installed-perls/host/k93jammy/v5.37.10/5674/lib/5.37.10/Test/More.pm line 1031
# 	Test::More::use_ok("Testmask7") called at t/maxinteger.t line 14
# 
# ----------
#     Previous test 0 ''
#     when is deprecated at /tmp/loop_over_bdir-1601045-niXMfj/Bitmask-Data-2.05-0/blib/lib/Bitmask/Data.pm line 270.
#  at /tmp/loop_over_bdir-1601045-niXMfj/Bitmask-Data-2.05-0/blib/lib/Bitmask/Data.pm line 270.
# 	require Bitmask/Data.pm called at /home/sand/src/perl/repoperls/installed-perls/host/k93jammy/v5.37.10/5674/lib/5.37.10/parent.pm line 16
# 	parent::import("parent", "Bitmask::Data") called at t/lib/Testmask7.pm line 4
# 	Testmask7::BEGIN() called at t/lib/Testmask7.pm line 4
# 	eval {...} called at t/lib/Testmask7.pm line 4
# 	require Testmask7.pm called at t/maxinteger.t line 14
# 	main::BEGIN() called at t/maxinteger.t line 14
# 	eval {...} called at t/maxinteger.t line 14
# 	eval 'package main;
# BEGIN { ${^WARNING_BITS} = $args[-1] if defined $args[-1] }
# #line 14 t/maxinteger.t
# use Testmask7 @{$args[0]};
# 1;
# ' called at /home/sand/src/perl/repoperls/installed-perls/host/k93jammy/v5.37.10/5674/lib/5.37.10/Test/More.pm line 1056
# 	Test::More::_eval("package main;\x{a}BEGIN { \${^WARNING_BITS} = \$args[-1] if defined"..., ARRAY(0x5634fa49c5e0), "UUUUUUUUUUUUUUUUUUUU") called at /home/sand/src/perl/repoperls/installed-perls/host/k93jammy/v5.37.10/5674/lib/5.37.10/Test/More.pm line 1031
# 	Test::More::use_ok("Testmask7") called at t/maxinteger.t line 14
# 
# ----------
#     Previous test 0 ''
#     when is deprecated at /tmp/loop_over_bdir-1601045-niXMfj/Bitmask-Data-2.05-0/blib/lib/Bitmask/Data.pm line 273.
#  at /tmp/loop_over_bdir-1601045-niXMfj/Bitmask-Data-2.05-0/blib/lib/Bitmask/Data.pm line 273.
# 	require Bitmask/Data.pm called at /home/sand/src/perl/repoperls/installed-perls/host/k93jammy/v5.37.10/5674/lib/5.37.10/parent.pm line 16
# 	parent::import("parent", "Bitmask::Data") called at t/lib/Testmask7.pm line 4
# 	Testmask7::BEGIN() called at t/lib/Testmask7.pm line 4
# 	eval {...} called at t/lib/Testmask7.pm line 4
# 	require Testmask7.pm called at t/maxinteger.t line 14
# 	main::BEGIN() called at t/maxinteger.t line 14
# 	eval {...} called at t/maxinteger.t line 14
# 	eval 'package main;
# BEGIN { ${^WARNING_BITS} = $args[-1] if defined $args[-1] }
# #line 14 t/maxinteger.t
# use Testmask7 @{$args[0]};
# 1;
# ' called at /home/sand/src/perl/repoperls/installed-perls/host/k93jammy/v5.37.10/5674/lib/5.37.10/Test/More.pm line 1056
# 	Test::More::_eval("package main;\x{a}BEGIN { \${^WARNING_BITS} = \$args[-1] if defined"..., ARRAY(0x5634fa49c5e0), "UUUUUUUUUUUUUUUUUUUU") called at /home/sand/src/perl/repoperls/installed-perls/host/k93jammy/v5.37.10/5674/lib/5.37.10/Test/More.pm line 1031
# 	Test::More::use_ok("Testmask7") called at t/maxinteger.t line 14
# 
# ----------
#     Previous test 0 ''
#     when is deprecated at /tmp/loop_over_bdir-1601045-niXMfj/Bitmask-Data-2.05-0/blib/lib/Bitmask/Data.pm line 276.
#  at /tmp/loop_over_bdir-1601045-niXMfj/Bitmask-Data-2.05-0/blib/lib/Bitmask/Data.pm line 276.
# 	require Bitmask/Data.pm called at /home/sand/src/perl/repoperls/installed-perls/host/k93jammy/v5.37.10/5674/lib/5.37.10/parent.pm line 16
# 	parent::import("parent", "Bitmask::Data") called at t/lib/Testmask7.pm line 4
# 	Testmask7::BEGIN() called at t/lib/Testmask7.pm line 4
# 	eval {...} called at t/lib/Testmask7.pm line 4
# 	require Testmask7.pm called at t/maxinteger.t line 14
# 	main::BEGIN() called at t/maxinteger.t line 14
# 	eval {...} called at t/maxinteger.t line 14
# 	eval 'package main;
# BEGIN { ${^WARNING_BITS} = $args[-1] if defined $args[-1] }
# #line 14 t/maxinteger.t
# use Testmask7 @{$args[0]};
# 1;
# ' called at /home/sand/src/perl/repoperls/installed-perls/host/k93jammy/v5.37.10/5674/lib/5.37.10/Test/More.pm line 1056
# 	Test::More::_eval("package main;\x{a}BEGIN { \${^WARNING_BITS} = \$args[-1] if defined"..., ARRAY(0x5634fa49c5e0), "UUUUUUUUUUUUUUUUUUUU") called at /home/sand/src/perl/repoperls/installed-perls/host/k93jammy/v5.37.10/5674/lib/5.37.10/Test/More.pm line 1031
# 	Test::More::use_ok("Testmask7") called at t/maxinteger.t line 14
# 
# ----------
#     Previous test 0 ''
#     given is deprecated at /tmp/loop_over_bdir-1601045-niXMfj/Bitmask-Data-2.05-0/blib/lib/Bitmask/Data.pm line 391.
#  at /tmp/loop_over_bdir-1601045-niXMfj/Bitmask-Data-2.05-0/blib/lib/Bitmask/Data.pm line 391.
# 	require Bitmask/Data.pm called at /home/sand/src/perl/repoperls/installed-perls/host/k93jammy/v5.37.10/5674/lib/5.37.10/parent.pm line 16
# 	parent::import("parent", "Bitmask::Data") called at t/lib/Testmask7.pm line 4
# 	Testmask7::BEGIN() called at t/lib/Testmask7.pm line 4
# 	eval {...} called at t/lib/Testmask7.pm line 4
# 	require Testmask7.pm called at t/maxinteger.t line 14
# 	main::BEGIN() called at t/maxinteger.t line 14
# 	eval {...} called at t/maxinteger.t line 14
# 	eval 'package main;
# BEGIN { ${^WARNING_BITS} = $args[-1] if defined $args[-1] }
# #line 14 t/maxinteger.t
# use Testmask7 @{$args[0]};
# 1;
# ' called at /home/sand/src/perl/repoperls/installed-perls/host/k93jammy/v5.37.10/5674/lib/5.37.10/Test/More.pm line 1056
# 	Test::More::_eval("package main;\x{a}BEGIN { \${^WARNING_BITS} = \$args[-1] if defined"..., ARRAY(0x5634fa49c5e0), "UUUUUUUUUUUUUUUUUUUU") called at /home/sand/src/perl/repoperls/installed-perls/host/k93jammy/v5.37.10/5674/lib/5.37.10/Test/More.pm line 1031
# 	Test::More::use_ok("Testmask7") called at t/maxinteger.t line 14
# 
# ----------
#     Previous test 0 ''
#     when is deprecated at /tmp/loop_over_bdir-1601045-niXMfj/Bitmask-Data-2.05-0/blib/lib/Bitmask/Data.pm line 392.
#  at /tmp/loop_over_bdir-1601045-niXMfj/Bitmask-Data-2.05-0/blib/lib/Bitmask/Data.pm line 392.
# 	require Bitmask/Data.pm called at /home/sand/src/perl/repoperls/installed-perls/host/k93jammy/v5.37.10/5674/lib/5.37.10/parent.pm line 16
# 	parent::import("parent", "Bitmask::Data") called at t/lib/Testmask7.pm line 4
# 	Testmask7::BEGIN() called at t/lib/Testmask7.pm line 4
# 	eval {...} called at t/lib/Testmask7.pm line 4
# 	require Testmask7.pm called at t/maxinteger.t line 14
# 	main::BEGIN() called at t/maxinteger.t line 14
# 	eval {...} called at t/maxinteger.t line 14
# 	eval 'package main;
# BEGIN { ${^WARNING_BITS} = $args[-1] if defined $args[-1] }
# #line 14 t/maxinteger.t
# use Testmask7 @{$args[0]};
# 1;
# ' called at /home/sand/src/perl/repoperls/installed-perls/host/k93jammy/v5.37.10/5674/lib/5.37.10/Test/More.pm line 1056
# 	Test::More::_eval("package main;\x{a}BEGIN { \${^WARNING_BITS} = \$args[-1] if defined"..., ARRAY(0x5634fa49c5e0), "UUUUUUUUUUUUUUUUUUUU") called at /home/sand/src/perl/repoperls/installed-perls/host/k93jammy/v5.37.10/5674/lib/5.37.10/Test/More.pm line 1031
# 	Test::More::use_ok("Testmask7") called at t/maxinteger.t line 14
# 
# ----------
#     Previous test 0 ''
#     when is deprecated at /tmp/loop_over_bdir-1601045-niXMfj/Bitmask-Data-2.05-0/blib/lib/Bitmask/Data.pm line 395.
#  at /tmp/loop_over_bdir-1601045-niXMfj/Bitmask-Data-2.05-0/blib/lib/Bitmask/Data.pm line 395.
# 	require Bitmask/Data.pm called at /home/sand/src/perl/repoperls/installed-perls/host/k93jammy/v5.37.10/5674/lib/5.37.10/parent.pm line 16
# 	parent::import("parent", "Bitmask::Data") called at t/lib/Testmask7.pm line 4
# 	Testmask7::BEGIN() called at t/lib/Testmask7.pm line 4
# 	eval {...} called at t/lib/Testmask7.pm line 4
# 	require Testmask7.pm called at t/maxinteger.t line 14
# 	main::BEGIN() called at t/maxinteger.t line 14
# 	eval {...} called at t/maxinteger.t line 14
# 	eval 'package main;
# BEGIN { ${^WARNING_BITS} = $args[-1] if defined $args[-1] }
# #line 14 t/maxinteger.t
# use Testmask7 @{$args[0]};
# 1;
# ' called at /home/sand/src/perl/repoperls/installed-perls/host/k93jammy/v5.37.10/5674/lib/5.37.10/Test/More.pm line 1056
# 	Test::More::_eval("package main;\x{a}BEGIN { \${^WARNING_BITS} = \$args[-1] if defined"..., ARRAY(0x5634fa49c5e0), "UUUUUUUUUUUUUUUUUUUU") called at /home/sand/src/perl/repoperls/installed-perls/host/k93jammy/v5.37.10/5674/lib/5.37.10/Test/More.pm line 1031
# 	Test::More::use_ok("Testmask7") called at t/maxinteger.t line 14
# 
# ----------
#     Previous test 0 ''
#     when is deprecated at /tmp/loop_over_bdir-1601045-niXMfj/Bitmask-Data-2.05-0/blib/lib/Bitmask/Data.pm line 398.
#  at /tmp/loop_over_bdir-1601045-niXMfj/Bitmask-Data-2.05-0/blib/lib/Bitmask/Data.pm line 398.
# 	require Bitmask/Data.pm called at /home/sand/src/perl/repoperls/installed-perls/host/k93jammy/v5.37.10/5674/lib/5.37.10/parent.pm line 16
# 	parent::import("parent", "Bitmask::Data") called at t/lib/Testmask7.pm line 4
# 	Testmask7::BEGIN() called at t/lib/Testmask7.pm line 4
# 	eval {...} called at t/lib/Testmask7.pm line 4
# 	require Testmask7.pm called at t/maxinteger.t line 14
# 	main::BEGIN() called at t/maxinteger.t line 14
# 	eval {...} called at t/maxinteger.t line 14
# 	eval 'package main;
# BEGIN { ${^WARNING_BITS} = $args[-1] if defined $args[-1] }
# #line 14 t/maxinteger.t
# use Testmask7 @{$args[0]};
# 1;
# ' called at /home/sand/src/perl/repoperls/installed-perls/host/k93jammy/v5.37.10/5674/lib/5.37.10/Test/More.pm line 1056
# 	Test::More::_eval("package main;\x{a}BEGIN { \${^WARNING_BITS} = \$args[-1] if defined"..., ARRAY(0x5634fa49c5e0), "UUUUUUUUUUUUUUUUUUUU") called at /home/sand/src/perl/repoperls/installed-perls/host/k93jammy/v5.37.10/5674/lib/5.37.10/Test/More.pm line 1031
# 	Test::More::use_ok("Testmask7") called at t/maxinteger.t line 14
# 
# ----------
#     Previous test 0 ''
#     Smartmatch is deprecated at /tmp/loop_over_bdir-1601045-niXMfj/Bitmask-Data-2.05-0/blib/lib/Bitmask/Data.pm line 398.
#  at /tmp/loop_over_bdir-1601045-niXMfj/Bitmask-Data-2.05-0/blib/lib/Bitmask/Data.pm line 398.
# 	require Bitmask/Data.pm called at /home/sand/src/perl/repoperls/installed-perls/host/k93jammy/v5.37.10/5674/lib/5.37.10/parent.pm line 16
# 	parent::import("parent", "Bitmask::Data") called at t/lib/Testmask7.pm line 4
# 	Testmask7::BEGIN() called at t/lib/Testmask7.pm line 4
# 	eval {...} called at t/lib/Testmask7.pm line 4
# 	require Testmask7.pm called at t/maxinteger.t line 14
# 	main::BEGIN() called at t/maxinteger.t line 14
# 	eval {...} called at t/maxinteger.t line 14
# 	eval 'package main;
# BEGIN { ${^WARNING_BITS} = $args[-1] if defined $args[-1] }
# #line 14 t/maxinteger.t
# use Testmask7 @{$args[0]};
# 1;
# ' called at /home/sand/src/perl/repoperls/installed-perls/host/k93jammy/v5.37.10/5674/lib/5.37.10/Test/More.pm line 1056
# 	Test::More::_eval("package main;\x{a}BEGIN { \${^WARNING_BITS} = \$args[-1] if defined"..., ARRAY(0x5634fa49c5e0), "UUUUUUUUUUUUUUUUUUUU") called at /home/sand/src/perl/repoperls/installed-perls/host/k93jammy/v5.37.10/5674/lib/5.37.10/Test/More.pm line 1031
# 	Test::More::use_ok("Testmask7") called at t/maxinteger.t line 14
# 
# ----------
#     Previous test 0 ''
#     when is deprecated at /tmp/loop_over_bdir-1601045-niXMfj/Bitmask-Data-2.05-0/blib/lib/Bitmask/Data.pm line 401.
#  at /tmp/loop_over_bdir-1601045-niXMfj/Bitmask-Data-2.05-0/blib/lib/Bitmask/Data.pm line 401.
# 	require Bitmask/Data.pm called at /home/sand/src/perl/repoperls/installed-perls/host/k93jammy/v5.37.10/5674/lib/5.37.10/parent.pm line 16
# 	parent::import("parent", "Bitmask::Data") called at t/lib/Testmask7.pm line 4
# 	Testmask7::BEGIN() called at t/lib/Testmask7.pm line 4
# 	eval {...} called at t/lib/Testmask7.pm line 4
# 	require Testmask7.pm called at t/maxinteger.t line 14
# 	main::BEGIN() called at t/maxinteger.t line 14
# 	eval {...} called at t/maxinteger.t line 14
# 	eval 'package main;
# BEGIN { ${^WARNING_BITS} = $args[-1] if defined $args[-1] }
# #line 14 t/maxinteger.t
# use Testmask7 @{$args[0]};
# 1;
# ' called at /home/sand/src/perl/repoperls/installed-perls/host/k93jammy/v5.37.10/5674/lib/5.37.10/Test/More.pm line 1056
# 	Test::More::_eval("package main;\x{a}BEGIN { \${^WARNING_BITS} = \$args[-1] if defined"..., ARRAY(0x5634fa49c5e0), "UUUUUUUUUUUUUUUUUUUU") called at /home/sand/src/perl/repoperls/installed-perls/host/k93jammy/v5.37.10/5674/lib/5.37.10/Test/More.pm line 1031
# 	Test::More::use_ok("Testmask7") called at t/maxinteger.t line 14
# 
# ----------
#     Previous test 0 ''
#     when is deprecated at /tmp/loop_over_bdir-1601045-niXMfj/Bitmask-Data-2.05-0/blib/lib/Bitmask/Data.pm line 404.
#  at /tmp/loop_over_bdir-1601045-niXMfj/Bitmask-Data-2.05-0/blib/lib/Bitmask/Data.pm line 404.
# 	require Bitmask/Data.pm called at /home/sand/src/perl/repoperls/installed-perls/host/k93jammy/v5.37.10/5674/lib/5.37.10/parent.pm line 16
# 	parent::import("parent", "Bitmask::Data") called at t/lib/Testmask7.pm line 4
# 	Testmask7::BEGIN() called at t/lib/Testmask7.pm line 4
# 	eval {...} called at t/lib/Testmask7.pm line 4
# 	require Testmask7.pm called at t/maxinteger.t line 14
# 	main::BEGIN() called at t/maxinteger.t line 14
# 	eval {...} called at t/maxinteger.t line 14
# 	eval 'package main;
# BEGIN { ${^WARNING_BITS} = $args[-1] if defined $args[-1] }
# #line 14 t/maxinteger.t
# use Testmask7 @{$args[0]};
# 1;
# ' called at /home/sand/src/perl/repoperls/installed-perls/host/k93jammy/v5.37.10/5674/lib/5.37.10/Test/More.pm line 1056
# 	Test::More::_eval("package main;\x{a}BEGIN { \${^WARNING_BITS} = \$args[-1] if defined"..., ARRAY(0x5634fa49c5e0), "UUUUUUUUUUUUUUUUUUUU") called at /home/sand/src/perl/repoperls/installed-perls/host/k93jammy/v5.37.10/5674/lib/5.37.10/Test/More.pm line 1031
# 	Test::More::use_ok("Testmask7") called at t/maxinteger.t line 14
# 
# ----------
#     Previous test 0 ''
#     when is deprecated at /tmp/loop_over_bdir-1601045-niXMfj/Bitmask-Data-2.05-0/blib/lib/Bitmask/Data.pm line 407.
#  at /tmp/loop_over_bdir-1601045-niXMfj/Bitmask-Data-2.05-0/blib/lib/Bitmask/Data.pm line 407.
# 	require Bitmask/Data.pm called at /home/sand/src/perl/repoperls/installed-perls/host/k93jammy/v5.37.10/5674/lib/5.37.10/parent.pm line 16
# 	parent::import("parent", "Bitmask::Data") called at t/lib/Testmask7.pm line 4
# 	Testmask7::BEGIN() called at t/lib/Testmask7.pm line 4
# 	eval {...} called at t/lib/Testmask7.pm line 4
# 	require Testmask7.pm called at t/maxinteger.t line 14
# 	main::BEGIN() called at t/maxinteger.t line 14
# 	eval {...} called at t/maxinteger.t line 14
# 	eval 'package main;
# BEGIN { ${^WARNING_BITS} = $args[-1] if defined $args[-1] }
# #line 14 t/maxinteger.t
# use Testmask7 @{$args[0]};
# 1;
# ' called at /home/sand/src/perl/repoperls/installed-perls/host/k93jammy/v5.37.10/5674/lib/5.37.10/Test/More.pm line 1056
# 	Test::More::_eval("package main;\x{a}BEGIN { \${^WARNING_BITS} = \$args[-1] if defined"..., ARRAY(0x5634fa49c5e0), "UUUUUUUUUUUUUUUUUUUU") called at /home/sand/src/perl/repoperls/installed-perls/host/k93jammy/v5.37.10/5674/lib/5.37.10/Test/More.pm line 1031
# 	Test::More::use_ok("Testmask7") called at t/maxinteger.t line 14
# 
# ----------
#     Previous test 0 ''
#     when is deprecated at /tmp/loop_over_bdir-1601045-niXMfj/Bitmask-Data-2.05-0/blib/lib/Bitmask/Data.pm line 410.
#  at /tmp/loop_over_bdir-1601045-niXMfj/Bitmask-Data-2.05-0/blib/lib/Bitmask/Data.pm line 410.
# 	require Bitmask/Data.pm called at /home/sand/src/perl/repoperls/installed-perls/host/k93jammy/v5.37.10/5674/lib/5.37.10/parent.pm line 16
# 	parent::import("parent", "Bitmask::Data") called at t/lib/Testmask7.pm line 4
# 	Testmask7::BEGIN() called at t/lib/Testmask7.pm line 4
# 	eval {...} called at t/lib/Testmask7.pm line 4
# 	require Testmask7.pm called at t/maxinteger.t line 14
# 	main::BEGIN() called at t/maxinteger.t line 14
# 	eval {...} called at t/maxinteger.t line 14
# 	eval 'package main;
# BEGIN { ${^WARNING_BITS} = $args[-1] if defined $args[-1] }
# #line 14 t/maxinteger.t
# use Testmask7 @{$args[0]};
# 1;
# ' called at /home/sand/src/perl/repoperls/installed-perls/host/k93jammy/v5.37.10/5674/lib/5.37.10/Test/More.pm line 1056
# 	Test::More::_eval("package main;\x{a}BEGIN { \${^WARNING_BITS} = \$args[-1] if defined"..., ARRAY(0x5634fa49c5e0), "UUUUUUUUUUUUUUUUUUUU") called at /home/sand/src/perl/repoperls/installed-perls/host/k93jammy/v5.37.10/5674/lib/5.37.10/Test/More.pm line 1031
# 	Test::More::use_ok("Testmask7") called at t/maxinteger.t line 14
# 
# Looks like you failed 1 test of 8.
t/maxinteger.t ..... 
Dubious, test returned 1 (wstat 256, 0x100)
Failed 1/8 subtests 

#   Failed test 'no warnings'
#   at /home/sand/src/perl/repoperls/installed-perls/host/k93jammy/v5.37.10/5674/lib/5.37.10/Test/Builder.pm line 193.
# There were 23 warning(s)
#     Previous test 0 ''
#     Smartmatch is deprecated at t/overload.t line 68.
#  at t/overload.t line 68.
# 
# ----------
#     Previous test 0 ''
#     Smartmatch is deprecated at t/overload.t line 69.
#  at t/overload.t line 69.
# 
# ----------
#     Previous test 0 ''
#     Smartmatch is deprecated at t/overload.t line 70.
#  at t/overload.t line 70.
# 
# ----------
#     Previous test 0 ''
#     Smartmatch is deprecated at t/overload.t line 71.
#  at t/overload.t line 71.
# 
# ----------
#     Previous test 0 ''
#     Smartmatch is deprecated at t/overload.t line 73.
#  at t/overload.t line 73.
# 
# ----------
#     Previous test 0 ''
#     Smartmatch is deprecated at t/overload.t line 74.
#  at t/overload.t line 74.
# 
# ----------
#     Previous test 0 ''
#     Smartmatch is deprecated at t/overload.t line 75.
#  at t/overload.t line 75.
# 
# ----------
#     Previous test 0 ''
#     Smartmatch is deprecated at t/overload.t line 76.
#  at t/overload.t line 76.
# 
# ----------
#     Previous test 0 ''
#     Smartmatch is deprecated at t/overload.t line 77.
#  at t/overload.t line 77.
# 
# ----------
#     Previous test 0 ''
#     given is deprecated at /tmp/loop_over_bdir-1601045-niXMfj/Bitmask-Data-2.05-0/blib/lib/Bitmask/Data.pm line 266.
#  at /tmp/loop_over_bdir-1601045-niXMfj/Bitmask-Data-2.05-0/blib/lib/Bitmask/Data.pm line 266.
# 	require Bitmask/Data.pm called at /home/sand/src/perl/repoperls/installed-perls/host/k93jammy/v5.37.10/5674/lib/5.37.10/parent.pm line 16
# 	parent::import("parent", "Bitmask::Data") called at t/lib/Testmask5.pm line 4
# 	Testmask5::BEGIN() called at t/lib/Testmask5.pm line 4
# 	eval {...} called at t/lib/Testmask5.pm line 4
# 	require Testmask5.pm called at t/overload.t line 13
# 	main::BEGIN() called at t/overload.t line 13
# 	eval {...} called at t/overload.t line 13
# 	eval 'package main;
# BEGIN { ${^WARNING_BITS} = $args[-1] if defined $args[-1] }
# #line 13 t/overload.t
# use Testmask5 @{$args[0]};
# 1;
# ' called at /home/sand/src/perl/repoperls/installed-perls/host/k93jammy/v5.37.10/5674/lib/5.37.10/Test/More.pm line 1056
# 	Test::More::_eval("package main;\x{a}BEGIN { \${^WARNING_BITS} = \$args[-1] if defined"..., ARRAY(0x55bd56142c18), "UUUUUUUUUUUUUUUUUUUU") called at /home/sand/src/perl/repoperls/installed-perls/host/k93jammy/v5.37.10/5674/lib/5.37.10/Test/More.pm line 1031
# 	Test::More::use_ok("Testmask5") called at t/overload.t line 13
# 
# ----------
#     Previous test 0 ''
#     when is deprecated at /tmp/loop_over_bdir-1601045-niXMfj/Bitmask-Data-2.05-0/blib/lib/Bitmask/Data.pm line 267.
#  at /tmp/loop_over_bdir-1601045-niXMfj/Bitmask-Data-2.05-0/blib/lib/Bitmask/Data.pm line 267.
# 	require Bitmask/Data.pm called at /home/sand/src/perl/repoperls/installed-perls/host/k93jammy/v5.37.10/5674/lib/5.37.10/parent.pm line 16
# 	parent::import("parent", "Bitmask::Data") called at t/lib/Testmask5.pm line 4
# 	Testmask5::BEGIN() called at t/lib/Testmask5.pm line 4
# 	eval {...} called at t/lib/Testmask5.pm line 4
# 	require Testmask5.pm called at t/overload.t line 13
# 	main::BEGIN() called at t/overload.t line 13
# 	eval {...} called at t/overload.t line 13
# 	eval 'package main;
# BEGIN { ${^WARNING_BITS} = $args[-1] if defined $args[-1] }
# #line 13 t/overload.t
# use Testmask5 @{$args[0]};
# 1;
# ' called at /home/sand/src/perl/repoperls/installed-perls/host/k93jammy/v5.37.10/5674/lib/5.37.10/Test/More.pm line 1056
# 	Test::More::_eval("package main;\x{a}BEGIN { \${^WARNING_BITS} = \$args[-1] if defined"..., ARRAY(0x55bd56142c18), "UUUUUUUUUUUUUUUUUUUU") called at /home/sand/src/perl/repoperls/installed-perls/host/k93jammy/v5.37.10/5674/lib/5.37.10/Test/More.pm line 1031
# 	Test::More::use_ok("Testmask5") called at t/overload.t line 13
# 
# ----------
#     Previous test 0 ''
#     when is deprecated at /tmp/loop_over_bdir-1601045-niXMfj/Bitmask-Data-2.05-0/blib/lib/Bitmask/Data.pm line 270.
#  at /tmp/loop_over_bdir-1601045-niXMfj/Bitmask-Data-2.05-0/blib/lib/Bitmask/Data.pm line 270.
# 	require Bitmask/Data.pm called at /home/sand/src/perl/repoperls/installed-perls/host/k93jammy/v5.37.10/5674/lib/5.37.10/parent.pm line 16
# 	parent::import("parent", "Bitmask::Data") called at t/lib/Testmask5.pm line 4
# 	Testmask5::BEGIN() called at t/lib/Testmask5.pm line 4
# 	eval {...} called at t/lib/Testmask5.pm line 4
# 	require Testmask5.pm called at t/overload.t line 13
# 	main::BEGIN() called at t/overload.t line 13
# 	eval {...} called at t/overload.t line 13
# 	eval 'package main;
# BEGIN { ${^WARNING_BITS} = $args[-1] if defined $args[-1] }
# #line 13 t/overload.t
# use Testmask5 @{$args[0]};
# 1;
# ' called at /home/sand/src/perl/repoperls/installed-perls/host/k93jammy/v5.37.10/5674/lib/5.37.10/Test/More.pm line 1056
# 	Test::More::_eval("package main;\x{a}BEGIN { \${^WARNING_BITS} = \$args[-1] if defined"..., ARRAY(0x55bd56142c18), "UUUUUUUUUUUUUUUUUUUU") called at /home/sand/src/perl/repoperls/installed-perls/host/k93jammy/v5.37.10/5674/lib/5.37.10/Test/More.pm line 1031
# 	Test::More::use_ok("Testmask5") called at t/overload.t line 13
# 
# ----------
#     Previous test 0 ''
#     when is deprecated at /tmp/loop_over_bdir-1601045-niXMfj/Bitmask-Data-2.05-0/blib/lib/Bitmask/Data.pm line 273.
#  at /tmp/loop_over_bdir-1601045-niXMfj/Bitmask-Data-2.05-0/blib/lib/Bitmask/Data.pm line 273.
# 	require Bitmask/Data.pm called at /home/sand/src/perl/repoperls/installed-perls/host/k93jammy/v5.37.10/5674/lib/5.37.10/parent.pm line 16
# 	parent::import("parent", "Bitmask::Data") called at t/lib/Testmask5.pm line 4
# 	Testmask5::BEGIN() called at t/lib/Testmask5.pm line 4
# 	eval {...} called at t/lib/Testmask5.pm line 4
# 	require Testmask5.pm called at t/overload.t line 13
# 	main::BEGIN() called at t/overload.t line 13
# 	eval {...} called at t/overload.t line 13
# 	eval 'package main;
# BEGIN { ${^WARNING_BITS} = $args[-1] if defined $args[-1] }
# #line 13 t/overload.t
# use Testmask5 @{$args[0]};
# 1;
# ' called at /home/sand/src/perl/repoperls/installed-perls/host/k93jammy/v5.37.10/5674/lib/5.37.10/Test/More.pm line 1056
# 	Test::More::_eval("package main;\x{a}BEGIN { \${^WARNING_BITS} = \$args[-1] if defined"..., ARRAY(0x55bd56142c18), "UUUUUUUUUUUUUUUUUUUU") called at /home/sand/src/perl/repoperls/installed-perls/host/k93jammy/v5.37.10/5674/lib/5.37.10/Test/More.pm line 1031
# 	Test::More::use_ok("Testmask5") called at t/overload.t line 13
# 
# ----------
#     Previous test 0 ''
#     when is deprecated at /tmp/loop_over_bdir-1601045-niXMfj/Bitmask-Data-2.05-0/blib/lib/Bitmask/Data.pm line 276.
#  at /tmp/loop_over_bdir-1601045-niXMfj/Bitmask-Data-2.05-0/blib/lib/Bitmask/Data.pm line 276.
# 	require Bitmask/Data.pm called at /home/sand/src/perl/repoperls/installed-perls/host/k93jammy/v5.37.10/5674/lib/5.37.10/parent.pm line 16
# 	parent::import("parent", "Bitmask::Data") called at t/lib/Testmask5.pm line 4
# 	Testmask5::BEGIN() called at t/lib/Testmask5.pm line 4
# 	eval {...} called at t/lib/Testmask5.pm line 4
# 	require Testmask5.pm called at t/overload.t line 13
# 	main::BEGIN() called at t/overload.t line 13
# 	eval {...} called at t/overload.t line 13
# 	eval 'package main;
# BEGIN { ${^WARNING_BITS} = $args[-1] if defined $args[-1] }
# #line 13 t/overload.t
# use Testmask5 @{$args[0]};
# 1;
# ' called at /home/sand/src/perl/repoperls/installed-perls/host/k93jammy/v5.37.10/5674/lib/5.37.10/Test/More.pm line 1056
# 	Test::More::_eval("package main;\x{a}BEGIN { \${^WARNING_BITS} = \$args[-1] if defined"..., ARRAY(0x55bd56142c18), "UUUUUUUUUUUUUUUUUUUU") called at /home/sand/src/perl/repoperls/installed-perls/host/k93jammy/v5.37.10/5674/lib/5.37.10/Test/More.pm line 1031
# 	Test::More::use_ok("Testmask5") called at t/overload.t line 13
# 
# ----------
#     Previous test 0 ''
#     given is deprecated at /tmp/loop_over_bdir-1601045-niXMfj/Bitmask-Data-2.05-0/blib/lib/Bitmask/Data.pm line 391.
#  at /tmp/loop_over_bdir-1601045-niXMfj/Bitmask-Data-2.05-0/blib/lib/Bitmask/Data.pm line 391.
# 	require Bitmask/Data.pm called at /home/sand/src/perl/repoperls/installed-perls/host/k93jammy/v5.37.10/5674/lib/5.37.10/parent.pm line 16
# 	parent::import("parent", "Bitmask::Data") called at t/lib/Testmask5.pm line 4
# 	Testmask5::BEGIN() called at t/lib/Testmask5.pm line 4
# 	eval {...} called at t/lib/Testmask5.pm line 4
# 	require Testmask5.pm called at t/overload.t line 13
# 	main::BEGIN() called at t/overload.t line 13
# 	eval {...} called at t/overload.t line 13
# 	eval 'package main;
# BEGIN { ${^WARNING_BITS} = $args[-1] if defined $args[-1] }
# #line 13 t/overload.t
# use Testmask5 @{$args[0]};
# 1;
# ' called at /home/sand/src/perl/repoperls/installed-perls/host/k93jammy/v5.37.10/5674/lib/5.37.10/Test/More.pm line 1056
# 	Test::More::_eval("package main;\x{a}BEGIN { \${^WARNING_BITS} = \$args[-1] if defined"..., ARRAY(0x55bd56142c18), "UUUUUUUUUUUUUUUUUUUU") called at /home/sand/src/perl/repoperls/installed-perls/host/k93jammy/v5.37.10/5674/lib/5.37.10/Test/More.pm line 1031
# 	Test::More::use_ok("Testmask5") called at t/overload.t line 13
# 
# ----------
#     Previous test 0 ''
#     when is deprecated at /tmp/loop_over_bdir-1601045-niXMfj/Bitmask-Data-2.05-0/blib/lib/Bitmask/Data.pm line 392.
#  at /tmp/loop_over_bdir-1601045-niXMfj/Bitmask-Data-2.05-0/blib/lib/Bitmask/Data.pm line 392.
# 	require Bitmask/Data.pm called at /home/sand/src/perl/repoperls/installed-perls/host/k93jammy/v5.37.10/5674/lib/5.37.10/parent.pm line 16
# 	parent::import("parent", "Bitmask::Data") called at t/lib/Testmask5.pm line 4
# 	Testmask5::BEGIN() called at t/lib/Testmask5.pm line 4
# 	eval {...} called at t/lib/Testmask5.pm line 4
# 	require Testmask5.pm called at t/overload.t line 13
# 	main::BEGIN() called at t/overload.t line 13
# 	eval {...} called at t/overload.t line 13
# 	eval 'package main;
# BEGIN { ${^WARNING_BITS} = $args[-1] if defined $args[-1] }
# #line 13 t/overload.t
# use Testmask5 @{$args[0]};
# 1;
# ' called at /home/sand/src/perl/repoperls/installed-perls/host/k93jammy/v5.37.10/5674/lib/5.37.10/Test/More.pm line 1056
# 	Test::More::_eval("package main;\x{a}BEGIN { \${^WARNING_BITS} = \$args[-1] if defined"..., ARRAY(0x55bd56142c18), "UUUUUUUUUUUUUUUUUUUU") called at /home/sand/src/perl/repoperls/installed-perls/host/k93jammy/v5.37.10/5674/lib/5.37.10/Test/More.pm line 1031
# 	Test::More::use_ok("Testmask5") called at t/overload.t line 13
# 
# ----------
#     Previous test 0 ''
#     when is deprecated at /tmp/loop_over_bdir-1601045-niXMfj/Bitmask-Data-2.05-0/blib/lib/Bitmask/Data.pm line 395.
#  at /tmp/loop_over_bdir-1601045-niXMfj/Bitmask-Data-2.05-0/blib/lib/Bitmask/Data.pm line 395.
# 	require Bitmask/Data.pm called at /home/sand/src/perl/repoperls/installed-perls/host/k93jammy/v5.37.10/5674/lib/5.37.10/parent.pm line 16
# 	parent::import("parent", "Bitmask::Data") called at t/lib/Testmask5.pm line 4
# 	Testmask5::BEGIN() called at t/lib/Testmask5.pm line 4
# 	eval {...} called at t/lib/Testmask5.pm line 4
# 	require Testmask5.pm called at t/overload.t line 13
# 	main::BEGIN() called at t/overload.t line 13
# 	eval {...} called at t/overload.t line 13
# 	eval 'package main;
# BEGIN { ${^WARNING_BITS} = $args[-1] if defined $args[-1] }
# #line 13 t/overload.t
# use Testmask5 @{$args[0]};
# 1;
# ' called at /home/sand/src/perl/repoperls/installed-perls/host/k93jammy/v5.37.10/5674/lib/5.37.10/Test/More.pm line 1056
# 	Test::More::_eval("package main;\x{a}BEGIN { \${^WARNING_BITS} = \$args[-1] if defined"..., ARRAY(0x55bd56142c18), "UUUUUUUUUUUUUUUUUUUU") called at /home/sand/src/perl/repoperls/installed-perls/host/k93jammy/v5.37.10/5674/lib/5.37.10/Test/More.pm line 1031
# 	Test::More::use_ok("Testmask5") called at t/overload.t line 13
# 
# ----------
#     Previous test 0 ''
#     when is deprecated at /tmp/loop_over_bdir-1601045-niXMfj/Bitmask-Data-2.05-0/blib/lib/Bitmask/Data.pm line 398.
#  at /tmp/loop_over_bdir-1601045-niXMfj/Bitmask-Data-2.05-0/blib/lib/Bitmask/Data.pm line 398.
# 	require Bitmask/Data.pm called at /home/sand/src/perl/repoperls/installed-perls/host/k93jammy/v5.37.10/5674/lib/5.37.10/parent.pm line 16
# 	parent::import("parent", "Bitmask::Data") called at t/lib/Testmask5.pm line 4
# 	Testmask5::BEGIN() called at t/lib/Testmask5.pm line 4
# 	eval {...} called at t/lib/Testmask5.pm line 4
# 	require Testmask5.pm called at t/overload.t line 13
# 	main::BEGIN() called at t/overload.t line 13
# 	eval {...} called at t/overload.t line 13
# 	eval 'package main;
# BEGIN { ${^WARNING_BITS} = $args[-1] if defined $args[-1] }
# #line 13 t/overload.t
# use Testmask5 @{$args[0]};
# 1;
# ' called at /home/sand/src/perl/repoperls/installed-perls/host/k93jammy/v5.37.10/5674/lib/5.37.10/Test/More.pm line 1056
# 	Test::More::_eval("package main;\x{a}BEGIN { \${^WARNING_BITS} = \$args[-1] if defined"..., ARRAY(0x55bd56142c18), "UUUUUUUUUUUUUUUUUUUU") called at /home/sand/src/perl/repoperls/installed-perls/host/k93jammy/v5.37.10/5674/lib/5.37.10/Test/More.pm line 1031
# 	Test::More::use_ok("Testmask5") called at t/overload.t line 13
# 
# ----------
#     Previous test 0 ''
#     Smartmatch is deprecated at /tmp/loop_over_bdir-1601045-niXMfj/Bitmask-Data-2.05-0/blib/lib/Bitmask/Data.pm line 398.
#  at /tmp/loop_over_bdir-1601045-niXMfj/Bitmask-Data-2.05-0/blib/lib/Bitmask/Data.pm line 398.
# 	require Bitmask/Data.pm called at /home/sand/src/perl/repoperls/installed-perls/host/k93jammy/v5.37.10/5674/lib/5.37.10/parent.pm line 16
# 	parent::import("parent", "Bitmask::Data") called at t/lib/Testmask5.pm line 4
# 	Testmask5::BEGIN() called at t/lib/Testmask5.pm line 4
# 	eval {...} called at t/lib/Testmask5.pm line 4
# 	require Testmask5.pm called at t/overload.t line 13
# 	main::BEGIN() called at t/overload.t line 13
# 	eval {...} called at t/overload.t line 13
# 	eval 'package main;
# BEGIN { ${^WARNING_BITS} = $args[-1] if defined $args[-1] }
# #line 13 t/overload.t
# use Testmask5 @{$args[0]};
# 1;
# ' called at /home/sand/src/perl/repoperls/installed-perls/host/k93jammy/v5.37.10/5674/lib/5.37.10/Test/More.pm line 1056
# 	Test::More::_eval("package main;\x{a}BEGIN { \${^WARNING_BITS} = \$args[-1] if defined"..., ARRAY(0x55bd56142c18), "UUUUUUUUUUUUUUUUUUUU") called at /home/sand/src/perl/repoperls/installed-perls/host/k93jammy/v5.37.10/5674/lib/5.37.10/Test/More.pm line 1031
# 	Test::More::use_ok("Testmask5") called at t/overload.t line 13
# 
# ----------
#     Previous test 0 ''
#     when is deprecated at /tmp/loop_over_bdir-1601045-niXMfj/Bitmask-Data-2.05-0/blib/lib/Bitmask/Data.pm line 401.
#  at /tmp/loop_over_bdir-1601045-niXMfj/Bitmask-Data-2.05-0/blib/lib/Bitmask/Data.pm line 401.
# 	require Bitmask/Data.pm called at /home/sand/src/perl/repoperls/installed-perls/host/k93jammy/v5.37.10/5674/lib/5.37.10/parent.pm line 16
# 	parent::import("parent", "Bitmask::Data") called at t/lib/Testmask5.pm line 4
# 	Testmask5::BEGIN() called at t/lib/Testmask5.pm line 4
# 	eval {...} called at t/lib/Testmask5.pm line 4
# 	require Testmask5.pm called at t/overload.t line 13
# 	main::BEGIN() called at t/overload.t line 13
# 	eval {...} called at t/overload.t line 13
# 	eval 'package main;
# BEGIN { ${^WARNING_BITS} = $args[-1] if defined $args[-1] }
# #line 13 t/overload.t
# use Testmask5 @{$args[0]};
# 1;
# ' called at /home/sand/src/perl/repoperls/installed-perls/host/k93jammy/v5.37.10/5674/lib/5.37.10/Test/More.pm line 1056
# 	Test::More::_eval("package main;\x{a}BEGIN { \${^WARNING_BITS} = \$args[-1] if defined"..., ARRAY(0x55bd56142c18), "UUUUUUUUUUUUUUUUUUUU") called at /home/sand/src/perl/repoperls/installed-perls/host/k93jammy/v5.37.10/5674/lib/5.37.10/Test/More.pm line 1031
# 	Test::More::use_ok("Testmask5") called at t/overload.t line 13
# 
# ----------
#     Previous test 0 ''
#     when is deprecated at /tmp/loop_over_bdir-1601045-niXMfj/Bitmask-Data-2.05-0/blib/lib/Bitmask/Data.pm line 404.
#  at /tmp/loop_over_bdir-1601045-niXMfj/Bitmask-Data-2.05-0/blib/lib/Bitmask/Data.pm line 404.
# 	require Bitmask/Data.pm called at /home/sand/src/perl/repoperls/installed-perls/host/k93jammy/v5.37.10/5674/lib/5.37.10/parent.pm line 16
# 	parent::import("parent", "Bitmask::Data") called at t/lib/Testmask5.pm line 4
# 	Testmask5::BEGIN() called at t/lib/Testmask5.pm line 4
# 	eval {...} called at t/lib/Testmask5.pm line 4
# 	require Testmask5.pm called at t/overload.t line 13
# 	main::BEGIN() called at t/overload.t line 13
# 	eval {...} called at t/overload.t line 13
# 	eval 'package main;
# BEGIN { ${^WARNING_BITS} = $args[-1] if defined $args[-1] }
# #line 13 t/overload.t
# use Testmask5 @{$args[0]};
# 1;
# ' called at /home/sand/src/perl/repoperls/installed-perls/host/k93jammy/v5.37.10/5674/lib/5.37.10/Test/More.pm line 1056
# 	Test::More::_eval("package main;\x{a}BEGIN { \${^WARNING_BITS} = \$args[-1] if defined"..., ARRAY(0x55bd56142c18), "UUUUUUUUUUUUUUUUUUUU") called at /home/sand/src/perl/repoperls/installed-perls/host/k93jammy/v5.37.10/5674/lib/5.37.10/Test/More.pm line 1031
# 	Test::More::use_ok("Testmask5") called at t/overload.t line 13
# 
# ----------
#     Previous test 0 ''
#     when is deprecated at /tmp/loop_over_bdir-1601045-niXMfj/Bitmask-Data-2.05-0/blib/lib/Bitmask/Data.pm line 407.
#  at /tmp/loop_over_bdir-1601045-niXMfj/Bitmask-Data-2.05-0/blib/lib/Bitmask/Data.pm line 407.
# 	require Bitmask/Data.pm called at /home/sand/src/perl/repoperls/installed-perls/host/k93jammy/v5.37.10/5674/lib/5.37.10/parent.pm line 16
# 	parent::import("parent", "Bitmask::Data") called at t/lib/Testmask5.pm line 4
# 	Testmask5::BEGIN() called at t/lib/Testmask5.pm line 4
# 	eval {...} called at t/lib/Testmask5.pm line 4
# 	require Testmask5.pm called at t/overload.t line 13
# 	main::BEGIN() called at t/overload.t line 13
# 	eval {...} called at t/overload.t line 13
# 	eval 'package main;
# BEGIN { ${^WARNING_BITS} = $args[-1] if defined $args[-1] }
# #line 13 t/overload.t
# use Testmask5 @{$args[0]};
# 1;
# ' called at /home/sand/src/perl/repoperls/installed-perls/host/k93jammy/v5.37.10/5674/lib/5.37.10/Test/More.pm line 1056
# 	Test::More::_eval("package main;\x{a}BEGIN { \${^WARNING_BITS} = \$args[-1] if defined"..., ARRAY(0x55bd56142c18), "UUUUUUUUUUUUUUUUUUUU") called at /home/sand/src/perl/repoperls/installed-perls/host/k93jammy/v5.37.10/5674/lib/5.37.10/Test/More.pm line 1031
# 	Test::More::use_ok("Testmask5") called at t/overload.t line 13
# 
# ----------
#     Previous test 0 ''
#     when is deprecated at /tmp/loop_over_bdir-1601045-niXMfj/Bitmask-Data-2.05-0/blib/lib/Bitmask/Data.pm line 410.
#  at /tmp/loop_over_bdir-1601045-niXMfj/Bitmask-Data-2.05-0/blib/lib/Bitmask/Data.pm line 410.
# 	require Bitmask/Data.pm called at /home/sand/src/perl/repoperls/installed-perls/host/k93jammy/v5.37.10/5674/lib/5.37.10/parent.pm line 16
# 	parent::import("parent", "Bitmask::Data") called at t/lib/Testmask5.pm line 4
# 	Testmask5::BEGIN() called at t/lib/Testmask5.pm line 4
# 	eval {...} called at t/lib/Testmask5.pm line 4
# 	require Testmask5.pm called at t/overload.t line 13
# 	main::BEGIN() called at t/overload.t line 13
# 	eval {...} called at t/overload.t line 13
# 	eval 'package main;
# BEGIN { ${^WARNING_BITS} = $args[-1] if defined $args[-1] }
# #line 13 t/overload.t
# use Testmask5 @{$args[0]};
# 1;
# ' called at /home/sand/src/perl/repoperls/installed-perls/host/k93jammy/v5.37.10/5674/lib/5.37.10/Test/More.pm line 1056
# 	Test::More::_eval("package main;\x{a}BEGIN { \${^WARNING_BITS} = \$args[-1] if defined"..., ARRAY(0x55bd56142c18), "UUUUUUUUUUUUUUUUUUUU") called at /home/sand/src/perl/repoperls/installed-perls/host/k93jammy/v5.37.10/5674/lib/5.37.10/Test/More.pm line 1031
# 	Test::More::use_ok("Testmask5") called at t/overload.t line 13
# 
# Looks like you failed 1 test of 35.
t/overload.t ....... 
Dubious, test returned 1 (wstat 256, 0x100)
Failed 1/35 subtests 

#   Failed test 'no warnings'
#   at /home/sand/src/perl/repoperls/installed-perls/host/k93jammy/v5.37.10/5674/lib/5.37.10/Test/Builder.pm line 193.
# There were 17 warning(s)
#     Previous test 0 ''
#     Smartmatch is deprecated at t/testmask1.t line 93.
#  at t/testmask1.t line 93.
# 
# ----------
#     Previous test 0 ''
#     Smartmatch is deprecated at t/testmask1.t line 94.
#  at t/testmask1.t line 94.
# 
# ----------
#     Previous test 0 ''
#     Smartmatch is deprecated at t/testmask1.t line 95.
#  at t/testmask1.t line 95.
# 
# ----------
#     Previous test 0 ''
#     given is deprecated at /tmp/loop_over_bdir-1601045-niXMfj/Bitmask-Data-2.05-0/blib/lib/Bitmask/Data.pm line 266.
#  at /tmp/loop_over_bdir-1601045-niXMfj/Bitmask-Data-2.05-0/blib/lib/Bitmask/Data.pm line 266.
# 	require Bitmask/Data.pm called at /home/sand/src/perl/repoperls/installed-perls/host/k93jammy/v5.37.10/5674/lib/5.37.10/parent.pm line 16
# 	parent::import("parent", "Bitmask::Data") called at t/lib/Testmask1.pm line 6
# 	Testmask1::BEGIN() called at t/lib/Testmask1.pm line 6
# 	eval {...} called at t/lib/Testmask1.pm line 6
# 	require Testmask1.pm called at t/testmask1.t line 15
# 	main::BEGIN() called at t/testmask1.t line 15
# 	eval {...} called at t/testmask1.t line 15
# 	eval 'package main;
# BEGIN { ${^WARNING_BITS} = $args[-1] if defined $args[-1] }
# #line 15 t/testmask1.t
# use Testmask1 @{$args[0]};
# 1;
# ' called at /home/sand/src/perl/repoperls/installed-perls/host/k93jammy/v5.37.10/5674/lib/5.37.10/Test/More.pm line 1056
# 	Test::More::_eval("package main;\x{a}BEGIN { \${^WARNING_BITS} = \$args[-1] if defined"..., ARRAY(0x559510ed84b8), "UUUUUUUUUUUUUUUUUUUU") called at /home/sand/src/perl/repoperls/installed-perls/host/k93jammy/v5.37.10/5674/lib/5.37.10/Test/More.pm line 1031
# 	Test::More::use_ok("Testmask1") called at t/testmask1.t line 15
# 
# ----------
#     Previous test 0 ''
#     when is deprecated at /tmp/loop_over_bdir-1601045-niXMfj/Bitmask-Data-2.05-0/blib/lib/Bitmask/Data.pm line 267.
#  at /tmp/loop_over_bdir-1601045-niXMfj/Bitmask-Data-2.05-0/blib/lib/Bitmask/Data.pm line 267.
# 	require Bitmask/Data.pm called at /home/sand/src/perl/repoperls/installed-perls/host/k93jammy/v5.37.10/5674/lib/5.37.10/parent.pm line 16
# 	parent::import("parent", "Bitmask::Data") called at t/lib/Testmask1.pm line 6
# 	Testmask1::BEGIN() called at t/lib/Testmask1.pm line 6
# 	eval {...} called at t/lib/Testmask1.pm line 6
# 	require Testmask1.pm called at t/testmask1.t line 15
# 	main::BEGIN() called at t/testmask1.t line 15
# 	eval {...} called at t/testmask1.t line 15
# 	eval 'package main;
# BEGIN { ${^WARNING_BITS} = $args[-1] if defined $args[-1] }
# #line 15 t/testmask1.t
# use Testmask1 @{$args[0]};
# 1;
# ' called at /home/sand/src/perl/repoperls/installed-perls/host/k93jammy/v5.37.10/5674/lib/5.37.10/Test/More.pm line 1056
# 	Test::More::_eval("package main;\x{a}BEGIN { \${^WARNING_BITS} = \$args[-1] if defined"..., ARRAY(0x559510ed84b8), "UUUUUUUUUUUUUUUUUUUU") called at /home/sand/src/perl/repoperls/installed-perls/host/k93jammy/v5.37.10/5674/lib/5.37.10/Test/More.pm line 1031
# 	Test::More::use_ok("Testmask1") called at t/testmask1.t line 15
# 
# ----------
#     Previous test 0 ''
#     when is deprecated at /tmp/loop_over_bdir-1601045-niXMfj/Bitmask-Data-2.05-0/blib/lib/Bitmask/Data.pm line 270.
#  at /tmp/loop_over_bdir-1601045-niXMfj/Bitmask-Data-2.05-0/blib/lib/Bitmask/Data.pm line 270.
# 	require Bitmask/Data.pm called at /home/sand/src/perl/repoperls/installed-perls/host/k93jammy/v5.37.10/5674/lib/5.37.10/parent.pm line 16
# 	parent::import("parent", "Bitmask::Data") called at t/lib/Testmask1.pm line 6
# 	Testmask1::BEGIN() called at t/lib/Testmask1.pm line 6
# 	eval {...} called at t/lib/Testmask1.pm line 6
# 	require Testmask1.pm called at t/testmask1.t line 15
# 	main::BEGIN() called at t/testmask1.t line 15
# 	eval {...} called at t/testmask1.t line 15
# 	eval 'package main;
# BEGIN { ${^WARNING_BITS} = $args[-1] if defined $args[-1] }
# #line 15 t/testmask1.t
# use Testmask1 @{$args[0]};
# 1;
# ' called at /home/sand/src/perl/repoperls/installed-perls/host/k93jammy/v5.37.10/5674/lib/5.37.10/Test/More.pm line 1056
# 	Test::More::_eval("package main;\x{a}BEGIN { \${^WARNING_BITS} = \$args[-1] if defined"..., ARRAY(0x559510ed84b8), "UUUUUUUUUUUUUUUUUUUU") called at /home/sand/src/perl/repoperls/installed-perls/host/k93jammy/v5.37.10/5674/lib/5.37.10/Test/More.pm line 1031
# 	Test::More::use_ok("Testmask1") called at t/testmask1.t line 15
# 
# ----------
#     Previous test 0 ''
#     when is deprecated at /tmp/loop_over_bdir-1601045-niXMfj/Bitmask-Data-2.05-0/blib/lib/Bitmask/Data.pm line 273.
#  at /tmp/loop_over_bdir-1601045-niXMfj/Bitmask-Data-2.05-0/blib/lib/Bitmask/Data.pm line 273.
# 	require Bitmask/Data.pm called at /home/sand/src/perl/repoperls/installed-perls/host/k93jammy/v5.37.10/5674/lib/5.37.10/parent.pm line 16
# 	parent::import("parent", "Bitmask::Data") called at t/lib/Testmask1.pm line 6
# 	Testmask1::BEGIN() called at t/lib/Testmask1.pm line 6
# 	eval {...} called at t/lib/Testmask1.pm line 6
# 	require Testmask1.pm called at t/testmask1.t line 15
# 	main::BEGIN() called at t/testmask1.t line 15
# 	eval {...} called at t/testmask1.t line 15
# 	eval 'package main;
# BEGIN { ${^WARNING_BITS} = $args[-1] if defined $args[-1] }
# #line 15 t/testmask1.t
# use Testmask1 @{$args[0]};
# 1;
# ' called at /home/sand/src/perl/repoperls/installed-perls/host/k93jammy/v5.37.10/5674/lib/5.37.10/Test/More.pm line 1056
# 	Test::More::_eval("package main;\x{a}BEGIN { \${^WARNING_BITS} = \$args[-1] if defined"..., ARRAY(0x559510ed84b8), "UUUUUUUUUUUUUUUUUUUU") called at /home/sand/src/perl/repoperls/installed-perls/host/k93jammy/v5.37.10/5674/lib/5.37.10/Test/More.pm line 1031
# 	Test::More::use_ok("Testmask1") called at t/testmask1.t line 15
# 
# ----------
#     Previous test 0 ''
#     when is deprecated at /tmp/loop_over_bdir-1601045-niXMfj/Bitmask-Data-2.05-0/blib/lib/Bitmask/Data.pm line 276.
#  at /tmp/loop_over_bdir-1601045-niXMfj/Bitmask-Data-2.05-0/blib/lib/Bitmask/Data.pm line 276.
# 	require Bitmask/Data.pm called at /home/sand/src/perl/repoperls/installed-perls/host/k93jammy/v5.37.10/5674/lib/5.37.10/parent.pm line 16
# 	parent::import("parent", "Bitmask::Data") called at t/lib/Testmask1.pm line 6
# 	Testmask1::BEGIN() called at t/lib/Testmask1.pm line 6
# 	eval {...} called at t/lib/Testmask1.pm line 6
# 	require Testmask1.pm called at t/testmask1.t line 15
# 	main::BEGIN() called at t/testmask1.t line 15
# 	eval {...} called at t/testmask1.t line 15
# 	eval 'package main;
# BEGIN { ${^WARNING_BITS} = $args[-1] if defined $args[-1] }
# #line 15 t/testmask1.t
# use Testmask1 @{$args[0]};
# 1;
# ' called at /home/sand/src/perl/repoperls/installed-perls/host/k93jammy/v5.37.10/5674/lib/5.37.10/Test/More.pm line 1056
# 	Test::More::_eval("package main;\x{a}BEGIN { \${^WARNING_BITS} = \$args[-1] if defined"..., ARRAY(0x559510ed84b8), "UUUUUUUUUUUUUUUUUUUU") called at /home/sand/src/perl/repoperls/installed-perls/host/k93jammy/v5.37.10/5674/lib/5.37.10/Test/More.pm line 1031
# 	Test::More::use_ok("Testmask1") called at t/testmask1.t line 15
# 
# ----------
#     Previous test 0 ''
#     given is deprecated at /tmp/loop_over_bdir-1601045-niXMfj/Bitmask-Data-2.05-0/blib/lib/Bitmask/Data.pm line 391.
#  at /tmp/loop_over_bdir-1601045-niXMfj/Bitmask-Data-2.05-0/blib/lib/Bitmask/Data.pm line 391.
# 	require Bitmask/Data.pm called at /home/sand/src/perl/repoperls/installed-perls/host/k93jammy/v5.37.10/5674/lib/5.37.10/parent.pm line 16
# 	parent::import("parent", "Bitmask::Data") called at t/lib/Testmask1.pm line 6
# 	Testmask1::BEGIN() called at t/lib/Testmask1.pm line 6
# 	eval {...} called at t/lib/Testmask1.pm line 6
# 	require Testmask1.pm called at t/testmask1.t line 15
# 	main::BEGIN() called at t/testmask1.t line 15
# 	eval {...} called at t/testmask1.t line 15
# 	eval 'package main;
# BEGIN { ${^WARNING_BITS} = $args[-1] if defined $args[-1] }
# #line 15 t/testmask1.t
# use Testmask1 @{$args[0]};
# 1;
# ' called at /home/sand/src/perl/repoperls/installed-perls/host/k93jammy/v5.37.10/5674/lib/5.37.10/Test/More.pm line 1056
# 	Test::More::_eval("package main;\x{a}BEGIN { \${^WARNING_BITS} = \$args[-1] if defined"..., ARRAY(0x559510ed84b8), "UUUUUUUUUUUUUUUUUUUU") called at /home/sand/src/perl/repoperls/installed-perls/host/k93jammy/v5.37.10/5674/lib/5.37.10/Test/More.pm line 1031
# 	Test::More::use_ok("Testmask1") called at t/testmask1.t line 15
# 
# ----------
#     Previous test 0 ''
#     when is deprecated at /tmp/loop_over_bdir-1601045-niXMfj/Bitmask-Data-2.05-0/blib/lib/Bitmask/Data.pm line 392.
#  at /tmp/loop_over_bdir-1601045-niXMfj/Bitmask-Data-2.05-0/blib/lib/Bitmask/Data.pm line 392.
# 	require Bitmask/Data.pm called at /home/sand/src/perl/repoperls/installed-perls/host/k93jammy/v5.37.10/5674/lib/5.37.10/parent.pm line 16
# 	parent::import("parent", "Bitmask::Data") called at t/lib/Testmask1.pm line 6
# 	Testmask1::BEGIN() called at t/lib/Testmask1.pm line 6
# 	eval {...} called at t/lib/Testmask1.pm line 6
# 	require Testmask1.pm called at t/testmask1.t line 15
# 	main::BEGIN() called at t/testmask1.t line 15
# 	eval {...} called at t/testmask1.t line 15
# 	eval 'package main;
# BEGIN { ${^WARNING_BITS} = $args[-1] if defined $args[-1] }
# #line 15 t/testmask1.t
# use Testmask1 @{$args[0]};
# 1;
# ' called at /home/sand/src/perl/repoperls/installed-perls/host/k93jammy/v5.37.10/5674/lib/5.37.10/Test/More.pm line 1056
# 	Test::More::_eval("package main;\x{a}BEGIN { \${^WARNING_BITS} = \$args[-1] if defined"..., ARRAY(0x559510ed84b8), "UUUUUUUUUUUUUUUUUUUU") called at /home/sand/src/perl/repoperls/installed-perls/host/k93jammy/v5.37.10/5674/lib/5.37.10/Test/More.pm line 1031
# 	Test::More::use_ok("Testmask1") called at t/testmask1.t line 15
# 
# ----------
#     Previous test 0 ''
#     when is deprecated at /tmp/loop_over_bdir-1601045-niXMfj/Bitmask-Data-2.05-0/blib/lib/Bitmask/Data.pm line 395.
#  at /tmp/loop_over_bdir-1601045-niXMfj/Bitmask-Data-2.05-0/blib/lib/Bitmask/Data.pm line 395.
# 	require Bitmask/Data.pm called at /home/sand/src/perl/repoperls/installed-perls/host/k93jammy/v5.37.10/5674/lib/5.37.10/parent.pm line 16
# 	parent::import("parent", "Bitmask::Data") called at t/lib/Testmask1.pm line 6
# 	Testmask1::BEGIN() called at t/lib/Testmask1.pm line 6
# 	eval {...} called at t/lib/Testmask1.pm line 6
# 	require Testmask1.pm called at t/testmask1.t line 15
# 	main::BEGIN() called at t/testmask1.t line 15
# 	eval {...} called at t/testmask1.t line 15
# 	eval 'package main;
# BEGIN { ${^WARNING_BITS} = $args[-1] if defined $args[-1] }
# #line 15 t/testmask1.t
# use Testmask1 @{$args[0]};
# 1;
# ' called at /home/sand/src/perl/repoperls/installed-perls/host/k93jammy/v5.37.10/5674/lib/5.37.10/Test/More.pm line 1056
# 	Test::More::_eval("package main;\x{a}BEGIN { \${^WARNING_BITS} = \$args[-1] if defined"..., ARRAY(0x559510ed84b8), "UUUUUUUUUUUUUUUUUUUU") called at /home/sand/src/perl/repoperls/installed-perls/host/k93jammy/v5.37.10/5674/lib/5.37.10/Test/More.pm line 1031
# 	Test::More::use_ok("Testmask1") called at t/testmask1.t line 15
# 
# ----------
#     Previous test 0 ''
#     when is deprecated at /tmp/loop_over_bdir-1601045-niXMfj/Bitmask-Data-2.05-0/blib/lib/Bitmask/Data.pm line 398.
#  at /tmp/loop_over_bdir-1601045-niXMfj/Bitmask-Data-2.05-0/blib/lib/Bitmask/Data.pm line 398.
# 	require Bitmask/Data.pm called at /home/sand/src/perl/repoperls/installed-perls/host/k93jammy/v5.37.10/5674/lib/5.37.10/parent.pm line 16
# 	parent::import("parent", "Bitmask::Data") called at t/lib/Testmask1.pm line 6
# 	Testmask1::BEGIN() called at t/lib/Testmask1.pm line 6
# 	eval {...} called at t/lib/Testmask1.pm line 6
# 	require Testmask1.pm called at t/testmask1.t line 15
# 	main::BEGIN() called at t/testmask1.t line 15
# 	eval {...} called at t/testmask1.t line 15
# 	eval 'package main;
# BEGIN { ${^WARNING_BITS} = $args[-1] if defined $args[-1] }
# #line 15 t/testmask1.t
# use Testmask1 @{$args[0]};
# 1;
# ' called at /home/sand/src/perl/repoperls/installed-perls/host/k93jammy/v5.37.10/5674/lib/5.37.10/Test/More.pm line 1056
# 	Test::More::_eval("package main;\x{a}BEGIN { \${^WARNING_BITS} = \$args[-1] if defined"..., ARRAY(0x559510ed84b8), "UUUUUUUUUUUUUUUUUUUU") called at /home/sand/src/perl/repoperls/installed-perls/host/k93jammy/v5.37.10/5674/lib/5.37.10/Test/More.pm line 1031
# 	Test::More::use_ok("Testmask1") called at t/testmask1.t line 15
# 
# ----------
#     Previous test 0 ''
#     Smartmatch is deprecated at /tmp/loop_over_bdir-1601045-niXMfj/Bitmask-Data-2.05-0/blib/lib/Bitmask/Data.pm line 398.
#  at /tmp/loop_over_bdir-1601045-niXMfj/Bitmask-Data-2.05-0/blib/lib/Bitmask/Data.pm line 398.
# 	require Bitmask/Data.pm called at /home/sand/src/perl/repoperls/installed-perls/host/k93jammy/v5.37.10/5674/lib/5.37.10/parent.pm line 16
# 	parent::import("parent", "Bitmask::Data") called at t/lib/Testmask1.pm line 6
# 	Testmask1::BEGIN() called at t/lib/Testmask1.pm line 6
# 	eval {...} called at t/lib/Testmask1.pm line 6
# 	require Testmask1.pm called at t/testmask1.t line 15
# 	main::BEGIN() called at t/testmask1.t line 15
# 	eval {...} called at t/testmask1.t line 15
# 	eval 'package main;
# BEGIN { ${^WARNING_BITS} = $args[-1] if defined $args[-1] }
# #line 15 t/testmask1.t
# use Testmask1 @{$args[0]};
# 1;
# ' called at /home/sand/src/perl/repoperls/installed-perls/host/k93jammy/v5.37.10/5674/lib/5.37.10/Test/More.pm line 1056
# 	Test::More::_eval("package main;\x{a}BEGIN { \${^WARNING_BITS} = \$args[-1] if defined"..., ARRAY(0x559510ed84b8), "UUUUUUUUUUUUUUUUUUUU") called at /home/sand/src/perl/repoperls/installed-perls/host/k93jammy/v5.37.10/5674/lib/5.37.10/Test/More.pm line 1031
# 	Test::More::use_ok("Testmask1") called at t/testmask1.t line 15
# 
# ----------
#     Previous test 0 ''
#     when is deprecated at /tmp/loop_over_bdir-1601045-niXMfj/Bitmask-Data-2.05-0/blib/lib/Bitmask/Data.pm line 401.
#  at /tmp/loop_over_bdir-1601045-niXMfj/Bitmask-Data-2.05-0/blib/lib/Bitmask/Data.pm line 401.
# 	require Bitmask/Data.pm called at /home/sand/src/perl/repoperls/installed-perls/host/k93jammy/v5.37.10/5674/lib/5.37.10/parent.pm line 16
# 	parent::import("parent", "Bitmask::Data") called at t/lib/Testmask1.pm line 6
# 	Testmask1::BEGIN() called at t/lib/Testmask1.pm line 6
# 	eval {...} called at t/lib/Testmask1.pm line 6
# 	require Testmask1.pm called at t/testmask1.t line 15
# 	main::BEGIN() called at t/testmask1.t line 15
# 	eval {...} called at t/testmask1.t line 15
# 	eval 'package main;
# BEGIN { ${^WARNING_BITS} = $args[-1] if defined $args[-1] }
# #line 15 t/testmask1.t
# use Testmask1 @{$args[0]};
# 1;
# ' called at /home/sand/src/perl/repoperls/installed-perls/host/k93jammy/v5.37.10/5674/lib/5.37.10/Test/More.pm line 1056
# 	Test::More::_eval("package main;\x{a}BEGIN { \${^WARNING_BITS} = \$args[-1] if defined"..., ARRAY(0x559510ed84b8), "UUUUUUUUUUUUUUUUUUUU") called at /home/sand/src/perl/repoperls/installed-perls/host/k93jammy/v5.37.10/5674/lib/5.37.10/Test/More.pm line 1031
# 	Test::More::use_ok("Testmask1") called at t/testmask1.t line 15
# 
# ----------
#     Previous test 0 ''
#     when is deprecated at /tmp/loop_over_bdir-1601045-niXMfj/Bitmask-Data-2.05-0/blib/lib/Bitmask/Data.pm line 404.
#  at /tmp/loop_over_bdir-1601045-niXMfj/Bitmask-Data-2.05-0/blib/lib/Bitmask/Data.pm line 404.
# 	require Bitmask/Data.pm called at /home/sand/src/perl/repoperls/installed-perls/host/k93jammy/v5.37.10/5674/lib/5.37.10/parent.pm line 16
# 	parent::import("parent", "Bitmask::Data") called at t/lib/Testmask1.pm line 6
# 	Testmask1::BEGIN() called at t/lib/Testmask1.pm line 6
# 	eval {...} called at t/lib/Testmask1.pm line 6
# 	require Testmask1.pm called at t/testmask1.t line 15
# 	main::BEGIN() called at t/testmask1.t line 15
# 	eval {...} called at t/testmask1.t line 15
# 	eval 'package main;
# BEGIN { ${^WARNING_BITS} = $args[-1] if defined $args[-1] }
# #line 15 t/testmask1.t
# use Testmask1 @{$args[0]};
# 1;
# ' called at /home/sand/src/perl/repoperls/installed-perls/host/k93jammy/v5.37.10/5674/lib/5.37.10/Test/More.pm line 1056
# 	Test::More::_eval("package main;\x{a}BEGIN { \${^WARNING_BITS} = \$args[-1] if defined"..., ARRAY(0x559510ed84b8), "UUUUUUUUUUUUUUUUUUUU") called at /home/sand/src/perl/repoperls/installed-perls/host/k93jammy/v5.37.10/5674/lib/5.37.10/Test/More.pm line 1031
# 	Test::More::use_ok("Testmask1") called at t/testmask1.t line 15
# 
# ----------
#     Previous test 0 ''
#     when is deprecated at /tmp/loop_over_bdir-1601045-niXMfj/Bitmask-Data-2.05-0/blib/lib/Bitmask/Data.pm line 407.
#  at /tmp/loop_over_bdir-1601045-niXMfj/Bitmask-Data-2.05-0/blib/lib/Bitmask/Data.pm line 407.
# 	require Bitmask/Data.pm called at /home/sand/src/perl/repoperls/installed-perls/host/k93jammy/v5.37.10/5674/lib/5.37.10/parent.pm line 16
# 	parent::import("parent", "Bitmask::Data") called at t/lib/Testmask1.pm line 6
# 	Testmask1::BEGIN() called at t/lib/Testmask1.pm line 6
# 	eval {...} called at t/lib/Testmask1.pm line 6
# 	require Testmask1.pm called at t/testmask1.t line 15
# 	main::BEGIN() called at t/testmask1.t line 15
# 	eval {...} called at t/testmask1.t line 15
# 	eval 'package main;
# BEGIN { ${^WARNING_BITS} = $args[-1] if defined $args[-1] }
# #line 15 t/testmask1.t
# use Testmask1 @{$args[0]};
# 1;
# ' called at /home/sand/src/perl/repoperls/installed-perls/host/k93jammy/v5.37.10/5674/lib/5.37.10/Test/More.pm line 1056
# 	Test::More::_eval("package main;\x{a}BEGIN { \${^WARNING_BITS} = \$args[-1] if defined"..., ARRAY(0x559510ed84b8), "UUUUUUUUUUUUUUUUUUUU") called at /home/sand/src/perl/repoperls/installed-perls/host/k93jammy/v5.37.10/5674/lib/5.37.10/Test/More.pm line 1031
# 	Test::More::use_ok("Testmask1") called at t/testmask1.t line 15
# 
# ----------
#     Previous test 0 ''
#     when is deprecated at /tmp/loop_over_bdir-1601045-niXMfj/Bitmask-Data-2.05-0/blib/lib/Bitmask/Data.pm line 410.
#  at /tmp/loop_over_bdir-1601045-niXMfj/Bitmask-Data-2.05-0/blib/lib/Bitmask/Data.pm line 410.
# 	require Bitmask/Data.pm called at /home/sand/src/perl/repoperls/installed-perls/host/k93jammy/v5.37.10/5674/lib/5.37.10/parent.pm line 16
# 	parent::import("parent", "Bitmask::Data") called at t/lib/Testmask1.pm line 6
# 	Testmask1::BEGIN() called at t/lib/Testmask1.pm line 6
# 	eval {...} called at t/lib/Testmask1.pm line 6
# 	require Testmask1.pm called at t/testmask1.t line 15
# 	main::BEGIN() called at t/testmask1.t line 15
# 	eval {...} called at t/testmask1.t line 15
# 	eval 'package main;
# BEGIN { ${^WARNING_BITS} = $args[-1] if defined $args[-1] }
# #line 15 t/testmask1.t
# use Testmask1 @{$args[0]};
# 1;
# ' called at /home/sand/src/perl/repoperls/installed-perls/host/k93jammy/v5.37.10/5674/lib/5.37.10/Test/More.pm line 1056
# 	Test::More::_eval("package main;\x{a}BEGIN { \${^WARNING_BITS} = \$args[-1] if defined"..., ARRAY(0x559510ed84b8), "UUUUUUUUUUUUUUUUUUUU") called at /home/sand/src/perl/repoperls/installed-perls/host/k93jammy/v5.37.10/5674/lib/5.37.10/Test/More.pm line 1031
# 	Test::More::use_ok("Testmask1") called at t/testmask1.t line 15
# 
# Looks like you failed 1 test of 68.
t/testmask1.t ...... 
Dubious, test returned 1 (wstat 256, 0x100)
Failed 1/68 subtests 

#   Failed test 'no warnings'
#   at /home/sand/src/perl/repoperls/installed-perls/host/k93jammy/v5.37.10/5674/lib/5.37.10/Test/Builder.pm line 193.
# There were 14 warning(s)
#     Previous test 0 ''
#     given is deprecated at /tmp/loop_over_bdir-1601045-niXMfj/Bitmask-Data-2.05-0/blib/lib/Bitmask/Data.pm line 266.
#  at /tmp/loop_over_bdir-1601045-niXMfj/Bitmask-Data-2.05-0/blib/lib/Bitmask/Data.pm line 266.
# 	require Bitmask/Data.pm called at /home/sand/src/perl/repoperls/installed-perls/host/k93jammy/v5.37.10/5674/lib/5.37.10/parent.pm line 16
# 	parent::import("parent", "Bitmask::Data") called at t/lib/Testmask2.pm line 4
# 	Testmask2::BEGIN() called at t/lib/Testmask2.pm line 4
# 	eval {...} called at t/lib/Testmask2.pm line 4
# 	require Testmask2.pm called at t/testmask2.t line 12
# 	main::BEGIN() called at t/testmask2.t line 12
# 	eval {...} called at t/testmask2.t line 12
# 	eval 'package main;
# BEGIN { ${^WARNING_BITS} = $args[-1] if defined $args[-1] }
# #line 12 t/testmask2.t
# use Testmask2 @{$args[0]};
# 1;
# ' called at /home/sand/src/perl/repoperls/installed-perls/host/k93jammy/v5.37.10/5674/lib/5.37.10/Test/More.pm line 1056
# 	Test::More::_eval("package main;\x{a}BEGIN { \${^WARNING_BITS} = \$args[-1] if defined"..., ARRAY(0x55a03c2ead78), "UUUUUUUUUUUUUUUUUUUU") called at /home/sand/src/perl/repoperls/installed-perls/host/k93jammy/v5.37.10/5674/lib/5.37.10/Test/More.pm line 1031
# 	Test::More::use_ok("Testmask2") called at t/testmask2.t line 12
# 
# ----------
#     Previous test 0 ''
#     when is deprecated at /tmp/loop_over_bdir-1601045-niXMfj/Bitmask-Data-2.05-0/blib/lib/Bitmask/Data.pm line 267.
#  at /tmp/loop_over_bdir-1601045-niXMfj/Bitmask-Data-2.05-0/blib/lib/Bitmask/Data.pm line 267.
# 	require Bitmask/Data.pm called at /home/sand/src/perl/repoperls/installed-perls/host/k93jammy/v5.37.10/5674/lib/5.37.10/parent.pm line 16
# 	parent::import("parent", "Bitmask::Data") called at t/lib/Testmask2.pm line 4
# 	Testmask2::BEGIN() called at t/lib/Testmask2.pm line 4
# 	eval {...} called at t/lib/Testmask2.pm line 4
# 	require Testmask2.pm called at t/testmask2.t line 12
# 	main::BEGIN() called at t/testmask2.t line 12
# 	eval {...} called at t/testmask2.t line 12
# 	eval 'package main;
# BEGIN { ${^WARNING_BITS} = $args[-1] if defined $args[-1] }
# #line 12 t/testmask2.t
# use Testmask2 @{$args[0]};
# 1;
# ' called at /home/sand/src/perl/repoperls/installed-perls/host/k93jammy/v5.37.10/5674/lib/5.37.10/Test/More.pm line 1056
# 	Test::More::_eval("package main;\x{a}BEGIN { \${^WARNING_BITS} = \$args[-1] if defined"..., ARRAY(0x55a03c2ead78), "UUUUUUUUUUUUUUUUUUUU") called at /home/sand/src/perl/repoperls/installed-perls/host/k93jammy/v5.37.10/5674/lib/5.37.10/Test/More.pm line 1031
# 	Test::More::use_ok("Testmask2") called at t/testmask2.t line 12
# 
# ----------
#     Previous test 0 ''
#     when is deprecated at /tmp/loop_over_bdir-1601045-niXMfj/Bitmask-Data-2.05-0/blib/lib/Bitmask/Data.pm line 270.
#  at /tmp/loop_over_bdir-1601045-niXMfj/Bitmask-Data-2.05-0/blib/lib/Bitmask/Data.pm line 270.
# 	require Bitmask/Data.pm called at /home/sand/src/perl/repoperls/installed-perls/host/k93jammy/v5.37.10/5674/lib/5.37.10/parent.pm line 16
# 	parent::import("parent", "Bitmask::Data") called at t/lib/Testmask2.pm line 4
# 	Testmask2::BEGIN() called at t/lib/Testmask2.pm line 4
# 	eval {...} called at t/lib/Testmask2.pm line 4
# 	require Testmask2.pm called at t/testmask2.t line 12
# 	main::BEGIN() called at t/testmask2.t line 12
# 	eval {...} called at t/testmask2.t line 12
# 	eval 'package main;
# BEGIN { ${^WARNING_BITS} = $args[-1] if defined $args[-1] }
# #line 12 t/testmask2.t
# use Testmask2 @{$args[0]};
# 1;
# ' called at /home/sand/src/perl/repoperls/installed-perls/host/k93jammy/v5.37.10/5674/lib/5.37.10/Test/More.pm line 1056
# 	Test::More::_eval("package main;\x{a}BEGIN { \${^WARNING_BITS} = \$args[-1] if defined"..., ARRAY(0x55a03c2ead78), "UUUUUUUUUUUUUUUUUUUU") called at /home/sand/src/perl/repoperls/installed-perls/host/k93jammy/v5.37.10/5674/lib/5.37.10/Test/More.pm line 1031
# 	Test::More::use_ok("Testmask2") called at t/testmask2.t line 12
# 
# ----------
#     Previous test 0 ''
#     when is deprecated at /tmp/loop_over_bdir-1601045-niXMfj/Bitmask-Data-2.05-0/blib/lib/Bitmask/Data.pm line 273.
#  at /tmp/loop_over_bdir-1601045-niXMfj/Bitmask-Data-2.05-0/blib/lib/Bitmask/Data.pm line 273.
# 	require Bitmask/Data.pm called at /home/sand/src/perl/repoperls/installed-perls/host/k93jammy/v5.37.10/5674/lib/5.37.10/parent.pm line 16
# 	parent::import("parent", "Bitmask::Data") called at t/lib/Testmask2.pm line 4
# 	Testmask2::BEGIN() called at t/lib/Testmask2.pm line 4
# 	eval {...} called at t/lib/Testmask2.pm line 4
# 	require Testmask2.pm called at t/testmask2.t line 12
# 	main::BEGIN() called at t/testmask2.t line 12
# 	eval {...} called at t/testmask2.t line 12
# 	eval 'package main;
# BEGIN { ${^WARNING_BITS} = $args[-1] if defined $args[-1] }
# #line 12 t/testmask2.t
# use Testmask2 @{$args[0]};
# 1;
# ' called at /home/sand/src/perl/repoperls/installed-perls/host/k93jammy/v5.37.10/5674/lib/5.37.10/Test/More.pm line 1056
# 	Test::More::_eval("package main;\x{a}BEGIN { \${^WARNING_BITS} = \$args[-1] if defined"..., ARRAY(0x55a03c2ead78), "UUUUUUUUUUUUUUUUUUUU") called at /home/sand/src/perl/repoperls/installed-perls/host/k93jammy/v5.37.10/5674/lib/5.37.10/Test/More.pm line 1031
# 	Test::More::use_ok("Testmask2") called at t/testmask2.t line 12
# 
# ----------
#     Previous test 0 ''
#     when is deprecated at /tmp/loop_over_bdir-1601045-niXMfj/Bitmask-Data-2.05-0/blib/lib/Bitmask/Data.pm line 276.
#  at /tmp/loop_over_bdir-1601045-niXMfj/Bitmask-Data-2.05-0/blib/lib/Bitmask/Data.pm line 276.
# 	require Bitmask/Data.pm called at /home/sand/src/perl/repoperls/installed-perls/host/k93jammy/v5.37.10/5674/lib/5.37.10/parent.pm line 16
# 	parent::import("parent", "Bitmask::Data") called at t/lib/Testmask2.pm line 4
# 	Testmask2::BEGIN() called at t/lib/Testmask2.pm line 4
# 	eval {...} called at t/lib/Testmask2.pm line 4
# 	require Testmask2.pm called at t/testmask2.t line 12
# 	main::BEGIN() called at t/testmask2.t line 12
# 	eval {...} called at t/testmask2.t line 12
# 	eval 'package main;
# BEGIN { ${^WARNING_BITS} = $args[-1] if defined $args[-1] }
# #line 12 t/testmask2.t
# use Testmask2 @{$args[0]};
# 1;
# ' called at /home/sand/src/perl/repoperls/installed-perls/host/k93jammy/v5.37.10/5674/lib/5.37.10/Test/More.pm line 1056
# 	Test::More::_eval("package main;\x{a}BEGIN { \${^WARNING_BITS} = \$args[-1] if defined"..., ARRAY(0x55a03c2ead78), "UUUUUUUUUUUUUUUUUUUU") called at /home/sand/src/perl/repoperls/installed-perls/host/k93jammy/v5.37.10/5674/lib/5.37.10/Test/More.pm line 1031
# 	Test::More::use_ok("Testmask2") called at t/testmask2.t line 12
# 
# ----------
#     Previous test 0 ''
#     given is deprecated at /tmp/loop_over_bdir-1601045-niXMfj/Bitmask-Data-2.05-0/blib/lib/Bitmask/Data.pm line 391.
#  at /tmp/loop_over_bdir-1601045-niXMfj/Bitmask-Data-2.05-0/blib/lib/Bitmask/Data.pm line 391.
# 	require Bitmask/Data.pm called at /home/sand/src/perl/repoperls/installed-perls/host/k93jammy/v5.37.10/5674/lib/5.37.10/parent.pm line 16
# 	parent::import("parent", "Bitmask::Data") called at t/lib/Testmask2.pm line 4
# 	Testmask2::BEGIN() called at t/lib/Testmask2.pm line 4
# 	eval {...} called at t/lib/Testmask2.pm line 4
# 	require Testmask2.pm called at t/testmask2.t line 12
# 	main::BEGIN() called at t/testmask2.t line 12
# 	eval {...} called at t/testmask2.t line 12
# 	eval 'package main;
# BEGIN { ${^WARNING_BITS} = $args[-1] if defined $args[-1] }
# #line 12 t/testmask2.t
# use Testmask2 @{$args[0]};
# 1;
# ' called at /home/sand/src/perl/repoperls/installed-perls/host/k93jammy/v5.37.10/5674/lib/5.37.10/Test/More.pm line 1056
# 	Test::More::_eval("package main;\x{a}BEGIN { \${^WARNING_BITS} = \$args[-1] if defined"..., ARRAY(0x55a03c2ead78), "UUUUUUUUUUUUUUUUUUUU") called at /home/sand/src/perl/repoperls/installed-perls/host/k93jammy/v5.37.10/5674/lib/5.37.10/Test/More.pm line 1031
# 	Test::More::use_ok("Testmask2") called at t/testmask2.t line 12
# 
# ----------
#     Previous test 0 ''
#     when is deprecated at /tmp/loop_over_bdir-1601045-niXMfj/Bitmask-Data-2.05-0/blib/lib/Bitmask/Data.pm line 392.
#  at /tmp/loop_over_bdir-1601045-niXMfj/Bitmask-Data-2.05-0/blib/lib/Bitmask/Data.pm line 392.
# 	require Bitmask/Data.pm called at /home/sand/src/perl/repoperls/installed-perls/host/k93jammy/v5.37.10/5674/lib/5.37.10/parent.pm line 16
# 	parent::import("parent", "Bitmask::Data") called at t/lib/Testmask2.pm line 4
# 	Testmask2::BEGIN() called at t/lib/Testmask2.pm line 4
# 	eval {...} called at t/lib/Testmask2.pm line 4
# 	require Testmask2.pm called at t/testmask2.t line 12
# 	main::BEGIN() called at t/testmask2.t line 12
# 	eval {...} called at t/testmask2.t line 12
# 	eval 'package main;
# BEGIN { ${^WARNING_BITS} = $args[-1] if defined $args[-1] }
# #line 12 t/testmask2.t
# use Testmask2 @{$args[0]};
# 1;
# ' called at /home/sand/src/perl/repoperls/installed-perls/host/k93jammy/v5.37.10/5674/lib/5.37.10/Test/More.pm line 1056
# 	Test::More::_eval("package main;\x{a}BEGIN { \${^WARNING_BITS} = \$args[-1] if defined"..., ARRAY(0x55a03c2ead78), "UUUUUUUUUUUUUUUUUUUU") called at /home/sand/src/perl/repoperls/installed-perls/host/k93jammy/v5.37.10/5674/lib/5.37.10/Test/More.pm line 1031
# 	Test::More::use_ok("Testmask2") called at t/testmask2.t line 12
# 
# ----------
#     Previous test 0 ''
#     when is deprecated at /tmp/loop_over_bdir-1601045-niXMfj/Bitmask-Data-2.05-0/blib/lib/Bitmask/Data.pm line 395.
#  at /tmp/loop_over_bdir-1601045-niXMfj/Bitmask-Data-2.05-0/blib/lib/Bitmask/Data.pm line 395.
# 	require Bitmask/Data.pm called at /home/sand/src/perl/repoperls/installed-perls/host/k93jammy/v5.37.10/5674/lib/5.37.10/parent.pm line 16
# 	parent::import("parent", "Bitmask::Data") called at t/lib/Testmask2.pm line 4
# 	Testmask2::BEGIN() called at t/lib/Testmask2.pm line 4
# 	eval {...} called at t/lib/Testmask2.pm line 4
# 	require Testmask2.pm called at t/testmask2.t line 12
# 	main::BEGIN() called at t/testmask2.t line 12
# 	eval {...} called at t/testmask2.t line 12
# 	eval 'package main;
# BEGIN { ${^WARNING_BITS} = $args[-1] if defined $args[-1] }
# #line 12 t/testmask2.t
# use Testmask2 @{$args[0]};
# 1;
# ' called at /home/sand/src/perl/repoperls/installed-perls/host/k93jammy/v5.37.10/5674/lib/5.37.10/Test/More.pm line 1056
# 	Test::More::_eval("package main;\x{a}BEGIN { \${^WARNING_BITS} = \$args[-1] if defined"..., ARRAY(0x55a03c2ead78), "UUUUUUUUUUUUUUUUUUUU") called at /home/sand/src/perl/repoperls/installed-perls/host/k93jammy/v5.37.10/5674/lib/5.37.10/Test/More.pm line 1031
# 	Test::More::use_ok("Testmask2") called at t/testmask2.t line 12
# 
# ----------
#     Previous test 0 ''
#     when is deprecated at /tmp/loop_over_bdir-1601045-niXMfj/Bitmask-Data-2.05-0/blib/lib/Bitmask/Data.pm line 398.
#  at /tmp/loop_over_bdir-1601045-niXMfj/Bitmask-Data-2.05-0/blib/lib/Bitmask/Data.pm line 398.
# 	require Bitmask/Data.pm called at /home/sand/src/perl/repoperls/installed-perls/host/k93jammy/v5.37.10/5674/lib/5.37.10/parent.pm line 16
# 	parent::import("parent", "Bitmask::Data") called at t/lib/Testmask2.pm line 4
# 	Testmask2::BEGIN() called at t/lib/Testmask2.pm line 4
# 	eval {...} called at t/lib/Testmask2.pm line 4
# 	require Testmask2.pm called at t/testmask2.t line 12
# 	main::BEGIN() called at t/testmask2.t line 12
# 	eval {...} called at t/testmask2.t line 12
# 	eval 'package main;
# BEGIN { ${^WARNING_BITS} = $args[-1] if defined $args[-1] }
# #line 12 t/testmask2.t
# use Testmask2 @{$args[0]};
# 1;
# ' called at /home/sand/src/perl/repoperls/installed-perls/host/k93jammy/v5.37.10/5674/lib/5.37.10/Test/More.pm line 1056
# 	Test::More::_eval("package main;\x{a}BEGIN { \${^WARNING_BITS} = \$args[-1] if defined"..., ARRAY(0x55a03c2ead78), "UUUUUUUUUUUUUUUUUUUU") called at /home/sand/src/perl/repoperls/installed-perls/host/k93jammy/v5.37.10/5674/lib/5.37.10/Test/More.pm line 1031
# 	Test::More::use_ok("Testmask2") called at t/testmask2.t line 12
# 
# ----------
#     Previous test 0 ''
#     Smartmatch is deprecated at /tmp/loop_over_bdir-1601045-niXMfj/Bitmask-Data-2.05-0/blib/lib/Bitmask/Data.pm line 398.
#  at /tmp/loop_over_bdir-1601045-niXMfj/Bitmask-Data-2.05-0/blib/lib/Bitmask/Data.pm line 398.
# 	require Bitmask/Data.pm called at /home/sand/src/perl/repoperls/installed-perls/host/k93jammy/v5.37.10/5674/lib/5.37.10/parent.pm line 16
# 	parent::import("parent", "Bitmask::Data") called at t/lib/Testmask2.pm line 4
# 	Testmask2::BEGIN() called at t/lib/Testmask2.pm line 4
# 	eval {...} called at t/lib/Testmask2.pm line 4
# 	require Testmask2.pm called at t/testmask2.t line 12
# 	main::BEGIN() called at t/testmask2.t line 12
# 	eval {...} called at t/testmask2.t line 12
# 	eval 'package main;
# BEGIN { ${^WARNING_BITS} = $args[-1] if defined $args[-1] }
# #line 12 t/testmask2.t
# use Testmask2 @{$args[0]};
# 1;
# ' called at /home/sand/src/perl/repoperls/installed-perls/host/k93jammy/v5.37.10/5674/lib/5.37.10/Test/More.pm line 1056
# 	Test::More::_eval("package main;\x{a}BEGIN { \${^WARNING_BITS} = \$args[-1] if defined"..., ARRAY(0x55a03c2ead78), "UUUUUUUUUUUUUUUUUUUU") called at /home/sand/src/perl/repoperls/installed-perls/host/k93jammy/v5.37.10/5674/lib/5.37.10/Test/More.pm line 1031
# 	Test::More::use_ok("Testmask2") called at t/testmask2.t line 12
# 
# ----------
#     Previous test 0 ''
#     when is deprecated at /tmp/loop_over_bdir-1601045-niXMfj/Bitmask-Data-2.05-0/blib/lib/Bitmask/Data.pm line 401.
#  at /tmp/loop_over_bdir-1601045-niXMfj/Bitmask-Data-2.05-0/blib/lib/Bitmask/Data.pm line 401.
# 	require Bitmask/Data.pm called at /home/sand/src/perl/repoperls/installed-perls/host/k93jammy/v5.37.10/5674/lib/5.37.10/parent.pm line 16
# 	parent::import("parent", "Bitmask::Data") called at t/lib/Testmask2.pm line 4
# 	Testmask2::BEGIN() called at t/lib/Testmask2.pm line 4
# 	eval {...} called at t/lib/Testmask2.pm line 4
# 	require Testmask2.pm called at t/testmask2.t line 12
# 	main::BEGIN() called at t/testmask2.t line 12
# 	eval {...} called at t/testmask2.t line 12
# 	eval 'package main;
# BEGIN { ${^WARNING_BITS} = $args[-1] if defined $args[-1] }
# #line 12 t/testmask2.t
# use Testmask2 @{$args[0]};
# 1;
# ' called at /home/sand/src/perl/repoperls/installed-perls/host/k93jammy/v5.37.10/5674/lib/5.37.10/Test/More.pm line 1056
# 	Test::More::_eval("package main;\x{a}BEGIN { \${^WARNING_BITS} = \$args[-1] if defined"..., ARRAY(0x55a03c2ead78), "UUUUUUUUUUUUUUUUUUUU") called at /home/sand/src/perl/repoperls/installed-perls/host/k93jammy/v5.37.10/5674/lib/5.37.10/Test/More.pm line 1031
# 	Test::More::use_ok("Testmask2") called at t/testmask2.t line 12
# 
# ----------
#     Previous test 0 ''
#     when is deprecated at /tmp/loop_over_bdir-1601045-niXMfj/Bitmask-Data-2.05-0/blib/lib/Bitmask/Data.pm line 404.
#  at /tmp/loop_over_bdir-1601045-niXMfj/Bitmask-Data-2.05-0/blib/lib/Bitmask/Data.pm line 404.
# 	require Bitmask/Data.pm called at /home/sand/src/perl/repoperls/installed-perls/host/k93jammy/v5.37.10/5674/lib/5.37.10/parent.pm line 16
# 	parent::import("parent", "Bitmask::Data") called at t/lib/Testmask2.pm line 4
# 	Testmask2::BEGIN() called at t/lib/Testmask2.pm line 4
# 	eval {...} called at t/lib/Testmask2.pm line 4
# 	require Testmask2.pm called at t/testmask2.t line 12
# 	main::BEGIN() called at t/testmask2.t line 12
# 	eval {...} called at t/testmask2.t line 12
# 	eval 'package main;
# BEGIN { ${^WARNING_BITS} = $args[-1] if defined $args[-1] }
# #line 12 t/testmask2.t
# use Testmask2 @{$args[0]};
# 1;
# ' called at /home/sand/src/perl/repoperls/installed-perls/host/k93jammy/v5.37.10/5674/lib/5.37.10/Test/More.pm line 1056
# 	Test::More::_eval("package main;\x{a}BEGIN { \${^WARNING_BITS} = \$args[-1] if defined"..., ARRAY(0x55a03c2ead78), "UUUUUUUUUUUUUUUUUUUU") called at /home/sand/src/perl/repoperls/installed-perls/host/k93jammy/v5.37.10/5674/lib/5.37.10/Test/More.pm line 1031
# 	Test::More::use_ok("Testmask2") called at t/testmask2.t line 12
# 
# ----------
#     Previous test 0 ''
#     when is deprecated at /tmp/loop_over_bdir-1601045-niXMfj/Bitmask-Data-2.05-0/blib/lib/Bitmask/Data.pm line 407.
#  at /tmp/loop_over_bdir-1601045-niXMfj/Bitmask-Data-2.05-0/blib/lib/Bitmask/Data.pm line 407.
# 	require Bitmask/Data.pm called at /home/sand/src/perl/repoperls/installed-perls/host/k93jammy/v5.37.10/5674/lib/5.37.10/parent.pm line 16
# 	parent::import("parent", "Bitmask::Data") called at t/lib/Testmask2.pm line 4
# 	Testmask2::BEGIN() called at t/lib/Testmask2.pm line 4
# 	eval {...} called at t/lib/Testmask2.pm line 4
# 	require Testmask2.pm called at t/testmask2.t line 12
# 	main::BEGIN() called at t/testmask2.t line 12
# 	eval {...} called at t/testmask2.t line 12
# 	eval 'package main;
# BEGIN { ${^WARNING_BITS} = $args[-1] if defined $args[-1] }
# #line 12 t/testmask2.t
# use Testmask2 @{$args[0]};
# 1;
# ' called at /home/sand/src/perl/repoperls/installed-perls/host/k93jammy/v5.37.10/5674/lib/5.37.10/Test/More.pm line 1056
# 	Test::More::_eval("package main;\x{a}BEGIN { \${^WARNING_BITS} = \$args[-1] if defined"..., ARRAY(0x55a03c2ead78), "UUUUUUUUUUUUUUUUUUUU") called at /home/sand/src/perl/repoperls/installed-perls/host/k93jammy/v5.37.10/5674/lib/5.37.10/Test/More.pm line 1031
# 	Test::More::use_ok("Testmask2") called at t/testmask2.t line 12
# 
# ----------
#     Previous test 0 ''
#     when is deprecated at /tmp/loop_over_bdir-1601045-niXMfj/Bitmask-Data-2.05-0/blib/lib/Bitmask/Data.pm line 410.
#  at /tmp/loop_over_bdir-1601045-niXMfj/Bitmask-Data-2.05-0/blib/lib/Bitmask/Data.pm line 410.
# 	require Bitmask/Data.pm called at /home/sand/src/perl/repoperls/installed-perls/host/k93jammy/v5.37.10/5674/lib/5.37.10/parent.pm line 16
# 	parent::import("parent", "Bitmask::Data") called at t/lib/Testmask2.pm line 4
# 	Testmask2::BEGIN() called at t/lib/Testmask2.pm line 4
# 	eval {...} called at t/lib/Testmask2.pm line 4
# 	require Testmask2.pm called at t/testmask2.t line 12
# 	main::BEGIN() called at t/testmask2.t line 12
# 	eval {...} called at t/testmask2.t line 12
# 	eval 'package main;
# BEGIN { ${^WARNING_BITS} = $args[-1] if defined $args[-1] }
# #line 12 t/testmask2.t
# use Testmask2 @{$args[0]};
# 1;
# ' called at /home/sand/src/perl/repoperls/installed-perls/host/k93jammy/v5.37.10/5674/lib/5.37.10/Test/More.pm line 1056
# 	Test::More::_eval("package main;\x{a}BEGIN { \${^WARNING_BITS} = \$args[-1] if defined"..., ARRAY(0x55a03c2ead78), "UUUUUUUUUUUUUUUUUUUU") called at /home/sand/src/perl/repoperls/installed-perls/host/k93jammy/v5.37.10/5674/lib/5.37.10/Test/More.pm line 1031
# 	Test::More::use_ok("Testmask2") called at t/testmask2.t line 12
# 
# Looks like you failed 1 test of 9.
t/testmask2.t ...... 
Dubious, test returned 1 (wstat 256, 0x100)
Failed 1/9 subtests 

#   Failed test 'no warnings'
#   at /home/sand/src/perl/repoperls/installed-perls/host/k93jammy/v5.37.10/5674/lib/5.37.10/Test/Builder.pm line 193.
# There were 14 warning(s)
#     Previous test 0 ''
#     given is deprecated at /tmp/loop_over_bdir-1601045-niXMfj/Bitmask-Data-2.05-0/blib/lib/Bitmask/Data.pm line 266.
#  at /tmp/loop_over_bdir-1601045-niXMfj/Bitmask-Data-2.05-0/blib/lib/Bitmask/Data.pm line 266.
# 	require Bitmask/Data.pm called at /home/sand/src/perl/repoperls/installed-perls/host/k93jammy/v5.37.10/5674/lib/5.37.10/parent.pm line 16
# 	parent::import("parent", "Bitmask::Data") called at t/lib/Testmask3.pm line 4
# 	Testmask3::BEGIN() called at t/lib/Testmask3.pm line 4
# 	eval {...} called at t/lib/Testmask3.pm line 4
# 	require Testmask3.pm called at t/testmask3.t line 12
# 	main::BEGIN() called at t/testmask3.t line 12
# 	eval {...} called at t/testmask3.t line 12
# 	eval 'package main;
# BEGIN { ${^WARNING_BITS} = $args[-1] if defined $args[-1] }
# #line 12 t/testmask3.t
# use Testmask3 @{$args[0]};
# 1;
# ' called at /home/sand/src/perl/repoperls/installed-perls/host/k93jammy/v5.37.10/5674/lib/5.37.10/Test/More.pm line 1056
# 	Test::More::_eval("package main;\x{a}BEGIN { \${^WARNING_BITS} = \$args[-1] if defined"..., ARRAY(0x5588db30e408), "UUUUUUUUUUUUUUUUUUUU") called at /home/sand/src/perl/repoperls/installed-perls/host/k93jammy/v5.37.10/5674/lib/5.37.10/Test/More.pm line 1031
# 	Test::More::use_ok("Testmask3") called at t/testmask3.t line 12
# 
# ----------
#     Previous test 0 ''
#     when is deprecated at /tmp/loop_over_bdir-1601045-niXMfj/Bitmask-Data-2.05-0/blib/lib/Bitmask/Data.pm line 267.
#  at /tmp/loop_over_bdir-1601045-niXMfj/Bitmask-Data-2.05-0/blib/lib/Bitmask/Data.pm line 267.
# 	require Bitmask/Data.pm called at /home/sand/src/perl/repoperls/installed-perls/host/k93jammy/v5.37.10/5674/lib/5.37.10/parent.pm line 16
# 	parent::import("parent", "Bitmask::Data") called at t/lib/Testmask3.pm line 4
# 	Testmask3::BEGIN() called at t/lib/Testmask3.pm line 4
# 	eval {...} called at t/lib/Testmask3.pm line 4
# 	require Testmask3.pm called at t/testmask3.t line 12
# 	main::BEGIN() called at t/testmask3.t line 12
# 	eval {...} called at t/testmask3.t line 12
# 	eval 'package main;
# BEGIN { ${^WARNING_BITS} = $args[-1] if defined $args[-1] }
# #line 12 t/testmask3.t
# use Testmask3 @{$args[0]};
# 1;
# ' called at /home/sand/src/perl/repoperls/installed-perls/host/k93jammy/v5.37.10/5674/lib/5.37.10/Test/More.pm line 1056
# 	Test::More::_eval("package main;\x{a}BEGIN { \${^WARNING_BITS} = \$args[-1] if defined"..., ARRAY(0x5588db30e408), "UUUUUUUUUUUUUUUUUUUU") called at /home/sand/src/perl/repoperls/installed-perls/host/k93jammy/v5.37.10/5674/lib/5.37.10/Test/More.pm line 1031
# 	Test::More::use_ok("Testmask3") called at t/testmask3.t line 12
# 
# ----------
#     Previous test 0 ''
#     when is deprecated at /tmp/loop_over_bdir-1601045-niXMfj/Bitmask-Data-2.05-0/blib/lib/Bitmask/Data.pm line 270.
#  at /tmp/loop_over_bdir-1601045-niXMfj/Bitmask-Data-2.05-0/blib/lib/Bitmask/Data.pm line 270.
# 	require Bitmask/Data.pm called at /home/sand/src/perl/repoperls/installed-perls/host/k93jammy/v5.37.10/5674/lib/5.37.10/parent.pm line 16
# 	parent::import("parent", "Bitmask::Data") called at t/lib/Testmask3.pm line 4
# 	Testmask3::BEGIN() called at t/lib/Testmask3.pm line 4
# 	eval {...} called at t/lib/Testmask3.pm line 4
# 	require Testmask3.pm called at t/testmask3.t line 12
# 	main::BEGIN() called at t/testmask3.t line 12
# 	eval {...} called at t/testmask3.t line 12
# 	eval 'package main;
# BEGIN { ${^WARNING_BITS} = $args[-1] if defined $args[-1] }
# #line 12 t/testmask3.t
# use Testmask3 @{$args[0]};
# 1;
# ' called at /home/sand/src/perl/repoperls/installed-perls/host/k93jammy/v5.37.10/5674/lib/5.37.10/Test/More.pm line 1056
# 	Test::More::_eval("package main;\x{a}BEGIN { \${^WARNING_BITS} = \$args[-1] if defined"..., ARRAY(0x5588db30e408), "UUUUUUUUUUUUUUUUUUUU") called at /home/sand/src/perl/repoperls/installed-perls/host/k93jammy/v5.37.10/5674/lib/5.37.10/Test/More.pm line 1031
# 	Test::More::use_ok("Testmask3") called at t/testmask3.t line 12
# 
# ----------
#     Previous test 0 ''
#     when is deprecated at /tmp/loop_over_bdir-1601045-niXMfj/Bitmask-Data-2.05-0/blib/lib/Bitmask/Data.pm line 273.
#  at /tmp/loop_over_bdir-1601045-niXMfj/Bitmask-Data-2.05-0/blib/lib/Bitmask/Data.pm line 273.
# 	require Bitmask/Data.pm called at /home/sand/src/perl/repoperls/installed-perls/host/k93jammy/v5.37.10/5674/lib/5.37.10/parent.pm line 16
# 	parent::import("parent", "Bitmask::Data") called at t/lib/Testmask3.pm line 4
# 	Testmask3::BEGIN() called at t/lib/Testmask3.pm line 4
# 	eval {...} called at t/lib/Testmask3.pm line 4
# 	require Testmask3.pm called at t/testmask3.t line 12
# 	main::BEGIN() called at t/testmask3.t line 12
# 	eval {...} called at t/testmask3.t line 12
# 	eval 'package main;
# BEGIN { ${^WARNING_BITS} = $args[-1] if defined $args[-1] }
# #line 12 t/testmask3.t
# use Testmask3 @{$args[0]};
# 1;
# ' called at /home/sand/src/perl/repoperls/installed-perls/host/k93jammy/v5.37.10/5674/lib/5.37.10/Test/More.pm line 1056
# 	Test::More::_eval("package main;\x{a}BEGIN { \${^WARNING_BITS} = \$args[-1] if defined"..., ARRAY(0x5588db30e408), "UUUUUUUUUUUUUUUUUUUU") called at /home/sand/src/perl/repoperls/installed-perls/host/k93jammy/v5.37.10/5674/lib/5.37.10/Test/More.pm line 1031
# 	Test::More::use_ok("Testmask3") called at t/testmask3.t line 12
# 
# ----------
#     Previous test 0 ''
#     when is deprecated at /tmp/loop_over_bdir-1601045-niXMfj/Bitmask-Data-2.05-0/blib/lib/Bitmask/Data.pm line 276.
#  at /tmp/loop_over_bdir-1601045-niXMfj/Bitmask-Data-2.05-0/blib/lib/Bitmask/Data.pm line 276.
# 	require Bitmask/Data.pm called at /home/sand/src/perl/repoperls/installed-perls/host/k93jammy/v5.37.10/5674/lib/5.37.10/parent.pm line 16
# 	parent::import("parent", "Bitmask::Data") called at t/lib/Testmask3.pm line 4
# 	Testmask3::BEGIN() called at t/lib/Testmask3.pm line 4
# 	eval {...} called at t/lib/Testmask3.pm line 4
# 	require Testmask3.pm called at t/testmask3.t line 12
# 	main::BEGIN() called at t/testmask3.t line 12
# 	eval {...} called at t/testmask3.t line 12
# 	eval 'package main;
# BEGIN { ${^WARNING_BITS} = $args[-1] if defined $args[-1] }
# #line 12 t/testmask3.t
# use Testmask3 @{$args[0]};
# 1;
# ' called at /home/sand/src/perl/repoperls/installed-perls/host/k93jammy/v5.37.10/5674/lib/5.37.10/Test/More.pm line 1056
# 	Test::More::_eval("package main;\x{a}BEGIN { \${^WARNING_BITS} = \$args[-1] if defined"..., ARRAY(0x5588db30e408), "UUUUUUUUUUUUUUUUUUUU") called at /home/sand/src/perl/repoperls/installed-perls/host/k93jammy/v5.37.10/5674/lib/5.37.10/Test/More.pm line 1031
# 	Test::More::use_ok("Testmask3") called at t/testmask3.t line 12
# 
# ----------
#     Previous test 0 ''
#     given is deprecated at /tmp/loop_over_bdir-1601045-niXMfj/Bitmask-Data-2.05-0/blib/lib/Bitmask/Data.pm line 391.
#  at /tmp/loop_over_bdir-1601045-niXMfj/Bitmask-Data-2.05-0/blib/lib/Bitmask/Data.pm line 391.
# 	require Bitmask/Data.pm called at /home/sand/src/perl/repoperls/installed-perls/host/k93jammy/v5.37.10/5674/lib/5.37.10/parent.pm line 16
# 	parent::import("parent", "Bitmask::Data") called at t/lib/Testmask3.pm line 4
# 	Testmask3::BEGIN() called at t/lib/Testmask3.pm line 4
# 	eval {...} called at t/lib/Testmask3.pm line 4
# 	require Testmask3.pm called at t/testmask3.t line 12
# 	main::BEGIN() called at t/testmask3.t line 12
# 	eval {...} called at t/testmask3.t line 12
# 	eval 'package main;
# BEGIN { ${^WARNING_BITS} = $args[-1] if defined $args[-1] }
# #line 12 t/testmask3.t
# use Testmask3 @{$args[0]};
# 1;
# ' called at /home/sand/src/perl/repoperls/installed-perls/host/k93jammy/v5.37.10/5674/lib/5.37.10/Test/More.pm line 1056
# 	Test::More::_eval("package main;\x{a}BEGIN { \${^WARNING_BITS} = \$args[-1] if defined"..., ARRAY(0x5588db30e408), "UUUUUUUUUUUUUUUUUUUU") called at /home/sand/src/perl/repoperls/installed-perls/host/k93jammy/v5.37.10/5674/lib/5.37.10/Test/More.pm line 1031
# 	Test::More::use_ok("Testmask3") called at t/testmask3.t line 12
# 
# ----------
#     Previous test 0 ''
#     when is deprecated at /tmp/loop_over_bdir-1601045-niXMfj/Bitmask-Data-2.05-0/blib/lib/Bitmask/Data.pm line 392.
#  at /tmp/loop_over_bdir-1601045-niXMfj/Bitmask-Data-2.05-0/blib/lib/Bitmask/Data.pm line 392.
# 	require Bitmask/Data.pm called at /home/sand/src/perl/repoperls/installed-perls/host/k93jammy/v5.37.10/5674/lib/5.37.10/parent.pm line 16
# 	parent::import("parent", "Bitmask::Data") called at t/lib/Testmask3.pm line 4
# 	Testmask3::BEGIN() called at t/lib/Testmask3.pm line 4
# 	eval {...} called at t/lib/Testmask3.pm line 4
# 	require Testmask3.pm called at t/testmask3.t line 12
# 	main::BEGIN() called at t/testmask3.t line 12
# 	eval {...} called at t/testmask3.t line 12
# 	eval 'package main;
# BEGIN { ${^WARNING_BITS} = $args[-1] if defined $args[-1] }
# #line 12 t/testmask3.t
# use Testmask3 @{$args[0]};
# 1;
# ' called at /home/sand/src/perl/repoperls/installed-perls/host/k93jammy/v5.37.10/5674/lib/5.37.10/Test/More.pm line 1056
# 	Test::More::_eval("package main;\x{a}BEGIN { \${^WARNING_BITS} = \$args[-1] if defined"..., ARRAY(0x5588db30e408), "UUUUUUUUUUUUUUUUUUUU") called at /home/sand/src/perl/repoperls/installed-perls/host/k93jammy/v5.37.10/5674/lib/5.37.10/Test/More.pm line 1031
# 	Test::More::use_ok("Testmask3") called at t/testmask3.t line 12
# 
# ----------
#     Previous test 0 ''
#     when is deprecated at /tmp/loop_over_bdir-1601045-niXMfj/Bitmask-Data-2.05-0/blib/lib/Bitmask/Data.pm line 395.
#  at /tmp/loop_over_bdir-1601045-niXMfj/Bitmask-Data-2.05-0/blib/lib/Bitmask/Data.pm line 395.
# 	require Bitmask/Data.pm called at /home/sand/src/perl/repoperls/installed-perls/host/k93jammy/v5.37.10/5674/lib/5.37.10/parent.pm line 16
# 	parent::import("parent", "Bitmask::Data") called at t/lib/Testmask3.pm line 4
# 	Testmask3::BEGIN() called at t/lib/Testmask3.pm line 4
# 	eval {...} called at t/lib/Testmask3.pm line 4
# 	require Testmask3.pm called at t/testmask3.t line 12
# 	main::BEGIN() called at t/testmask3.t line 12
# 	eval {...} called at t/testmask3.t line 12
# 	eval 'package main;
# BEGIN { ${^WARNING_BITS} = $args[-1] if defined $args[-1] }
# #line 12 t/testmask3.t
# use Testmask3 @{$args[0]};
# 1;
# ' called at /home/sand/src/perl/repoperls/installed-perls/host/k93jammy/v5.37.10/5674/lib/5.37.10/Test/More.pm line 1056
# 	Test::More::_eval("package main;\x{a}BEGIN { \${^WARNING_BITS} = \$args[-1] if defined"..., ARRAY(0x5588db30e408), "UUUUUUUUUUUUUUUUUUUU") called at /home/sand/src/perl/repoperls/installed-perls/host/k93jammy/v5.37.10/5674/lib/5.37.10/Test/More.pm line 1031
# 	Test::More::use_ok("Testmask3") called at t/testmask3.t line 12
# 
# ----------
#     Previous test 0 ''
#     when is deprecated at /tmp/loop_over_bdir-1601045-niXMfj/Bitmask-Data-2.05-0/blib/lib/Bitmask/Data.pm line 398.
#  at /tmp/loop_over_bdir-1601045-niXMfj/Bitmask-Data-2.05-0/blib/lib/Bitmask/Data.pm line 398.
# 	require Bitmask/Data.pm called at /home/sand/src/perl/repoperls/installed-perls/host/k93jammy/v5.37.10/5674/lib/5.37.10/parent.pm line 16
# 	parent::import("parent", "Bitmask::Data") called at t/lib/Testmask3.pm line 4
# 	Testmask3::BEGIN() called at t/lib/Testmask3.pm line 4
# 	eval {...} called at t/lib/Testmask3.pm line 4
# 	require Testmask3.pm called at t/testmask3.t line 12
# 	main::BEGIN() called at t/testmask3.t line 12
# 	eval {...} called at t/testmask3.t line 12
# 	eval 'package main;
# BEGIN { ${^WARNING_BITS} = $args[-1] if defined $args[-1] }
# #line 12 t/testmask3.t
# use Testmask3 @{$args[0]};
# 1;
# ' called at /home/sand/src/perl/repoperls/installed-perls/host/k93jammy/v5.37.10/5674/lib/5.37.10/Test/More.pm line 1056
# 	Test::More::_eval("package main;\x{a}BEGIN { \${^WARNING_BITS} = \$args[-1] if defined"..., ARRAY(0x5588db30e408), "UUUUUUUUUUUUUUUUUUUU") called at /home/sand/src/perl/repoperls/installed-perls/host/k93jammy/v5.37.10/5674/lib/5.37.10/Test/More.pm line 1031
# 	Test::More::use_ok("Testmask3") called at t/testmask3.t line 12
# 
# ----------
#     Previous test 0 ''
#     Smartmatch is deprecated at /tmp/loop_over_bdir-1601045-niXMfj/Bitmask-Data-2.05-0/blib/lib/Bitmask/Data.pm line 398.
#  at /tmp/loop_over_bdir-1601045-niXMfj/Bitmask-Data-2.05-0/blib/lib/Bitmask/Data.pm line 398.
# 	require Bitmask/Data.pm called at /home/sand/src/perl/repoperls/installed-perls/host/k93jammy/v5.37.10/5674/lib/5.37.10/parent.pm line 16
# 	parent::import("parent", "Bitmask::Data") called at t/lib/Testmask3.pm line 4
# 	Testmask3::BEGIN() called at t/lib/Testmask3.pm line 4
# 	eval {...} called at t/lib/Testmask3.pm line 4
# 	require Testmask3.pm called at t/testmask3.t line 12
# 	main::BEGIN() called at t/testmask3.t line 12
# 	eval {...} called at t/testmask3.t line 12
# 	eval 'package main;
# BEGIN { ${^WARNING_BITS} = $args[-1] if defined $args[-1] }
# #line 12 t/testmask3.t
# use Testmask3 @{$args[0]};
# 1;
# ' called at /home/sand/src/perl/repoperls/installed-perls/host/k93jammy/v5.37.10/5674/lib/5.37.10/Test/More.pm line 1056
# 	Test::More::_eval("package main;\x{a}BEGIN { \${^WARNING_BITS} = \$args[-1] if defined"..., ARRAY(0x5588db30e408), "UUUUUUUUUUUUUUUUUUUU") called at /home/sand/src/perl/repoperls/installed-perls/host/k93jammy/v5.37.10/5674/lib/5.37.10/Test/More.pm line 1031
# 	Test::More::use_ok("Testmask3") called at t/testmask3.t line 12
# 
# ----------
#     Previous test 0 ''
#     when is deprecated at /tmp/loop_over_bdir-1601045-niXMfj/Bitmask-Data-2.05-0/blib/lib/Bitmask/Data.pm line 401.
#  at /tmp/loop_over_bdir-1601045-niXMfj/Bitmask-Data-2.05-0/blib/lib/Bitmask/Data.pm line 401.
# 	require Bitmask/Data.pm called at /home/sand/src/perl/repoperls/installed-perls/host/k93jammy/v5.37.10/5674/lib/5.37.10/parent.pm line 16
# 	parent::import("parent", "Bitmask::Data") called at t/lib/Testmask3.pm line 4
# 	Testmask3::BEGIN() called at t/lib/Testmask3.pm line 4
# 	eval {...} called at t/lib/Testmask3.pm line 4
# 	require Testmask3.pm called at t/testmask3.t line 12
# 	main::BEGIN() called at t/testmask3.t line 12
# 	eval {...} called at t/testmask3.t line 12
# 	eval 'package main;
# BEGIN { ${^WARNING_BITS} = $args[-1] if defined $args[-1] }
# #line 12 t/testmask3.t
# use Testmask3 @{$args[0]};
# 1;
# ' called at /home/sand/src/perl/repoperls/installed-perls/host/k93jammy/v5.37.10/5674/lib/5.37.10/Test/More.pm line 1056
# 	Test::More::_eval("package main;\x{a}BEGIN { \${^WARNING_BITS} = \$args[-1] if defined"..., ARRAY(0x5588db30e408), "UUUUUUUUUUUUUUUUUUUU") called at /home/sand/src/perl/repoperls/installed-perls/host/k93jammy/v5.37.10/5674/lib/5.37.10/Test/More.pm line 1031
# 	Test::More::use_ok("Testmask3") called at t/testmask3.t line 12
# 
# ----------
#     Previous test 0 ''
#     when is deprecated at /tmp/loop_over_bdir-1601045-niXMfj/Bitmask-Data-2.05-0/blib/lib/Bitmask/Data.pm line 404.
#  at /tmp/loop_over_bdir-1601045-niXMfj/Bitmask-Data-2.05-0/blib/lib/Bitmask/Data.pm line 404.
# 	require Bitmask/Data.pm called at /home/sand/src/perl/repoperls/installed-perls/host/k93jammy/v5.37.10/5674/lib/5.37.10/parent.pm line 16
# 	parent::import("parent", "Bitmask::Data") called at t/lib/Testmask3.pm line 4
# 	Testmask3::BEGIN() called at t/lib/Testmask3.pm line 4
# 	eval {...} called at t/lib/Testmask3.pm line 4
# 	require Testmask3.pm called at t/testmask3.t line 12
# 	main::BEGIN() called at t/testmask3.t line 12
# 	eval {...} called at t/testmask3.t line 12
# 	eval 'package main;
# BEGIN { ${^WARNING_BITS} = $args[-1] if defined $args[-1] }
# #line 12 t/testmask3.t
# use Testmask3 @{$args[0]};
# 1;
# ' called at /home/sand/src/perl/repoperls/installed-perls/host/k93jammy/v5.37.10/5674/lib/5.37.10/Test/More.pm line 1056
# 	Test::More::_eval("package main;\x{a}BEGIN { \${^WARNING_BITS} = \$args[-1] if defined"..., ARRAY(0x5588db30e408), "UUUUUUUUUUUUUUUUUUUU") called at /home/sand/src/perl/repoperls/installed-perls/host/k93jammy/v5.37.10/5674/lib/5.37.10/Test/More.pm line 1031
# 	Test::More::use_ok("Testmask3") called at t/testmask3.t line 12
# 
# ----------
#     Previous test 0 ''
#     when is deprecated at /tmp/loop_over_bdir-1601045-niXMfj/Bitmask-Data-2.05-0/blib/lib/Bitmask/Data.pm line 407.
#  at /tmp/loop_over_bdir-1601045-niXMfj/Bitmask-Data-2.05-0/blib/lib/Bitmask/Data.pm line 407.
# 	require Bitmask/Data.pm called at /home/sand/src/perl/repoperls/installed-perls/host/k93jammy/v5.37.10/5674/lib/5.37.10/parent.pm line 16
# 	parent::import("parent", "Bitmask::Data") called at t/lib/Testmask3.pm line 4
# 	Testmask3::BEGIN() called at t/lib/Testmask3.pm line 4
# 	eval {...} called at t/lib/Testmask3.pm line 4
# 	require Testmask3.pm called at t/testmask3.t line 12
# 	main::BEGIN() called at t/testmask3.t line 12
# 	eval {...} called at t/testmask3.t line 12
# 	eval 'package main;
# BEGIN { ${^WARNING_BITS} = $args[-1] if defined $args[-1] }
# #line 12 t/testmask3.t
# use Testmask3 @{$args[0]};
# 1;
# ' called at /home/sand/src/perl/repoperls/installed-perls/host/k93jammy/v5.37.10/5674/lib/5.37.10/Test/More.pm line 1056
# 	Test::More::_eval("package main;\x{a}BEGIN { \${^WARNING_BITS} = \$args[-1] if defined"..., ARRAY(0x5588db30e408), "UUUUUUUUUUUUUUUUUUUU") called at /home/sand/src/perl/repoperls/installed-perls/host/k93jammy/v5.37.10/5674/lib/5.37.10/Test/More.pm line 1031
# 	Test::More::use_ok("Testmask3") called at t/testmask3.t line 12
# 
# ----------
#     Previous test 0 ''
#     when is deprecated at /tmp/loop_over_bdir-1601045-niXMfj/Bitmask-Data-2.05-0/blib/lib/Bitmask/Data.pm line 410.
#  at /tmp/loop_over_bdir-1601045-niXMfj/Bitmask-Data-2.05-0/blib/lib/Bitmask/Data.pm line 410.
# 	require Bitmask/Data.pm called at /home/sand/src/perl/repoperls/installed-perls/host/k93jammy/v5.37.10/5674/lib/5.37.10/parent.pm line 16
# 	parent::import("parent", "Bitmask::Data") called at t/lib/Testmask3.pm line 4
# 	Testmask3::BEGIN() called at t/lib/Testmask3.pm line 4
# 	eval {...} called at t/lib/Testmask3.pm line 4
# 	require Testmask3.pm called at t/testmask3.t line 12
# 	main::BEGIN() called at t/testmask3.t line 12
# 	eval {...} called at t/testmask3.t line 12
# 	eval 'package main;
# BEGIN { ${^WARNING_BITS} = $args[-1] if defined $args[-1] }
# #line 12 t/testmask3.t
# use Testmask3 @{$args[0]};
# 1;
# ' called at /home/sand/src/perl/repoperls/installed-perls/host/k93jammy/v5.37.10/5674/lib/5.37.10/Test/More.pm line 1056
# 	Test::More::_eval("package main;\x{a}BEGIN { \${^WARNING_BITS} = \$args[-1] if defined"..., ARRAY(0x5588db30e408), "UUUUUUUUUUUUUUUUUUUU") called at /home/sand/src/perl/repoperls/installed-perls/host/k93jammy/v5.37.10/5674/lib/5.37.10/Test/More.pm line 1031
# 	Test::More::use_ok("Testmask3") called at t/testmask3.t line 12
# 
# Looks like you failed 1 test of 7.
t/testmask3.t ...... 
Dubious, test returned 1 (wstat 256, 0x100)
Failed 1/7 subtests 

#   Failed test 'no warnings'
#   at /home/sand/src/perl/repoperls/installed-perls/host/k93jammy/v5.37.10/5674/lib/5.37.10/Test/Builder.pm line 193.
# There were 14 warning(s)
#     Previous test 0 ''
#     given is deprecated at /tmp/loop_over_bdir-1601045-niXMfj/Bitmask-Data-2.05-0/blib/lib/Bitmask/Data.pm line 266.
#  at /tmp/loop_over_bdir-1601045-niXMfj/Bitmask-Data-2.05-0/blib/lib/Bitmask/Data.pm line 266.
# 	require Bitmask/Data.pm called at /home/sand/src/perl/repoperls/installed-perls/host/k93jammy/v5.37.10/5674/lib/5.37.10/parent.pm line 16
# 	parent::import("parent", "Bitmask::Data") called at t/lib/Testmask4.pm line 4
# 	Testmask4::BEGIN() called at t/lib/Testmask4.pm line 4
# 	eval {...} called at t/lib/Testmask4.pm line 4
# 	require Testmask4.pm called at t/testmask4.t line 12
# 	main::BEGIN() called at t/testmask4.t line 12
# 	eval {...} called at t/testmask4.t line 12
# 	eval 'package main;
# BEGIN { ${^WARNING_BITS} = $args[-1] if defined $args[-1] }
# #line 12 t/testmask4.t
# use Testmask4 @{$args[0]};
# 1;
# ' called at /home/sand/src/perl/repoperls/installed-perls/host/k93jammy/v5.37.10/5674/lib/5.37.10/Test/More.pm line 1056
# 	Test::More::_eval("package main;\x{a}BEGIN { \${^WARNING_BITS} = \$args[-1] if defined"..., ARRAY(0x55717ff4e068), "UUUUUUUUUUUUUUUUUUUU") called at /home/sand/src/perl/repoperls/installed-perls/host/k93jammy/v5.37.10/5674/lib/5.37.10/Test/More.pm line 1031
# 	Test::More::use_ok("Testmask4") called at t/testmask4.t line 12
# 
# ----------
#     Previous test 0 ''
#     when is deprecated at /tmp/loop_over_bdir-1601045-niXMfj/Bitmask-Data-2.05-0/blib/lib/Bitmask/Data.pm line 267.
#  at /tmp/loop_over_bdir-1601045-niXMfj/Bitmask-Data-2.05-0/blib/lib/Bitmask/Data.pm line 267.
# 	require Bitmask/Data.pm called at /home/sand/src/perl/repoperls/installed-perls/host/k93jammy/v5.37.10/5674/lib/5.37.10/parent.pm line 16
# 	parent::import("parent", "Bitmask::Data") called at t/lib/Testmask4.pm line 4
# 	Testmask4::BEGIN() called at t/lib/Testmask4.pm line 4
# 	eval {...} called at t/lib/Testmask4.pm line 4
# 	require Testmask4.pm called at t/testmask4.t line 12
# 	main::BEGIN() called at t/testmask4.t line 12
# 	eval {...} called at t/testmask4.t line 12
# 	eval 'package main;
# BEGIN { ${^WARNING_BITS} = $args[-1] if defined $args[-1] }
# #line 12 t/testmask4.t
# use Testmask4 @{$args[0]};
# 1;
# ' called at /home/sand/src/perl/repoperls/installed-perls/host/k93jammy/v5.37.10/5674/lib/5.37.10/Test/More.pm line 1056
# 	Test::More::_eval("package main;\x{a}BEGIN { \${^WARNING_BITS} = \$args[-1] if defined"..., ARRAY(0x55717ff4e068), "UUUUUUUUUUUUUUUUUUUU") called at /home/sand/src/perl/repoperls/installed-perls/host/k93jammy/v5.37.10/5674/lib/5.37.10/Test/More.pm line 1031
# 	Test::More::use_ok("Testmask4") called at t/testmask4.t line 12
# 
# ----------
#     Previous test 0 ''
#     when is deprecated at /tmp/loop_over_bdir-1601045-niXMfj/Bitmask-Data-2.05-0/blib/lib/Bitmask/Data.pm line 270.
#  at /tmp/loop_over_bdir-1601045-niXMfj/Bitmask-Data-2.05-0/blib/lib/Bitmask/Data.pm line 270.
# 	require Bitmask/Data.pm called at /home/sand/src/perl/repoperls/installed-perls/host/k93jammy/v5.37.10/5674/lib/5.37.10/parent.pm line 16
# 	parent::import("parent", "Bitmask::Data") called at t/lib/Testmask4.pm line 4
# 	Testmask4::BEGIN() called at t/lib/Testmask4.pm line 4
# 	eval {...} called at t/lib/Testmask4.pm line 4
# 	require Testmask4.pm called at t/testmask4.t line 12
# 	main::BEGIN() called at t/testmask4.t line 12
# 	eval {...} called at t/testmask4.t line 12
# 	eval 'package main;
# BEGIN { ${^WARNING_BITS} = $args[-1] if defined $args[-1] }
# #line 12 t/testmask4.t
# use Testmask4 @{$args[0]};
# 1;
# ' called at /home/sand/src/perl/repoperls/installed-perls/host/k93jammy/v5.37.10/5674/lib/5.37.10/Test/More.pm line 1056
# 	Test::More::_eval("package main;\x{a}BEGIN { \${^WARNING_BITS} = \$args[-1] if defined"..., ARRAY(0x55717ff4e068), "UUUUUUUUUUUUUUUUUUUU") called at /home/sand/src/perl/repoperls/installed-perls/host/k93jammy/v5.37.10/5674/lib/5.37.10/Test/More.pm line 1031
# 	Test::More::use_ok("Testmask4") called at t/testmask4.t line 12
# 
# ----------
#     Previous test 0 ''
#     when is deprecated at /tmp/loop_over_bdir-1601045-niXMfj/Bitmask-Data-2.05-0/blib/lib/Bitmask/Data.pm line 273.
#  at /tmp/loop_over_bdir-1601045-niXMfj/Bitmask-Data-2.05-0/blib/lib/Bitmask/Data.pm line 273.
# 	require Bitmask/Data.pm called at /home/sand/src/perl/repoperls/installed-perls/host/k93jammy/v5.37.10/5674/lib/5.37.10/parent.pm line 16
# 	parent::import("parent", "Bitmask::Data") called at t/lib/Testmask4.pm line 4
# 	Testmask4::BEGIN() called at t/lib/Testmask4.pm line 4
# 	eval {...} called at t/lib/Testmask4.pm line 4
# 	require Testmask4.pm called at t/testmask4.t line 12
# 	main::BEGIN() called at t/testmask4.t line 12
# 	eval {...} called at t/testmask4.t line 12
# 	eval 'package main;
# BEGIN { ${^WARNING_BITS} = $args[-1] if defined $args[-1] }
# #line 12 t/testmask4.t
# use Testmask4 @{$args[0]};
# 1;
# ' called at /home/sand/src/perl/repoperls/installed-perls/host/k93jammy/v5.37.10/5674/lib/5.37.10/Test/More.pm line 1056
# 	Test::More::_eval("package main;\x{a}BEGIN { \${^WARNING_BITS} = \$args[-1] if defined"..., ARRAY(0x55717ff4e068), "UUUUUUUUUUUUUUUUUUUU") called at /home/sand/src/perl/repoperls/installed-perls/host/k93jammy/v5.37.10/5674/lib/5.37.10/Test/More.pm line 1031
# 	Test::More::use_ok("Testmask4") called at t/testmask4.t line 12
# 
# ----------
#     Previous test 0 ''
#     when is deprecated at /tmp/loop_over_bdir-1601045-niXMfj/Bitmask-Data-2.05-0/blib/lib/Bitmask/Data.pm line 276.
#  at /tmp/loop_over_bdir-1601045-niXMfj/Bitmask-Data-2.05-0/blib/lib/Bitmask/Data.pm line 276.
# 	require Bitmask/Data.pm called at /home/sand/src/perl/repoperls/installed-perls/host/k93jammy/v5.37.10/5674/lib/5.37.10/parent.pm line 16
# 	parent::import("parent", "Bitmask::Data") called at t/lib/Testmask4.pm line 4
# 	Testmask4::BEGIN() called at t/lib/Testmask4.pm line 4
# 	eval {...} called at t/lib/Testmask4.pm line 4
# 	require Testmask4.pm called at t/testmask4.t line 12
# 	main::BEGIN() called at t/testmask4.t line 12
# 	eval {...} called at t/testmask4.t line 12
# 	eval 'package main;
# BEGIN { ${^WARNING_BITS} = $args[-1] if defined $args[-1] }
# #line 12 t/testmask4.t
# use Testmask4 @{$args[0]};
# 1;
# ' called at /home/sand/src/perl/repoperls/installed-perls/host/k93jammy/v5.37.10/5674/lib/5.37.10/Test/More.pm line 1056
# 	Test::More::_eval("package main;\x{a}BEGIN { \${^WARNING_BITS} = \$args[-1] if defined"..., ARRAY(0x55717ff4e068), "UUUUUUUUUUUUUUUUUUUU") called at /home/sand/src/perl/repoperls/installed-perls/host/k93jammy/v5.37.10/5674/lib/5.37.10/Test/More.pm line 1031
# 	Test::More::use_ok("Testmask4") called at t/testmask4.t line 12
# 
# ----------
#     Previous test 0 ''
#     given is deprecated at /tmp/loop_over_bdir-1601045-niXMfj/Bitmask-Data-2.05-0/blib/lib/Bitmask/Data.pm line 391.
#  at /tmp/loop_over_bdir-1601045-niXMfj/Bitmask-Data-2.05-0/blib/lib/Bitmask/Data.pm line 391.
# 	require Bitmask/Data.pm called at /home/sand/src/perl/repoperls/installed-perls/host/k93jammy/v5.37.10/5674/lib/5.37.10/parent.pm line 16
# 	parent::import("parent", "Bitmask::Data") called at t/lib/Testmask4.pm line 4
# 	Testmask4::BEGIN() called at t/lib/Testmask4.pm line 4
# 	eval {...} called at t/lib/Testmask4.pm line 4
# 	require Testmask4.pm called at t/testmask4.t line 12
# 	main::BEGIN() called at t/testmask4.t line 12
# 	eval {...} called at t/testmask4.t line 12
# 	eval 'package main;
# BEGIN { ${^WARNING_BITS} = $args[-1] if defined $args[-1] }
# #line 12 t/testmask4.t
# use Testmask4 @{$args[0]};
# 1;
# ' called at /home/sand/src/perl/repoperls/installed-perls/host/k93jammy/v5.37.10/5674/lib/5.37.10/Test/More.pm line 1056
# 	Test::More::_eval("package main;\x{a}BEGIN { \${^WARNING_BITS} = \$args[-1] if defined"..., ARRAY(0x55717ff4e068), "UUUUUUUUUUUUUUUUUUUU") called at /home/sand/src/perl/repoperls/installed-perls/host/k93jammy/v5.37.10/5674/lib/5.37.10/Test/More.pm line 1031
# 	Test::More::use_ok("Testmask4") called at t/testmask4.t line 12
# 
# ----------
#     Previous test 0 ''
#     when is deprecated at /tmp/loop_over_bdir-1601045-niXMfj/Bitmask-Data-2.05-0/blib/lib/Bitmask/Data.pm line 392.
#  at /tmp/loop_over_bdir-1601045-niXMfj/Bitmask-Data-2.05-0/blib/lib/Bitmask/Data.pm line 392.
# 	require Bitmask/Data.pm called at /home/sand/src/perl/repoperls/installed-perls/host/k93jammy/v5.37.10/5674/lib/5.37.10/parent.pm line 16
# 	parent::import("parent", "Bitmask::Data") called at t/lib/Testmask4.pm line 4
# 	Testmask4::BEGIN() called at t/lib/Testmask4.pm line 4
# 	eval {...} called at t/lib/Testmask4.pm line 4
# 	require Testmask4.pm called at t/testmask4.t line 12
# 	main::BEGIN() called at t/testmask4.t line 12
# 	eval {...} called at t/testmask4.t line 12
# 	eval 'package main;
# BEGIN { ${^WARNING_BITS} = $args[-1] if defined $args[-1] }
# #line 12 t/testmask4.t
# use Testmask4 @{$args[0]};
# 1;
# ' called at /home/sand/src/perl/repoperls/installed-perls/host/k93jammy/v5.37.10/5674/lib/5.37.10/Test/More.pm line 1056
# 	Test::More::_eval("package main;\x{a}BEGIN { \${^WARNING_BITS} = \$args[-1] if defined"..., ARRAY(0x55717ff4e068), "UUUUUUUUUUUUUUUUUUUU") called at /home/sand/src/perl/repoperls/installed-perls/host/k93jammy/v5.37.10/5674/lib/5.37.10/Test/More.pm line 1031
# 	Test::More::use_ok("Testmask4") called at t/testmask4.t line 12
# 
# ----------
#     Previous test 0 ''
#     when is deprecated at /tmp/loop_over_bdir-1601045-niXMfj/Bitmask-Data-2.05-0/blib/lib/Bitmask/Data.pm line 395.
#  at /tmp/loop_over_bdir-1601045-niXMfj/Bitmask-Data-2.05-0/blib/lib/Bitmask/Data.pm line 395.
# 	require Bitmask/Data.pm called at /home/sand/src/perl/repoperls/installed-perls/host/k93jammy/v5.37.10/5674/lib/5.37.10/parent.pm line 16
# 	parent::import("parent", "Bitmask::Data") called at t/lib/Testmask4.pm line 4
# 	Testmask4::BEGIN() called at t/lib/Testmask4.pm line 4
# 	eval {...} called at t/lib/Testmask4.pm line 4
# 	require Testmask4.pm called at t/testmask4.t line 12
# 	main::BEGIN() called at t/testmask4.t line 12
# 	eval {...} called at t/testmask4.t line 12
# 	eval 'package main;
# BEGIN { ${^WARNING_BITS} = $args[-1] if defined $args[-1] }
# #line 12 t/testmask4.t
# use Testmask4 @{$args[0]};
# 1;
# ' called at /home/sand/src/perl/repoperls/installed-perls/host/k93jammy/v5.37.10/5674/lib/5.37.10/Test/More.pm line 1056
# 	Test::More::_eval("package main;\x{a}BEGIN { \${^WARNING_BITS} = \$args[-1] if defined"..., ARRAY(0x55717ff4e068), "UUUUUUUUUUUUUUUUUUUU") called at /home/sand/src/perl/repoperls/installed-perls/host/k93jammy/v5.37.10/5674/lib/5.37.10/Test/More.pm line 1031
# 	Test::More::use_ok("Testmask4") called at t/testmask4.t line 12
# 
# ----------
#     Previous test 0 ''
#     when is deprecated at /tmp/loop_over_bdir-1601045-niXMfj/Bitmask-Data-2.05-0/blib/lib/Bitmask/Data.pm line 398.
#  at /tmp/loop_over_bdir-1601045-niXMfj/Bitmask-Data-2.05-0/blib/lib/Bitmask/Data.pm line 398.
# 	require Bitmask/Data.pm called at /home/sand/src/perl/repoperls/installed-perls/host/k93jammy/v5.37.10/5674/lib/5.37.10/parent.pm line 16
# 	parent::import("parent", "Bitmask::Data") called at t/lib/Testmask4.pm line 4
# 	Testmask4::BEGIN() called at t/lib/Testmask4.pm line 4
# 	eval {...} called at t/lib/Testmask4.pm line 4
# 	require Testmask4.pm called at t/testmask4.t line 12
# 	main::BEGIN() called at t/testmask4.t line 12
# 	eval {...} called at t/testmask4.t line 12
# 	eval 'package main;
# BEGIN { ${^WARNING_BITS} = $args[-1] if defined $args[-1] }
# #line 12 t/testmask4.t
# use Testmask4 @{$args[0]};
# 1;
# ' called at /home/sand/src/perl/repoperls/installed-perls/host/k93jammy/v5.37.10/5674/lib/5.37.10/Test/More.pm line 1056
# 	Test::More::_eval("package main;\x{a}BEGIN { \${^WARNING_BITS} = \$args[-1] if defined"..., ARRAY(0x55717ff4e068), "UUUUUUUUUUUUUUUUUUUU") called at /home/sand/src/perl/repoperls/installed-perls/host/k93jammy/v5.37.10/5674/lib/5.37.10/Test/More.pm line 1031
# 	Test::More::use_ok("Testmask4") called at t/testmask4.t line 12
# 
# ----------
#     Previous test 0 ''
#     Smartmatch is deprecated at /tmp/loop_over_bdir-1601045-niXMfj/Bitmask-Data-2.05-0/blib/lib/Bitmask/Data.pm line 398.
#  at /tmp/loop_over_bdir-1601045-niXMfj/Bitmask-Data-2.05-0/blib/lib/Bitmask/Data.pm line 398.
# 	require Bitmask/Data.pm called at /home/sand/src/perl/repoperls/installed-perls/host/k93jammy/v5.37.10/5674/lib/5.37.10/parent.pm line 16
# 	parent::import("parent", "Bitmask::Data") called at t/lib/Testmask4.pm line 4
# 	Testmask4::BEGIN() called at t/lib/Testmask4.pm line 4
# 	eval {...} called at t/lib/Testmask4.pm line 4
# 	require Testmask4.pm called at t/testmask4.t line 12
# 	main::BEGIN() called at t/testmask4.t line 12
# 	eval {...} called at t/testmask4.t line 12
# 	eval 'package main;
# BEGIN { ${^WARNING_BITS} = $args[-1] if defined $args[-1] }
# #line 12 t/testmask4.t
# use Testmask4 @{$args[0]};
# 1;
# ' called at /home/sand/src/perl/repoperls/installed-perls/host/k93jammy/v5.37.10/5674/lib/5.37.10/Test/More.pm line 1056
# 	Test::More::_eval("package main;\x{a}BEGIN { \${^WARNING_BITS} = \$args[-1] if defined"..., ARRAY(0x55717ff4e068), "UUUUUUUUUUUUUUUUUUUU") called at /home/sand/src/perl/repoperls/installed-perls/host/k93jammy/v5.37.10/5674/lib/5.37.10/Test/More.pm line 1031
# 	Test::More::use_ok("Testmask4") called at t/testmask4.t line 12
# 
# ----------
#     Previous test 0 ''
#     when is deprecated at /tmp/loop_over_bdir-1601045-niXMfj/Bitmask-Data-2.05-0/blib/lib/Bitmask/Data.pm line 401.
#  at /tmp/loop_over_bdir-1601045-niXMfj/Bitmask-Data-2.05-0/blib/lib/Bitmask/Data.pm line 401.
# 	require Bitmask/Data.pm called at /home/sand/src/perl/repoperls/installed-perls/host/k93jammy/v5.37.10/5674/lib/5.37.10/parent.pm line 16
# 	parent::import("parent", "Bitmask::Data") called at t/lib/Testmask4.pm line 4
# 	Testmask4::BEGIN() called at t/lib/Testmask4.pm line 4
# 	eval {...} called at t/lib/Testmask4.pm line 4
# 	require Testmask4.pm called at t/testmask4.t line 12
# 	main::BEGIN() called at t/testmask4.t line 12
# 	eval {...} called at t/testmask4.t line 12
# 	eval 'package main;
# BEGIN { ${^WARNING_BITS} = $args[-1] if defined $args[-1] }
# #line 12 t/testmask4.t
# use Testmask4 @{$args[0]};
# 1;
# ' called at /home/sand/src/perl/repoperls/installed-perls/host/k93jammy/v5.37.10/5674/lib/5.37.10/Test/More.pm line 1056
# 	Test::More::_eval("package main;\x{a}BEGIN { \${^WARNING_BITS} = \$args[-1] if defined"..., ARRAY(0x55717ff4e068), "UUUUUUUUUUUUUUUUUUUU") called at /home/sand/src/perl/repoperls/installed-perls/host/k93jammy/v5.37.10/5674/lib/5.37.10/Test/More.pm line 1031
# 	Test::More::use_ok("Testmask4") called at t/testmask4.t line 12
# 
# ----------
#     Previous test 0 ''
#     when is deprecated at /tmp/loop_over_bdir-1601045-niXMfj/Bitmask-Data-2.05-0/blib/lib/Bitmask/Data.pm line 404.
#  at /tmp/loop_over_bdir-1601045-niXMfj/Bitmask-Data-2.05-0/blib/lib/Bitmask/Data.pm line 404.
# 	require Bitmask/Data.pm called at /home/sand/src/perl/repoperls/installed-perls/host/k93jammy/v5.37.10/5674/lib/5.37.10/parent.pm line 16
# 	parent::import("parent", "Bitmask::Data") called at t/lib/Testmask4.pm line 4
# 	Testmask4::BEGIN() called at t/lib/Testmask4.pm line 4
# 	eval {...} called at t/lib/Testmask4.pm line 4
# 	require Testmask4.pm called at t/testmask4.t line 12
# 	main::BEGIN() called at t/testmask4.t line 12
# 	eval {...} called at t/testmask4.t line 12
# 	eval 'package main;
# BEGIN { ${^WARNING_BITS} = $args[-1] if defined $args[-1] }
# #line 12 t/testmask4.t
# use Testmask4 @{$args[0]};
# 1;
# ' called at /home/sand/src/perl/repoperls/installed-perls/host/k93jammy/v5.37.10/5674/lib/5.37.10/Test/More.pm line 1056
# 	Test::More::_eval("package main;\x{a}BEGIN { \${^WARNING_BITS} = \$args[-1] if defined"..., ARRAY(0x55717ff4e068), "UUUUUUUUUUUUUUUUUUUU") called at /home/sand/src/perl/repoperls/installed-perls/host/k93jammy/v5.37.10/5674/lib/5.37.10/Test/More.pm line 1031
# 	Test::More::use_ok("Testmask4") called at t/testmask4.t line 12
# 
# ----------
#     Previous test 0 ''
#     when is deprecated at /tmp/loop_over_bdir-1601045-niXMfj/Bitmask-Data-2.05-0/blib/lib/Bitmask/Data.pm line 407.
#  at /tmp/loop_over_bdir-1601045-niXMfj/Bitmask-Data-2.05-0/blib/lib/Bitmask/Data.pm line 407.
# 	require Bitmask/Data.pm called at /home/sand/src/perl/repoperls/installed-perls/host/k93jammy/v5.37.10/5674/lib/5.37.10/parent.pm line 16
# 	parent::import("parent", "Bitmask::Data") called at t/lib/Testmask4.pm line 4
# 	Testmask4::BEGIN() called at t/lib/Testmask4.pm line 4
# 	eval {...} called at t/lib/Testmask4.pm line 4
# 	require Testmask4.pm called at t/testmask4.t line 12
# 	main::BEGIN() called at t/testmask4.t line 12
# 	eval {...} called at t/testmask4.t line 12
# 	eval 'package main;
# BEGIN { ${^WARNING_BITS} = $args[-1] if defined $args[-1] }
# #line 12 t/testmask4.t
# use Testmask4 @{$args[0]};
# 1;
# ' called at /home/sand/src/perl/repoperls/installed-perls/host/k93jammy/v5.37.10/5674/lib/5.37.10/Test/More.pm line 1056
# 	Test::More::_eval("package main;\x{a}BEGIN { \${^WARNING_BITS} = \$args[-1] if defined"..., ARRAY(0x55717ff4e068), "UUUUUUUUUUUUUUUUUUUU") called at /home/sand/src/perl/repoperls/installed-perls/host/k93jammy/v5.37.10/5674/lib/5.37.10/Test/More.pm line 1031
# 	Test::More::use_ok("Testmask4") called at t/testmask4.t line 12
# 
# ----------
#     Previous test 0 ''
#     when is deprecated at /tmp/loop_over_bdir-1601045-niXMfj/Bitmask-Data-2.05-0/blib/lib/Bitmask/Data.pm line 410.
#  at /tmp/loop_over_bdir-1601045-niXMfj/Bitmask-Data-2.05-0/blib/lib/Bitmask/Data.pm line 410.
# 	require Bitmask/Data.pm called at /home/sand/src/perl/repoperls/installed-perls/host/k93jammy/v5.37.10/5674/lib/5.37.10/parent.pm line 16
# 	parent::import("parent", "Bitmask::Data") called at t/lib/Testmask4.pm line 4
# 	Testmask4::BEGIN() called at t/lib/Testmask4.pm line 4
# 	eval {...} called at t/lib/Testmask4.pm line 4
# 	require Testmask4.pm called at t/testmask4.t line 12
# 	main::BEGIN() called at t/testmask4.t line 12
# 	eval {...} called at t/testmask4.t line 12
# 	eval 'package main;
# BEGIN { ${^WARNING_BITS} = $args[-1] if defined $args[-1] }
# #line 12 t/testmask4.t
# use Testmask4 @{$args[0]};
# 1;
# ' called at /home/sand/src/perl/repoperls/installed-perls/host/k93jammy/v5.37.10/5674/lib/5.37.10/Test/More.pm line 1056
# 	Test::More::_eval("package main;\x{a}BEGIN { \${^WARNING_BITS} = \$args[-1] if defined"..., ARRAY(0x55717ff4e068), "UUUUUUUUUUUUUUUUUUUU") called at /home/sand/src/perl/repoperls/installed-perls/host/k93jammy/v5.37.10/5674/lib/5.37.10/Test/More.pm line 1031
# 	Test::More::use_ok("Testmask4") called at t/testmask4.t line 12
# 
# Looks like you failed 1 test of 5.
t/testmask4.t ...... 
Dubious, test returned 1 (wstat 256, 0x100)
Failed 1/5 subtests 

#   Failed test 'no warnings'
#   at /home/sand/src/perl/repoperls/installed-perls/host/k93jammy/v5.37.10/5674/lib/5.37.10/Test/Builder.pm line 193.
# There were 14 warning(s)
#     Previous test 0 ''
#     given is deprecated at /tmp/loop_over_bdir-1601045-niXMfj/Bitmask-Data-2.05-0/blib/lib/Bitmask/Data.pm line 266.
#  at /tmp/loop_over_bdir-1601045-niXMfj/Bitmask-Data-2.05-0/blib/lib/Bitmask/Data.pm line 266.
# 	require Bitmask/Data.pm called at /home/sand/src/perl/repoperls/installed-perls/host/k93jammy/v5.37.10/5674/lib/5.37.10/parent.pm line 16
# 	parent::import("parent", "Bitmask::Data") called at t/lib/Testmask6.pm line 4
# 	Testmask6::BEGIN() called at t/lib/Testmask6.pm line 4
# 	eval {...} called at t/lib/Testmask6.pm line 4
# 	require Testmask6.pm called at t/testmask_long.t line 16
# 	main::BEGIN() called at t/testmask_long.t line 16
# 	eval {...} called at t/testmask_long.t line 16
# 	eval 'package main;
# BEGIN { ${^WARNING_BITS} = $args[-1] if defined $args[-1] }
# #line 16 t/testmask_long.t
# use Testmask6 @{$args[0]};
# 1;
# ' called at /home/sand/src/perl/repoperls/installed-perls/host/k93jammy/v5.37.10/5674/lib/5.37.10/Test/More.pm line 1056
# 	Test::More::_eval("package main;\x{a}BEGIN { \${^WARNING_BITS} = \$args[-1] if defined"..., ARRAY(0x55a49ee40248), "UUUUUUUUUUUUUUUUUUUU") called at /home/sand/src/perl/repoperls/installed-perls/host/k93jammy/v5.37.10/5674/lib/5.37.10/Test/More.pm line 1031
# 	Test::More::use_ok("Testmask6") called at t/testmask_long.t line 16
# 
# ----------
#     Previous test 0 ''
#     when is deprecated at /tmp/loop_over_bdir-1601045-niXMfj/Bitmask-Data-2.05-0/blib/lib/Bitmask/Data.pm line 267.
#  at /tmp/loop_over_bdir-1601045-niXMfj/Bitmask-Data-2.05-0/blib/lib/Bitmask/Data.pm line 267.
# 	require Bitmask/Data.pm called at /home/sand/src/perl/repoperls/installed-perls/host/k93jammy/v5.37.10/5674/lib/5.37.10/parent.pm line 16
# 	parent::import("parent", "Bitmask::Data") called at t/lib/Testmask6.pm line 4
# 	Testmask6::BEGIN() called at t/lib/Testmask6.pm line 4
# 	eval {...} called at t/lib/Testmask6.pm line 4
# 	require Testmask6.pm called at t/testmask_long.t line 16
# 	main::BEGIN() called at t/testmask_long.t line 16
# 	eval {...} called at t/testmask_long.t line 16
# 	eval 'package main;
# BEGIN { ${^WARNING_BITS} = $args[-1] if defined $args[-1] }
# #line 16 t/testmask_long.t
# use Testmask6 @{$args[0]};
# 1;
# ' called at /home/sand/src/perl/repoperls/installed-perls/host/k93jammy/v5.37.10/5674/lib/5.37.10/Test/More.pm line 1056
# 	Test::More::_eval("package main;\x{a}BEGIN { \${^WARNING_BITS} = \$args[-1] if defined"..., ARRAY(0x55a49ee40248), "UUUUUUUUUUUUUUUUUUUU") called at /home/sand/src/perl/repoperls/installed-perls/host/k93jammy/v5.37.10/5674/lib/5.37.10/Test/More.pm line 1031
# 	Test::More::use_ok("Testmask6") called at t/testmask_long.t line 16
# 
# ----------
#     Previous test 0 ''
#     when is deprecated at /tmp/loop_over_bdir-1601045-niXMfj/Bitmask-Data-2.05-0/blib/lib/Bitmask/Data.pm line 270.
#  at /tmp/loop_over_bdir-1601045-niXMfj/Bitmask-Data-2.05-0/blib/lib/Bitmask/Data.pm line 270.
# 	require Bitmask/Data.pm called at /home/sand/src/perl/repoperls/installed-perls/host/k93jammy/v5.37.10/5674/lib/5.37.10/parent.pm line 16
# 	parent::import("parent", "Bitmask::Data") called at t/lib/Testmask6.pm line 4
# 	Testmask6::BEGIN() called at t/lib/Testmask6.pm line 4
# 	eval {...} called at t/lib/Testmask6.pm line 4
# 	require Testmask6.pm called at t/testmask_long.t line 16
# 	main::BEGIN() called at t/testmask_long.t line 16
# 	eval {...} called at t/testmask_long.t line 16
# 	eval 'package main;
# BEGIN { ${^WARNING_BITS} = $args[-1] if defined $args[-1] }
# #line 16 t/testmask_long.t
# use Testmask6 @{$args[0]};
# 1;
# ' called at /home/sand/src/perl/repoperls/installed-perls/host/k93jammy/v5.37.10/5674/lib/5.37.10/Test/More.pm line 1056
# 	Test::More::_eval("package main;\x{a}BEGIN { \${^WARNING_BITS} = \$args[-1] if defined"..., ARRAY(0x55a49ee40248), "UUUUUUUUUUUUUUUUUUUU") called at /home/sand/src/perl/repoperls/installed-perls/host/k93jammy/v5.37.10/5674/lib/5.37.10/Test/More.pm line 1031
# 	Test::More::use_ok("Testmask6") called at t/testmask_long.t line 16
# 
# ----------
#     Previous test 0 ''
#     when is deprecated at /tmp/loop_over_bdir-1601045-niXMfj/Bitmask-Data-2.05-0/blib/lib/Bitmask/Data.pm line 273.
#  at /tmp/loop_over_bdir-1601045-niXMfj/Bitmask-Data-2.05-0/blib/lib/Bitmask/Data.pm line 273.
# 	require Bitmask/Data.pm called at /home/sand/src/perl/repoperls/installed-perls/host/k93jammy/v5.37.10/5674/lib/5.37.10/parent.pm line 16
# 	parent::import("parent", "Bitmask::Data") called at t/lib/Testmask6.pm line 4
# 	Testmask6::BEGIN() called at t/lib/Testmask6.pm line 4
# 	eval {...} called at t/lib/Testmask6.pm line 4
# 	require Testmask6.pm called at t/testmask_long.t line 16
# 	main::BEGIN() called at t/testmask_long.t line 16
# 	eval {...} called at t/testmask_long.t line 16
# 	eval 'package main;
# BEGIN { ${^WARNING_BITS} = $args[-1] if defined $args[-1] }
# #line 16 t/testmask_long.t
# use Testmask6 @{$args[0]};
# 1;
# ' called at /home/sand/src/perl/repoperls/installed-perls/host/k93jammy/v5.37.10/5674/lib/5.37.10/Test/More.pm line 1056
# 	Test::More::_eval("package main;\x{a}BEGIN { \${^WARNING_BITS} = \$args[-1] if defined"..., ARRAY(0x55a49ee40248), "UUUUUUUUUUUUUUUUUUUU") called at /home/sand/src/perl/repoperls/installed-perls/host/k93jammy/v5.37.10/5674/lib/5.37.10/Test/More.pm line 1031
# 	Test::More::use_ok("Testmask6") called at t/testmask_long.t line 16
# 
# ----------
#     Previous test 0 ''
#     when is deprecated at /tmp/loop_over_bdir-1601045-niXMfj/Bitmask-Data-2.05-0/blib/lib/Bitmask/Data.pm line 276.
#  at /tmp/loop_over_bdir-1601045-niXMfj/Bitmask-Data-2.05-0/blib/lib/Bitmask/Data.pm line 276.
# 	require Bitmask/Data.pm called at /home/sand/src/perl/repoperls/installed-perls/host/k93jammy/v5.37.10/5674/lib/5.37.10/parent.pm line 16
# 	parent::import("parent", "Bitmask::Data") called at t/lib/Testmask6.pm line 4
# 	Testmask6::BEGIN() called at t/lib/Testmask6.pm line 4
# 	eval {...} called at t/lib/Testmask6.pm line 4
# 	require Testmask6.pm called at t/testmask_long.t line 16
# 	main::BEGIN() called at t/testmask_long.t line 16
# 	eval {...} called at t/testmask_long.t line 16
# 	eval 'package main;
# BEGIN { ${^WARNING_BITS} = $args[-1] if defined $args[-1] }
# #line 16 t/testmask_long.t
# use Testmask6 @{$args[0]};
# 1;
# ' called at /home/sand/src/perl/repoperls/installed-perls/host/k93jammy/v5.37.10/5674/lib/5.37.10/Test/More.pm line 1056
# 	Test::More::_eval("package main;\x{a}BEGIN { \${^WARNING_BITS} = \$args[-1] if defined"..., ARRAY(0x55a49ee40248), "UUUUUUUUUUUUUUUUUUUU") called at /home/sand/src/perl/repoperls/installed-perls/host/k93jammy/v5.37.10/5674/lib/5.37.10/Test/More.pm line 1031
# 	Test::More::use_ok("Testmask6") called at t/testmask_long.t line 16
# 
# ----------
#     Previous test 0 ''
#     given is deprecated at /tmp/loop_over_bdir-1601045-niXMfj/Bitmask-Data-2.05-0/blib/lib/Bitmask/Data.pm line 391.
#  at /tmp/loop_over_bdir-1601045-niXMfj/Bitmask-Data-2.05-0/blib/lib/Bitmask/Data.pm line 391.
# 	require Bitmask/Data.pm called at /home/sand/src/perl/repoperls/installed-perls/host/k93jammy/v5.37.10/5674/lib/5.37.10/parent.pm line 16
# 	parent::import("parent", "Bitmask::Data") called at t/lib/Testmask6.pm line 4
# 	Testmask6::BEGIN() called at t/lib/Testmask6.pm line 4
# 	eval {...} called at t/lib/Testmask6.pm line 4
# 	require Testmask6.pm called at t/testmask_long.t line 16
# 	main::BEGIN() called at t/testmask_long.t line 16
# 	eval {...} called at t/testmask_long.t line 16
# 	eval 'package main;
# BEGIN { ${^WARNING_BITS} = $args[-1] if defined $args[-1] }
# #line 16 t/testmask_long.t
# use Testmask6 @{$args[0]};
# 1;
# ' called at /home/sand/src/perl/repoperls/installed-perls/host/k93jammy/v5.37.10/5674/lib/5.37.10/Test/More.pm line 1056
# 	Test::More::_eval("package main;\x{a}BEGIN { \${^WARNING_BITS} = \$args[-1] if defined"..., ARRAY(0x55a49ee40248), "UUUUUUUUUUUUUUUUUUUU") called at /home/sand/src/perl/repoperls/installed-perls/host/k93jammy/v5.37.10/5674/lib/5.37.10/Test/More.pm line 1031
# 	Test::More::use_ok("Testmask6") called at t/testmask_long.t line 16
# 
# ----------
#     Previous test 0 ''
#     when is deprecated at /tmp/loop_over_bdir-1601045-niXMfj/Bitmask-Data-2.05-0/blib/lib/Bitmask/Data.pm line 392.
#  at /tmp/loop_over_bdir-1601045-niXMfj/Bitmask-Data-2.05-0/blib/lib/Bitmask/Data.pm line 392.
# 	require Bitmask/Data.pm called at /home/sand/src/perl/repoperls/installed-perls/host/k93jammy/v5.37.10/5674/lib/5.37.10/parent.pm line 16
# 	parent::import("parent", "Bitmask::Data") called at t/lib/Testmask6.pm line 4
# 	Testmask6::BEGIN() called at t/lib/Testmask6.pm line 4
# 	eval {...} called at t/lib/Testmask6.pm line 4
# 	require Testmask6.pm called at t/testmask_long.t line 16
# 	main::BEGIN() called at t/testmask_long.t line 16
# 	eval {...} called at t/testmask_long.t line 16
# 	eval 'package main;
# BEGIN { ${^WARNING_BITS} = $args[-1] if defined $args[-1] }
# #line 16 t/testmask_long.t
# use Testmask6 @{$args[0]};
# 1;
# ' called at /home/sand/src/perl/repoperls/installed-perls/host/k93jammy/v5.37.10/5674/lib/5.37.10/Test/More.pm line 1056
# 	Test::More::_eval("package main;\x{a}BEGIN { \${^WARNING_BITS} = \$args[-1] if defined"..., ARRAY(0x55a49ee40248), "UUUUUUUUUUUUUUUUUUUU") called at /home/sand/src/perl/repoperls/installed-perls/host/k93jammy/v5.37.10/5674/lib/5.37.10/Test/More.pm line 1031
# 	Test::More::use_ok("Testmask6") called at t/testmask_long.t line 16
# 
# ----------
#     Previous test 0 ''
#     when is deprecated at /tmp/loop_over_bdir-1601045-niXMfj/Bitmask-Data-2.05-0/blib/lib/Bitmask/Data.pm line 395.
#  at /tmp/loop_over_bdir-1601045-niXMfj/Bitmask-Data-2.05-0/blib/lib/Bitmask/Data.pm line 395.
# 	require Bitmask/Data.pm called at /home/sand/src/perl/repoperls/installed-perls/host/k93jammy/v5.37.10/5674/lib/5.37.10/parent.pm line 16
# 	parent::import("parent", "Bitmask::Data") called at t/lib/Testmask6.pm line 4
# 	Testmask6::BEGIN() called at t/lib/Testmask6.pm line 4
# 	eval {...} called at t/lib/Testmask6.pm line 4
# 	require Testmask6.pm called at t/testmask_long.t line 16
# 	main::BEGIN() called at t/testmask_long.t line 16
# 	eval {...} called at t/testmask_long.t line 16
# 	eval 'package main;
# BEGIN { ${^WARNING_BITS} = $args[-1] if defined $args[-1] }
# #line 16 t/testmask_long.t
# use Testmask6 @{$args[0]};
# 1;
# ' called at /home/sand/src/perl/repoperls/installed-perls/host/k93jammy/v5.37.10/5674/lib/5.37.10/Test/More.pm line 1056
# 	Test::More::_eval("package main;\x{a}BEGIN { \${^WARNING_BITS} = \$args[-1] if defined"..., ARRAY(0x55a49ee40248), "UUUUUUUUUUUUUUUUUUUU") called at /home/sand/src/perl/repoperls/installed-perls/host/k93jammy/v5.37.10/5674/lib/5.37.10/Test/More.pm line 1031
# 	Test::More::use_ok("Testmask6") called at t/testmask_long.t line 16
# 
# ----------
#     Previous test 0 ''
#     when is deprecated at /tmp/loop_over_bdir-1601045-niXMfj/Bitmask-Data-2.05-0/blib/lib/Bitmask/Data.pm line 398.
#  at /tmp/loop_over_bdir-1601045-niXMfj/Bitmask-Data-2.05-0/blib/lib/Bitmask/Data.pm line 398.
# 	require Bitmask/Data.pm called at /home/sand/src/perl/repoperls/installed-perls/host/k93jammy/v5.37.10/5674/lib/5.37.10/parent.pm line 16
# 	parent::import("parent", "Bitmask::Data") called at t/lib/Testmask6.pm line 4
# 	Testmask6::BEGIN() called at t/lib/Testmask6.pm line 4
# 	eval {...} called at t/lib/Testmask6.pm line 4
# 	require Testmask6.pm called at t/testmask_long.t line 16
# 	main::BEGIN() called at t/testmask_long.t line 16
# 	eval {...} called at t/testmask_long.t line 16
# 	eval 'package main;
# BEGIN { ${^WARNING_BITS} = $args[-1] if defined $args[-1] }
# #line 16 t/testmask_long.t
# use Testmask6 @{$args[0]};
# 1;
# ' called at /home/sand/src/perl/repoperls/installed-perls/host/k93jammy/v5.37.10/5674/lib/5.37.10/Test/More.pm line 1056
# 	Test::More::_eval("package main;\x{a}BEGIN { \${^WARNING_BITS} = \$args[-1] if defined"..., ARRAY(0x55a49ee40248), "UUUUUUUUUUUUUUUUUUUU") called at /home/sand/src/perl/repoperls/installed-perls/host/k93jammy/v5.37.10/5674/lib/5.37.10/Test/More.pm line 1031
# 	Test::More::use_ok("Testmask6") called at t/testmask_long.t line 16
# 
# ----------
#     Previous test 0 ''
#     Smartmatch is deprecated at /tmp/loop_over_bdir-1601045-niXMfj/Bitmask-Data-2.05-0/blib/lib/Bitmask/Data.pm line 398.
#  at /tmp/loop_over_bdir-1601045-niXMfj/Bitmask-Data-2.05-0/blib/lib/Bitmask/Data.pm line 398.
# 	require Bitmask/Data.pm called at /home/sand/src/perl/repoperls/installed-perls/host/k93jammy/v5.37.10/5674/lib/5.37.10/parent.pm line 16
# 	parent::import("parent", "Bitmask::Data") called at t/lib/Testmask6.pm line 4
# 	Testmask6::BEGIN() called at t/lib/Testmask6.pm line 4
# 	eval {...} called at t/lib/Testmask6.pm line 4
# 	require Testmask6.pm called at t/testmask_long.t line 16
# 	main::BEGIN() called at t/testmask_long.t line 16
# 	eval {...} called at t/testmask_long.t line 16
# 	eval 'package main;
# BEGIN { ${^WARNING_BITS} = $args[-1] if defined $args[-1] }
# #line 16 t/testmask_long.t
# use Testmask6 @{$args[0]};
# 1;
# ' called at /home/sand/src/perl/repoperls/installed-perls/host/k93jammy/v5.37.10/5674/lib/5.37.10/Test/More.pm line 1056
# 	Test::More::_eval("package main;\x{a}BEGIN { \${^WARNING_BITS} = \$args[-1] if defined"..., ARRAY(0x55a49ee40248), "UUUUUUUUUUUUUUUUUUUU") called at /home/sand/src/perl/repoperls/installed-perls/host/k93jammy/v5.37.10/5674/lib/5.37.10/Test/More.pm line 1031
# 	Test::More::use_ok("Testmask6") called at t/testmask_long.t line 16
# 
# ----------
#     Previous test 0 ''
#     when is deprecated at /tmp/loop_over_bdir-1601045-niXMfj/Bitmask-Data-2.05-0/blib/lib/Bitmask/Data.pm line 401.
#  at /tmp/loop_over_bdir-1601045-niXMfj/Bitmask-Data-2.05-0/blib/lib/Bitmask/Data.pm line 401.
# 	require Bitmask/Data.pm called at /home/sand/src/perl/repoperls/installed-perls/host/k93jammy/v5.37.10/5674/lib/5.37.10/parent.pm line 16
# 	parent::import("parent", "Bitmask::Data") called at t/lib/Testmask6.pm line 4
# 	Testmask6::BEGIN() called at t/lib/Testmask6.pm line 4
# 	eval {...} called at t/lib/Testmask6.pm line 4
# 	require Testmask6.pm called at t/testmask_long.t line 16
# 	main::BEGIN() called at t/testmask_long.t line 16
# 	eval {...} called at t/testmask_long.t line 16
# 	eval 'package main;
# BEGIN { ${^WARNING_BITS} = $args[-1] if defined $args[-1] }
# #line 16 t/testmask_long.t
# use Testmask6 @{$args[0]};
# 1;
# ' called at /home/sand/src/perl/repoperls/installed-perls/host/k93jammy/v5.37.10/5674/lib/5.37.10/Test/More.pm line 1056
# 	Test::More::_eval("package main;\x{a}BEGIN { \${^WARNING_BITS} = \$args[-1] if defined"..., ARRAY(0x55a49ee40248), "UUUUUUUUUUUUUUUUUUUU") called at /home/sand/src/perl/repoperls/installed-perls/host/k93jammy/v5.37.10/5674/lib/5.37.10/Test/More.pm line 1031
# 	Test::More::use_ok("Testmask6") called at t/testmask_long.t line 16
# 
# ----------
#     Previous test 0 ''
#     when is deprecated at /tmp/loop_over_bdir-1601045-niXMfj/Bitmask-Data-2.05-0/blib/lib/Bitmask/Data.pm line 404.
#  at /tmp/loop_over_bdir-1601045-niXMfj/Bitmask-Data-2.05-0/blib/lib/Bitmask/Data.pm line 404.
# 	require Bitmask/Data.pm called at /home/sand/src/perl/repoperls/installed-perls/host/k93jammy/v5.37.10/5674/lib/5.37.10/parent.pm line 16
# 	parent::import("parent", "Bitmask::Data") called at t/lib/Testmask6.pm line 4
# 	Testmask6::BEGIN() called at t/lib/Testmask6.pm line 4
# 	eval {...} called at t/lib/Testmask6.pm line 4
# 	require Testmask6.pm called at t/testmask_long.t line 16
# 	main::BEGIN() called at t/testmask_long.t line 16
# 	eval {...} called at t/testmask_long.t line 16
# 	eval 'package main;
# BEGIN { ${^WARNING_BITS} = $args[-1] if defined $args[-1] }
# #line 16 t/testmask_long.t
# use Testmask6 @{$args[0]};
# 1;
# ' called at /home/sand/src/perl/repoperls/installed-perls/host/k93jammy/v5.37.10/5674/lib/5.37.10/Test/More.pm line 1056
# 	Test::More::_eval("package main;\x{a}BEGIN { \${^WARNING_BITS} = \$args[-1] if defined"..., ARRAY(0x55a49ee40248), "UUUUUUUUUUUUUUUUUUUU") called at /home/sand/src/perl/repoperls/installed-perls/host/k93jammy/v5.37.10/5674/lib/5.37.10/Test/More.pm line 1031
# 	Test::More::use_ok("Testmask6") called at t/testmask_long.t line 16
# 
# ----------
#     Previous test 0 ''
#     when is deprecated at /tmp/loop_over_bdir-1601045-niXMfj/Bitmask-Data-2.05-0/blib/lib/Bitmask/Data.pm line 407.
#  at /tmp/loop_over_bdir-1601045-niXMfj/Bitmask-Data-2.05-0/blib/lib/Bitmask/Data.pm line 407.
# 	require Bitmask/Data.pm called at /home/sand/src/perl/repoperls/installed-perls/host/k93jammy/v5.37.10/5674/lib/5.37.10/parent.pm line 16
# 	parent::import("parent", "Bitmask::Data") called at t/lib/Testmask6.pm line 4
# 	Testmask6::BEGIN() called at t/lib/Testmask6.pm line 4
# 	eval {...} called at t/lib/Testmask6.pm line 4
# 	require Testmask6.pm called at t/testmask_long.t line 16
# 	main::BEGIN() called at t/testmask_long.t line 16
# 	eval {...} called at t/testmask_long.t line 16
# 	eval 'package main;
# BEGIN { ${^WARNING_BITS} = $args[-1] if defined $args[-1] }
# #line 16 t/testmask_long.t
# use Testmask6 @{$args[0]};
# 1;
# ' called at /home/sand/src/perl/repoperls/installed-perls/host/k93jammy/v5.37.10/5674/lib/5.37.10/Test/More.pm line 1056
# 	Test::More::_eval("package main;\x{a}BEGIN { \${^WARNING_BITS} = \$args[-1] if defined"..., ARRAY(0x55a49ee40248), "UUUUUUUUUUUUUUUUUUUU") called at /home/sand/src/perl/repoperls/installed-perls/host/k93jammy/v5.37.10/5674/lib/5.37.10/Test/More.pm line 1031
# 	Test::More::use_ok("Testmask6") called at t/testmask_long.t line 16
# 
# ----------
#     Previous test 0 ''
#     when is deprecated at /tmp/loop_over_bdir-1601045-niXMfj/Bitmask-Data-2.05-0/blib/lib/Bitmask/Data.pm line 410.
#  at /tmp/loop_over_bdir-1601045-niXMfj/Bitmask-Data-2.05-0/blib/lib/Bitmask/Data.pm line 410.
# 	require Bitmask/Data.pm called at /home/sand/src/perl/repoperls/installed-perls/host/k93jammy/v5.37.10/5674/lib/5.37.10/parent.pm line 16
# 	parent::import("parent", "Bitmask::Data") called at t/lib/Testmask6.pm line 4
# 	Testmask6::BEGIN() called at t/lib/Testmask6.pm line 4
# 	eval {...} called at t/lib/Testmask6.pm line 4
# 	require Testmask6.pm called at t/testmask_long.t line 16
# 	main::BEGIN() called at t/testmask_long.t line 16
# 	eval {...} called at t/testmask_long.t line 16
# 	eval 'package main;
# BEGIN { ${^WARNING_BITS} = $args[-1] if defined $args[-1] }
# #line 16 t/testmask_long.t
# use Testmask6 @{$args[0]};
# 1;
# ' called at /home/sand/src/perl/repoperls/installed-perls/host/k93jammy/v5.37.10/5674/lib/5.37.10/Test/More.pm line 1056
# 	Test::More::_eval("package main;\x{a}BEGIN { \${^WARNING_BITS} = \$args[-1] if defined"..., ARRAY(0x55a49ee40248), "UUUUUUUUUUUUUUUUUUUU") called at /home/sand/src/perl/repoperls/installed-perls/host/k93jammy/v5.37.10/5674/lib/5.37.10/Test/More.pm line 1031
# 	Test::More::use_ok("Testmask6") called at t/testmask_long.t line 16
# 
# Looks like you failed 1 test of 9.
t/testmask_long.t .. 
Dubious, test returned 1 (wstat 256, 0x100)
Failed 1/9 subtests 

Test Summary Report
-------------------
t/exceptions.t   (Wstat: 256 (exited 1) Tests: 17 Failed: 1)
  Failed test:  17
  Non-zero exit status: 1
t/maxinteger.t   (Wstat: 256 (exited 1) Tests: 8 Failed: 1)
  Failed test:  8
  Non-zero exit status: 1
t/overload.t     (Wstat: 256 (exited 1) Tests: 35 Failed: 1)
  Failed test:  35
  Non-zero exit status: 1
t/testmask1.t    (Wstat: 256 (exited 1) Tests: 68 Failed: 1)
  Failed test:  68
  Non-zero exit status: 1
t/testmask2.t    (Wstat: 256 (exited 1) Tests: 9 Failed: 1)
  Failed test:  9
  Non-zero exit status: 1
t/testmask3.t    (Wstat: 256 (exited 1) Tests: 7 Failed: 1)
  Failed test:  7
  Non-zero exit status: 1
t/testmask4.t    (Wstat: 256 (exited 1) Tests: 5 Failed: 1)
  Failed test:  5
  Non-zero exit status: 1
t/testmask_long.t (Wstat: 256 (exited 1) Tests: 9 Failed: 1)
  Failed test:  9
  Non-zero exit status: 1
Files=9, Tests=159,  0 wallclock secs ( 0.03 usr  0.02 sys +  0.67 cusr  0.23 csys =  0.95 CPU)
Result: FAIL
Failed 8/9 test programs. 8/159 subtests failed.
make: *** [Makefile:780: test_dynamic] Error 1

------------------------------
PREREQUISITES
------------------------------

Prerequisite modules loaded:

requires:

    Module                   Need     Have    
    ------------------------ -------- --------
    Carp                     0        1.54    
    Class::Data::Inheritable 0        0.09    
    List::Util               0        1.63    
    Math::BigInt             0        1.999837
    parent                   0        0.241   
    perl                     5.010001 5.037010
    Scalar::Util             0        1.63    

build_requires:

    Module                   Need     Have    
    ------------------------ -------- --------
    ExtUtils::MakeMaker      6.59     7.68    
    Test::More               0        1.302194
    Test::NoWarnings         0        1.06    
    Test::Warn               0        0.37    

configure_requires:

    Module                   Need     Have    
    ------------------------ -------- --------
    ExtUtils::MakeMaker      6.59     7.68    


------------------------------
ENVIRONMENT AND OTHER CONTEXT
------------------------------

Environment variables:

    AUTOMATED_TESTING = 1
    LANG = en_US.UTF-8
    LC_ADDRESS = de_DE.UTF-8
    LC_IDENTIFICATION = de_DE.UTF-8
    LC_MEASUREMENT = de_DE.UTF-8
    LC_MONETARY = de_DE.UTF-8
    LC_NAME = de_DE.UTF-8
    LC_NUMERIC = de_DE.UTF-8
    LC_PAPER = de_DE.UTF-8
    LC_TELEPHONE = de_DE.UTF-8
    LC_TIME = de_DE.UTF-8
    PATH = /home/sand/bin:/usr/local/bin:/usr/local/sbin:/usr/sbin:/usr/bin:/sbin:/bin:/usr/games:/usr/local/games:/snap/bin:/usr/local/perl/bin:/usr/X11/bin
    PERL = /tmp/basesmoker-reloperl-niLM/bin/perl
    PERL5LIB = /tmp/loop_over_bdir-1601045-niXMfj/LCFG-Build-Skeleton-0.5.0-0/blib/arch:/tmp/loop_over_bdir-1601045-niXMfj/LCFG-Build-Skeleton-0.5.0-0/blib/lib:/tmp/loop_over_bdir-1601045-niXMfj/HTML-Menu-TreeView-1.22-0/blib/arch:/tmp/loop_over_bdir-1601045-niXMfj/HTML-Menu-TreeView-1.22-0/blib/lib:/tmp/loop_over_bdir-1601045-niXMfj/perl-Hardware-UPS-Perl-0.43-0/blib/arch:/tmp/loop_over_bdir-1601045-niXMfj/perl-Hardware-UPS-Perl-0.43-0/blib/lib:/tmp/loop_over_bdir-1601045-niXMfj/triceps-2.1.0-0/blib/arch:/tmp/loop_over_bdir-1601045-niXMfj/triceps-2.1.0-0/blib/lib:/tmp/loop_over_bdir-1601045-niXMfj/Captive-Portal-4.10-0/blib/arch:/tmp/loop_over_bdir-1601045-niXMfj/Captive-Portal-4.10-0/blib/lib:/tmp/loop_over_bdir-1601045-niXMfj/AllKnowingDNS-1.7-0/blib/arch:/tmp/loop_over_bdir-1601045-niXMfj/AllKnowingDNS-1.7-0/blib/lib:/tmp/loop_over_bdir-1601045-niXMfj/RDF-NLP-SPARQLQuery-0.1-0/blib/arch:/tmp/loop_over_bdir-1601045-niXMfj/RDF-NLP-SPARQLQuery-0.1-0/blib/lib:/tmp/loop_over_bdir-1601045-niXMfj/Simulation-Automate-1.0.1-0/blib/arch:/tmp/loop_over_bdir-1601045-niXMfj/Simulation-Automate-1.0.1-0/blib/lib:/tmp/loop_over_bdir-1601045-niXMfj/MP3-PodcastFetch-1.05-0/blib/arch:/tmp/loop_over_bdir-1601045-niXMfj/MP3-PodcastFetch-1.05-0/blib/lib:/tmp/loop_over_bdir-1601045-niXMfj/Net-Async-WebService-lxd-0.03-0/blib/arch:/tmp/loop_over_bdir-1601045-niXMfj/Net-Async-WebService-lxd-0.03-0/blib/lib:/tmp/loop_over_bdir-1601045-niXMfj/dta-tokwrap-0.98-0/blib/arch:/tmp/loop_over_bdir-1601045-niXMfj/dta-tokwrap-0.98-0/blib/lib:/tmp/loop_over_bdir-1601045-niXMfj/CORBA-Python-2.66-0/blib/arch:/tmp/loop_over_bdir-1601045-niXMfj/CORBA-Python-2.66-0/blib/lib:/tmp/loop_over_bdir-1601045-niXMfj/Devel-Required-0.16-0/blib/arch:/tmp/loop_over_bdir-1601045-niXMfj/Devel-Required-0.16-0/blib/lib:/tmp/loop_over_bdir-1601045-niXMfj/Lingua-BioYaTeA-0.11-0/blib/arch:/tmp/loop_over_bdir-1601045-niXMfj/Lingua-BioYaTeA-0.11-0/blib/lib:/tmp/loop_over_bdir-1601045-niXMfj/Lingua-YaTeA-0.626-0/blib/arch:/tmp/loop_over_bdir-1601045-niXMfj/Lingua-YaTeA-0.626-0/blib/lib:/tmp/loop_over_bdir-1601045-niXMfj/Dpkg-1.21.19-0/blib/arch:/tmp/loop_over_bdir-1601045-niXMfj/Dpkg-1.21.19-0/blib/lib:/tmp/loop_over_bdir-1601045-niXMfj/App-oo_modulino_zsh_completion_helper-0.04-0/blib/arch:/tmp/loop_over_bdir-1601045-niXMfj/App-oo_modulino_zsh_completion_helper-0.04-0/blib/lib:/tmp/loop_over_bdir-1601045-niXMfj/ProjectBuilder-0.14.1-0/blib/arch:/tmp/loop_over_bdir-1601045-niXMfj/ProjectBuilder-0.14.1-0/blib/lib:/tmp/loop_over_bdir-1601045-niXMfj/Lemonldap-NG-Cli-0.2-0/blib/arch:/tmp/loop_over_bdir-1601045-niXMfj/Lemonldap-NG-Cli-0.2-0/blib/lib
    PERL5OPT = 
    PERL5_CPANPLUS_IS_RUNNING = 1601116
    PERL5_CPAN_IS_RUNNING = 1601116
    PERL_CANARY_STABILITY_NOPROMPT = 1
    PERL_MM_USE_DEFAULT = 1
    PERL_USE_UNSAFE_INC = 1
    SHELL = /usr/bin/zsh
    TERM = screen

Perl special variables (and OS-specific diagnostics, for MSWin32):

    $^X = /tmp/basesmoker-reloperl-niLM/bin/perl
    $UID/$EUID = 1005 / 1005
    $GID = 1005 1005
    $EGID = 1005 1005

Perl module toolchain versions installed:

    Module              Have    
    ------------------- --------
    CPAN                2.34    
    CPAN::Meta          2.150010
    Cwd                 3.89    
    ExtUtils::CBuilder  0.280238
    ExtUtils::Command   7.68    
    ExtUtils::Install   2.22    
    ExtUtils::MakeMaker 7.68    
    ExtUtils::Manifest  1.73    
    ExtUtils::ParseXS   3.49    
    File::Spec          3.88    
    JSON                4.10    
    JSON::PP            4.16    
    Module::Build       0.4232  
    Module::Signature   0.88    
    Parse::CPAN::Meta   2.150010
    Test::Harness       3.44    
    Test::More          1.302194
    YAML                1.30    
    YAML::Syck          1.34    
    version             0.9929  


--

Summary of my perl5 (revision 5 version 37 subversion 10) configuration:
  Commit id: d62f5d9eddd273f5a82c0dbad932a8f4d18f9488
  Platform:
    osname=linux
    osvers=5.19.0-35-generic
    archname=x86_64-linux-ld
    uname='linux k93jammy 5.19.0-35-generic #36~22.04.1-ubuntu smp preempt_dynamic fri feb 17 15:17:25 utc 2 x86_64 x86_64 x86_64 gnulinux '
    config_args='-Dprefix=/home/sand/src/perl/repoperls/installed-perls/host/k93jammy/v5.37.10/5674 -Dmyhostname=k93jammy -Dinstallusrbinperl=n -Uversiononly -Dusedevel -des -Ui_db -Dlibswanted=cl pthread socket inet nsl gdbm dbm malloc dl ld sun m crypt sec util c cposix posix ucb BSD gdbm_compat -Uuseithreads -Duselongdouble -DEBUGGING=-g'
    hint=recommended
    useposix=true
    d_sigaction=define
    useithreads=undef
    usemultiplicity=undef
    use64bitint=define
    use64bitall=define
    uselongdouble=define
    usemymalloc=n
    default_inc_excludes_dot=define
  Compiler:
    cc='cc'
    ccflags ='-fwrapv -fno-strict-aliasing -pipe -fstack-protector-strong -I/usr/local/include -D_LARGEFILE_SOURCE -D_FILE_OFFSET_BITS=64'
    optimize='-O2 -g'
    cppflags='-fwrapv -fno-strict-aliasing -pipe -fstack-protector-strong -I/usr/local/include'
    ccversion=''
    gccversion='11.3.0'
    gccosandvers=''
    intsize=4
    longsize=8
    ptrsize=8
    doublesize=8
    byteorder=12345678
    doublekind=3
    d_longlong=define
    longlongsize=8
    d_longdbl=define
    longdblsize=16
    longdblkind=3
    ivtype='long'
    ivsize=8
    nvtype='long double'
    nvsize=16
    Off_t='off_t'
    lseeksize=8
    alignbytes=16
    prototype=define
  Linker and Libraries:
    ld='cc'
    ldflags =' -fstack-protector-strong -L/usr/local/lib'
    libpth=/usr/local/lib /usr/lib/x86_64-linux-gnu /usr/lib /usr/lib64
    libs=-lpthread -lnsl -ldl -lm -lcrypt -lutil -lc
    perllibs=-lpthread -lnsl -ldl -lm -lcrypt -lutil -lc
    libc=/lib/x86_64-linux-gnu/libc.so.6
    so=so
    useshrplib=false
    libperl=libperl.a
    gnulibc_version='2.35'
  Dynamic Linking:
    dlsrc=dl_dlopen.xs
    dlext=so
    d_dlsymun=undef
    ccdlflags='-Wl,-E'
    cccdlflags='-fPIC'
    lddlflags='-shared -O2 -g -L/usr/local/lib -fstack-protector-strong'


Characteristics of this binary (from libperl): 
  Compile-time options:
    HAS_TIMES
    PERLIO_LAYERS
    PERL_COPY_ON_WRITE
    PERL_DONT_CREATE_GVSV
    PERL_HASH_FUNC_SIPHASH13
    PERL_HASH_USE_SBOX32
    PERL_MALLOC_WRAP
    PERL_OP_PARENT
    PERL_PRESERVE_IVUV
    PERL_USE_DEVEL
    PERL_USE_SAFE_PUTENV
    USE_64_BIT_ALL
    USE_64_BIT_INT
    USE_LARGE_FILES
    USE_LOCALE
    USE_LOCALE_COLLATE
    USE_LOCALE_CTYPE
    USE_LOCALE_NUMERIC
    USE_LOCALE_TIME
    USE_LONG_DOUBLE
    USE_PERLIO
    USE_PERL_ATOF
  Built under linux
  Compiled at Mar 21 2023 11:44:29
  %ENV:
    PERL="/tmp/basesmoker-reloperl-niLM/bin/perl"
    PERL5LIB="/tmp/loop_over_bdir-1601045-niXMfj/LCFG-Build-Skeleton-0.5.0-0/blib/arch:/tmp/loop_over_bdir-1601045-niXMfj/LCFG-Build-Skeleton-0.5.0-0/blib/lib:/tmp/loop_over_bdir-1601045-niXMfj/HTML-Menu-TreeView-1.22-0/blib/arch:/tmp/loop_over_bdir-1601045-niXMfj/HTML-Menu-TreeView-1.22-0/blib/lib:/tmp/loop_over_bdir-1601045-niXMfj/perl-Hardware-UPS-Perl-0.43-0/blib/arch:/tmp/loop_over_bdir-1601045-niXMfj/perl-Hardware-UPS-Perl-0.43-0/blib/lib:/tmp/loop_over_bdir-1601045-niXMfj/triceps-2.1.0-0/blib/arch:/tmp/loop_over_bdir-1601045-niXMfj/triceps-2.1.0-0/blib/lib:/tmp/loop_over_bdir-1601045-niXMfj/Captive-Portal-4.10-0/blib/arch:/tmp/loop_over_bdir-1601045-niXMfj/Captive-Portal-4.10-0/blib/lib:/tmp/loop_over_bdir-1601045-niXMfj/AllKnowingDNS-1.7-0/blib/arch:/tmp/loop_over_bdir-1601045-niXMfj/AllKnowingDNS-1.7-0/blib/lib:/tmp/loop_over_bdir-1601045-niXMfj/RDF-NLP-SPARQLQuery-0.1-0/blib/arch:/tmp/loop_over_bdir-1601045-niXMfj/RDF-NLP-SPARQLQuery-0.1-0/blib/lib:/tmp/loop_over_bdir-1601045-niXMfj/Simulation-Automate-1.0.1-0/blib/arch:/tmp/loop_over_bdir-1601045-niXMfj/Simulation-Automate-1.0.1-0/blib/lib:/tmp/loop_over_bdir-1601045-niXMfj/MP3-PodcastFetch-1.05-0/blib/arch:/tmp/loop_over_bdir-1601045-niXMfj/MP3-PodcastFetch-1.05-0/blib/lib:/tmp/loop_over_bdir-1601045-niXMfj/Net-Async-WebService-lxd-0.03-0/blib/arch:/tmp/loop_over_bdir-1601045-niXMfj/Net-Async-WebService-lxd-0.03-0/blib/lib:/tmp/loop_over_bdir-1601045-niXMfj/dta-tokwrap-0.98-0/blib/arch:/tmp/loop_over_bdir-1601045-niXMfj/dta-tokwrap-0.98-0/blib/lib:/tmp/loop_over_bdir-1601045-niXMfj/CORBA-Python-2.66-0/blib/arch:/tmp/loop_over_bdir-1601045-niXMfj/CORBA-Python-2.66-0/blib/lib:/tmp/loop_over_bdir-1601045-niXMfj/Devel-Required-0.16-0/blib/arch:/tmp/loop_over_bdir-1601045-niXMfj/Devel-Required-0.16-0/blib/lib:/tmp/loop_over_bdir-1601045-niXMfj/Lingua-BioYaTeA-0.11-0/blib/arch:/tmp/loop_over_bdir-1601045-niXMfj/Lingua-BioYaTeA-0.11-0/blib/lib:/tmp/loop_over_bdir-1601045-niXMfj/Lingua-YaTeA-0.626-0/blib/arch:/tmp/loop_over_bdir-1601045-niXMfj/Lingua-YaTeA-0.626-0/blib/lib:/tmp/loop_over_bdir-1601045-niXMfj/Dpkg-1.21.19-0/blib/arch:/tmp/loop_over_bdir-1601045-niXMfj/Dpkg-1.21.19-0/blib/lib:/tmp/loop_over_bdir-1601045-niXMfj/App-oo_modulino_zsh_completion_helper-0.04-0/blib/arch:/tmp/loop_over_bdir-1601045-niXMfj/App-oo_modulino_zsh_completion_helper-0.04-0/blib/lib:/tmp/loop_over_bdir-1601045-niXMfj/ProjectBuilder-0.14.1-0/blib/arch:/tmp/loop_over_bdir-1601045-niXMfj/ProjectBuilder-0.14.1-0/blib/lib:/tmp/loop_over_bdir-1601045-niXMfj/Lemonldap-NG-Cli-0.2-0/blib/arch:/tmp/loop_over_bdir-1601045-niXMfj/Lemonldap-NG-Cli-0.2-0/blib/lib"
    PERL5OPT=""
    PERL5_CPANPLUS_IS_RUNNING="1601116"
    PERL5_CPAN_IS_RUNNING="1601116"
    PERL_CANARY_STABILITY_NOPROMPT="1"
    PERL_MM_USE_DEFAULT="1"
    PERL_USE_UNSAFE_INC="1"
  @INC:
    /tmp/loop_over_bdir-1601045-niXMfj/LCFG-Build-Skeleton-0.5.0-0/blib/arch
    /tmp/loop_over_bdir-1601045-niXMfj/LCFG-Build-Skeleton-0.5.0-0/blib/lib
    /tmp/loop_over_bdir-1601045-niXMfj/HTML-Menu-TreeView-1.22-0/blib/arch
    /tmp/loop_over_bdir-1601045-niXMfj/HTML-Menu-TreeView-1.22-0/blib/lib
    /tmp/loop_over_bdir-1601045-niXMfj/perl-Hardware-UPS-Perl-0.43-0/blib/arch
    /tmp/loop_over_bdir-1601045-niXMfj/perl-Hardware-UPS-Perl-0.43-0/blib/lib
    /tmp/loop_over_bdir-1601045-niXMfj/triceps-2.1.0-0/blib/arch
    /tmp/loop_over_bdir-1601045-niXMfj/triceps-2.1.0-0/blib/lib
    /tmp/loop_over_bdir-1601045-niXMfj/Captive-Portal-4.10-0/blib/arch
    /tmp/loop_over_bdir-1601045-niXMfj/Captive-Portal-4.10-0/blib/lib
    /tmp/loop_over_bdir-1601045-niXMfj/AllKnowingDNS-1.7-0/blib/arch
    /tmp/loop_over_bdir-1601045-niXMfj/AllKnowingDNS-1.7-0/blib/lib
    /tmp/loop_over_bdir-1601045-niXMfj/RDF-NLP-SPARQLQuery-0.1-0/blib/arch
    /tmp/loop_over_bdir-1601045-niXMfj/RDF-NLP-SPARQLQuery-0.1-0/blib/lib
    /tmp/loop_over_bdir-1601045-niXMfj/Simulation-Automate-1.0.1-0/blib/arch
    /tmp/loop_over_bdir-1601045-niXMfj/Simulation-Automate-1.0.1-0/blib/lib
    /tmp/loop_over_bdir-1601045-niXMfj/MP3-PodcastFetch-1.05-0/blib/arch
    /tmp/loop_over_bdir-1601045-niXMfj/MP3-PodcastFetch-1.05-0/blib/lib
    /tmp/loop_over_bdir-1601045-niXMfj/Net-Async-WebService-lxd-0.03-0/blib/arch
    /tmp/loop_over_bdir-1601045-niXMfj/Net-Async-WebService-lxd-0.03-0/blib/lib
    /tmp/loop_over_bdir-1601045-niXMfj/dta-tokwrap-0.98-0/blib/arch
    /tmp/loop_over_bdir-1601045-niXMfj/dta-tokwrap-0.98-0/blib/lib
    /tmp/loop_over_bdir-1601045-niXMfj/CORBA-Python-2.66-0/blib/arch
    /tmp/loop_over_bdir-1601045-niXMfj/CORBA-Python-2.66-0/blib/lib
    /tmp/loop_over_bdir-1601045-niXMfj/Devel-Required-0.16-0/blib/arch
    /tmp/loop_over_bdir-1601045-niXMfj/Devel-Required-0.16-0/blib/lib
    /tmp/loop_over_bdir-1601045-niXMfj/Lingua-BioYaTeA-0.11-0/blib/arch
    /tmp/loop_over_bdir-1601045-niXMfj/Lingua-BioYaTeA-0.11-0/blib/lib
    /tmp/loop_over_bdir-1601045-niXMfj/Lingua-YaTeA-0.626-0/blib/arch
    /tmp/loop_over_bdir-1601045-niXMfj/Lingua-YaTeA-0.626-0/blib/lib
    /tmp/loop_over_bdir-1601045-niXMfj/Dpkg-1.21.19-0/blib/arch
    /tmp/loop_over_bdir-1601045-niXMfj/Dpkg-1.21.19-0/blib/lib
    /tmp/loop_over_bdir-1601045-niXMfj/App-oo_modulino_zsh_completion_helper-0.04-0/blib/arch
    /tmp/loop_over_bdir-1601045-niXMfj/App-oo_modulino_zsh_completion_helper-0.04-0/blib/lib
    /tmp/loop_over_bdir-1601045-niXMfj/ProjectBuilder-0.14.1-0/blib/arch
    /tmp/loop_over_bdir-1601045-niXMfj/ProjectBuilder-0.14.1-0/blib/lib
    /tmp/loop_over_bdir-1601045-niXMfj/Lemonldap-NG-Cli-0.2-0/blib/arch
    /tmp/loop_over_bdir-1601045-niXMfj/Lemonldap-NG-Cli-0.2-0/blib/lib
    /home/sand/src/perl/repoperls/installed-perls/host/k93jammy/v5.37.10/5674/lib/site_perl/5.37.10/x86_64-linux-ld
    /home/sand/src/perl/repoperls/installed-perls/host/k93jammy/v5.37.10/5674/lib/site_perl/5.37.10
    /home/sand/src/perl/repoperls/installed-perls/host/k93jammy/v5.37.10/5674/lib/5.37.10/x86_64-linux-ld
    /home/sand/src/perl/repoperls/installed-perls/host/k93jammy/v5.37.10/5674/lib/5.37.10
    .