Report for App-Sqitch-0.992

Back
From: metabase:user:314402c4-2aae-11df-837a-5e0a49663a4f
Subject: FAIL App-Sqitch-0.992 v5.18.2 FreeBSD
Date: 2014-04-29T04:21:03Z

This distribution has been tested as part of the CPAN Testers
project, supporting the Perl programming language.  See
http://wiki.cpantesters.org/ for more information or email
questions to cpan-testers-discuss@perl.org


--
Dear David E. Wheeler,

This is a computer-generated report for App-Sqitch-0.992
on perl 5.18.2, created by CPAN-Reporter-1.2011.

Thank you for uploading your work to CPAN.  However, there was a problem
testing your distribution.

If you think this report is invalid, please consult the CPAN Testers Wiki
for suggestions on how to avoid getting FAIL reports for missing library
or binary dependencies, unsupported operating systems, and so on:

http://wiki.cpantesters.org/wiki/CPANAuthorNotes

Sections of this report:

    * Tester comments
    * Program output
    * Prerequisites
    * Environment and other context

------------------------------
TESTER COMMENTS
------------------------------

Additional comments from tester:

none provided

------------------------------
PROGRAM OUTPUT
------------------------------

Output from './Build test':

t/add.t ............. ok
t/base.t ............ ok
t/blank.t ........... ok
t/bundle.t .......... ok
t/change.t .......... ok
t/changelist.t ...... ok
t/checkout.t ........ ok
t/command.t ......... ok
t/config.t .......... ok
t/configuration.t ... ok
t/datetime.t ........ ok
t/dburi.t ........... ok
t/depend.t .......... ok
t/deploy.t .......... ok
t/engine.t .......... ok
t/firebird.t ........ 
All 63 subtests passed 
t/help.t ............ ok
t/init.t ............ ok
t/item_formatter.t .. ok
t/linelist.t ........ ok
t/log.t ............. ok
t/mysql.t ........... ok
t/options.t ......... ok
t/oracle.t .......... ok
t/pg.t .............. ok
t/plan.t ............ ok
t/plan_command.t .... ok
t/pragma.t .......... ok
t/rebase.t .......... ok
t/revert.t .......... ok
t/rework.t .......... ok
t/show.t ............ ok
t/sqlite.t .......... ok
t/status.t .......... ok
t/tag.t ............. ok
t/tag_cmd.t ......... ok
t/target.t .......... ok
t/verify.t .......... ok
t/x.t ............... ok

Test Summary Report
-------------------
t/firebird.t      (Wstat: 15 Tests: 63 Failed: 0)
  Non-zero wait status: 15
  Parse errors: No plan found in TAP output
Files=39, Tests=5403, 18948 wallclock secs ( 1.81 usr  0.61 sys + 73.81 cusr 14.63 csys = 90.87 CPU)
Result: FAIL
Failed 1/39 test programs. 0/5403 subtests failed.

------------------------------
PREREQUISITES
------------------------------

Prerequisite modules loaded:

requires:

    Module                         Need  Have    
    ------------------------------ ----- --------
    Clone                          0     0.36    
    Config::GitLike                1.09  1.13    
    constant                       0     1.27    
    DateTime                       0     1.08    
    DBI                            0     1.631   
    Devel::StackTrace              1.30  1.31    
    Digest::SHA1                   0     2.13    
    Encode                         0     2.59    
    Encode::Locale                 0     1.03    
    File::Basename                 0     2.84    
    File::Copy                     0     2.26    
    File::HomeDir                  0     1.00    
    File::Path                     0     2.09    
    File::Temp                     0     0.2304  
    Getopt::Long                   0     2.42    
    Hash::Merge                    0     0.200   
    if                             0     0.0602  
    IO::Pager                      0     0.31    
    IPC::Run3                      0     0.048   
    IPC::System::Simple            1.17  1.25    
    List::MoreUtils                0     0.33    
    List::Util                     0     1.38    
    Locale::Messages               0     1.23    
    Locale::TextDomain             1.20  1.23    
    Moose                          0     2.1205  
    Mouse                          1.04  2.2.0   
    Mouse::Meta::Attribute::Native 1.04  1.09    
    Mouse::Role                    0     2.2.0   
    Mouse::Util::TypeConstraints   0     0       
    MouseX::Types::Path::Class     0.06  0.07    
    namespace::autoclean           0.11  0.15    
    overload                       0     1.22    
    parent                         0     0.228   
    Path::Class                    0     0.33    
    perl                           5.010 5.018002
    PerlIO::utf8_strict            0     0.004   
    Pod::Find                      0     1.62    
    Pod::Usage                     0     1.63    
    POSIX                          0     1.32    
    Role::HasMessage               0.005 0.006   
    Role::Identifiable::HasIdent   0.005 0.007   
    Role::Identifiable::HasTags    0.005 0.007   
    StackTrace::Auto               0     0.200011
    strict                         0     1.07    
    String::Formatter              0     0.102084
    String::ShellQuote             0     1.04    
    Sub::Exporter                  0     0.987   
    Sub::Exporter::Util            0     0.987   
    Sys::Hostname                  0     1.17    
    Template::Tiny                 0.11  1.12    
    Term::ANSIColor                2.02  4.03    
    Throwable                      0     0.200011
    Time::HiRes                    0     1.9726  
    Time::Local                    0     1.2300  
    Try::Tiny                      0     0.21    
    URI                            0     1.60    
    URI::db                        0     0.12    
    User::pwent                    0     1.00    
    utf8                           0     1.10    
    warnings                       0     1.18    

build_requires:

    Module                         Need  Have    
    ------------------------------ ----- --------
    Capture::Tiny                  0.12  0.24    
    Carp                           0     1.3301  
    File::Spec                     0     3.40    
    File::Spec::Functions          0     3.40    
    FindBin                        0     1.51    
    lib                            0     0.63    
    Module::Build                  0.35  0.4205  
    Test::Deep                     0     0.112   
    Test::Dir                      0     1.014   
    Test::Exception                0     0.32    
    Test::File                     0     1.36    
    Test::File::Contents           0.20  0.21    
    Test::MockModule               0.05  0.05    
    Test::More                     0.94  1.001003
    Test::NoWarnings               0.083 1.04    

configure_requires:

    Module                         Need  Have    
    ------------------------------ ----- --------
    Module::Build                  0.35  0.4205  


------------------------------
ENVIRONMENT AND OTHER CONTEXT
------------------------------

Environment variables:

    DBIC_NO_WARN_BAD_PERL = 1
    PATH = /usr/local/bin:/usr/bin:/bin:/usr/local/sbin:/usr/sbin:/sbin:/home/eserte/bin/freebsd9.1:/home/eserte/bin/sh:/home/eserte/bin:/usr/games:/home/eserte/devel:/usr/home/eserte/src/cpan-testers-parallelsmoker/utils
    PERL5LIB = 
    PERL5OPT = 
    PERL5_CPANPLUS_IS_RUNNING = 2908
    PERL5_CPAN_IS_RUNNING = 2908
    PERL5_CPAN_IS_RUNNING_IN_RECURSION = 6699,2908
    PERLDOC = -MPod::Perldoc::ToTextOverstrike
    PERL_BATCH = yes
    PERL_CPAN_REPORTER_DIR = /home/eserte/var/ctps/51911/config/perl-5.18.2/cpanreporter
    PERL_EXTUTILS_AUTOINSTALL = --defaultdeps
    PERL_HTML_DISPLAY_CLASS = HTML::Display::Mozilla
    PERL_PARALLEL_SMOKER = yes
    PERL_TEST_UNPATCHED = 1
    PERL_TEST_UNPATCHED = 1
    SHELL = /usr/local/bin/zsh
    TERM = xterm
    TMPDIR = /var/tmp/cpansmoker-1000

Perl special variables (and OS-specific diagnostics, for MSWin32):

    $^X = /usr/home/eserte/var/ctps/51911/install/perl-5.18.2/bin/perl5.18.2
    $UID/$EUID = 1000 / 1000
    $GID = 1000 1000 0 5
    $EGID = 1000 1000 0 5

Perl module toolchain versions installed:

    Module              Have    
    ------------------- --------
    CPAN                2.05    
    CPAN::Meta          2.141170
    Cwd                 3.40    
    ExtUtils::CBuilder  0.280216
    ExtUtils::Command   1.18    
    ExtUtils::Install   1.67    
    ExtUtils::MakeMaker 6.96    
    ExtUtils::Manifest  1.63    
    ExtUtils::ParseXS   3.24    
    File::Spec          3.40    
    JSON                2.90    
    JSON::PP            2.27203 
    Module::Build       0.4205  
    Module::Signature   0.73    
    Parse::CPAN::Meta   1.4414  
    Test::Harness       3.30    
    Test::More          1.001003
    YAML                0.90    
    YAML::Syck          1.27    
    version             0.9908  


--

Summary of my perl5 (revision 5 version 18 subversion 2) configuration:
   
  Platform:
    osname=freebsd, osvers=9.2-release, archname=amd64-freebsd
    uname='freebsd cvrsnica-freebsd-92-ctps-51911.herceg.de 9.2-release freebsd 9.2-release #0 r255898: thu sep 26 22:50:31 utc 2013 root@bake.isc.freebsd.org:usrobjusrsrcsysgeneric amd64 '
    config_args='-ds -e -Uversiononly -Dinstallusrbinperl=n -Dusedevel -Dprefix=/home/eserte/var/ctps/51911/install/perl-5.18.2'
    hint=recommended, useposix=true, d_sigaction=define
    useithreads=undef, usemultiplicity=undef
    useperlio=define, d_sfio=undef, uselargefiles=define, usesocks=undef
    use64bitint=define, use64bitall=define, uselongdouble=undef
    usemymalloc=n, bincompat5005=undef
  Compiler:
    cc='cc', ccflags ='-DHAS_FPSETMASK -DHAS_FLOATINGPOINT_H -fno-strict-aliasing -pipe -fstack-protector -I/usr/local/include',
    optimize='-O',
    cppflags='-DHAS_FPSETMASK -DHAS_FLOATINGPOINT_H -fno-strict-aliasing -pipe -fstack-protector -I/usr/local/include'
    ccversion='', gccversion='4.2.1 20070831 patched [FreeBSD]', gccosandvers=''
    intsize=4, longsize=8, ptrsize=8, doublesize=8, byteorder=12345678
    d_longlong=define, longlongsize=8, d_longdbl=define, longdblsize=16
    ivtype='long', ivsize=8, nvtype='double', nvsize=8, Off_t='off_t', lseeksize=8
    alignbytes=8, prototype=define
  Linker and Libraries:
    ld='cc', ldflags ='-Wl,-E  -fstack-protector -L/usr/local/lib'
    libpth=/usr/lib /usr/local/lib
    libs=-lgdbm -lm -lcrypt -lutil -lc
    perllibs=-lm -lcrypt -lutil -lc
    libc=, so=so, useshrplib=false, libperl=libperl.a
    gnulibc_version=''
  Dynamic Linking:
    dlsrc=dl_dlopen.xs, dlext=so, d_dlsymun=undef, ccdlflags=' '
    cccdlflags='-DPIC -fPIC', lddlflags='-shared  -L/usr/local/lib -fstack-protector'


Characteristics of this binary (from libperl): 
  Compile-time options: HAS_TIMES PERLIO_LAYERS PERL_DONT_CREATE_GVSV
                        PERL_HASH_FUNC_ONE_AT_A_TIME_HARD PERL_MALLOC_WRAP
                        PERL_PRESERVE_IVUV PERL_SAWAMPERSAND PERL_USE_DEVEL
                        USE_64_BIT_ALL USE_64_BIT_INT USE_LARGE_FILES
                        USE_LOCALE USE_LOCALE_COLLATE USE_LOCALE_CTYPE
                        USE_LOCALE_NUMERIC USE_PERLIO USE_PERL_ATOF
  Built under freebsd
  Compiled at Apr 25 2014 08:12:08
  %ENV:
    PERL5LIB=""
    PERL5OPT=""
    PERL5_CPANPLUS_IS_RUNNING="2908"
    PERL5_CPAN_IS_RUNNING="2908"
    PERL5_CPAN_IS_RUNNING_IN_RECURSION="6699,2908"
    PERLDOC="-MPod::Perldoc::ToTextOverstrike"
    PERL_BATCH="yes"
    PERL_CPAN_REPORTER_DIR="/home/eserte/var/ctps/51911/config/perl-5.18.2/cpanreporter"
    PERL_EXTUTILS_AUTOINSTALL="--defaultdeps"
    PERL_HTML_DISPLAY_CLASS="HTML::Display::Mozilla"
    PERL_PARALLEL_SMOKER="yes"
    PERL_TEST_UNPATCHED="1"
  @INC:
    /home/eserte/var/ctps/51911/install/perl-5.18.2/lib/site_perl/5.18.2/amd64-freebsd
    /home/eserte/var/ctps/51911/install/perl-5.18.2/lib/site_perl/5.18.2
    /home/eserte/var/ctps/51911/install/perl-5.18.2/lib/5.18.2/amd64-freebsd
    /home/eserte/var/ctps/51911/install/perl-5.18.2/lib/5.18.2
    .