Back
From: metabase:user:320bfe00-2aae-11df-837a-5e0a49663a4f
Subject: FAIL Catalyst-View-PDF-Reuse-0.04 v5.17.3 GNU/Linux
Date: 2012-08-15T16:53:00Z
This distribution has been tested as part of the CPAN Testers
project, supporting the Perl programming language. See
http://wiki.cpantesters.org/ for more information or email
questions to cpan-testers-discuss@perl.org
--
Dear Jon Allen,
This is a computer-generated report for Catalyst-View-PDF-Reuse-0.04
on perl 5.17.3, created by CPAN-Reporter-1.2006.
Thank you for uploading your work to CPAN. However, there was a problem
testing your distribution.
If you think this report is invalid, please consult the CPAN Testers Wiki
for suggestions on how to avoid getting FAIL reports for missing library
or binary dependencies, unsupported operating systems, and so on:
http://wiki.cpantesters.org/wiki/CPANAuthorNotes
Sections of this report:
* Tester comments
* Program output
* Prerequisites
* Environment and other context
------------------------------
TESTER COMMENTS
------------------------------
Additional comments from tester:
this report is from an automated smoke testing program
and was not reviewed by a human for accuracy
------------------------------
PROGRAM OUTPUT
------------------------------
Output from '/usr/bin/make test':
PERL_DL_NONLAZY=1 /mnt/k75/homesand/src/perl/repoperls/installed-perls/perl/v5.17.2-351-gc95f3a5/9980/bin/perl "-MExtUtils::Command::MM" "-e" "test_harness(0, 'blib/lib', 'blib/arch')" t/*.t
defined(@array) is deprecated at /home/src/perl/repoperls/installed-perls/perl/v5.17.2-351-gc95f3a5/9980/lib/site_perl/5.17.3/PDF/Reuse.pm line 993.
(Maybe you should just omit the defined()?)
defined(@array) is deprecated at /home/src/perl/repoperls/installed-perls/perl/v5.17.2-351-gc95f3a5/9980/lib/site_perl/5.17.3/PDF/Reuse.pm line 993.
(Maybe you should just omit the defined()?)
# Testing Catalyst::View::PDF::Reuse 0.04, Perl 5.017003, /mnt/k75/homesand/src/perl/repoperls/installed-perls/perl/v5.17.2-351-gc95f3a5/9980/bin/perl
t/00-load.t ...... ok
t/boilerplate.t .. ok
# Failed test 'POD test for blib/lib/Catalyst/View/PDF/Reuse.pm'
# at /home/src/perl/repoperls/installed-perls/perl/v5.17.2-351-gc95f3a5/9980/lib/site_perl/5.17.3/Test/Pod.pm line 182.
# blib/lib/Catalyst/View/PDF/Reuse.pm (73): Non-ASCII character seen before =encoding in 'format('£%.2f')'. Assuming UTF-8
# Looks like you failed 1 test of 4.
t/pod.t ..........
Dubious, test returned 1 (wstat 256, 0x100)
Failed 1/4 subtests
Test Summary Report
-------------------
t/boilerplate.t (Wstat: 0 Tests: 3 Failed: 0)
TODO passed: 1, 3
t/pod.t (Wstat: 256 Tests: 4 Failed: 1)
Failed test: 1
Non-zero exit status: 1
Files=3, Tests=8, 1 wallclock secs ( 0.02 usr 0.00 sys + 0.34 cusr 0.07 csys = 0.43 CPU)
Result: FAIL
Failed 1/3 test programs. 1/8 subtests failed.
make: *** [test_dynamic] Error 1
------------------------------
PREREQUISITES
------------------------------
Prerequisite modules loaded:
requires:
Module Need Have
---------------------------- ---- -------
Catalyst::View::TT 0 0.39
File::chdir 0 0.1006
parent 0 0.225
PDF::Reuse 0 0.35
Template::Plugin::Procedural 0 1.17
Test::More 0 0.98
build_requires:
Module Need Have
---------------------------- ---- -------
ExtUtils::MakeMaker 0 6.63_02
configure_requires:
Module Need Have
---------------------------- ---- -------
ExtUtils::MakeMaker 0 6.63_02
------------------------------
ENVIRONMENT AND OTHER CONTEXT
------------------------------
Environment variables:
AUTOMATED_TESTING = 1
LANG = en_US.UTF-8
LANGUAGE = en_US:en
PATH = /home/sand/bin:/usr/local/bin:/usr/bin:/bin:/usr/bin/X11:/usr/games:/usr/local/perl/bin:/usr/X11/bin:/sbin:/usr/sbin
PERL5LIB =
PERL5OPT =
PERL5_CPANPLUS_IS_RUNNING = 642
PERL5_CPAN_IS_RUNNING = 642
PERL_MM_USE_DEFAULT = 1
SHELL = /usr/bin/zsh
TERM = screen
Perl special variables (and OS-specific diagnostics, for MSWin32):
$^X = /mnt/k75/homesand/src/perl/repoperls/installed-perls/perl/v5.17.2-351-gc95f3a5/9980/bin/perl
$UID/$EUID = 1005 / 1005
$GID = 1005 1005
$EGID = 1005 1005
Perl module toolchain versions installed:
Module Have
------------------- --------
CPAN 1.9800
CPAN::Meta 2.120921
Cwd 3.39_02
ExtUtils::CBuilder 0.280208
ExtUtils::Command 1.17
ExtUtils::Install 1.58
ExtUtils::MakeMaker 6.63_02
ExtUtils::Manifest 1.61
ExtUtils::ParseXS 3.17
File::Spec 3.39_02
JSON 2.53
JSON::PP 2.27200
Module::Build 0.4002
Module::Signature 0.68
Parse::CPAN::Meta 1.4404
Test::Harness 3.25_01
Test::More 0.98
YAML 0.84
YAML::Syck 1.20
version 0.99
--
Summary of my perl5 (revision 5 version 17 subversion 3) configuration:
Commit id: c95f3a5940d5ad03a2f91205377a2695ef63ab58
Platform:
osname=linux, osvers=3.2.0-3-amd64, archname=x86_64-linux-thread-multi
uname='linux k83 3.2.0-3-amd64 #1 smp mon jul 23 02:45:17 utc 2012 x86_64 gnulinux '
config_args='-Dprefix=/home/src/perl/repoperls/installed-perls/perl/v5.17.2-351-gc95f3a5/9980 -Dmyhostname=k83 -Dinstallusrbinperl=n -Uversiononly -Dusedevel -des -Ui_db -Duseithreads -Uuselongdouble -DDEBUGGING=-g'
hint=recommended, useposix=true, d_sigaction=define
useithreads=define, usemultiplicity=define
useperlio=define, d_sfio=undef, uselargefiles=define, usesocks=undef
use64bitint=define, use64bitall=define, uselongdouble=undef
usemymalloc=n, bincompat5005=undef
Compiler:
cc='cc', ccflags ='-D_REENTRANT -D_GNU_SOURCE -fno-strict-aliasing -pipe -fstack-protector -I/usr/local/include -D_LARGEFILE_SOURCE -D_FILE_OFFSET_BITS=64',
optimize='-O2 -g',
cppflags='-D_REENTRANT -D_GNU_SOURCE -fno-strict-aliasing -pipe -fstack-protector -I/usr/local/include'
ccversion='', gccversion='4.7.1', gccosandvers=''
intsize=4, longsize=8, ptrsize=8, doublesize=8, byteorder=12345678
d_longlong=define, longlongsize=8, d_longdbl=define, longdblsize=16
ivtype='long', ivsize=8, nvtype='double', nvsize=8, Off_t='off_t', lseeksize=8
alignbytes=8, prototype=define
Linker and Libraries:
ld='cc', ldflags =' -fstack-protector -L/usr/local/lib'
libpth=/usr/local/lib /lib/x86_64-linux-gnu /lib/../lib /usr/lib/x86_64-linux-gnu /usr/lib/../lib /lib /usr/lib
libs=-lnsl -ldb -ldl -lm -lcrypt -lutil -lpthread -lc
perllibs=-lnsl -ldl -lm -lcrypt -lutil -lpthread -lc
libc=, so=so, useshrplib=false, libperl=libperl.a
gnulibc_version='2.13'
Dynamic Linking:
dlsrc=dl_dlopen.xs, dlext=so, d_dlsymun=undef, ccdlflags='-Wl,-E'
cccdlflags='-fPIC', lddlflags='-shared -O2 -g -L/usr/local/lib -fstack-protector'
Characteristics of this binary (from libperl):
Compile-time options: HAS_TIMES MULTIPLICITY PERLIO_LAYERS
PERL_DONT_CREATE_GVSV PERL_IMPLICIT_CONTEXT
PERL_MALLOC_WRAP PERL_PRESERVE_IVUV PERL_USE_DEVEL
USE_64_BIT_ALL USE_64_BIT_INT USE_ITHREADS
USE_LARGE_FILES USE_LOCALE USE_LOCALE_COLLATE
USE_LOCALE_CTYPE USE_LOCALE_NUMERIC USE_PERLIO
USE_PERL_ATOF USE_REENTRANT_API
Built under linux
Compiled at Aug 15 2012 11:12:21
%ENV:
PERL5LIB=""
PERL5OPT=""
PERL5_CPANPLUS_IS_RUNNING="642"
PERL5_CPAN_IS_RUNNING="642"
PERL_MM_USE_DEFAULT="1"
@INC:
/home/src/perl/repoperls/installed-perls/perl/v5.17.2-351-gc95f3a5/9980/lib/site_perl/5.17.3/x86_64-linux-thread-multi
/home/src/perl/repoperls/installed-perls/perl/v5.17.2-351-gc95f3a5/9980/lib/site_perl/5.17.3
/home/src/perl/repoperls/installed-perls/perl/v5.17.2-351-gc95f3a5/9980/lib/5.17.3/x86_64-linux-thread-multi
/home/src/perl/repoperls/installed-perls/perl/v5.17.2-351-gc95f3a5/9980/lib/5.17.3
.