Back
From: metabase:user:314402c4-2aae-11df-837a-5e0a49663a4f
Subject: FAIL Google-reCAPTCHA-0.05 v5.18.4 GNU/Linux
Date: 2016-01-07T21:29:02Z
This distribution has been tested as part of the CPAN Testers
project, supporting the Perl programming language. See
http://wiki.cpantesters.org/ for more information or email
questions to cpan-testers-discuss@perl.org
--
Dear Thomas Corkran,
This is a computer-generated report for Google-reCAPTCHA-0.05
on perl 5.18.4, created by CPAN-Reporter-1.2015.
Thank you for uploading your work to CPAN. However, there was a problem
testing your distribution.
If you think this report is invalid, please consult the CPAN Testers Wiki
for suggestions on how to avoid getting FAIL reports for missing library
or binary dependencies, unsupported operating systems, and so on:
http://wiki.cpantesters.org/wiki/CPANAuthorNotes
Sections of this report:
* Tester comments
* Program output
* Prerequisites
* Environment and other context
------------------------------
TESTER COMMENTS
------------------------------
Additional comments from tester:
none provided
------------------------------
PROGRAM OUTPUT
------------------------------
Output from '/usr/bin/make test':
PERL_DL_NONLAZY=1 "/bbbike/perl-5.18.4/bin/perl" "-MExtUtils::Command::MM" "-MTest::Harness" "-e" "undef *Test::Harness::Switches; test_harness(0, 'inc', 'blib/lib', 'blib/arch')" t/*.t
# Testing Google::reCAPTCHA 0.05, Perl 5.018004, /bbbike/perl-5.18.4/bin/perl
t/00-load.t ....... ok
# Failed test 'Module error thrown'
# at t/01-http.t line 77.
# expecting: Regexp ((?^:he 'secret' parameter \(""\) to Google::reCAPTCHA::new did not pass the 'is a secret key' callback:))
# found: The 'secret' parameter ("") to Google::reCAPTCHA::new did not pass the 'is a secret key' callback
# at /opt/perl-5.18.4/lib/site_perl/5.18.4/x86_64-linux/Params/Validate/PP.pm line 670.
# Params::Validate::PP::__ANON__() called at /opt/perl-5.18.4/lib/site_perl/5.18.4/x86_64-linux/Params/Validate/PP.pm line 580
# Params::Validate::PP::_validate_one_param() called at /opt/perl-5.18.4/lib/site_perl/5.18.4/x86_64-linux/Params/Validate/PP.pm line 340
# Params::Validate::PP::validate() called at /tmpfs/.cpan-build/2016010721/Google-reCAPTCHA-0.05-gpKxB8/blib/lib/Google/reCAPTCHA.pm line 44
# Google::reCAPTCHA::new() called at t/01-http.t line 76
# Test::Exception::throws_ok() called at t/01-http.t line 77
# main::__ANON__() called at /opt/perl-5.18.4/lib/site_perl/5.18.4/Test/Builder.pm line 261
# Test::Builder::__ANON__() called at /opt/perl-5.18.4/lib/site_perl/5.18.4/Test/Builder.pm line 266
# eval {...} called at /opt/perl-5.18.4/lib/site_perl/5.18.4/Test/Builder.pm line 266
# Test::Builder::subtest() called at /opt/perl-5.18.4/lib/site_perl/5.18.4/Test/More.pm line 771
# Test::More::subtest() called at t/01-http.t line 78
# Looks like you failed 1 test of 1.
# Failed test 'croaks if empty secret'
# at t/01-http.t line 78.
# Failed test 'Module error thrown'
# at t/01-http.t line 93.
# expecting: Regexp ((?^:did not pass the 'is a remote ipv4 or ipv6 address' callback:))
# found: The 'remoteip' parameter ("failed") to Google::reCAPTCHA::siteverify did not pass the 'is a remote ipv4 or ipv6 address' callback
# at /opt/perl-5.18.4/lib/site_perl/5.18.4/x86_64-linux/Params/Validate/PP.pm line 670.
# Params::Validate::PP::__ANON__() called at /opt/perl-5.18.4/lib/site_perl/5.18.4/x86_64-linux/Params/Validate/PP.pm line 580
# Params::Validate::PP::_validate_one_param() called at /opt/perl-5.18.4/lib/site_perl/5.18.4/x86_64-linux/Params/Validate/PP.pm line 340
# Params::Validate::PP::validate() called at /tmpfs/.cpan-build/2016010721/Google-reCAPTCHA-0.05-gpKxB8/blib/lib/Google/reCAPTCHA.pm line 69
# Google::reCAPTCHA::siteverify() called at t/01-http.t line 92
# Test::Exception::throws_ok() called at t/01-http.t line 93
# main::__ANON__() called at /opt/perl-5.18.4/lib/site_perl/5.18.4/Test/Builder.pm line 261
# Test::Builder::__ANON__() called at /opt/perl-5.18.4/lib/site_perl/5.18.4/Test/Builder.pm line 266
# eval {...} called at /opt/perl-5.18.4/lib/site_perl/5.18.4/Test/Builder.pm line 266
# Test::Builder::subtest() called at /opt/perl-5.18.4/lib/site_perl/5.18.4/Test/More.pm line 771
# Test::More::subtest() called at t/01-http.t line 94
# Looks like you failed 1 test of 1.
# Failed test 'croaks if not valid ipv4 or ipv6'
# at t/01-http.t line 94.
# Failed test 'Module error thrown'
# at t/01-http.t line 101.
# expecting: Regexp ((?^:The 'response' parameter \(""\) to Google::reCAPTCHA::siteverify did not pass the 'is a response code' callback:))
# found: The 'response' parameter ("") to Google::reCAPTCHA::siteverify did not pass the 'is a response code' callback
# at /opt/perl-5.18.4/lib/site_perl/5.18.4/x86_64-linux/Params/Validate/PP.pm line 670.
# Params::Validate::PP::__ANON__() called at /opt/perl-5.18.4/lib/site_perl/5.18.4/x86_64-linux/Params/Validate/PP.pm line 580
# Params::Validate::PP::_validate_one_param() called at /opt/perl-5.18.4/lib/site_perl/5.18.4/x86_64-linux/Params/Validate/PP.pm line 340
# Params::Validate::PP::validate() called at /tmpfs/.cpan-build/2016010721/Google-reCAPTCHA-0.05-gpKxB8/blib/lib/Google/reCAPTCHA.pm line 69
# Google::reCAPTCHA::siteverify() called at t/01-http.t line 100
# Test::Exception::throws_ok() called at t/01-http.t line 101
# main::__ANON__() called at /opt/perl-5.18.4/lib/site_perl/5.18.4/Test/Builder.pm line 261
# Test::Builder::__ANON__() called at /opt/perl-5.18.4/lib/site_perl/5.18.4/Test/Builder.pm line 266
# eval {...} called at /opt/perl-5.18.4/lib/site_perl/5.18.4/Test/Builder.pm line 266
# Test::Builder::subtest() called at /opt/perl-5.18.4/lib/site_perl/5.18.4/Test/More.pm line 771
# Test::More::subtest() called at t/01-http.t line 102
# Looks like you failed 1 test of 1.
# Failed test 'croaks if empty response'
# at t/01-http.t line 102.
# Looks like you failed 3 tests of 9.
t/01-http.t .......
Dubious, test returned 3 (wstat 768, 0x300)
Failed 3/9 subtests
t/manifest.t ...... skipped: Author tests not required for installation
t/pod-coverage.t .. skipped: Author tests not required for installation
t/pod.t ........... skipped: Author tests not required for installation
Test Summary Report
-------------------
t/01-http.t (Wstat: 768 Tests: 9 Failed: 3)
Failed tests: 5, 7-8
Non-zero exit status: 3
Files=5, Tests=10, 0 wallclock secs ( 0.02 usr 0.02 sys + 0.14 cusr 0.06 csys = 0.24 CPU)
Result: FAIL
Failed 1/5 test programs. 3/10 subtests failed.
make: *** [test_dynamic] Error 255
------------------------------
PREREQUISITES
------------------------------
Prerequisite modules loaded:
requires:
Module Need Have
------------------- ----- --------
JSON 2.9 2.90
LWP::UserAgent 6.15 6.15
Params::Validate 1.21 1.21
perl 5.006 5.018004
Test::MockModule 0.11 0.11
Test::More 0 1.001014
Test::Most 0 0.34
build_requires:
Module Need Have
------------------- ----- --------
ExtUtils::MakeMaker 6.59 7.10
Module::Install 0 1.16
Test::MockModule 0.11 0.11
Test::More 0 1.001014
Test::Most 0 0.34
configure_requires:
Module Need Have
------------------- ----- --------
ExtUtils::MakeMaker 6.59 7.10
Module::Install 0 1.16
------------------------------
ENVIRONMENT AND OTHER CONTEXT
------------------------------
Environment variables:
LANG = C
PATH = /usr/local/bin:/usr/bin:/bin:/usr/local/sbin:/usr/sbin:/sbin:/home/eserte/bin/linux-gnu:/home/eserte/bin/sh:/home/eserte/bin:/usr/games:/home/eserte/devel:/home/eserte/src/srezic-misc/scripts
PERL5LIB =
PERL5OPT = -MDevel::Hide
PERL5_CPANPLUS_IS_RUNNING = 5969
PERL5_CPAN_IS_RUNNING = 5969
PERL5_CPAN_IS_RUNNING_IN_RECURSION = 5946,5969
PERLDOC = -MPod::Perldoc::ToTextOverstrike
PERL_BATCH = yes
PERL_CANARY_STABILITY_NOPROMPT = 1
PERL_CPAN_REPORTER_CONFIG = /var/tmp/cpansmoker-1001/2016010721/cpanreporter_001_config.ini
PERL_EXTUTILS_AUTOINSTALL = --defaultdeps
SHELL = /bin/zsh
TERM = screen
TMPDIR = /var/tmp/cpansmoker-1001/2016010721
Perl special variables (and OS-specific diagnostics, for MSWin32):
$^X = /bbbike/perl-5.18.4/bin/perl
$UID/$EUID = 1001 / 1001
$GID = 1001 109 1001
$EGID = 1001 109 1001
Perl module toolchain versions installed:
Module Have
------------------- --------
CPAN 2.05
CPAN::Meta 2.150005
Cwd 3.60
ExtUtils::CBuilder 0.280220
ExtUtils::Command 7.10
ExtUtils::Install 2.04
ExtUtils::MakeMaker 7.10
ExtUtils::Manifest 1.68
ExtUtils::ParseXS 3.24
File::Spec 3.60
JSON 2.90
JSON::PP 2.27300
Module::Build 0.4214
Module::Signature 0.73
Parse::CPAN::Meta 1.4414
Test::Harness 3.36
Test::More 1.001014
YAML 1.15
YAML::Syck 1.29
version 0.9912
--
Summary of my perl5 (revision 5 version 18 subversion 4) configuration:
Platform:
osname=linux, osvers=3.2.0-4-amd64, archname=x86_64-linux
uname='linux eserte 3.2.0-4-amd64 #1 smp debian 3.2.60-1+deb7u3 x86_64 gnulinux '
config_args='-ds -e -Dprefix=/opt/perl-5.18.4'
hint=recommended, useposix=true, d_sigaction=define
useithreads=undef, usemultiplicity=undef
useperlio=define, d_sfio=undef, uselargefiles=define, usesocks=undef
use64bitint=define, use64bitall=define, uselongdouble=undef
usemymalloc=n, bincompat5005=undef
Compiler:
cc='cc', ccflags ='-fno-strict-aliasing -pipe -fstack-protector -I/usr/local/include -D_LARGEFILE_SOURCE -D_FILE_OFFSET_BITS=64',
optimize='-O2',
cppflags='-fno-strict-aliasing -pipe -fstack-protector -I/usr/local/include'
ccversion='', gccversion='4.7.2', gccosandvers=''
intsize=4, longsize=8, ptrsize=8, doublesize=8, byteorder=12345678
d_longlong=define, longlongsize=8, d_longdbl=define, longdblsize=16
ivtype='long', ivsize=8, nvtype='double', nvsize=8, Off_t='off_t', lseeksize=8
alignbytes=8, prototype=define
Linker and Libraries:
ld='cc', ldflags =' -fstack-protector -L/usr/local/lib'
libpth=/usr/local/lib /lib/x86_64-linux-gnu /lib/../lib /usr/lib/x86_64-linux-gnu /usr/lib/../lib /lib /usr/lib
libs=-lnsl -ldb -ldl -lm -lcrypt -lutil -lc
perllibs=-lnsl -ldl -lm -lcrypt -lutil -lc
libc=, so=so, useshrplib=false, libperl=libperl.a
gnulibc_version='2.13'
Dynamic Linking:
dlsrc=dl_dlopen.xs, dlext=so, d_dlsymun=undef, ccdlflags='-Wl,-E'
cccdlflags='-fPIC', lddlflags='-shared -O2 -L/usr/local/lib -fstack-protector'
Characteristics of this binary (from libperl):
Compile-time options: HAS_TIMES PERLIO_LAYERS PERL_DONT_CREATE_GVSV
PERL_HASH_FUNC_ONE_AT_A_TIME_HARD PERL_MALLOC_WRAP
PERL_PRESERVE_IVUV PERL_SAWAMPERSAND USE_64_BIT_ALL
USE_64_BIT_INT USE_LARGE_FILES USE_LOCALE
USE_LOCALE_COLLATE USE_LOCALE_CTYPE
USE_LOCALE_NUMERIC USE_PERLIO USE_PERL_ATOF
Built under linux
Compiled at Oct 2 2014 05:37:02
%ENV:
PERL5LIB=""
PERL5OPT=" -MDevel::Hide"
PERL5_CPANPLUS_IS_RUNNING="5969"
PERL5_CPAN_IS_RUNNING="5969"
PERL5_CPAN_IS_RUNNING_IN_RECURSION="5946,5969"
PERLDOC="-MPod::Perldoc::ToTextOverstrike"
PERL_BATCH="yes"
PERL_CANARY_STABILITY_NOPROMPT="1"
PERL_CPAN_REPORTER_CONFIG="/var/tmp/cpansmoker-1001/2016010721/cpanreporter_001_config.ini"
PERL_EXTUTILS_AUTOINSTALL="--defaultdeps"
@INC:
CODE(0x1cedd30)
/opt/perl-5.18.4/lib/site_perl/5.18.4/x86_64-linux
/opt/perl-5.18.4/lib/site_perl/5.18.4
/opt/perl-5.18.4/lib/5.18.4/x86_64-linux
/opt/perl-5.18.4/lib/5.18.4
.