Report for DJabberd-0.85

Back
From: metabase:user:320bfe00-2aae-11df-837a-5e0a49663a4f
Subject: FAIL DJabberd-0.85 v5.17.6 GNU/Linux
Date: 2012-11-18T11:39:53Z

This distribution has been tested as part of the CPAN Testers
project, supporting the Perl programming language.  See
http://wiki.cpantesters.org/ for more information or email
questions to cpan-testers-discuss@perl.org


--
Dear Martin Atkins,

This is a computer-generated report for DJabberd-0.85
on perl 5.17.6, created by CPAN-Reporter-1.2006.

Thank you for uploading your work to CPAN.  However, there was a problem
testing your distribution.

If you think this report is invalid, please consult the CPAN Testers Wiki
for suggestions on how to avoid getting FAIL reports for missing library
or binary dependencies, unsupported operating systems, and so on:

http://wiki.cpantesters.org/wiki/CPANAuthorNotes

Sections of this report:

    * Tester comments
    * Program output
    * Prerequisites
    * Environment and other context

------------------------------
TESTER COMMENTS
------------------------------

Additional comments from tester:

this report is from an automated smoke testing program
and was not reviewed by a human for accuracy

------------------------------
PROGRAM OUTPUT
------------------------------

Output from '/usr/bin/make test':

PERL_DL_NONLAZY=1 /tmp/basesmoker-reloperl-6dU6/bin/perl "-MExtUtils::Command::MM" "-e" "test_harness(0, 'blib/lib', 'blib/arch')" t/*.t
t/10-specimpl.t ................ skipped: Not yet working
defined(%hash) is deprecated at /tmp/loop_over_bdir-Wm84zT/DJabberd-0.85-UuKZ8w/blib/lib/DJabberd/SASL.pm line 32.
	(Maybe you should just omit the defined()?)
t/20_allowed_users.t ........... ok
defined(%hash) is deprecated at /tmp/loop_over_bdir-Wm84zT/DJabberd-0.85-UuKZ8w/blib/lib/DJabberd/SASL.pm line 32.
	(Maybe you should just omit the defined()?)
t/89_xmldebug.t ................ ok
defined(%hash) is deprecated at /tmp/loop_over_bdir-Wm84zT/DJabberd-0.85-UuKZ8w/blib/lib/DJabberd/SASL.pm line 32.
	(Maybe you should just omit the defined()?)
t/admin.t ...................... ok
t/cluster.t .................... skipped: Not yet working
defined(%hash) is deprecated at /tmp/loop_over_bdir-Wm84zT/DJabberd-0.85-UuKZ8w/blib/lib/DJabberd/SASL.pm line 32.
	(Maybe you should just omit the defined()?)
t/directed-presence.t .......... ok
defined(%hash) is deprecated at /tmp/loop_over_bdir-Wm84zT/DJabberd-0.85-UuKZ8w/blib/lib/DJabberd/SASL.pm line 32.
	(Maybe you should just omit the defined()?)

#   Failed test 'Say we are a server'
#   at t/disco.t line 20.
#                   '<iq from='s1.example.com' type='result' to='partya@s1.example.com/testsuite_with_gibberish:&apos;&quot;' id='info1'><query xmlns='http://jabber.org/protocol/disco#info'><identity name='djabberd' type='im' category='server'/><feature var='http://jabber.org/protocol/disco#info'/></query></iq>'
#     doesn't match '(?^:<identity type='im' category='server' name='djabberd'/>)'
# Looks like you failed 1 test of 2.
t/disco.t ...................... 
Dubious, test returned 1 (wstat 256, 0x100)
Failed 1/2 subtests 
defined(%hash) is deprecated at /tmp/loop_over_bdir-Wm84zT/DJabberd-0.85-UuKZ8w/blib/lib/DJabberd/SASL.pm line 32.
	(Maybe you should just omit the defined()?)
t/exchange-messages.t .......... ok
defined(%hash) is deprecated at /tmp/loop_over_bdir-Wm84zT/DJabberd-0.85-UuKZ8w/blib/lib/DJabberd/SASL.pm line 32.
	(Maybe you should just omit the defined()?)
t/features-hook.t .............. ok
defined(%hash) is deprecated at /tmp/loop_over_bdir-Wm84zT/DJabberd-0.85-UuKZ8w/blib/lib/DJabberd/SASL.pm line 32.
	(Maybe you should just omit the defined()?)
t/handle-stanza-hook.t ......... ok
defined(%hash) is deprecated at /tmp/loop_over_bdir-Wm84zT/DJabberd-0.85-UuKZ8w/blib/lib/DJabberd/SASL.pm line 32.
	(Maybe you should just omit the defined()?)
t/hookchain.t .................. ok
defined(%hash) is deprecated at /tmp/loop_over_bdir-Wm84zT/DJabberd-0.85-UuKZ8w/blib/lib/DJabberd/SASL.pm line 32.
	(Maybe you should just omit the defined()?)
Adding implicit plugin DJabberd::Delivery::Local at /tmp/loop_over_bdir-Wm84zT/DJabberd-0.85-UuKZ8w/blib/lib/DJabberd/VHost.pm line 101
Adding implicit plugin DJabberd::Delivery::S2S at /tmp/loop_over_bdir-Wm84zT/DJabberd-0.85-UuKZ8w/blib/lib/DJabberd/VHost.pm line 105
t/inband-reg.t ................. ok
defined(%hash) is deprecated at /tmp/loop_over_bdir-Wm84zT/DJabberd-0.85-UuKZ8w/blib/lib/DJabberd/SASL.pm line 32.
	(Maybe you should just omit the defined()?)
t/iq-exchange.t ................ ok
defined(%hash) is deprecated at /tmp/loop_over_bdir-Wm84zT/DJabberd-0.85-UuKZ8w/blib/lib/DJabberd/SASL.pm line 32.
	(Maybe you should just omit the defined()?)
t/jidcase.t .................... ok
defined(%hash) is deprecated at /tmp/loop_over_bdir-Wm84zT/DJabberd-0.85-UuKZ8w/blib/lib/DJabberd/SASL.pm line 32.
	(Maybe you should just omit the defined()?)
t/mutual-add-and-presence.t .... ok
defined(%hash) is deprecated at /tmp/loop_over_bdir-Wm84zT/DJabberd-0.85-UuKZ8w/blib/lib/DJabberd/SASL.pm line 32.
	(Maybe you should just omit the defined()?)
# connect 50/500
# connect 100/500
# connect 150/500
# connect 200/500
# connect 250/500
# connect 300/500
# connect 350/500
# connect 400/500
# connect 450/500
# connect 500/500
t/new-connects.t ............... ok
defined(%hash) is deprecated at /tmp/loop_over_bdir-Wm84zT/DJabberd-0.85-UuKZ8w/blib/lib/DJabberd/SASL.pm line 32.
	(Maybe you should just omit the defined()?)
t/quirk-libgaim-iqerrorfrom.t .. ok
defined(%hash) is deprecated at /tmp/loop_over_bdir-Wm84zT/DJabberd-0.85-UuKZ8w/blib/lib/DJabberd/SASL.pm line 32.
	(Maybe you should just omit the defined()?)
t/s2s-no-dialback-to.t ......... ok
defined(%hash) is deprecated at /tmp/loop_over_bdir-Wm84zT/DJabberd-0.85-UuKZ8w/blib/lib/DJabberd/SASL.pm line 32.
	(Maybe you should just omit the defined()?)

#   Failed test at t/sasl-login.t line 173.
#                   '<iq type='error' id='bind_1'>
#      <error type='cancel'>
#        <not-allowed xmlns='urn:ietf:params:xml:ns:xmpp-stanzas'/>
#      </error>
#    </iq>'
#     doesn't match '(?^ms:<iq .* type='error'>.*</iq>)'

#   Failed test at t/sasl-login.t line 173.
#                   '<iq type='error' id='bind_1'>
#      <error type='cancel'>
#        <not-allowed xmlns='urn:ietf:params:xml:ns:xmpp-stanzas'/>
#      </error>
#    </iq>'
#     doesn't match '(?^ms:<iq .* type='error'>.*</iq>)'
# Looks like you failed 2 tests of 46.
t/sasl-login.t ................. 
Dubious, test returned 2 (wstat 512, 0x200)
Failed 2/46 subtests 
defined(%hash) is deprecated at /tmp/loop_over_bdir-Wm84zT/DJabberd-0.85-UuKZ8w/blib/lib/DJabberd/SASL.pm line 32.
	(Maybe you should just omit the defined()?)
t/server_die.t ................. ok
defined(%hash) is deprecated at /tmp/loop_over_bdir-Wm84zT/DJabberd-0.85-UuKZ8w/blib/lib/DJabberd/SASL.pm line 32.
	(Maybe you should just omit the defined()?)
t/two-resources.t .............. ok
defined(%hash) is deprecated at /tmp/loop_over_bdir-Wm84zT/DJabberd-0.85-UuKZ8w/blib/lib/DJabberd/SASL.pm line 32.
	(Maybe you should just omit the defined()?)
t/unsubscribe.t ................ ok
t/versions.t ................... ok
defined(%hash) is deprecated at /tmp/loop_over_bdir-Wm84zT/DJabberd-0.85-UuKZ8w/blib/lib/DJabberd/SASL.pm line 32.
	(Maybe you should just omit the defined()?)
t/write-error-and-close.t ...... ok
t/xmlparsing.t ................. ok

Test Summary Report
-------------------
t/disco.t                    (Wstat: 256 Tests: 2 Failed: 1)
  Failed test:  1
  Non-zero exit status: 1
t/sasl-login.t               (Wstat: 512 Tests: 46 Failed: 2)
  Failed tests:  41, 44
  Non-zero exit status: 2
Files=25, Tests=327, 66 wallclock secs ( 0.11 usr  0.04 sys +  6.69 cusr  1.12 csys =  7.96 CPU)
Result: FAIL
Failed 2/25 test programs. 3/327 subtests failed.
make: *** [test_dynamic] Error 255

------------------------------
PREREQUISITES
------------------------------

Prerequisite modules loaded:

requires:

    Module              Need Have   
    ------------------- ---- -------
    Danga::Socket       1.51 1.61   
    Digest::HMAC_SHA1   0    1.03   
    Log::Log4perl       0    1.39   
    Net::DNS            0.48 0.68   
    Net::SSLeay         0    1.49   
    Unicode::Stringprep 0    1.104  
    XML::LibXML         1.7  2.0012 
    XML::LibXML::SAX    0    2.0012 
    XML::SAX            0    0.99   

build_requires:

    Module              Need Have   
    ------------------- ---- -------
    ExtUtils::MakeMaker 0    6.63_02

configure_requires:

    Module              Need Have   
    ------------------- ---- -------
    ExtUtils::MakeMaker 0    6.63_02


------------------------------
ENVIRONMENT AND OTHER CONTEXT
------------------------------

Environment variables:

    AUTOMATED_TESTING = 1
    LANG = en_US.UTF-8
    LANGUAGE = en_US:en
    PATH = /home/sand/bin:/usr/local/bin:/usr/bin:/bin:/usr/bin/X11:/usr/games:/usr/local/perl/bin:/usr/X11/bin:/sbin:/usr/sbin
    PERL5LIB = 
    PERL5OPT = 
    PERL5_CPANPLUS_IS_RUNNING = 24608
    PERL5_CPAN_IS_RUNNING = 24608
    PERL_MM_USE_DEFAULT = 1
    SHELL = /usr/bin/zsh
    TERM = screen

Perl special variables (and OS-specific diagnostics, for MSWin32):

    $^X = /tmp/basesmoker-reloperl-6dU6/bin/perl
    $UID/$EUID = 1005 / 1005
    $GID = 1005 1005
    $EGID = 1005 1005

Perl module toolchain versions installed:

    Module              Have    
    ------------------- --------
    CPAN                1.9800  
    CPAN::Meta          2.120921
    Cwd                 3.39_02 
    ExtUtils::CBuilder  0.280209
    ExtUtils::Command   1.17    
    ExtUtils::Install   1.58    
    ExtUtils::MakeMaker 6.63_02 
    ExtUtils::Manifest  1.62    
    ExtUtils::ParseXS   3.18    
    File::Spec          3.39_02 
    JSON                2.53    
    JSON::PP            2.27200 
    Module::Build       0.4003  
    Module::Signature   0.69    
    Parse::CPAN::Meta   1.4404  
    Test::Harness       3.25_01 
    Test::More          0.98    
    YAML                0.84    
    YAML::Syck          1.21    
    version             0.9901  


--

Summary of my perl5 (revision 5 version 17 subversion 6) configuration:
  Commit id: 10ffaf90349dac17b6050fa36821c8d99f5dfb87
  Platform:
    osname=linux, osvers=3.2.0-4-amd64, archname=x86_64-linux
    uname='linux k83 3.2.0-4-amd64 #1 smp debian 3.2.32-1 x86_64 gnulinux '
    config_args='-Dprefix=/home/src/perl/repoperls/installed-perls/perl/v5.17.5-522-g10ffaf9/165a -Dmyhostname=k83 -Dinstallusrbinperl=n -Uversiononly -Dusedevel -des -Ui_db -Uuseithreads -Uuselongdouble -DDEBUGGING=-g'
    hint=recommended, useposix=true, d_sigaction=define
    useithreads=undef, usemultiplicity=undef
    useperlio=define, d_sfio=undef, uselargefiles=define, usesocks=undef
    use64bitint=define, use64bitall=define, uselongdouble=undef
    usemymalloc=n, bincompat5005=undef
  Compiler:
    cc='cc', ccflags ='-fno-strict-aliasing -pipe -fstack-protector -I/usr/local/include -D_LARGEFILE_SOURCE -D_FILE_OFFSET_BITS=64',
    optimize='-O2 -g',
    cppflags='-fno-strict-aliasing -pipe -fstack-protector -I/usr/local/include'
    ccversion='', gccversion='4.7.2', gccosandvers=''
    intsize=4, longsize=8, ptrsize=8, doublesize=8, byteorder=12345678
    d_longlong=define, longlongsize=8, d_longdbl=define, longdblsize=16
    ivtype='long', ivsize=8, nvtype='double', nvsize=8, Off_t='off_t', lseeksize=8
    alignbytes=8, prototype=define
  Linker and Libraries:
    ld='cc', ldflags =' -fstack-protector -L/usr/local/lib'
    libpth=/usr/local/lib /lib/x86_64-linux-gnu /lib/../lib /usr/lib/x86_64-linux-gnu /usr/lib/../lib /lib /usr/lib
    libs=-lnsl -ldb -ldl -lm -lcrypt -lutil -lc
    perllibs=-lnsl -ldl -lm -lcrypt -lutil -lc
    libc=, so=so, useshrplib=false, libperl=libperl.a
    gnulibc_version='2.13'
  Dynamic Linking:
    dlsrc=dl_dlopen.xs, dlext=so, d_dlsymun=undef, ccdlflags='-Wl,-E'
    cccdlflags='-fPIC', lddlflags='-shared -O2 -g -L/usr/local/lib -fstack-protector'


Characteristics of this binary (from libperl): 
  Compile-time options: HAS_TIMES PERLIO_LAYERS PERL_DONT_CREATE_GVSV
                        PERL_MALLOC_WRAP PERL_PRESERVE_IVUV PERL_USE_DEVEL
                        USE_64_BIT_ALL USE_64_BIT_INT USE_LARGE_FILES
                        USE_LOCALE USE_LOCALE_COLLATE USE_LOCALE_CTYPE
                        USE_LOCALE_NUMERIC USE_PERLIO USE_PERL_ATOF
  Built under linux
  Compiled at Nov 17 2012 23:05:01
  %ENV:
    PERL5LIB=""
    PERL5OPT=""
    PERL5_CPANPLUS_IS_RUNNING="24608"
    PERL5_CPAN_IS_RUNNING="24608"
    PERL_MM_USE_DEFAULT="1"
  @INC:
    /home/src/perl/repoperls/installed-perls/perl/v5.17.5-522-g10ffaf9/165a/lib/site_perl/5.17.6/x86_64-linux
    /home/src/perl/repoperls/installed-perls/perl/v5.17.5-522-g10ffaf9/165a/lib/site_perl/5.17.6
    /home/src/perl/repoperls/installed-perls/perl/v5.17.5-522-g10ffaf9/165a/lib/5.17.6/x86_64-linux
    /home/src/perl/repoperls/installed-perls/perl/v5.17.5-522-g10ffaf9/165a/lib/5.17.6
    .