Report for Time-Duration-Concise-Localize-1.3

Back
From: metabase:user:320bfe00-2aae-11df-837a-5e0a49663a4f
Subject: FAIL Time-Duration-Concise-Localize-1.3 v5.21.2 GNU/Linux
Date: 2014-07-28T14:15:45Z

This distribution has been tested as part of the CPAN Testers
project, supporting the Perl programming language.  See
http://wiki.cpantesters.org/ for more information or email
questions to cpan-testers-discuss@perl.org


--
Dear Binary.com,

This is a computer-generated report for Time-Duration-Concise-Localize-1.3
on perl 5.21.2, created by CPAN-Reporter-1.2011.

Thank you for uploading your work to CPAN.  However, there was a problem
testing your distribution.

If you think this report is invalid, please consult the CPAN Testers Wiki
for suggestions on how to avoid getting FAIL reports for missing library
or binary dependencies, unsupported operating systems, and so on:

http://wiki.cpantesters.org/wiki/CPANAuthorNotes

Sections of this report:

    * Tester comments
    * Program output
    * Prerequisites
    * Environment and other context

------------------------------
TESTER COMMENTS
------------------------------

Additional comments from tester:

this report is from an automated smoke testing program
and was not reviewed by a human for accuracy

------------------------------
PROGRAM OUTPUT
------------------------------

Output from '/usr/bin/make test':

PERL_DL_NONLAZY=1 /home/sand/src/perl/repoperls/installed-perls/perl/v5.21.2/a2da/bin/perl "-MExtUtils::Command::MM" "-MTest::Harness" "-e" "undef *Test::Harness::Switches; test_harness(0, 'blib/lib', 'blib/arch')" t/*.t
# Testing Time::Duration::Concise::Localize 1.3, Perl 5.021002, /home/sand/src/perl/repoperls/installed-perls/perl/v5.21.2/a2da/bin/perl
t/00-load.t ................ ok
t/01-concise_test.t ........ ok
t/02-concise_localize.t .... ok

#   Failed test ' days match.'
#   at t/03-concise_more.t line 66.
#          got: '0.130833333333333333'
#     expected: '0.130833333333333'

#   Failed test ' days match.'
#   at t/03-concise_more.t line 66.
#          got: '0.130833333333333333'
#     expected: '0.130833333333333'

#   Failed test ' days match.'
#   at t/03-concise_more.t line 66.
#          got: '0.130833333333333333'
#     expected: '0.130833333333333'

#   Failed test ' days match.'
#   at t/03-concise_more.t line 66.
#          got: '0.130833333333333333'
#     expected: '0.130833333333333'

#   Failed test ' minutes match.'
#   at t/03-concise_more.t line 64.
#          got: '17.0666666666666667'
#     expected: '17.0666666666667'

#   Failed test ' hours match.'
#   at t/03-concise_more.t line 65.
#          got: '0.284444444444444444'
#     expected: '0.284444444444444'

#   Failed test ' days match.'
#   at t/03-concise_more.t line 66.
#          got: '0.0118518518518518519'
#     expected: '0.0118518518518519'

#   Failed test ' minutes match.'
#   at t/03-concise_more.t line 64.
#          got: '17.0666666666666667'
#     expected: '17.0666666666667'

#   Failed test ' hours match.'
#   at t/03-concise_more.t line 65.
#          got: '0.284444444444444444'
#     expected: '0.284444444444444'

#   Failed test ' days match.'
#   at t/03-concise_more.t line 66.
#          got: '0.0118518518518518519'
#     expected: '0.0118518518518519'

#   Failed test ' minutes match.'
#   at t/03-concise_more.t line 64.
#          got: '17.0666666666666667'
#     expected: '17.0666666666667'

#   Failed test ' hours match.'
#   at t/03-concise_more.t line 65.
#          got: '0.284444444444444444'
#     expected: '0.284444444444444'

#   Failed test ' days match.'
#   at t/03-concise_more.t line 66.
#          got: '0.0118518518518518519'
#     expected: '0.0118518518518519'
# Looks like you failed 13 tests of 120.
t/03-concise_more.t ........ 
Dubious, test returned 13 (wstat 3328, 0xd00)
Failed 13/120 subtests 
t/04-concise_as_string.t ... ok
t/05-concise_as_concise.t .. ok
t/manifest.t ............... skipped: Author tests not required for installation
t/pod-coverage.t ........... ok
t/pod.t .................... ok

Test Summary Report
-------------------
t/03-concise_more.t      (Wstat: 3328 Tests: 120 Failed: 13)
  Failed tests:  56, 63, 70, 77, 82-84, 89-91, 96-98
  Non-zero exit status: 13
Files=9, Tests=188,  3 wallclock secs ( 0.08 usr  0.00 sys +  1.24 cusr  0.07 csys =  1.39 CPU)
Result: FAIL
Failed 1/9 test programs. 13/188 subtests failed.
Makefile:867: recipe for target 'test_dynamic' failed
make: *** [test_dynamic] Error 255

------------------------------
PREREQUISITES
------------------------------

Prerequisite modules loaded:

requires:

    Module              Need  Have        
    ------------------- ----- ------------
    Carp                0     1.34        
    Module::Runtime     0     0.014       
    perl                5.006 5.021002    
    POSIX               0     1.41        
    Tie::Hash::LRU      0     0.05        
    Time::Seconds       1.27  1.27        

build_requires:

    Module              Need  Have        
    ------------------- ----- ------------
    Test::Exception     0     0.32        
    Test::FailWarnings  0     0.008       
    Test::More          0     1.301001_015
    Test::NoWarnings    0     1.04        

configure_requires:

    Module              Need  Have        
    ------------------- ----- ------------
    ExtUtils::MakeMaker 0     6.99_05     


------------------------------
ENVIRONMENT AND OTHER CONTEXT
------------------------------

Environment variables:

    AUTOMATED_TESTING = 1
    LANG = en_US.UTF-8
    LANGUAGE = en_US:en
    PATH = /usr/lib/ccache:/home/sand/bin:/usr/local/bin:/usr/bin:/bin:/usr/games:/usr/local/perl/bin:/usr/X11/bin:/sbin:/usr/sbin
    PERL5LIB = 
    PERL5OPT = 
    PERL5_CPANPLUS_IS_RUNNING = 1194
    PERL5_CPAN_IS_RUNNING = 1194
    PERL_MM_USE_DEFAULT = 1
    SHELL = /usr/bin/zsh
    TERM = screen

Perl special variables (and OS-specific diagnostics, for MSWin32):

    $^X = /home/sand/src/perl/repoperls/installed-perls/perl/v5.21.2/a2da/bin/perl
    $UID/$EUID = 1005 / 1005
    $GID = 1005 1005
    $EGID = 1005 1005

Perl module toolchain versions installed:

    Module              Have        
    ------------------- ------------
    CPAN                2.05        
    CPAN::Meta          2.142060    
    Cwd                 3.49        
    ExtUtils::CBuilder  0.280216    
    ExtUtils::Command   1.18        
    ExtUtils::Install   1.68        
    ExtUtils::MakeMaker 6.99_05     
    ExtUtils::Manifest  1.64        
    ExtUtils::ParseXS   3.25        
    File::Spec          3.49        
    JSON                2.90        
    JSON::PP            2.27203     
    Module::Build       0.4206      
    Module::Signature   0.73        
    Parse::CPAN::Meta   1.4414      
    Test::Harness       3.32        
    Test::More          1.301001_015
    YAML                0.97        
    YAML::Syck          1.27        
    version             0.9908      


--

Summary of my perl5 (revision 5 version 21 subversion 2) configuration:
  Commit id: 0e22af76ea3956d87f75200a0474dae9e3c48a79
  Platform:
    osname=linux, osvers=3.14-1-amd64, archname=x86_64-linux-thread-multi-ld
    uname='linux k83 3.14-1-amd64 #1 smp debian 3.14.5-1 (2014-06-05) x86_64 gnulinux '
    config_args='-Dprefix=/home/sand/src/perl/repoperls/installed-perls/perl/v5.21.2/a2da -Dmyhostname=k83 -Dinstallusrbinperl=n -Uversiononly -Dusedevel -des -Ui_db -Duseithreads -Duselongdouble -DDEBUGGING=-g'
    hint=recommended, useposix=true, d_sigaction=define
    useithreads=define, usemultiplicity=define
    use64bitint=define, use64bitall=define, uselongdouble=define
    usemymalloc=n, bincompat5005=undef
  Compiler:
    cc='cc', ccflags ='-D_REENTRANT -D_GNU_SOURCE -fwrapv -fno-strict-aliasing -pipe -fstack-protector -I/usr/local/include -D_LARGEFILE_SOURCE -D_FILE_OFFSET_BITS=64 -D_FORTIFY_SOURCE=2',
    optimize='-O2 -g',
    cppflags='-D_REENTRANT -D_GNU_SOURCE -fwrapv -fno-strict-aliasing -pipe -fstack-protector -I/usr/local/include'
    ccversion='', gccversion='4.8.3', gccosandvers=''
    intsize=4, longsize=8, ptrsize=8, doublesize=8, byteorder=12345678
    d_longlong=define, longlongsize=8, d_longdbl=define, longdblsize=16
    ivtype='long', ivsize=8, nvtype='long double', nvsize=16, Off_t='off_t', lseeksize=8
    alignbytes=16, prototype=define
  Linker and Libraries:
    ld='cc', ldflags =' -fstack-protector -L/usr/local/lib'
    libpth=/usr/local/lib /usr/lib/gcc/x86_64-linux-gnu/4.8/include-fixed /usr/include/x86_64-linux-gnu /usr/lib /lib/x86_64-linux-gnu /lib/../lib /usr/lib/x86_64-linux-gnu /usr/lib/../lib /lib
    libs=-lnsl -lgdbm -ldb -ldl -lm -lcrypt -lutil -lpthread -lc -lgdbm_compat
    perllibs=-lnsl -ldl -lm -lcrypt -lutil -lpthread -lc
    libc=libc-2.19.so, so=so, useshrplib=false, libperl=libperl.a
    gnulibc_version='2.19'
  Dynamic Linking:
    dlsrc=dl_dlopen.xs, dlext=so, d_dlsymun=undef, ccdlflags='-Wl,-E'
    cccdlflags='-fPIC', lddlflags='-shared -O2 -g -L/usr/local/lib -fstack-protector'


Characteristics of this binary (from libperl): 
  Compile-time options: HAS_TIMES MULTIPLICITY PERLIO_LAYERS
                        PERL_DONT_CREATE_GVSV
                        PERL_HASH_FUNC_ONE_AT_A_TIME_HARD
                        PERL_IMPLICIT_CONTEXT PERL_MALLOC_WRAP
                        PERL_NEW_COPY_ON_WRITE PERL_PRESERVE_IVUV
                        PERL_USE_DEVEL USE_64_BIT_ALL USE_64_BIT_INT
                        USE_ITHREADS USE_LARGE_FILES USE_LOCALE
                        USE_LOCALE_COLLATE USE_LOCALE_CTYPE
                        USE_LOCALE_NUMERIC USE_LOCALE_TIME USE_LONG_DOUBLE
                        USE_PERLIO USE_PERL_ATOF USE_REENTRANT_API
  Built under linux
  Compiled at Jul 22 2014 03:36:25
  %ENV:
    PERL5LIB=""
    PERL5OPT=""
    PERL5_CPANPLUS_IS_RUNNING="1194"
    PERL5_CPAN_IS_RUNNING="1194"
    PERL_MM_USE_DEFAULT="1"
  @INC:
    /home/sand/src/perl/repoperls/installed-perls/perl/v5.21.2/a2da/lib/site_perl/5.21.2/x86_64-linux-thread-multi-ld
    /home/sand/src/perl/repoperls/installed-perls/perl/v5.21.2/a2da/lib/site_perl/5.21.2
    /home/sand/src/perl/repoperls/installed-perls/perl/v5.21.2/a2da/lib/5.21.2/x86_64-linux-thread-multi-ld
    /home/sand/src/perl/repoperls/installed-perls/perl/v5.21.2/a2da/lib/5.21.2
    .