Report for Devel-NYTProf-4.04

Back
From: metabase:user:322078bc-2aae-11df-837a-5e0a49663a4f
Subject: FAIL Devel-NYTProf-4.04 5.10.0 NetBSD
Date: 2010-07-14T07:30:23Z

This distribution has been tested as part of the CPAN Testers
project, supporting the Perl programming language.  See
http://wiki.cpantesters.org/ for more information or email
questions to cpan-testers-discuss@perl.org


--

Dear TIMB,
    
This is a computer-generated error report created automatically by
CPANPLUS, version 0.9007. Testers personal comments may appear 
at the end of this report.


Thank you for uploading your work to CPAN.  However, it appears that
there were some problems testing your distribution.

TEST RESULTS:

Below is the error stack from stage 'make test':

[MSG] [Wed Jul 14 08:25:07 2010] Module 'JSON::XS' requires 'common::sense' version '0' to be installed 
[MSG] [Wed Jul 14 08:25:21 2010] cp lib/Devel/NYTProf/js/bg.png blib/lib/Devel/NYTProf/js/bg.png
cp lib/Devel/NYTProf/js/jquery-tablesorter-min.js blib/lib/Devel/NYTProf/js/jquery-tablesorter-min.js
cp lib/Devel/NYTProf/js/jquery-min.js blib/lib/Devel/NYTProf/js/jquery-min.js
cp benchmark.pl blib/lib/Devel/benchmark.pl
cp lib/Devel/NYTProf/Run.pm blib/lib/Devel/NYTProf/Run.pm
cp lib/Devel/NYTProf/js/asc.png blib/lib/Devel/NYTProf/js/asc.png
cp lib/Devel/NYTProf/Data.pm blib/lib/Devel/NYTProf/Data.pm
cp lib/Devel/NYTProf/SubInfo.pm blib/lib/Devel/NYTProf/SubInfo.pm
cp lib/Devel/NYTProf/js/desc.png blib/lib/Devel/NYTProf/js/desc.png
cp lib/Devel/NYTProf/Reader.pm blib/lib/Devel/NYTProf/Reader.pm
cp lib/Devel/NYTProf/FileInfo.pm blib/lib/Devel/NYTProf/FileInfo.pm
cp lib/Devel/NYTProf/Test.pm blib/lib/Devel/NYTProf/Test.pm
cp lib/Devel/NYTProf.pm blib/lib/Devel/NYTProf.pm
cp lib/Devel/NYTProf/ReadStream.pm blib/lib/Devel/NYTProf/ReadStream.pm
cp lib/Devel/NYTProf/js/jit/jit.js blib/lib/Devel/NYTProf/js/jit/jit.js
cp lib/Devel/NYTProf/js/jit/gradient.png blib/lib/Devel/NYTProf/js/jit/gradient.png
cp lib/Devel/NYTProf/js/jit/gradient-cushion1.png blib/lib/Devel/NYTProf/js/jit/gradient-cushion1.png
cp lib/Devel/NYTProf/js/jit/gradient20.png blib/lib/Devel/NYTProf/js/jit/gradient20.png
cp lib/Devel/NYTProf/js/jit/gradient40.png blib/lib/Devel/NYTProf/js/jit/gradient40.png
cp lib/Devel/NYTProf/Core.pm blib/lib/Devel/NYTProf/Core.pm
cp lib/Devel/NYTProf/Apache.pm blib/lib/Devel/NYTProf/Apache.pm
cp lib/Devel/NYTProf/js/jit/gradient30.png blib/lib/Devel/NYTProf/js/jit/gradient30.png
cp lib/Devel/NYTProf/FileHandle.pm blib/lib/Devel/NYTProf/FileHandle.pm
cp lib/Devel/NYTProf/js/jit/gradient50.png blib/lib/Devel/NYTProf/js/jit/gradient50.png
cp lib/Devel/NYTProf/Util.pm blib/lib/Devel/NYTProf/Util.pm
cp lib/Devel/NYTProf/Constants.pm blib/lib/Devel/NYTProf/Constants.pm
cp lib/Devel/NYTProf/js/style-tablesorter.css blib/lib/Devel/NYTProf/js/style-tablesorter.css
cp lib/Devel/NYTProf/js/jit/jit-yc.js blib/lib/Devel/NYTProf/js/jit/jit-yc.js
cp lib/Devel/NYTProf/js/jit/Treemap.css blib/lib/Devel/NYTProf/js/jit/Treemap.css
/home/cpan/pit/rel/perl-5.10.0/bin/perl /home/cpan/pit/rel/perl-5.10.0/lib/5.10.0/ExtUtils/xsubpp  -typemap /home/cpan/pit/rel/perl-5.10.0/lib/5.10.0/ExtUtils/typemap -typemap typemap  FileHandle.xs > FileHandle.xsc && mv FileHandle.xsc FileHandle.c
cc -c    -fno-strict-aliasing -pipe -I/usr/pkg/include -O    -DVERSION=\"4.04\"  -DXS_VERSION=\"4.04\" -DPIC -fPIC "-I/home/cpan/pit/rel/perl-5.10.0/lib/5.10.0/i386-netbsd-thread-multi-64int/CORE"  -DHAS_CLOCK_GETTIME -DHAS_ZLIB -DUSE_HARD_ASSERT -W -Wall -Wpointer-arith -Wbad-function-cast -Wno-comment -Wno-sign-compare -Wno-cast-qual -Wmissing-noreturn -Wno-unused-parameter FileHandle.c
FileHandle.c: In function 'S_croak_xs_usage':
FileHandle.c:1132: warning: function might be possible candidate for attribute 'noreturn'
FileHandle.xs: In function 'NYTP_write_sawampersand':
FileHandle.xs:896: warning: 'total' is used uninitialized in this function
/home/cpan/pit/rel/perl-5.10.0/bin/perl /home/cpan/pit/rel/perl-5.10.0/lib/5.10.0/ExtUtils/xsubpp  -typemap /home/cpan/pit/rel/perl-5.10.0/lib/5.10.0/ExtUtils/typemap -typemap typemap  NYTProf.xs > NYTProf.xsc && mv NYTProf.xsc NYTProf.c
cc -c    -fno-strict-aliasing -pipe -I/usr/pkg/include -O    -DVERSION=\"4.04\"  -DXS_VERSION=\"4.04\" -DPIC -fPIC "-I/home/cpan/pit/rel/perl-5.10.0/lib/5.10.0/i386-netbsd-thread-multi-64int/CORE"  -DHAS_CLOCK_GETTIME -DHAS_ZLIB -DUSE_HARD_ASSERT -W -Wall -Wpointer-arith -Wbad-function-cast -Wno-comment -Wno-sign-compare -Wno-cast-qual -Wmissing-noreturn -Wno-unused-parameter NYTProf.c
NYTProf.xs: In function 'eval_prefix':
NYTProf.xs:554: warning: array subscript has type 'char'
NYTProf.xs:557: warning: array subscript has type 'char'
NYTProf.c: At top level:
NYTProf.xs:814: warning: 'lookup_file_entry' defined but not used
NYTProf.c: In function 'S_croak_xs_usage':
NYTProf.c:4865: warning: function might be possible candidate for attribute 'noreturn'
Running Mkbootstrap for Devel::NYTProf ()
chmod 644 NYTProf.bs
rm -f blib/arch/auto/Devel/NYTProf/NYTProf.so
LD_RUN_PATH="/usr/lib:/lib" cc  --whole-archive -shared  -L/usr/pkg/lib FileHandle.o  NYTProf.o  -o blib/arch/auto/Devel/NYTProf/NYTProf.so 	  -lrt -lz  	 
chmod 755 blib/arch/auto/Devel/NYTProf/NYTProf.so
cp NYTProf.bs blib/arch/auto/Devel/NYTProf/NYTProf.bs
chmod 644 blib/arch/auto/Devel/NYTProf/NYTProf.bs
cp blib/arch/auto/Devel/NYTProf/NYTProf.so blib/lib/Devel/auto/Devel/NYTProf/NYTProf.so
cp bin/nytprofcg blib/script/nytprofcg
/home/cpan/pit/rel/perl-5.10.0/bin/perl -MExtUtils::MY -e 'MY->fixin(shift)' -- blib/script/nytprofcg
cp bin/nytprofmerge blib/script/nytprofmerge
/home/cpan/pit/rel/perl-5.10.0/bin/perl -MExtUtils::MY -e 'MY->fixin(shift)' -- blib/script/nytprofmerge
cp bin/nytprofcsv blib/script/nytprofcsv
/home/cpan/pit/rel/perl-5.10.0/bin/perl -MExtUtils::MY -e 'MY->fixin(shift)' -- blib/script/nytprofcsv
cp bin/nytprofhtml blib/script/nytprofhtml
/home/cpan/pit/rel/perl-5.10.0/bin/perl -MExtUtils::MY -e 'MY->fixin(shift)' -- blib/script/nytprofhtml
Manifying blib/man1/nytprofcg.1
Manifying blib/man1/nytprofcsv.1
Manifying blib/man1/nytprofhtml.1
Manifying blib/man3/Devel::NYTProf::Apache.3
Manifying blib/man3/Devel::NYTProf::Core.3
Manifying blib/man3/Devel::NYTProf::Run.3
Manifying blib/man3/Devel::NYTProf::Data.3
Manifying blib/man3/Devel::NYTProf::FileInfo.3
Manifying blib/man3/Devel::NYTProf::ReadStream.3
Manifying blib/man3/Devel::NYTProf.3
Manifying blib/man3/Devel::NYTProf::Util.3

[ERROR] [Wed Jul 14 08:30:22 2010] MAKE TEST failed: No such file or directory cp blib/arch/auto/Devel/NYTProf/NYTProf.so blib/lib/Devel/auto/Devel/NYTProf/NYTProf.so
PERL_DL_NONLAZY=1 /home/cpan/pit/rel/perl-5.10.0/bin/perl "-MExtUtils::Command::MM" "-e" "test_harness(0, 'blib/lib', 'blib/arch')" t/*.t
# Testing Devel::NYTProf 4.04 started at Wed Jul 14 08:25:23 2010
# Compression: default level is 6, zlib version 1.2.3
# --- Perl 5.010000 Config on i386-netbsd-thread-multi-64int:
# 	d_gettimeod: define
# 	d_sysconf: define
t/00-load.t ............ ok
t/10-run.t ............. ok
t/22-readstream.t ...... ok
t/30-util.t ............ ok
t/31-env.t ............. ok
t/40-savesrc.t ......... skipped: needs perl >= 5.8.9 or >= 5.10.1
t/42-global.t .......... ok
t/44-model.t ........... ok
t/50-errno.t ........... ok
t/60-forkdepth.t ....... ok

#   Failed test 'cputime of foo() should be not much more than 0.4'
#   at t/61-cputime.t line 42.
#     '1.03'
#         <
#     '1'
# SUMMARY: Breakdown of 61-cputime test failures by option settings:
#      use_db_sub: 0 => {pass 1}, 1 => {fail 1}
# Passed with compress=1:file=nytprof_61-cputime.out:leave=0:savesrc=0:slowops=0:start=init:stmts=0:use_db_sub=0:usecputime=1
# FAILED with compress=1:file=nytprof_61-cputime.out:leave=0:savesrc=0:slowops=0:start=init:stmts=0:use_db_sub=1:usecputime=1
# Looks like you failed 1 test of 15.
t/61-cputime.t ......... 
Dubious, test returned 1 (wstat 256, 0x100)
Failed 1/15 subtests 
t/70-subname.t ......... skipped: Sub::Name required
t/80-version.t ......... ok
t/90-pod.t ............. skipped: Test::Pod 1.00 required for testing POD
t/91-pod_coverage.t .... skipped: Test::Pod::Coverage 1.04 required for testing POD coverage
t/92-file_port.t ....... skipped: Currently a developer-only test
t/test01.t ............. ok
t/test02.t ............. ok
t/test03.t ............. ok
t/test05.t ............. ok
t/test06.t ............. ok
t/test07.t ............. ok
t/test08.t ............. ok
t/test09.t ............. ok
t/test10.t ............. ok
t/test11.t ............. ok
t/test12.t ............. ok
t/test13.t ............. ok
Ignoring '#line 16 "test14.pm (autosplit into auto/test14/bar.al)"' directive at line 15 - profile data for /home/cpan/pit/rel/conf/perl-5.10.0/.cpanplus/5.10.0/build/Devel-NYTProf-4.04/t/test14.pm will be out of sync with source!
Ignoring '#line 16 "test14.pm (autosplit into auto/test14/bar.al)"' directive at line 15 - profile data for /home/cpan/pit/rel/conf/perl-5.10.0/.cpanplus/5.10.0/build/Devel-NYTProf-4.04/t/test14.pm will be out of sync with source!
Ignoring '#line 16 "test14.pm (autosplit into auto/test14/bar.al)"' directive at line 15 - profile data for /home/cpan/pit/rel/conf/perl-5.10.0/.cpanplus/5.10.0/build/Devel-NYTProf-4.04/t/test14.pm will be out of sync with source!
Ignoring '#line 16 "test14.pm (autosplit into auto/test14/bar.al)"' directive at line 15 - profile data for /home/cpan/pit/rel/conf/perl-5.10.0/.cpanplus/5.10.0/build/Devel-NYTProf-4.04/t/test14.pm will be out of sync with source!
t/test14.t ............. ok
t/test16.t ............. ok
t/test17-goto.t ........ ok
t/test18-goto2.t ....... ok
t/test20-streval.t ..... ok
t/test21-streval3.t .... ok
t/test22-strevala.t .... ok
t/test23-strevall.t .... ok
t/test24-strevalc.t .... ok
t/test25-strevalb.t .... ok
t/test30-fork-0.t ...... ok
t/test40pmc.t .......... ok
t/test50-disable.t ..... ok
t/test51-enable.t ...... ok
t/test60-subname.t ..... skipped: needs perl >= 5.8.9 or >= 5.10.1
t/test61-submerge.t .... ok
t/test62-subcaller1.t .. skipped: needs perl >= 5.8.9 or >= 5.10.1
t/test70-subexcl.t ..... ok
t/test80-recurs.t ...... ok
t/test81-swash.t ....... ok
t/test82-version.t ..... ok
# Tests ended at Wed Jul 14 08:30:22 2010
t/zzz.t ................ ok

Test Summary Report
-------------------
t/61-cputime.t       (Wstat: 256 Tests: 15 Failed: 1)
  Failed test:  6
  Non-zero exit status: 1
Files=50, Tests=3852, 300 wallclock secs ( 2.60 usr  2.66 sys + 121.09 cusr 97.53 csys = 223.88 CPU)
Result: FAIL
Failed 1/50 test programs. 1/3852 subtests failed.
*** Error code 255

Stop.
make: stopped in /home/cpan/pit/rel/conf/perl-5.10.0/.cpanplus/5.10.0/build/Devel-NYTProf-4.04

[MSG] [Wed Jul 14 08:30:22 2010] DEFAULT 'proceed_on_test_failure' HANDLER RETURNING 'sub return value'

PREREQUISITES:

Here is a list of prerequisites you specified and versions we 
managed to load:
                                
	  Module Name                        Have     Want
	  Getopt::Long                       2.37        0
	  JSON::Any                          1.22        0
	  List::Util                         1.19        0
	  Test::More                         0.94     0.84
	  XSLoader                           0.08        0

Perl module toolchain versions installed:
	Module Name                        Have
	CPANPLUS                         0.9007
	CPANPLUS::Dist::Build              0.46
	Cwd                                3.31
	ExtUtils::CBuilder               0.2703
	ExtUtils::Command                  1.16
	ExtUtils::Install                  1.54
	ExtUtils::MakeMaker                6.56
	ExtUtils::Manifest                 1.58
	ExtUtils::ParseXS                2.2206
	File::Spec                         3.31
	Module::Build                    0.3607
	Test::Harness                      3.21
	Test::More                         0.94
	version                            0.82

******************************** NOTE ********************************
The comments above are created mechanically, possibly without manual
checking by the sender.  As there are many people performing automatic
tests on each upload to CPAN, it is likely that you will receive 
identical messages about the same problem.

If you believe that the message is mistaken, please reply to the first
one with correction and/or additional informations, and do not take
it personally.  We appreciate your patience. :)
**********************************************************************

Additional comments:
 

This report was machine-generated by CPANPLUS::Dist::YACSmoke 0.58.
Powered by minismokebox version 0.26

------------------------------
ENVIRONMENT AND OTHER CONTEXT
------------------------------

Environment variables:

    AUTOMATED_TESTING = 1
    PATH = /home/cpan/bin:/bin:/sbin:/usr/bin:/usr/sbin:/usr/X11R7/bin:/usr/X11R6/bin:/usr/pkg/bin:/usr/pkg/sbin:/usr/games:/usr/local/bin:/usr/local/sbin
    PERL5LIB = :/home/cpan/pit/rel/conf/perl-5.10.0/.cpanplus/5.10.0/build/JSON-2.21/blib/lib:/home/cpan/pit/rel/conf/perl-5.10.0/.cpanplus/5.10.0/build/JSON-2.21/blib/arch:/home/cpan/pit/rel/conf/perl-5.10.0/.cpanplus/5.10.0/build/common-sense-3.3/blib/lib:/home/cpan/pit/rel/conf/perl-5.10.0/.cpanplus/5.10.0/build/common-sense-3.3/blib/arch:/home/cpan/pit/rel/conf/perl-5.10.0/.cpanplus/5.10.0/build/JSON-XS-2.29/blib/lib:/home/cpan/pit/rel/conf/perl-5.10.0/.cpanplus/5.10.0/build/JSON-XS-2.29/blib/arch:/home/cpan/pit/rel/conf/perl-5.10.0/.cpanplus/5.10.0/build/JSON-Any-1.22/blib/lib:/home/cpan/pit/rel/conf/perl-5.10.0/.cpanplus/5.10.0/build/JSON-Any-1.22/blib/arch:/home/cpan/pit/rel/conf/perl-5.10.0/.cpanplus/5.10.0/build/Devel-NYTProf-4.04/blib/lib:/home/cpan/pit/rel/conf/perl-5.10.0/.cpanplus/5.10.0/build/Devel-NYTProf-4.04/blib/arch
    PERL5_CPANPLUS_IS_RUNNING = 10252
    PERL5_CPANPLUS_IS_VERSION = 0.9007
    PERL5_MINISMOKEBOX = 0.26
    PERL5_YACSMOKE_BASE = /home/cpan/pit/rel/conf/perl-5.10.0
    PERL_EXTUTILS_AUTOINSTALL = --defaultdeps
    PERL_MM_USE_DEFAULT = 1
    SHELL = /usr/pkg/bin/bash
    TERM = screen

Perl special variables (and OS-specific diagnostics, for MSWin32):

    Perl: $^X = /home/cpan/pit/rel/perl-5.10.0/bin/perl
    UID:  $<  = 1000
    EUID: $>  = 1000
    GID:  $(  = 100 100
    EGID: $)  = 100 100


-------------------------------


--

Summary of my perl5 (revision 5 version 10 subversion 0) configuration:
  Platform:
    osname=netbsd, osvers=5.0.1, archname=i386-netbsd-thread-multi-64int
    uname='netbsd leapfrog.bingosnet.co.uk 5.0.1 netbsd 5.0.1 (generic) #0: thu jul 30 01:39:11 utc 2009 builds@b8.netbsd.org:homebuildsabnetbsd-5-0-1-releasei386200907292356z-objhomebuildsabnetbsd-5-0-1-releasesrcsysarchi386compilegeneric i386 '
    config_args='-de -Dprefix=/home/cpan/pit/rel/perl-5.10.0 -Dusethreads -Duse64bitint -Dusemallocwrap=y -Dusemymalloc=n'
    hint=recommended, useposix=true, d_sigaction=define
    useithreads=define, usemultiplicity=define
    useperlio=define, d_sfio=undef, uselargefiles=define, usesocks=undef
    use64bitint=define, use64bitall=undef, uselongdouble=undef
    usemymalloc=n, bincompat5005=undef
  Compiler:
    cc='cc', ccflags ='-fno-strict-aliasing -pipe -I/usr/pkg/include',
    optimize='-O',
    cppflags='-fno-strict-aliasing -pipe -I/usr/pkg/include'
    ccversion='', gccversion='4.1.3 20080704 prerelease (NetBSD nb2 20081120)', gccosandvers=''
    intsize=4, longsize=4, ptrsize=4, doublesize=8, byteorder=12345678
    d_longlong=define, longlongsize=8, d_longdbl=define, longdblsize=12
    ivtype='long long', ivsize=8, nvtype='double', nvsize=8, Off_t='off_t', lseeksize=8
    alignbytes=4, prototype=define
  Linker and Libraries:
    ld='cc', ldflags =' -Wl,-rpath,/usr/pkg/lib -Wl,-rpath,/usr/local/lib -L/usr/pkg/lib'
    libpth=/usr/pkg/lib /lib /usr/lib
    libs=-lm -lcrypt -lutil -lc -lposix -lpthread
    perllibs=-lm -lcrypt -lutil -lc -lposix -lpthread
    libc=/lib/libc.so, so=so, useshrplib=false, libperl=libperl.a
    gnulibc_version=''
  Dynamic Linking:
    dlsrc=dl_dlopen.xs, dlext=so, d_dlsymun=undef, ccdlflags='-Wl,-E '
    cccdlflags='-DPIC -fPIC ', lddlflags='--whole-archive -shared  -L/usr/pkg/lib'


Characteristics of this binary (from libperl): 
  Compile-time options: MULTIPLICITY PERL_DONT_CREATE_GVSV
                        PERL_IMPLICIT_CONTEXT PERL_MALLOC_WRAP USE_64_BIT_INT
                        USE_ITHREADS USE_LARGE_FILES USE_PERLIO
                        USE_REENTRANT_API
  Built under netbsd
  Compiled at Dec 24 2009 23:11:28
  %ENV:
    PERL5LIB=":/home/cpan/pit/rel/conf/perl-5.10.0/.cpanplus/5.10.0/build/JSON-2.21/blib/lib:/home/cpan/pit/rel/conf/perl-5.10.0/.cpanplus/5.10.0/build/JSON-2.21/blib/arch:/home/cpan/pit/rel/conf/perl-5.10.0/.cpanplus/5.10.0/build/common-sense-3.3/blib/lib:/home/cpan/pit/rel/conf/perl-5.10.0/.cpanplus/5.10.0/build/common-sense-3.3/blib/arch:/home/cpan/pit/rel/conf/perl-5.10.0/.cpanplus/5.10.0/build/JSON-XS-2.29/blib/lib:/home/cpan/pit/rel/conf/perl-5.10.0/.cpanplus/5.10.0/build/JSON-XS-2.29/blib/arch:/home/cpan/pit/rel/conf/perl-5.10.0/.cpanplus/5.10.0/build/JSON-Any-1.22/blib/lib:/home/cpan/pit/rel/conf/perl-5.10.0/.cpanplus/5.10.0/build/JSON-Any-1.22/blib/arch:/home/cpan/pit/rel/conf/perl-5.10.0/.cpanplus/5.10.0/build/Devel-NYTProf-4.04/blib/lib:/home/cpan/pit/rel/conf/perl-5.10.0/.cpanplus/5.10.0/build/Devel-NYTProf-4.04/blib/arch"
    PERL5_CPANPLUS_IS_RUNNING="10252"
    PERL5_CPANPLUS_IS_VERSION="0.9007"
    PERL5_MINISMOKEBOX="0.26"
    PERL5_YACSMOKE_BASE="/home/cpan/pit/rel/conf/perl-5.10.0"
    PERL_EXTUTILS_AUTOINSTALL="--defaultdeps"
    PERL_MM_USE_DEFAULT="1"
  @INC:
    /home/cpan/pit/rel/conf/perl-5.10.0/.cpanplus/5.10.0/build/JSON-2.21/blib/lib
    /home/cpan/pit/rel/conf/perl-5.10.0/.cpanplus/5.10.0/build/JSON-2.21/blib/arch
    /home/cpan/pit/rel/conf/perl-5.10.0/.cpanplus/5.10.0/build/common-sense-3.3/blib/lib
    /home/cpan/pit/rel/conf/perl-5.10.0/.cpanplus/5.10.0/build/common-sense-3.3/blib/arch
    /home/cpan/pit/rel/conf/perl-5.10.0/.cpanplus/5.10.0/build/JSON-XS-2.29/blib/lib
    /home/cpan/pit/rel/conf/perl-5.10.0/.cpanplus/5.10.0/build/JSON-XS-2.29/blib/arch
    /home/cpan/pit/rel/conf/perl-5.10.0/.cpanplus/5.10.0/build/JSON-Any-1.22/blib/lib
    /home/cpan/pit/rel/conf/perl-5.10.0/.cpanplus/5.10.0/build/JSON-Any-1.22/blib/arch
    /home/cpan/pit/rel/conf/perl-5.10.0/.cpanplus/5.10.0/build/Devel-NYTProf-4.04/blib/lib
    /home/cpan/pit/rel/conf/perl-5.10.0/.cpanplus/5.10.0/build/Devel-NYTProf-4.04/blib/arch
    /home/cpan/pit/rel/perl-5.10.0/lib/5.10.0/i386-netbsd-thread-multi-64int
    /home/cpan/pit/rel/perl-5.10.0/lib/5.10.0
    /home/cpan/pit/rel/perl-5.10.0/lib/site_perl/5.10.0/i386-netbsd-thread-multi-64int
    /home/cpan/pit/rel/perl-5.10.0/lib/site_perl/5.10.0
    .