Report for Clownfish-0.6.2

Back
From: metabase:user:30f4dfbe-2aae-11df-837a-5e0a49663a4f
Subject: FAIL Clownfish-0.6.2 5.8.8 GNU/Linux
Date: 2017-11-22T13:54:29Z

This distribution has been tested as part of the CPAN Testers
project, supporting the Perl programming language.  See
http://wiki.cpantesters.org/ for more information or email
questions to cpan-testers-discuss@perl.org


--
Dear Nick Wellnhofer,

This is a computer-generated report for Clownfish-0.6.2
on perl 5.8.8, created by CPAN-Reporter-1.2017.

Thank you for uploading your work to CPAN.  However, there was a problem
testing your distribution.

If you think this report is invalid, please consult the CPAN Testers Wiki
for suggestions on how to avoid getting FAIL reports for missing library
or binary dependencies, unsupported operating systems, and so on:

http://wiki.cpantesters.org/wiki/CPANAuthorNotes

Sections of this report:

    * Tester comments
    * Program output
    * Prerequisites
    * Environment and other context

------------------------------
TESTER COMMENTS
------------------------------

Additional comments from tester:

this report is from an automated smoke testing program
and was not reviewed by a human for accuracy

------------------------------
PROGRAM OUTPUT
------------------------------

Output from './Build test':

make core_objects
make: Nothing to be done for 'core_objects'.
make test_objects
make: Nothing to be done for 'test_objects'.
t/binding/010-class.t ...... ok
t/binding/002-clownfish.t .. ok
t/binding/017-hash.t ....... ok
t/binding/018-host.t ....... ok
t/binding/019-obj.t ........ ok
t/binding/021-blob.t ....... ok
t/binding/022-bytebuf.t .... ok
t/binding/023-string.t ..... ok
t/binding/029-charbuf.t .... ok
t/binding/031-num.t ........ ok
t/binding/016-vector.t ..... ok
t/core/010-class.t ......... ok
t/binding/034-err.t ........ ok
t/core/011-method.t ........ ok
t/core/016-vector.t ........ ok
t/core/019-obj.t ........... ok
Can't convert to Clownfish::Err
	cfish_XSBind_perl_to_cfish_nullable at xs/XSBind.c line 129
	at /home/njh/.cpan/build/Clownfish-0.6.2-7/blib/lib/Clownfish/Test.pm line 34
t/core/020-err.t ........... 
Dubious, test returned 255 (wstat 65280, 0xff00)
Failed 3/15 subtests 
t/core/021-blob.t .......... ok
t/core/022-bytebuf.t ....... ok
t/core/017-hash.t .......... ok
t/core/023-string.t ........ ok
t/core/030-boolean.t ....... ok
t/core/031-num.t ........... ok
t/core/037-atomic.t ........ ok
t/core/039-memory.t ........ ok
t/core/050-ptrhash.t ....... ok
t/core/029-charbuf.t ....... ok

Test Summary Report
-------------------
t/core/020-err.t         (Wstat: 65280 Tests: 12 Failed: 0)
  Non-zero exit status: 255
  Parse errors: Bad plan.  You planned 15 tests but ran 12.
Files=27, Tests=736,  0 wallclock secs ( 0.13 usr  0.09 sys +  1.31 cusr  0.09 csys =  1.62 CPU)
Result: FAIL
Failed 1/27 test programs. 0/736 subtests failed.

------------------------------
PREREQUISITES
------------------------------

Prerequisite modules loaded:

requires:

    Module                      Need     Have    
    --------------------------- -------- --------
    perl                        v5.8.3   5.008008

build_requires:

    Module                      Need     Have    
    --------------------------- -------- --------
    Clownfish::CFC              0.006002 0.006002
    Devel::PPPort               3.14     3.36    
    ExtUtils::CBuilder          0.21     0.280224
    ExtUtils::ParseXS           3        3.30    
    Module::Build               0.280801 0.4216  

configure_requires:

    Module                      Need     Have    
    --------------------------- -------- --------
    Clownfish::CFC::Perl::Build 0.006002 0.006002
    Module::Build               0.280801 0.4216  


------------------------------
ENVIRONMENT AND OTHER CONTEXT
------------------------------

Environment variables:

    AUTOMATED_TESTING = 1
    HARNESS_OPTIONS = j2
    LANG = en_US.UTF-8
    PATH = /home/njh/perl5/perlbrew/bin:/home/njh/perl5/perlbrew/perls/perl-5.8.8/bin:/home/njh/perl5/perlbrew/bin:/usr/bin:/bin
    PERL5LIB = /home/njh/.cpan/build/Clownfish-CFC-0.6.2-7/blib/arch:/home/njh/.cpan/build/Clownfish-CFC-0.6.2-7/blib/lib:/home/njh/.cpan/build/Devel-PPPort-3.36-5/blib/arch:/home/njh/.cpan/build/Devel-PPPort-3.36-5/blib/lib:/home/njh/.cpan/build/Lingua-Stem-Snowball-Ca-0.01-7/blib/arch:/home/njh/.cpan/build/Lingua-Stem-Snowball-Ca-0.01-7/blib/lib
    PERL5OPT = 
    PERL5_CPANPLUS_IS_RUNNING = 25834
    PERL5_CPAN_IS_RUNNING = 25834
    PERLBREW_BASHRC_VERSION = 0.73
    PERLBREW_HOME = /home/njh/.perlbrew
    PERLBREW_LIB = 
    PERLBREW_MANPATH = /home/njh/perl5/perlbrew/perls/perl-5.8.8/man
    PERLBREW_PATH = /home/njh/perl5/perlbrew/bin:/home/njh/perl5/perlbrew/perls/perl-5.8.8/bin
    PERLBREW_PERL = perl-5.8.8
    PERLBREW_ROOT = /home/njh/perl5/perlbrew
    PERLBREW_VERSION = 0.73
    PERL_LOCAL_LIB_ROOT = 
    SHELL = /bin/sh

Perl special variables (and OS-specific diagnostics, for MSWin32):

    $^X = /home/njh/perl5/perlbrew/perls/perl-5.8.8/bin/perl
    $UID/$EUID = 1000 / 1000
    $GID = 1000 1000 108 46 44 30 29 25 24 4
    $EGID = 1000 1000 108 46 44 30 29 25 24 4

Perl module toolchain versions installed:

    Module              Have    
    ------------------- --------
    CPAN                2.16    
    CPAN::Meta          2.150005
    Cwd                 3.60    
    ExtUtils::CBuilder  0.280224
    ExtUtils::Command   7.18    
    ExtUtils::Install   1.54    
    ExtUtils::MakeMaker 7.18    
    ExtUtils::Manifest  1.70    
    ExtUtils::ParseXS   3.30    
    File::Spec          3.60    
    JSON                n/a     
    JSON::PP            2.27203 
    Module::Build       0.4216  
    Module::Signature   n/a     
    Parse::CPAN::Meta   1.4417  
    Test::Harness       3.35    
    Test::More          1.001014
    YAML                1.23    
    YAML::Syck          1.30    
    version             0.9912  


--

Summary of my perl5 (revision 5 version 8 subversion 8) configuration:
  Platform:
    osname=linux, osvers=4.2.0-1-686-pae, archname=i686-linux-thread-multi
    uname='linux zack 4.2.0-1-686-pae #1 smp debian 4.2.6-1 (2015-11-10) i686 gnulinux '
    config_args='-de -Dprefix=/home/njh/perl5/perlbrew/perls/perl-5.8.8 -Duseithreads -Dusemultiplicity -Dusedevel -Accflags= -Aeval:scriptdir=/home/njh/perl5/perlbrew/perls/perl-5.8.8/bin'
    hint=recommended, useposix=true, d_sigaction=define
    usethreads=define use5005threads=undef useithreads=define usemultiplicity=define
    useperlio=define d_sfio=undef uselargefiles=define usesocks=undef
    use64bitint=undef use64bitall=undef uselongdouble=undef
    usemymalloc=n, bincompat5005=undef
  Compiler:
    cc='cc', ccflags ='-D_REENTRANT -D_GNU_SOURCE -fno-strict-aliasing -pipe -Wdeclaration-after-statement -I/usr/local/include -D_LARGEFILE_SOURCE -D_FILE_OFFSET_BITS=64',
    optimize='-O2',
    cppflags='-D_REENTRANT -D_GNU_SOURCE -fno-strict-aliasing -pipe -Wdeclaration-after-statement -I/usr/local/include'
    ccversion='', gccversion='5.2.1 20151121', gccosandvers=''
    intsize=4, longsize=4, ptrsize=4, doublesize=8, byteorder=1234
    d_longlong=define, longlongsize=8, d_longdbl=define, longdblsize=12
    ivtype='long', ivsize=4, nvtype='double', nvsize=8, Off_t='off_t', lseeksize=8
    alignbytes=4, prototype=define
  Linker and Libraries:
    ld='cc', ldflags =' -L/usr/local/lib'
    libpth=/usr/local/lib /lib/i386-linux-gnu /lib/../lib /usr/lib/i386-linux-gnu /usr/lib/../lib /lib /usr/lib
    libs=-lnsl -lgdbm -ldb -ldl -lm -lcrypt -lutil -lpthread -lc -lgdbm_compat
    perllibs=-lnsl -ldl -lm -lcrypt -lutil -lpthread -lc -lgdbm_compat
    libc=libc-2.19.so, so=so, useshrplib=false, libperl=libperl.a
    gnulibc_version='2.19'
  Dynamic Linking:
    dlsrc=dl_dlopen.xs, dlext=so, d_dlsymun=undef, ccdlflags='-Wl,-E'
    cccdlflags='-fpic', lddlflags='-shared -L/usr/local/lib'


Characteristics of this binary (from libperl): 
  Compile-time options: MULTIPLICITY PERL_IMPLICIT_CONTEXT
                        PERL_MALLOC_WRAP USE_ITHREADS USE_LARGE_FILES
                        USE_PERLIO USE_REENTRANT_API
  Locally applied patches:
	Devel::PatchPerl 1.38
  Built under linux
  Compiled at Nov 24 2015 05:03:18
  %ENV:
    PERL5LIB="/home/njh/.cpan/build/Clownfish-CFC-0.6.2-7/blib/arch:/home/njh/.cpan/build/Clownfish-CFC-0.6.2-7/blib/lib:/home/njh/.cpan/build/Devel-PPPort-3.36-5/blib/arch:/home/njh/.cpan/build/Devel-PPPort-3.36-5/blib/lib:/home/njh/.cpan/build/Lingua-Stem-Snowball-Ca-0.01-7/blib/arch:/home/njh/.cpan/build/Lingua-Stem-Snowball-Ca-0.01-7/blib/lib"
    PERL5OPT=""
    PERL5_CPANPLUS_IS_RUNNING="25834"
    PERL5_CPAN_IS_RUNNING="25834"
    PERLBREW_BASHRC_VERSION="0.73"
    PERLBREW_HOME="/home/njh/.perlbrew"
    PERLBREW_LIB=""
    PERLBREW_MANPATH="/home/njh/perl5/perlbrew/perls/perl-5.8.8/man"
    PERLBREW_PATH="/home/njh/perl5/perlbrew/bin:/home/njh/perl5/perlbrew/perls/perl-5.8.8/bin"
    PERLBREW_PERL="perl-5.8.8"
    PERLBREW_ROOT="/home/njh/perl5/perlbrew"
    PERLBREW_VERSION="0.73"
    PERL_LOCAL_LIB_ROOT=""
  @INC:
    /home/njh/.cpan/build/Clownfish-CFC-0.6.2-7/blib/arch
    /home/njh/.cpan/build/Clownfish-CFC-0.6.2-7/blib/lib
    /home/njh/.cpan/build/Devel-PPPort-3.36-5/blib/arch
    /home/njh/.cpan/build/Devel-PPPort-3.36-5/blib/lib
    /home/njh/.cpan/build/Lingua-Stem-Snowball-Ca-0.01-7/blib/arch
    /home/njh/.cpan/build/Lingua-Stem-Snowball-Ca-0.01-7/blib/lib
    /home/njh/perl5/perlbrew/perls/perl-5.8.8/lib/5.8.8/i686-linux-thread-multi
    /home/njh/perl5/perlbrew/perls/perl-5.8.8/lib/5.8.8
    /home/njh/perl5/perlbrew/perls/perl-5.8.8/lib/site_perl/5.8.8/i686-linux-thread-multi
    /home/njh/perl5/perlbrew/perls/perl-5.8.8/lib/site_perl/5.8.8
    /home/njh/perl5/perlbrew/perls/perl-5.8.8/lib/site_perl
    .