Report for IO-Async-0.38

Back
From: metabase:user:320bfe00-2aae-11df-837a-5e0a49663a4f
Subject: FAIL IO-Async-0.38 v5.13.9 GNU/Linux
Date: 2011-02-04T00:28:16Z

This distribution has been tested as part of the CPAN Testers
project, supporting the Perl programming language.  See
http://wiki.cpantesters.org/ for more information or email
questions to cpan-testers-discuss@perl.org


--
Dear Paul Evans,

This is a computer-generated report for IO-Async-0.38
on perl 5.13.9, created by CPAN-Reporter-1.1902.

Thank you for uploading your work to CPAN.  However, there was a problem
testing your distribution.

If you think this report is invalid, please consult the CPAN Testers Wiki
for suggestions on how to avoid getting FAIL reports for missing library
or binary dependencies, unsupported operating systems, and so on:

http://wiki.cpantesters.org/wiki/CPANAuthorNotes

Sections of this report:

    * Tester comments
    * Program output
    * Prerequisites
    * Environment and other context

------------------------------
TESTER COMMENTS
------------------------------

Additional comments from tester:

this report is from an automated smoke testing program
and was not reviewed by a human for accuracy

------------------------------
PROGRAM OUTPUT
------------------------------

Output from './Build test':

t/00use.t .................... ok
t/01timequeue.t .............. ok
t/02loop-magic.t ............. ok
t/03loop-osabstract.t ........ ok
t/04notifier.t ............... ok
t/05notifier-child.t ......... ok
t/10loop-poll-io.t ........... ok
t/10loop-select-io.t ......... ok
t/11loop-poll-timer.t ........ ok
t/11loop-select-timer.t ...... ok
t/12loop-poll-signal.t ....... ok
t/12loop-select-signal.t ..... ok
t/13loop-poll-idle.t ......... ok
t/13loop-select-idle.t ....... ok
t/14loop-poll-child.t ........ ok
t/14loop-select-child.t ...... ok
t/15loop-poll-control.t ...... ok
t/15loop-select-control.t .... ok
t/18loop-poll-legacy.t ....... ok
t/18loop-select-legacy.t ..... ok
t/19test.t ................... ok
t/20handle.t ................. ok
t/21stream-1read.t ........... ok
t/21stream-2write.t .......... ok
t/21stream-3split.t .......... ok
t/22timer-absolute.t ......... ok
t/22timer-countdown.t ........ ok
t/22timer-periodic.t ......... ok
t/23signal.t ................. ok
t/24listener.t ............... ok
t/25socket.t ................. ok
t/26pid.t .................... ok
t/30loop-fork.t .............. ok
t/31loop-spawnchild.t ........ ok
t/32loop-spawnchild-setup.t .. ok
t/33process.t ................ ok
t/34process-handles.t ........ ok
t/35loop-openchild.t ......... ok
t/36loop-runchild.t .......... ok
t/37loop-child-root.t ........ skipped: not root
Can't call method "maybe_invoke_event" on unblessed reference at /home/sand/.cpan/build/IO-Async-0.38-HHZ15H/blib/lib/IO/Async/Process.pm line 479.
# Looks like you planned 33 tests but ran 21.
# Looks like your test exited with -1 just after 21.
t/41detachedcode-call.t ...... 
Dubious, test returned 255 (wstat 65280, 0xff00)
Failed 12/33 subtests 
t/41function.t ............... ok
t/50resolver.t ............... ok
t/51loop-connect.t ........... ok
t/52loop-listen.t ............ ok
t/53loop-extend-connect.t .... ok
t/60protocol.t ............... ok
t/60sequencer-client.t ....... ok
t/60sequencer-server.t ....... ok
t/61protocol-stream.t ........ ok
t/62protocol-linestream.t .... ok
t/99pod.t .................... ok

Test Summary Report
-------------------
t/41detachedcode-call.t    (Wstat: 65280 Tests: 21 Failed: 0)
  Non-zero exit status: 255
  Parse errors: Bad plan.  You planned 33 tests but ran 21.
Files=52, Tests=1265, 75 wallclock secs ( 0.34 usr  0.09 sys +  4.65 cusr  0.93 csys =  6.01 CPU)
Result: FAIL
Failed 1/52 test programs. 0/1265 subtests failed.

------------------------------
PREREQUISITES
------------------------------

Prerequisite modules loaded:

requires:

    Module            Need Have     
    ----------------- ---- ---------
    Async::MergePoint 0    0.03     
    CPS               0    0.11     
    Heap              0.80 0.80     
    IO::Poll          0    0.07     
    Socket            1.93 1.93     
    Storable          0    2.26     
    Time::HiRes       0    1.9721_01

build_requires:

    Module            Need Have     
    ----------------- ---- ---------
    File::Temp        0    0.22     
    Test::Fatal       0    0.003    
    Test::Identity    0    0.01     
    Test::More        0    0.97_01  
    Test::Refcount    0    0.06     
    Test::Warn        0    0.22     

configure_requires:

    Module            Need Have     
    ----------------- ---- ---------
    Module::Build     0.36 0.37_01  


------------------------------
ENVIRONMENT AND OTHER CONTEXT
------------------------------

Environment variables:

    AUTOMATED_TESTING = 1
    LANG = en_US.UTF-8
    PATH = /home/sand/bin:/usr/local/bin:/usr/bin:/bin:/usr/bin/X11:/usr/games:/usr/local/perl/bin:/usr/X11/bin:/sbin:/usr/sbin
    PERL5LIB = 
    PERL5OPT = 
    PERL5_CPANPLUS_IS_RUNNING = 20321
    PERL5_CPAN_IS_RUNNING = 20321
    PERL_MM_USE_DEFAULT = 1
    SHELL = /usr/bin/zsh
    TERM = screen

Perl special variables (and OS-specific diagnostics, for MSWin32):

    $^X = /home/src/perl/repoperls/installed-perls/perl/v5.13.9-190-g7f586e4/bin/perl
    $UID/$EUID = 1001 / 1001
    $GID = 1001 1001
    $EGID = 1001 1001

Perl module toolchain versions installed:

    Module              Have    
    ------------------- --------
    CPAN                1.94_64 
    Cwd                 3.36    
    ExtUtils::CBuilder  0.280202
    ExtUtils::Command   1.16    
    ExtUtils::Install   1.56    
    ExtUtils::MakeMaker 6.57_05 
    ExtUtils::Manifest  1.58    
    ExtUtils::ParseXS   2.2209  
    File::Spec          3.33    
    Module::Build       0.37_01 
    Module::Signature   0.66    
    Test::Harness       3.22    
    Test::More          0.97_01 
    YAML                0.72    
    YAML::Syck          1.17    
    version             0.88    


--

Summary of my perl5 (revision 5 version 13 subversion 9) configuration:
  Commit id: 7f586e41ad4ecd904c7d8dbe1ddb0f9410484bac
  Platform:
    osname=linux, osvers=2.6.32-5-amd64, archname=x86_64-linux-thread-multi
    uname='linux k81 2.6.32-5-amd64 #1 smp fri dec 10 15:35:08 utc 2010 x86_64 gnulinux '
    config_args='-Dprefix=/home/src/perl/repoperls/installed-perls/perl/v5.13.9-190-g7f586e4 -Dinstallusrbinperl=n -Uversiononly -Dusedevel -des -Ui_db -Duseithreads -Uuselongdouble'
    hint=recommended, useposix=true, d_sigaction=define
    useithreads=define, usemultiplicity=define
    useperlio=define, d_sfio=undef, uselargefiles=define, usesocks=undef
    use64bitint=define, use64bitall=define, uselongdouble=undef
    usemymalloc=n, bincompat5005=undef
  Compiler:
    cc='cc', ccflags ='-D_REENTRANT -D_GNU_SOURCE -fno-strict-aliasing -pipe -fstack-protector -I/usr/local/include -D_LARGEFILE_SOURCE -D_FILE_OFFSET_BITS=64',
    optimize='-O2',
    cppflags='-D_REENTRANT -D_GNU_SOURCE -fno-strict-aliasing -pipe -fstack-protector -I/usr/local/include'
    ccversion='', gccversion='4.4.5', gccosandvers=''
    intsize=4, longsize=8, ptrsize=8, doublesize=8, byteorder=12345678
    d_longlong=define, longlongsize=8, d_longdbl=define, longdblsize=16
    ivtype='long', ivsize=8, nvtype='double', nvsize=8, Off_t='off_t', lseeksize=8
    alignbytes=8, prototype=define
  Linker and Libraries:
    ld='cc', ldflags =' -fstack-protector -L/usr/local/lib'
    libpth=/usr/local/lib /lib /usr/lib /lib64 /usr/lib64
    libs=-lnsl -lgdbm -ldb -ldl -lm -lcrypt -lutil -lpthread -lc -lgdbm_compat
    perllibs=-lnsl -ldl -lm -lcrypt -lutil -lpthread -lc
    libc=/lib/libc-2.11.2.so, so=so, useshrplib=false, libperl=libperl.a
    gnulibc_version='2.11.2'
  Dynamic Linking:
    dlsrc=dl_dlopen.xs, dlext=so, d_dlsymun=undef, ccdlflags='-Wl,-E'
    cccdlflags='-fPIC', lddlflags='-shared -O2 -L/usr/local/lib -fstack-protector'


Characteristics of this binary (from libperl): 
  Compile-time options: MULTIPLICITY PERL_DONT_CREATE_GVSV
                        PERL_IMPLICIT_CONTEXT PERL_MALLOC_WRAP PERL_USE_DEVEL
                        USE_64_BIT_ALL USE_64_BIT_INT USE_ITHREADS
                        USE_LARGE_FILES USE_PERLIO USE_PERL_ATOF
                        USE_REENTRANT_API
  Built under linux
  Compiled at Jan 31 2011 04:28:41
  %ENV:
    PERL5LIB=""
    PERL5OPT=""
    PERL5_CPANPLUS_IS_RUNNING="20321"
    PERL5_CPAN_IS_RUNNING="20321"
    PERL_MM_USE_DEFAULT="1"
  @INC:
    /home/src/perl/repoperls/installed-perls/perl/v5.13.9-190-g7f586e4/lib/site_perl/5.13.9/x86_64-linux-thread-multi
    /home/src/perl/repoperls/installed-perls/perl/v5.13.9-190-g7f586e4/lib/site_perl/5.13.9
    /home/src/perl/repoperls/installed-perls/perl/v5.13.9-190-g7f586e4/lib/5.13.9/x86_64-linux-thread-multi
    /home/src/perl/repoperls/installed-perls/perl/v5.13.9-190-g7f586e4/lib/5.13.9
    .