Report for Net-SSLeay-1.69

Back
From: metabase:user:320bfe00-2aae-11df-837a-5e0a49663a4f
Subject: FAIL Net-SSLeay-1.69 v5.8.5 GNU/Linux
Date: 2015-06-04T00:57:20Z

This distribution has been tested as part of the CPAN Testers
project, supporting the Perl programming language.  See
http://wiki.cpantesters.org/ for more information or email
questions to cpan-testers-discuss@perl.org


--
Dear Mike McCauley,

This is a computer-generated report for Net-SSLeay-1.69
on perl 5.8.5, created by CPAN-Reporter-1.2014.

Thank you for uploading your work to CPAN.  However, there was a problem
testing your distribution.

If you think this report is invalid, please consult the CPAN Testers Wiki
for suggestions on how to avoid getting FAIL reports for missing library
or binary dependencies, unsupported operating systems, and so on:

http://wiki.cpantesters.org/wiki/CPANAuthorNotes

Sections of this report:

    * Tester comments
    * Program output
    * Prerequisites
    * Environment and other context

------------------------------
TESTER COMMENTS
------------------------------

Additional comments from tester:

this report is from an automated smoke testing program
and was not reviewed by a human for accuracy

------------------------------
PROGRAM OUTPUT
------------------------------

Output from '/usr/bin/make test':

Running Mkbootstrap for Net::SSLeay ()
chmod 644 "SSLeay.bs"
PERL_DL_NONLAZY=1 "/home/sand/src/perl/repoperls/installed-perls/perl/perl-5.8.5/5da8/bin/perl" "-MExtUtils::Command::MM" "-MTest::Harness" "-e" "undef *Test::Harness::Switches; test_harness(0, 'inc', 'blib/lib', 'blib/arch')" t/local/*.t t/handle/local/*.t

#   Failed test 'use Net::SSLeay::Handle;'
#   at t/handle/local/05_use.t line 8.
#     Tried to use 'Net::SSLeay::Handle'.
#     Error:  Can't load '/tmp/loop_over_bdir-6632-sVmca7/Net-SSLeay-1.69-ByQcG5/blib/arch/auto/Net/SSLeay/SSLeay.so' for module Net::SSLeay: /tmp/loop_over_bdir-6632-sVmca7/Net-SSLeay-1.69-ByQcG5/blib/arch/auto/Net/SSLeay/SSLeay.so: undefined symbol: SvPVx_nolen at /home/sand/src/perl/repoperls/installed-perls/perl/perl-5.8.5/5da8/lib/5.8.5/x86_64-linux/DynaLoader.pm line 230.
#  at /tmp/loop_over_bdir-6632-sVmca7/Net-SSLeay-1.69-ByQcG5/blib/lib/Net/SSLeay/Handle.pm line 7.
# Compilation failed in require at /tmp/loop_over_bdir-6632-sVmca7/Net-SSLeay-1.69-ByQcG5/blib/lib/Net/SSLeay/Handle.pm line 7.
# BEGIN failed--compilation aborted at /tmp/loop_over_bdir-6632-sVmca7/Net-SSLeay-1.69-ByQcG5/blib/lib/Net/SSLeay/Handle.pm line 7.
# Compilation failed in require at t/handle/local/05_use.t line 8.
# BEGIN failed--compilation aborted at t/handle/local/05_use.t line 8.
# Looks like you failed 1 test of 1.
t/handle/local/05_use.t ................ 
Dubious, test returned 1 (wstat 256, 0x100)
Failed 1/1 subtests 
t/local/01_pod.t ....................... ok
t/local/02_pod_coverage.t .............. skipped: these tests are for only for release candidate testing. Enable with RELEASE_TESTING=1

#   Failed test 'use Net::SSLeay;'
#   at t/local/03_use.t line 8.
#     Tried to use 'Net::SSLeay'.
#     Error:  Can't load '/tmp/loop_over_bdir-6632-sVmca7/Net-SSLeay-1.69-ByQcG5/blib/arch/auto/Net/SSLeay/SSLeay.so' for module Net::SSLeay: /tmp/loop_over_bdir-6632-sVmca7/Net-SSLeay-1.69-ByQcG5/blib/arch/auto/Net/SSLeay/SSLeay.so: undefined symbol: SvPVx_nolen at /home/sand/src/perl/repoperls/installed-perls/perl/perl-5.8.5/5da8/lib/5.8.5/x86_64-linux/DynaLoader.pm line 230.
#  at t/local/03_use.t line 8.
# Compilation failed in require at t/local/03_use.t line 8.
# BEGIN failed--compilation aborted at t/local/03_use.t line 8.
# Looks like you failed 1 test of 1.
t/local/03_use.t ....................... 
Dubious, test returned 1 (wstat 256, 0x100)
Failed 1/1 subtests 
Can't load '/tmp/loop_over_bdir-6632-sVmca7/Net-SSLeay-1.69-ByQcG5/blib/arch/auto/Net/SSLeay/SSLeay.so' for module Net::SSLeay: /tmp/loop_over_bdir-6632-sVmca7/Net-SSLeay-1.69-ByQcG5/blib/arch/auto/Net/SSLeay/SSLeay.so: undefined symbol: SvPVx_nolen at /home/sand/src/perl/repoperls/installed-perls/perl/perl-5.8.5/5da8/lib/5.8.5/x86_64-linux/DynaLoader.pm line 230.
 at t/local/04_basic.t line 6.
Compilation failed in require at t/local/04_basic.t line 6.
BEGIN failed--compilation aborted at t/local/04_basic.t line 6.
# Looks like your test exited with 2 before it could output anything.
t/local/04_basic.t ..................... 
Dubious, test returned 2 (wstat 512, 0x200)
Failed 6/6 subtests 
Can't load '/tmp/loop_over_bdir-6632-sVmca7/Net-SSLeay-1.69-ByQcG5/blib/arch/auto/Net/SSLeay/SSLeay.so' for module Net::SSLeay: /tmp/loop_over_bdir-6632-sVmca7/Net-SSLeay-1.69-ByQcG5/blib/arch/auto/Net/SSLeay/SSLeay.so: undefined symbol: SvPVx_nolen at /home/sand/src/perl/repoperls/installed-perls/perl/perl-5.8.5/5da8/lib/5.8.5/x86_64-linux/DynaLoader.pm line 230.
 at t/local/05_passwd_cb.t line 7.
Compilation failed in require at t/local/05_passwd_cb.t line 7.
BEGIN failed--compilation aborted at t/local/05_passwd_cb.t line 7.
# Looks like your test exited with 2 before it could output anything.
t/local/05_passwd_cb.t ................. 
Dubious, test returned 2 (wstat 512, 0x200)
Failed 13/13 subtests 
Can't load '/tmp/loop_over_bdir-6632-sVmca7/Net-SSLeay-1.69-ByQcG5/blib/arch/auto/Net/SSLeay/SSLeay.so' for module Net::SSLeay: /tmp/loop_over_bdir-6632-sVmca7/Net-SSLeay-1.69-ByQcG5/blib/arch/auto/Net/SSLeay/SSLeay.so: undefined symbol: SvPVx_nolen at /home/sand/src/perl/repoperls/installed-perls/perl/perl-5.8.5/5da8/lib/5.8.5/x86_64-linux/DynaLoader.pm line 230.
 at t/local/06_tcpecho.t line 8.
Compilation failed in require at t/local/06_tcpecho.t line 8.
BEGIN failed--compilation aborted at t/local/06_tcpecho.t line 8.
t/local/06_tcpecho.t ................... 
Dubious, test returned 2 (wstat 512, 0x200)
No subtests run 
Can't load '/tmp/loop_over_bdir-6632-sVmca7/Net-SSLeay-1.69-ByQcG5/blib/arch/auto/Net/SSLeay/SSLeay.so' for module Net::SSLeay: /tmp/loop_over_bdir-6632-sVmca7/Net-SSLeay-1.69-ByQcG5/blib/arch/auto/Net/SSLeay/SSLeay.so: undefined symbol: SvPVx_nolen at /home/sand/src/perl/repoperls/installed-perls/perl/perl-5.8.5/5da8/lib/5.8.5/x86_64-linux/DynaLoader.pm line 230.
 at t/local/07_sslecho.t line 9.
Compilation failed in require at t/local/07_sslecho.t line 9.
BEGIN failed--compilation aborted at t/local/07_sslecho.t line 9.
t/local/07_sslecho.t ................... 
Dubious, test returned 2 (wstat 512, 0x200)
No subtests run 
Can't load '/tmp/loop_over_bdir-6632-sVmca7/Net-SSLeay-1.69-ByQcG5/blib/arch/auto/Net/SSLeay/SSLeay.so' for module Net::SSLeay: /tmp/loop_over_bdir-6632-sVmca7/Net-SSLeay-1.69-ByQcG5/blib/arch/auto/Net/SSLeay/SSLeay.so: undefined symbol: SvPVx_nolen at /home/sand/src/perl/repoperls/installed-perls/perl/perl-5.8.5/5da8/lib/5.8.5/x86_64-linux/DynaLoader.pm line 230.
 at t/local/08_pipe.t line 6.
Compilation failed in require at t/local/08_pipe.t line 6.
BEGIN failed--compilation aborted at t/local/08_pipe.t line 6.
t/local/08_pipe.t ...................... 
Dubious, test returned 2 (wstat 512, 0x200)
No subtests run 
Can't load '/tmp/loop_over_bdir-6632-sVmca7/Net-SSLeay-1.69-ByQcG5/blib/arch/auto/Net/SSLeay/SSLeay.so' for module Net::SSLeay: /tmp/loop_over_bdir-6632-sVmca7/Net-SSLeay-1.69-ByQcG5/blib/arch/auto/Net/SSLeay/SSLeay.so: undefined symbol: SvPVx_nolen at /home/sand/src/perl/repoperls/installed-perls/perl/perl-5.8.5/5da8/lib/5.8.5/x86_64-linux/DynaLoader.pm line 230.
 at t/local/15_bio.t line 6.
Compilation failed in require at t/local/15_bio.t line 6.
BEGIN failed--compilation aborted at t/local/15_bio.t line 6.
# Looks like your test exited with 2 before it could output anything.
t/local/15_bio.t ....................... 
Dubious, test returned 2 (wstat 512, 0x200)
Failed 7/7 subtests 
Can't load '/tmp/loop_over_bdir-6632-sVmca7/Net-SSLeay-1.69-ByQcG5/blib/arch/auto/Net/SSLeay/SSLeay.so' for module Net::SSLeay: /tmp/loop_over_bdir-6632-sVmca7/Net-SSLeay-1.69-ByQcG5/blib/arch/auto/Net/SSLeay/SSLeay.so: undefined symbol: SvPVx_nolen at /home/sand/src/perl/repoperls/installed-perls/perl/perl-5.8.5/5da8/lib/5.8.5/x86_64-linux/DynaLoader.pm line 230.
 at t/local/20_autoload.t line 7.
Compilation failed in require at t/local/20_autoload.t line 7.
BEGIN failed--compilation aborted at t/local/20_autoload.t line 7.
t/local/20_autoload.t .................. 
Dubious, test returned 2 (wstat 512, 0x200)
No subtests run 
Can't load '/tmp/loop_over_bdir-6632-sVmca7/Net-SSLeay-1.69-ByQcG5/blib/arch/auto/Net/SSLeay/SSLeay.so' for module Net::SSLeay: /tmp/loop_over_bdir-6632-sVmca7/Net-SSLeay-1.69-ByQcG5/blib/arch/auto/Net/SSLeay/SSLeay.so: undefined symbol: SvPVx_nolen at /home/sand/src/perl/repoperls/installed-perls/perl/perl-5.8.5/5da8/lib/5.8.5/x86_64-linux/DynaLoader.pm line 230.
 at t/local/21_constants.t line 7.
Compilation failed in require at t/local/21_constants.t line 7.
BEGIN failed--compilation aborted at t/local/21_constants.t line 7.
t/local/21_constants.t ................. 
Dubious, test returned 2 (wstat 512, 0x200)
No subtests run 
Can't load '/tmp/loop_over_bdir-6632-sVmca7/Net-SSLeay-1.69-ByQcG5/blib/arch/auto/Net/SSLeay/SSLeay.so' for module Net::SSLeay: /tmp/loop_over_bdir-6632-sVmca7/Net-SSLeay-1.69-ByQcG5/blib/arch/auto/Net/SSLeay/SSLeay.so: undefined symbol: SvPVx_nolen at /home/sand/src/perl/repoperls/installed-perls/perl/perl-5.8.5/5da8/lib/5.8.5/x86_64-linux/DynaLoader.pm line 230.
 at t/local/30_error.t line 11.
Compilation failed in require at t/local/30_error.t line 11.
BEGIN failed--compilation aborted at t/local/30_error.t line 11.
t/local/30_error.t ..................... 
Dubious, test returned 2 (wstat 512, 0x200)
No subtests run 
Can't load '/tmp/loop_over_bdir-6632-sVmca7/Net-SSLeay-1.69-ByQcG5/blib/arch/auto/Net/SSLeay/SSLeay.so' for module Net::SSLeay: /tmp/loop_over_bdir-6632-sVmca7/Net-SSLeay-1.69-ByQcG5/blib/arch/auto/Net/SSLeay/SSLeay.so: undefined symbol: SvPVx_nolen at /home/sand/src/perl/repoperls/installed-perls/perl/perl-5.8.5/5da8/lib/5.8.5/x86_64-linux/DynaLoader.pm line 230.
 at t/local/31_rsa_generate_key.t line 6.
Compilation failed in require at t/local/31_rsa_generate_key.t line 6.
BEGIN failed--compilation aborted at t/local/31_rsa_generate_key.t line 6.
t/local/31_rsa_generate_key.t .......... 
Dubious, test returned 2 (wstat 512, 0x200)
No subtests run 
Can't load '/tmp/loop_over_bdir-6632-sVmca7/Net-SSLeay-1.69-ByQcG5/blib/arch/auto/Net/SSLeay/SSLeay.so' for module Net::SSLeay: /tmp/loop_over_bdir-6632-sVmca7/Net-SSLeay-1.69-ByQcG5/blib/arch/auto/Net/SSLeay/SSLeay.so: undefined symbol: SvPVx_nolen at /home/sand/src/perl/repoperls/installed-perls/perl/perl-5.8.5/5da8/lib/5.8.5/x86_64-linux/DynaLoader.pm line 230.
 at t/local/32_x509_get_cert_info.t line 6.
Compilation failed in require at t/local/32_x509_get_cert_info.t line 6.
BEGIN failed--compilation aborted at t/local/32_x509_get_cert_info.t line 6.
# Looks like your test exited with 2 before it could output anything.
t/local/32_x509_get_cert_info.t ........ 
Dubious, test returned 2 (wstat 512, 0x200)
Failed 1243/1243 subtests 
Can't load '/tmp/loop_over_bdir-6632-sVmca7/Net-SSLeay-1.69-ByQcG5/blib/arch/auto/Net/SSLeay/SSLeay.so' for module Net::SSLeay: /tmp/loop_over_bdir-6632-sVmca7/Net-SSLeay-1.69-ByQcG5/blib/arch/auto/Net/SSLeay/SSLeay.so: undefined symbol: SvPVx_nolen at /home/sand/src/perl/repoperls/installed-perls/perl/perl-5.8.5/5da8/lib/5.8.5/x86_64-linux/DynaLoader.pm line 230.
 at t/local/33_x509_create_cert.t line 6.
Compilation failed in require at t/local/33_x509_create_cert.t line 6.
BEGIN failed--compilation aborted at t/local/33_x509_create_cert.t line 6.
# Looks like your test exited with 2 before it could output anything.
t/local/33_x509_create_cert.t .......... 
Dubious, test returned 2 (wstat 512, 0x200)
Failed 123/123 subtests 
Can't load '/tmp/loop_over_bdir-6632-sVmca7/Net-SSLeay-1.69-ByQcG5/blib/arch/auto/Net/SSLeay/SSLeay.so' for module Net::SSLeay: /tmp/loop_over_bdir-6632-sVmca7/Net-SSLeay-1.69-ByQcG5/blib/arch/auto/Net/SSLeay/SSLeay.so: undefined symbol: SvPVx_nolen at /home/sand/src/perl/repoperls/installed-perls/perl/perl-5.8.5/5da8/lib/5.8.5/x86_64-linux/DynaLoader.pm line 230.
 at t/local/34_x509_crl.t line 6.
Compilation failed in require at t/local/34_x509_crl.t line 6.
BEGIN failed--compilation aborted at t/local/34_x509_crl.t line 6.
# Looks like your test exited with 2 before it could output anything.
t/local/34_x509_crl.t .................. 
Dubious, test returned 2 (wstat 512, 0x200)
Failed 41/41 subtests 
Can't load '/tmp/loop_over_bdir-6632-sVmca7/Net-SSLeay-1.69-ByQcG5/blib/arch/auto/Net/SSLeay/SSLeay.so' for module Net::SSLeay: /tmp/loop_over_bdir-6632-sVmca7/Net-SSLeay-1.69-ByQcG5/blib/arch/auto/Net/SSLeay/SSLeay.so: undefined symbol: SvPVx_nolen at /home/sand/src/perl/repoperls/installed-perls/perl/perl-5.8.5/5da8/lib/5.8.5/x86_64-linux/DynaLoader.pm line 230.
 at t/local/35_ephemeral.t line 6.
Compilation failed in require at t/local/35_ephemeral.t line 6.
BEGIN failed--compilation aborted at t/local/35_ephemeral.t line 6.
t/local/35_ephemeral.t ................. 
Dubious, test returned 2 (wstat 512, 0x200)
No subtests run 
Can't load '/tmp/loop_over_bdir-6632-sVmca7/Net-SSLeay-1.69-ByQcG5/blib/arch/auto/Net/SSLeay/SSLeay.so' for module Net::SSLeay: /tmp/loop_over_bdir-6632-sVmca7/Net-SSLeay-1.69-ByQcG5/blib/arch/auto/Net/SSLeay/SSLeay.so: undefined symbol: SvPVx_nolen at /home/sand/src/perl/repoperls/installed-perls/perl/perl-5.8.5/5da8/lib/5.8.5/x86_64-linux/DynaLoader.pm line 230.
 at t/local/36_verify.t line 9.
Compilation failed in require at t/local/36_verify.t line 9.
BEGIN failed--compilation aborted at t/local/36_verify.t line 9.
# Looks like your test exited with 2 before it could output anything.
t/local/36_verify.t .................... 
Dubious, test returned 2 (wstat 512, 0x200)
Failed 25/25 subtests 
Can't load '/tmp/loop_over_bdir-6632-sVmca7/Net-SSLeay-1.69-ByQcG5/blib/arch/auto/Net/SSLeay/SSLeay.so' for module Net::SSLeay: /tmp/loop_over_bdir-6632-sVmca7/Net-SSLeay-1.69-ByQcG5/blib/arch/auto/Net/SSLeay/SSLeay.so: undefined symbol: SvPVx_nolen at /home/sand/src/perl/repoperls/installed-perls/perl/perl-5.8.5/5da8/lib/5.8.5/x86_64-linux/DynaLoader.pm line 230.
 at t/local/37_asn1_time.t line 6.
Compilation failed in require at t/local/37_asn1_time.t line 6.
BEGIN failed--compilation aborted at t/local/37_asn1_time.t line 6.
# Looks like your test exited with 2 before it could output anything.
t/local/37_asn1_time.t ................. 
Dubious, test returned 2 (wstat 512, 0x200)
Failed 10/10 subtests 
Can't load '/tmp/loop_over_bdir-6632-sVmca7/Net-SSLeay-1.69-ByQcG5/blib/arch/auto/Net/SSLeay/SSLeay.so' for module Net::SSLeay: /tmp/loop_over_bdir-6632-sVmca7/Net-SSLeay-1.69-ByQcG5/blib/arch/auto/Net/SSLeay/SSLeay.so: undefined symbol: SvPVx_nolen at /home/sand/src/perl/repoperls/installed-perls/perl/perl-5.8.5/5da8/lib/5.8.5/x86_64-linux/DynaLoader.pm line 230.
 at t/local/38_priv-key.t line 6.
Compilation failed in require at t/local/38_priv-key.t line 6.
BEGIN failed--compilation aborted at t/local/38_priv-key.t line 6.
# Looks like your test exited with 2 before it could output anything.
t/local/38_priv-key.t .................. 
Dubious, test returned 2 (wstat 512, 0x200)
Failed 10/10 subtests 
Can't load '/tmp/loop_over_bdir-6632-sVmca7/Net-SSLeay-1.69-ByQcG5/blib/arch/auto/Net/SSLeay/SSLeay.so' for module Net::SSLeay: /tmp/loop_over_bdir-6632-sVmca7/Net-SSLeay-1.69-ByQcG5/blib/arch/auto/Net/SSLeay/SSLeay.so: undefined symbol: SvPVx_nolen at /home/sand/src/perl/repoperls/installed-perls/perl/perl-5.8.5/5da8/lib/5.8.5/x86_64-linux/DynaLoader.pm line 230.
 at t/local/39_pkcs12.t line 6.
Compilation failed in require at t/local/39_pkcs12.t line 6.
BEGIN failed--compilation aborted at t/local/39_pkcs12.t line 6.
# Looks like your test exited with 2 before it could output anything.
t/local/39_pkcs12.t .................... 
Dubious, test returned 2 (wstat 512, 0x200)
Failed 19/19 subtests 
Can't load '/tmp/loop_over_bdir-6632-sVmca7/Net-SSLeay-1.69-ByQcG5/blib/arch/auto/Net/SSLeay/SSLeay.so' for module Net::SSLeay: /tmp/loop_over_bdir-6632-sVmca7/Net-SSLeay-1.69-ByQcG5/blib/arch/auto/Net/SSLeay/SSLeay.so: undefined symbol: SvPVx_nolen at /home/sand/src/perl/repoperls/installed-perls/perl/perl-5.8.5/5da8/lib/5.8.5/x86_64-linux/DynaLoader.pm line 230.
 at t/local/40_npn_support.t line 9.
Compilation failed in require at t/local/40_npn_support.t line 9.
BEGIN failed--compilation aborted at t/local/40_npn_support.t line 9.
t/local/40_npn_support.t ............... 
Dubious, test returned 2 (wstat 512, 0x200)
No subtests run 
Can't load '/tmp/loop_over_bdir-6632-sVmca7/Net-SSLeay-1.69-ByQcG5/blib/arch/auto/Net/SSLeay/SSLeay.so' for module Net::SSLeay: /tmp/loop_over_bdir-6632-sVmca7/Net-SSLeay-1.69-ByQcG5/blib/arch/auto/Net/SSLeay/SSLeay.so: undefined symbol: SvPVx_nolen at /home/sand/src/perl/repoperls/installed-perls/perl/perl-5.8.5/5da8/lib/5.8.5/x86_64-linux/DynaLoader.pm line 230.
 at t/local/41_alpn_support.t line 9.
Compilation failed in require at t/local/41_alpn_support.t line 9.
BEGIN failed--compilation aborted at t/local/41_alpn_support.t line 9.
t/local/41_alpn_support.t .............. 
Dubious, test returned 2 (wstat 512, 0x200)
No subtests run 
Can't load '/tmp/loop_over_bdir-6632-sVmca7/Net-SSLeay-1.69-ByQcG5/blib/arch/auto/Net/SSLeay/SSLeay.so' for module Net::SSLeay: /tmp/loop_over_bdir-6632-sVmca7/Net-SSLeay-1.69-ByQcG5/blib/arch/auto/Net/SSLeay/SSLeay.so: undefined symbol: SvPVx_nolen at /home/sand/src/perl/repoperls/installed-perls/perl/perl-5.8.5/5da8/lib/5.8.5/x86_64-linux/DynaLoader.pm line 230.
 at t/local/42_info_callback.t line 8.
Compilation failed in require at t/local/42_info_callback.t line 8.
BEGIN failed--compilation aborted at t/local/42_info_callback.t line 8.
t/local/42_info_callback.t ............. 
Dubious, test returned 2 (wstat 512, 0x200)
No subtests run 
Can't load '/tmp/loop_over_bdir-6632-sVmca7/Net-SSLeay-1.69-ByQcG5/blib/arch/auto/Net/SSLeay/SSLeay.so' for module Net::SSLeay: /tmp/loop_over_bdir-6632-sVmca7/Net-SSLeay-1.69-ByQcG5/blib/arch/auto/Net/SSLeay/SSLeay.so: undefined symbol: SvPVx_nolen at /home/sand/src/perl/repoperls/installed-perls/perl/perl-5.8.5/5da8/lib/5.8.5/x86_64-linux/DynaLoader.pm line 230.
 at t/local/50_digest.t line 7.
Compilation failed in require at t/local/50_digest.t line 7.
BEGIN failed--compilation aborted at t/local/50_digest.t line 7.
# Looks like your test exited with 2 before it could output anything.
t/local/50_digest.t .................... 
Dubious, test returned 2 (wstat 512, 0x200)
Failed 230/230 subtests 
t/local/61_threads-cb-crash.t .......... skipped: your perl is not compiled with ithreads or is pre-5.8
t/local/62_threads-ctx_new-deadlock.t .. skipped: your perl is not compiled with ithreads or is pre-5.8
t/local/kwalitee.t ..................... skipped: these tests are for only for release candidate testing. Enable with RELEASE_TESTING=1

Test Summary Report
-------------------
t/handle/local/05_use.t              (Wstat: 256 Tests: 1 Failed: 1)
  Failed test:  1
  Non-zero exit status: 1
t/local/03_use.t                     (Wstat: 256 Tests: 1 Failed: 1)
  Failed test:  1
  Non-zero exit status: 1
t/local/04_basic.t                   (Wstat: 512 Tests: 0 Failed: 0)
  Non-zero exit status: 2
  Parse errors: Bad plan.  You planned 6 tests but ran 0.
t/local/05_passwd_cb.t               (Wstat: 512 Tests: 0 Failed: 0)
  Non-zero exit status: 2
  Parse errors: Bad plan.  You planned 13 tests but ran 0.
t/local/06_tcpecho.t                 (Wstat: 512 Tests: 0 Failed: 0)
  Non-zero exit status: 2
  Parse errors: No plan found in TAP output
t/local/07_sslecho.t                 (Wstat: 512 Tests: 0 Failed: 0)
  Non-zero exit status: 2
  Parse errors: No plan found in TAP output
t/local/08_pipe.t                    (Wstat: 512 Tests: 0 Failed: 0)
  Non-zero exit status: 2
  Parse errors: No plan found in TAP output
t/local/15_bio.t                     (Wstat: 512 Tests: 0 Failed: 0)
  Non-zero exit status: 2
  Parse errors: Bad plan.  You planned 7 tests but ran 0.
t/local/20_autoload.t                (Wstat: 512 Tests: 0 Failed: 0)
  Non-zero exit status: 2
  Parse errors: No plan found in TAP output
t/local/21_constants.t               (Wstat: 512 Tests: 0 Failed: 0)
  Non-zero exit status: 2
  Parse errors: No plan found in TAP output
t/local/30_error.t                   (Wstat: 512 Tests: 0 Failed: 0)
  Non-zero exit status: 2
  Parse errors: No plan found in TAP output
t/local/31_rsa_generate_key.t        (Wstat: 512 Tests: 0 Failed: 0)
  Non-zero exit status: 2
  Parse errors: No plan found in TAP output
t/local/32_x509_get_cert_info.t      (Wstat: 512 Tests: 0 Failed: 0)
  Non-zero exit status: 2
  Parse errors: Bad plan.  You planned 1243 tests but ran 0.
t/local/33_x509_create_cert.t        (Wstat: 512 Tests: 0 Failed: 0)
  Non-zero exit status: 2
  Parse errors: Bad plan.  You planned 123 tests but ran 0.
t/local/34_x509_crl.t                (Wstat: 512 Tests: 0 Failed: 0)
  Non-zero exit status: 2
  Parse errors: Bad plan.  You planned 41 tests but ran 0.
t/local/35_ephemeral.t               (Wstat: 512 Tests: 0 Failed: 0)
  Non-zero exit status: 2
  Parse errors: No plan found in TAP output
t/local/36_verify.t                  (Wstat: 512 Tests: 0 Failed: 0)
  Non-zero exit status: 2
  Parse errors: Bad plan.  You planned 25 tests but ran 0.
t/local/37_asn1_time.t               (Wstat: 512 Tests: 0 Failed: 0)
  Non-zero exit status: 2
  Parse errors: Bad plan.  You planned 10 tests but ran 0.
t/local/38_priv-key.t                (Wstat: 512 Tests: 0 Failed: 0)
  Non-zero exit status: 2
  Parse errors: Bad plan.  You planned 10 tests but ran 0.
t/local/39_pkcs12.t                  (Wstat: 512 Tests: 0 Failed: 0)
  Non-zero exit status: 2
  Parse errors: Bad plan.  You planned 19 tests but ran 0.
t/local/40_npn_support.t             (Wstat: 512 Tests: 0 Failed: 0)
  Non-zero exit status: 2
  Parse errors: No plan found in TAP output
t/local/41_alpn_support.t            (Wstat: 512 Tests: 0 Failed: 0)
  Non-zero exit status: 2
  Parse errors: No plan found in TAP output
t/local/42_info_callback.t           (Wstat: 512 Tests: 0 Failed: 0)
  Non-zero exit status: 2
  Parse errors: No plan found in TAP output
t/local/50_digest.t                  (Wstat: 512 Tests: 0 Failed: 0)
  Non-zero exit status: 2
  Parse errors: Bad plan.  You planned 230 tests but ran 0.
Files=29, Tests=4,  2 wallclock secs ( 0.09 usr  0.14 sys +  0.76 cusr  0.28 csys =  1.27 CPU)
Result: FAIL
Failed 24/29 test programs. 2/4 subtests failed.
Makefile:950: recipe for target 'test_dynamic' failed
make: *** [test_dynamic] Error 255

------------------------------
PREREQUISITES
------------------------------

Prerequisite modules loaded:

requires:

    Module              Need    Have    
    ------------------- ------- --------
    MIME::Base64        0       3.15    
    perl                5.005   5.008005
    Test::More          0.60_01 1.001014

build_requires:

    Module              Need    Have    
    ------------------- ------- --------
    ExtUtils::MakeMaker 6.36    7.04    

configure_requires:

    Module              Need    Have    
    ------------------- ------- --------
    ExtUtils::MakeMaker 6.36    7.04    


------------------------------
ENVIRONMENT AND OTHER CONTEXT
------------------------------

Environment variables:

    AUTOMATED_TESTING = 1
    LANG = en_US.UTF-8
    LANGUAGE = en_US:en
    PATH = /home/sand/bin:/usr/local/bin:/usr/bin:/bin:/usr/games:/usr/local/perl/bin:/usr/X11/bin:/sbin:/usr/sbin
    PERL5LIB = 
    PERL5OPT = 
    PERL5_CPANPLUS_IS_RUNNING = 6633
    PERL5_CPAN_IS_RUNNING = 6633
    PERL_MM_USE_DEFAULT = 1
    SHELL = /usr/bin/zsh
    TERM = screen

Perl special variables (and OS-specific diagnostics, for MSWin32):

    $^X = /home/sand/src/perl/repoperls/installed-perls/perl/perl-5.8.5/5da8/bin/perl
    $UID/$EUID = 1005 / 1005
    $GID = 1005 1005
    $EGID = 1005 1005

Perl module toolchain versions installed:

    Module              Have    
    ------------------- --------
    CPAN                2.10    
    CPAN::Meta          2.150001
    Cwd                 3.47    
    ExtUtils::CBuilder  0.280223
    ExtUtils::Command   1.16    
    ExtUtils::Install   1.54    
    ExtUtils::MakeMaker 7.04    
    ExtUtils::Manifest  1.70    
    ExtUtils::ParseXS   3.24    
    File::Spec          3.47    
    JSON                2.90    
    JSON::PP            2.27203 
    Module::Build       0.4212  
    Module::Signature   0.79    
    Parse::CPAN::Meta   1.4416  
    Test::Harness       3.35    
    Test::More          1.001014
    YAML                n/a     
    YAML::Syck          1.29    
    version             0.9912  


--

Summary of my perl5 (revision 5 version 8 subversion 5) configuration:
  Platform:
    osname=linux, osvers=4.0.0-1-amd64, archname=x86_64-linux
    uname='linux k83 4.0.0-1-amd64 #1 smp debian 4.0.2-1 (2015-05-11) x86_64 gnulinux '
    config_args='-Dprefix=/home/sand/src/perl/repoperls/installed-perls/perl/perl-5.8.5/5da8 -Dmyhostname=k83 -Dinstallusrbinperl=n -Uversiononly -Dusedevel -des -Ui_db -Uuseithreads -Uuselongdouble -DDEBUGGING=-g -Dusedl -Ddlsrc=dl_dlopen.xs -Dlibs=-lnsl -ldb -ldl -lm -lcrypt -lutil -lc -Dlibpth=/usr/lib/x86_64-linux-gnu /usr/local/lib /lib /usr/lib'
    hint=recommended, useposix=true, d_sigaction=define
    usethreads=undef use5005threads=undef useithreads=undef usemultiplicity=undef
    useperlio=define d_sfio=undef uselargefiles=define usesocks=undef
    use64bitint=define use64bitall=define uselongdouble=undef
    usemymalloc=n, bincompat5005=undef
  Compiler:
    cc='cc', ccflags ='-fno-strict-aliasing -pipe -I/usr/local/include -D_LARGEFILE_SOURCE -D_FILE_OFFSET_BITS=64',
    optimize='-O2',
    cppflags='-fno-strict-aliasing -pipe -I/usr/local/include'
    ccversion='', gccversion='4.9.2', gccosandvers=''
    intsize=4, longsize=8, ptrsize=8, doublesize=8, byteorder=12345678
    d_longlong=define, longlongsize=8, d_longdbl=define, longdblsize=16
    ivtype='long', ivsize=8, nvtype='double', nvsize=8, Off_t='off_t', lseeksize=8
    alignbytes=8, prototype=define
  Linker and Libraries:
    ld='cc', ldflags =' -L/usr/local/lib'
    libpth=/usr/lib/x86_64-linux-gnu /usr/local/lib /lib /usr/lib
    libs=-lnsl -ldb -ldl -lm -lcrypt -lutil -lc
    perllibs=-lnsl -ldl -lm -lcrypt -lutil -lc
    libc=, so=so, useshrplib=false, libperl=libperl.a
    gnulibc_version='2.19'
  Dynamic Linking:
    dlsrc=dl_dlopen.xs, dlext=so, d_dlsymun=undef, ccdlflags='-Wl,-E'
    cccdlflags='-fpic', lddlflags='-shared -L/usr/local/lib'


Characteristics of this binary (from libperl): 
  Compile-time options: USE_64_BIT_INT USE_64_BIT_ALL USE_LARGE_FILES
  Locally applied patches:
	MAINT23136
  Built under linux
  Compiled at May 14 2015 05:42:20
  %ENV:
    PERL5LIB=""
    PERL5OPT=""
    PERL5_CPANPLUS_IS_RUNNING="6633"
    PERL5_CPAN_IS_RUNNING="6633"
    PERL_MM_USE_DEFAULT="1"
  @INC:
    /home/sand/src/perl/repoperls/installed-perls/perl/perl-5.8.5/5da8/lib/5.8.5/x86_64-linux
    /home/sand/src/perl/repoperls/installed-perls/perl/perl-5.8.5/5da8/lib/5.8.5
    /home/sand/src/perl/repoperls/installed-perls/perl/perl-5.8.5/5da8/lib/site_perl/5.8.5/x86_64-linux
    /home/sand/src/perl/repoperls/installed-perls/perl/perl-5.8.5/5da8/lib/site_perl/5.8.5
    /home/sand/src/perl/repoperls/installed-perls/perl/perl-5.8.5/5da8/lib/site_perl
    .