Back
From: metabase:user:e3434da8-b236-11df-85ca-0247c6d74bde
Subject: FAIL CouchDB-View-0.003 v5.13.10 GNU/Linux
Date: 2011-03-06T12:45:43Z
This distribution has been tested as part of the CPAN Testers
project, supporting the Perl programming language. See
http://wiki.cpantesters.org/ for more information or email
questions to cpan-testers-discuss@perl.org
--
Dear Hans Dieter Pearcey,
This is a computer-generated report for CouchDB-View-0.003
on perl 5.13.10, created by CPAN-Reporter-1.1902.
Thank you for uploading your work to CPAN. However, there was a problem
testing your distribution.
If you think this report is invalid, please consult the CPAN Testers Wiki
for suggestions on how to avoid getting FAIL reports for missing library
or binary dependencies, unsupported operating systems, and so on:
http://wiki.cpantesters.org/wiki/CPANAuthorNotes
Sections of this report:
* Tester comments
* Program output
* Prerequisites
* Environment and other context
------------------------------
TESTER COMMENTS
------------------------------
Additional comments from tester:
this report is from an automated smoke testing program
and was not reviewed by a human for accuracy
------------------------------
PROGRAM OUTPUT
------------------------------
Output from '/usr/bin/make test':
/home/tester/testing/5.13.10/bin/perl5.13.10 "-Iinc" "-MModule::Install::ExtraTests" "-e" "Module::Install::ExtraTests::__harness('Test::Harness', 0, '', 'xt/release', '', 0, 'blib/lib', 'blib/arch')" t/*.t
# Testing CouchDB::View 0.003, Perl 5.013010, /home/tester/testing/5.13.10/bin/perl5.13.10
t/00-load.t .. ok
# Failed test 'as_hash, with serialized code'
# at t/doc.t line 17.
# Structures begin differing at:
# $got->{views}{test} = 'do { my $CODE1; $CODE1 = sub {
# use warnings;
# use strict 'refs';
# dmap(undef, shift());
# }; $CODE1 }
# '
# $expected->{views}{test} = 'do { my $CODE1; $CODE1 = sub {
# use warnings;
# use strict 'refs';
# dmap(undef, shift @_);
# }; $CODE1 }
# '
# Looks like you failed 1 test of 3.
t/doc.t ......
Dubious, test returned 1 (wstat 256, 0x100)
Failed 1/3 subtests
t/server.t ... ok
Test Summary Report
-------------------
t/doc.t (Wstat: 256 Tests: 3 Failed: 1)
Failed test: 1
Non-zero exit status: 1
Files=3, Tests=7, 0 wallclock secs ( 0.02 usr 0.01 sys + 0.16 cusr 0.03 csys = 0.22 CPU)
Result: FAIL
Failed 1/3 test programs. 1/7 subtests failed.
make: *** [test_dynamic] Error 255
------------------------------
PREREQUISITES
------------------------------
Prerequisite modules loaded:
requires:
Module Need Have
-------------------- ------- -------
Data::Dump::Streamer 0 2.32
ExtUtils::MakeMaker 6.57_05 6.57_05
JSON::XS 0 2.3
PadWalker 0 1.92
Test::Deep 0 0.108
Test::More 0 0.98
URI::Escape 0 3.30
build_requires:
Module Need Have
-------------------- ------- -------
ExtUtils::MakeMaker 0 6.57_05
------------------------------
ENVIRONMENT AND OTHER CONTEXT
------------------------------
Environment variables:
AUTOMATED_TESTING = 1
LANG = en_US.UTF-8
LC_COLLATE = C
LC_MONETARY = nl_NL.utf8
PATH = /home/tester/perl5/perlbrew/bin:/home/tester/perl5/perlbrew/perls/current/bin:/usr/lib64/qt-3.3/bin:/usr/lib64/ccache:/usr/local/bin:/bin:/usr/bin:/usr/local/sbin:/usr/sbin:/sbin:/home/tester/bin
PERL5LIB = /home/tester/.local/share/.cpan/build/Test-Deep-0.108-di575I/blib/arch:/home/tester/.local/share/.cpan/build/Test-Deep-0.108-di575I/blib/lib:/home/tester/.local/share/.cpan/build/PadWalker-1.92-B_qi8o/blib/arch:/home/tester/.local/share/.cpan/build/PadWalker-1.92-B_qi8o/blib/lib:/home/tester/.local/share/.cpan/build/AnyEvent-HTTP-2.1-oef3M4/blib/arch:/home/tester/.local/share/.cpan/build/AnyEvent-HTTP-2.1-oef3M4/blib/lib:/home/tester/.local/share/.cpan/build/AnyEvent-5.31-i9qHXN/blib/arch:/home/tester/.local/share/.cpan/build/AnyEvent-5.31-i9qHXN/blib/lib:/home/tester/.local/share/.cpan/build/Scope-Guard-0.20-Aw58gC/blib/arch:/home/tester/.local/share/.cpan/build/Scope-Guard-0.20-Aw58gC/blib/lib:/home/tester/.local/share/.cpan/build/IO-All-0.41-YrcAQj/blib/arch:/home/tester/.local/share/.cpan/build/IO-All-0.41-YrcAQj/blib/lib:/home/tester/.local/share/.cpan/build/IO-String-1.08-M0qPzH/blib/arch:/home/tester/.local/share/.cpan/build/IO-String-1.08-M0qPzH/blib/lib
PERL5OPT =
PERL5_CPANPLUS_IS_RUNNING = 777
PERL5_CPAN_IS_RUNNING = 777
PERL5_MINISMOKEBOX = 0.38
PERL_EXTUTILS_AUTOINSTALL = --defaultdeps
PERL_MM_USE_DEFAULT = 1
SHELL = /bin/bash
TERM = screen
Perl special variables (and OS-specific diagnostics, for MSWin32):
$^X = /home/tester/testing/5.13.10/bin/perl5.13.10
$UID/$EUID = 501 / 501
$GID = 501 501
$EGID = 501 501
Perl module toolchain versions installed:
Module Have
------------------- --------
CPAN 1.94_65
Cwd 3.37
ExtUtils::CBuilder 0.280202
ExtUtils::Command 1.17
ExtUtils::Install 1.56
ExtUtils::MakeMaker 6.57_05
ExtUtils::Manifest 1.58
ExtUtils::ParseXS 2.2209
File::Spec 3.33
Module::Build 0.37_05
Module::Signature n/a
Test::Harness 3.23
Test::More 0.98
YAML n/a
YAML::Syck 1.17
version 0.88
--
Summary of my perl5 (revision 5 version 13 subversion 10) configuration:
Platform:
osname=linux, osvers=2.6.35.11-83.fc14.x86_64, archname=x86_64-linux-thread-multi
uname='linux venice 2.6.35.11-83.fc14.x86_64 #1 smp mon feb 7 07:06:44 utc 2011 x86_64 x86_64 x86_64 gnulinux '
config_args='-Dprefix=/home/tester/testing/5.13.10 -Dusethreads -Dusedevel -des'
hint=recommended, useposix=true, d_sigaction=define
useithreads=define, usemultiplicity=define
useperlio=define, d_sfio=undef, uselargefiles=define, usesocks=undef
use64bitint=define, use64bitall=define, uselongdouble=undef
usemymalloc=n, bincompat5005=undef
Compiler:
cc='cc', ccflags ='-D_REENTRANT -D_GNU_SOURCE -fno-strict-aliasing -pipe -fstack-protector -I/usr/local/include -D_LARGEFILE_SOURCE -D_FILE_OFFSET_BITS=64',
optimize='-O2',
cppflags='-D_REENTRANT -D_GNU_SOURCE -fno-strict-aliasing -pipe -fstack-protector -I/usr/local/include'
ccversion='', gccversion='4.5.1 20100924 (Red Hat 4.5.1-4)', gccosandvers=''
intsize=4, longsize=8, ptrsize=8, doublesize=8, byteorder=12345678
d_longlong=define, longlongsize=8, d_longdbl=define, longdblsize=16
ivtype='long', ivsize=8, nvtype='double', nvsize=8, Off_t='off_t', lseeksize=8
alignbytes=8, prototype=define
Linker and Libraries:
ld='cc', ldflags =' -fstack-protector -L/usr/local/lib'
libpth=/usr/local/lib /lib /usr/lib /lib64 /usr/lib64 /usr/local/lib64
libs=-lnsl -lgdbm -ldb -ldl -lm -lcrypt -lutil -lpthread -lc -lgdbm_compat
perllibs=-lnsl -ldl -lm -lcrypt -lutil -lpthread -lc
libc=/lib/libc-2.13.so, so=so, useshrplib=false, libperl=libperl.a
gnulibc_version='2.13'
Dynamic Linking:
dlsrc=dl_dlopen.xs, dlext=so, d_dlsymun=undef, ccdlflags='-Wl,-E'
cccdlflags='-fPIC', lddlflags='-shared -O2 -L/usr/local/lib -fstack-protector'
Characteristics of this binary (from libperl):
Compile-time options: MULTIPLICITY PERL_DONT_CREATE_GVSV
PERL_IMPLICIT_CONTEXT PERL_MALLOC_WRAP PERL_USE_DEVEL
USE_64_BIT_ALL USE_64_BIT_INT USE_ITHREADS
USE_LARGE_FILES USE_PERLIO USE_PERL_ATOF
USE_REENTRANT_API
Built under linux
Compiled at Mar 1 2011 09:44:26
%ENV:
PERL5LIB="/home/tester/.local/share/.cpan/build/Test-Deep-0.108-di575I/blib/arch:/home/tester/.local/share/.cpan/build/Test-Deep-0.108-di575I/blib/lib:/home/tester/.local/share/.cpan/build/PadWalker-1.92-B_qi8o/blib/arch:/home/tester/.local/share/.cpan/build/PadWalker-1.92-B_qi8o/blib/lib:/home/tester/.local/share/.cpan/build/AnyEvent-HTTP-2.1-oef3M4/blib/arch:/home/tester/.local/share/.cpan/build/AnyEvent-HTTP-2.1-oef3M4/blib/lib:/home/tester/.local/share/.cpan/build/AnyEvent-5.31-i9qHXN/blib/arch:/home/tester/.local/share/.cpan/build/AnyEvent-5.31-i9qHXN/blib/lib:/home/tester/.local/share/.cpan/build/Scope-Guard-0.20-Aw58gC/blib/arch:/home/tester/.local/share/.cpan/build/Scope-Guard-0.20-Aw58gC/blib/lib:/home/tester/.local/share/.cpan/build/IO-All-0.41-YrcAQj/blib/arch:/home/tester/.local/share/.cpan/build/IO-All-0.41-YrcAQj/blib/lib:/home/tester/.local/share/.cpan/build/IO-String-1.08-M0qPzH/blib/arch:/home/tester/.local/share/.cpan/build/IO-String-1.08-M0qPzH/blib/lib"
PERL5OPT=""
PERL5_CPANPLUS_IS_RUNNING="777"
PERL5_CPAN_IS_RUNNING="777"
PERL5_MINISMOKEBOX="0.38"
PERL_EXTUTILS_AUTOINSTALL="--defaultdeps"
PERL_MM_USE_DEFAULT="1"
@INC:
/home/tester/.local/share/.cpan/build/Test-Deep-0.108-di575I/blib/arch
/home/tester/.local/share/.cpan/build/Test-Deep-0.108-di575I/blib/lib
/home/tester/.local/share/.cpan/build/PadWalker-1.92-B_qi8o/blib/arch
/home/tester/.local/share/.cpan/build/PadWalker-1.92-B_qi8o/blib/lib
/home/tester/.local/share/.cpan/build/AnyEvent-HTTP-2.1-oef3M4/blib/arch
/home/tester/.local/share/.cpan/build/AnyEvent-HTTP-2.1-oef3M4/blib/lib
/home/tester/.local/share/.cpan/build/AnyEvent-5.31-i9qHXN/blib/arch
/home/tester/.local/share/.cpan/build/AnyEvent-5.31-i9qHXN/blib/lib
/home/tester/.local/share/.cpan/build/Scope-Guard-0.20-Aw58gC/blib/arch
/home/tester/.local/share/.cpan/build/Scope-Guard-0.20-Aw58gC/blib/lib
/home/tester/.local/share/.cpan/build/IO-All-0.41-YrcAQj/blib/arch
/home/tester/.local/share/.cpan/build/IO-All-0.41-YrcAQj/blib/lib
/home/tester/.local/share/.cpan/build/IO-String-1.08-M0qPzH/blib/arch
/home/tester/.local/share/.cpan/build/IO-String-1.08-M0qPzH/blib/lib
/home/tester/testing/5.13.10/lib/perl5/site_perl/5.13.10/x86_64-linux-thread-multi
/home/tester/testing/5.13.10/lib/perl5/site_perl/5.13.10
/home/tester/testing/5.13.10/lib/perl5/5.13.10/x86_64-linux-thread-multi
/home/tester/testing/5.13.10/lib/perl5/5.13.10
.