Report for MooseX-Method-Signatures-0.43

Back
From: metabase:user:320bfe00-2aae-11df-837a-5e0a49663a4f
Subject: FAIL MooseX-Method-Signatures-0.43 v5.17.6 GNU/Linux
Date: 2012-11-20T03:44:55Z

This distribution has been tested as part of the CPAN Testers
project, supporting the Perl programming language.  See
http://wiki.cpantesters.org/ for more information or email
questions to cpan-testers-discuss@perl.org


--
Dear Karen Etheridge,

This is a computer-generated report for MooseX-Method-Signatures-0.43
on perl 5.17.6, created by CPAN-Reporter-1.2006.

Thank you for uploading your work to CPAN.  However, there was a problem
testing your distribution.

If you think this report is invalid, please consult the CPAN Testers Wiki
for suggestions on how to avoid getting FAIL reports for missing library
or binary dependencies, unsupported operating systems, and so on:

http://wiki.cpantesters.org/wiki/CPANAuthorNotes

Sections of this report:

    * Tester comments
    * Program output
    * Prerequisites
    * Environment and other context

------------------------------
TESTER COMMENTS
------------------------------

Additional comments from tester:

this report is from an automated smoke testing program
and was not reviewed by a human for accuracy

------------------------------
PROGRAM OUTPUT
------------------------------

Output from '/usr/bin/make test':

PERL_DL_NONLAZY=1 /tmp/basesmoker-reloperl-x8cI/bin/perl "-MExtUtils::Command::MM" "-e" "test_harness(0, 'blib/lib', 'blib/arch')" t/*.t
t/00-check-deps.t .................... ok
t/00-compile.t ....................... ok
t/00-load.t .......................... ok
t/attributes.t ....................... ok
t/author-pod.t ....................... skipped: these tests are for testing by the author
t/author-transactional-authorized.t .. skipped: these tests are for testing by the author
t/basic.t ............................ ok
t/caller.t ........................... ok
t/closure.t .......................... ok
t/declarators.t ...................... ok
t/errors.t ........................... ok
t/eval.t ............................. ok

#   Failed test at t/list.t line 26.
#          got: '5,6,3,4,1,2'
#     expected: '1,2,3,4,5,6'
# Looks like you failed 1 test of 25.
t/list.t ............................. 
Dubious, test returned 1 (wstat 256, 0x100)
Failed 1/25 subtests 
t/meta.t ............................. ok
t/method-trait.t ..................... ok
t/named_defaults.t ................... ok
t/no_signature.t ..................... ok
t/placeholders.t ..................... ok
t/precedence.t ....................... ok
t/quoted_name.t ...................... ok
t/release-changes_has_content.t ...... skipped: these tests are for release candidate testing
t/release-cpan-changes.t ............. skipped: these tests are for release candidate testing
t/release-eol.t ...................... skipped: these tests are for release candidate testing
t/release-minimum-version.t .......... skipped: these tests are for release candidate testing
t/release-no-tabs.t .................. skipped: these tests are for release candidate testing
t/release-pod-syntax.t ............... skipped: these tests are for release candidate testing
t/return_value.t ..................... ok
t/signatures.t ....................... ok
t/sigs-optional.t .................... ok
t/structured.t ....................... ok
t/synopsis.t ......................... ok
t/too_many_args.t .................... ok
t/traits.t ........................... ok
t/type_alias.t ....................... ok
t/types.t ............................ ok
t/undef_method_arg.t ................. ok
t/undef_method_arg2.t ................ ok
t/where.t ............................ ok

Test Summary Report
-------------------
t/list.t                           (Wstat: 256 Tests: 25 Failed: 1)
  Failed test:  11
  Non-zero exit status: 1
Files=38, Tests=340, 16 wallclock secs ( 0.10 usr  0.04 sys + 15.28 cusr  0.63 csys = 16.05 CPU)
Result: FAIL
Failed 1/38 test programs. 1/340 subtests failed.
make: *** [test_dynamic] Error 255

------------------------------
PREREQUISITES
------------------------------

Prerequisite modules loaded:

requires:

    Module                                        Need     Have    
    --------------------------------------------- -------- --------
    aliased                                       0        0.30    
    B::Hooks::EndOfScope                          0.10     0.11    
    Carp                                          0        1.28    
    Context::Preserve                             0        0.01    
    Devel::Declare                                0.005011 0.006011
    Devel::Declare::Context::Simple               0        0.006011
    Eval::Closure                                 0        0.08    
    Module::Runtime                               0.012    0.013   
    Moose                                         0.89     2.0604  
    Moose::Meta::Class                            0        2.0604  
    Moose::Meta::Method                           0        2.0604  
    Moose::Util                                   0        2.0604  
    Moose::Util::TypeConstraints                  0        2.0604  
    MooseX::LazyRequire                           0.06     0.08    
    MooseX::Meta::TypeConstraint::ForceCoercion   0        0.01    
    MooseX::Types                                 0.35     0.35    
    MooseX::Types::Moose                          0.19     0.35    
    MooseX::Types::Structured                     0.24     0.28    
    MooseX::Types::Util                           0        0.35    
    namespace::autoclean                          0        0.13    
    Parse::Method::Signatures                     1.003014 1.003014
    Parse::Method::Signatures::Param::Named       0        0       
    Parse::Method::Signatures::Param::Placeholder 0        0       
    Parse::Method::Signatures::TypeConstraint     0        0       
    Parse::Method::Signatures::Types              0        0       
    Scalar::Util                                  0        1.25    
    strict                                        0        1.07    
    Sub::Name                                     0        0.05    
    Task::Weaken                                  0        1.04    
    Text::Balanced                                0        2.02    
    warnings                                      0        1.15    

build_requires:

    Module                                        Need     Have    
    --------------------------------------------- -------- --------
    attributes                                    0        0.21    
    Data::Dumper                                  0        2.137   
    File::Find                                    0        1.23    
    File::Temp                                    0        0.22    
    FindBin                                       0        1.51    
    metaclass                                     0        2.0604  
    Moose::Role                                   0        2.0604  
    namespace::clean                              0        0.23    
    Test::CheckDeps                               0.002    0.002   
    Test::Deep                                    0        0.110   
    Test::Fatal                                   0        0.010   
    Test::Moose                                   0        2.0604  
    Test::More                                    0.89     0.98    

configure_requires:

    Module                                        Need     Have    
    --------------------------------------------- -------- --------
    ExtUtils::MakeMaker                           6.30     6.63_02 


------------------------------
ENVIRONMENT AND OTHER CONTEXT
------------------------------

Environment variables:

    AUTOMATED_TESTING = 1
    LANG = en_US.UTF-8
    LANGUAGE = en_US:en
    PATH = /home/sand/bin:/usr/local/bin:/usr/bin:/bin:/usr/bin/X11:/usr/games:/usr/local/perl/bin:/usr/X11/bin:/sbin:/usr/sbin
    PERL5LIB = 
    PERL5OPT = 
    PERL5_CPANPLUS_IS_RUNNING = 1500
    PERL5_CPAN_IS_RUNNING = 1500
    PERL_MM_USE_DEFAULT = 1
    SHELL = /usr/bin/zsh
    TERM = screen

Perl special variables (and OS-specific diagnostics, for MSWin32):

    $^X = /tmp/basesmoker-reloperl-x8cI/bin/perl
    $UID/$EUID = 1005 / 1005
    $GID = 1005 1005
    $EGID = 1005 1005

Perl module toolchain versions installed:

    Module              Have    
    ------------------- --------
    CPAN                1.99_51 
    CPAN::Meta          2.120921
    Cwd                 3.39_02 
    ExtUtils::CBuilder  0.280209
    ExtUtils::Command   1.17    
    ExtUtils::Install   1.58    
    ExtUtils::MakeMaker 6.63_02 
    ExtUtils::Manifest  1.62    
    ExtUtils::ParseXS   3.18    
    File::Spec          3.39_02 
    JSON                2.53    
    JSON::PP            2.27200 
    Module::Build       0.4003  
    Module::Signature   0.69    
    Parse::CPAN::Meta   1.4404  
    Test::Harness       3.25_01 
    Test::More          0.98    
    YAML                0.84    
    YAML::Syck          1.21    
    version             0.9901  


--

Summary of my perl5 (revision 5 version 17 subversion 6) configuration:
  Commit id: 1e00f0f1e1c04a8d4255720e5b26a4d3d6a985e6
  Platform:
    osname=linux, osvers=3.2.0-4-amd64, archname=x86_64-linux-thread-multi
    uname='linux k83 3.2.0-4-amd64 #1 smp debian 3.2.32-1 x86_64 gnulinux '
    config_args='-Dprefix=/home/src/perl/repoperls/installed-perls/perl/v5.17.5-578-g1e00f0f/9980 -Dmyhostname=k83 -Dinstallusrbinperl=n -Uversiononly -Dusedevel -des -Ui_db -Duseithreads -Uuselongdouble -DDEBUGGING=-g'
    hint=recommended, useposix=true, d_sigaction=define
    useithreads=define, usemultiplicity=define
    useperlio=define, d_sfio=undef, uselargefiles=define, usesocks=undef
    use64bitint=define, use64bitall=define, uselongdouble=undef
    usemymalloc=n, bincompat5005=undef
  Compiler:
    cc='cc', ccflags ='-D_REENTRANT -D_GNU_SOURCE -fno-strict-aliasing -pipe -fstack-protector -I/usr/local/include -D_LARGEFILE_SOURCE -D_FILE_OFFSET_BITS=64',
    optimize='-O2 -g',
    cppflags='-D_REENTRANT -D_GNU_SOURCE -fno-strict-aliasing -pipe -fstack-protector -I/usr/local/include'
    ccversion='', gccversion='4.7.2', gccosandvers=''
    intsize=4, longsize=8, ptrsize=8, doublesize=8, byteorder=12345678
    d_longlong=define, longlongsize=8, d_longdbl=define, longdblsize=16
    ivtype='long', ivsize=8, nvtype='double', nvsize=8, Off_t='off_t', lseeksize=8
    alignbytes=8, prototype=define
  Linker and Libraries:
    ld='cc', ldflags =' -fstack-protector -L/usr/local/lib'
    libpth=/usr/local/lib /lib/x86_64-linux-gnu /lib/../lib /usr/lib/x86_64-linux-gnu /usr/lib/../lib /lib /usr/lib
    libs=-lnsl -ldb -ldl -lm -lcrypt -lutil -lpthread -lc
    perllibs=-lnsl -ldl -lm -lcrypt -lutil -lpthread -lc
    libc=, so=so, useshrplib=false, libperl=libperl.a
    gnulibc_version='2.13'
  Dynamic Linking:
    dlsrc=dl_dlopen.xs, dlext=so, d_dlsymun=undef, ccdlflags='-Wl,-E'
    cccdlflags='-fPIC', lddlflags='-shared -O2 -g -L/usr/local/lib -fstack-protector'


Characteristics of this binary (from libperl): 
  Compile-time options: HAS_TIMES MULTIPLICITY PERLIO_LAYERS
                        PERL_DONT_CREATE_GVSV PERL_IMPLICIT_CONTEXT
                        PERL_MALLOC_WRAP PERL_PRESERVE_IVUV PERL_USE_DEVEL
                        USE_64_BIT_ALL USE_64_BIT_INT USE_ITHREADS
                        USE_LARGE_FILES USE_LOCALE USE_LOCALE_COLLATE
                        USE_LOCALE_CTYPE USE_LOCALE_NUMERIC USE_PERLIO
                        USE_PERL_ATOF USE_REENTRANT_API
  Built under linux
  Compiled at Nov 20 2012 02:49:10
  %ENV:
    PERL5LIB=""
    PERL5OPT=""
    PERL5_CPANPLUS_IS_RUNNING="1500"
    PERL5_CPAN_IS_RUNNING="1500"
    PERL_MM_USE_DEFAULT="1"
  @INC:
    /home/src/perl/repoperls/installed-perls/perl/v5.17.5-578-g1e00f0f/9980/lib/site_perl/5.17.6/x86_64-linux-thread-multi
    /home/src/perl/repoperls/installed-perls/perl/v5.17.5-578-g1e00f0f/9980/lib/site_perl/5.17.6
    /home/src/perl/repoperls/installed-perls/perl/v5.17.5-578-g1e00f0f/9980/lib/5.17.6/x86_64-linux-thread-multi
    /home/src/perl/repoperls/installed-perls/perl/v5.17.5-578-g1e00f0f/9980/lib/5.17.6
    .