Back
From: metabase:user:320bfe00-2aae-11df-837a-5e0a49663a4f
Subject: FAIL SDL-2.538 v5.15.9 GNU/Linux
Date: 2012-05-23T00:02:55Z
This distribution has been tested as part of the CPAN Testers
project, supporting the Perl programming language. See
http://wiki.cpantesters.org/ for more information or email
questions to cpan-testers-discuss@perl.org
--
Dear Kartik Thakore,
This is a computer-generated report for SDL-2.538
on perl 5.15.9, created by CPAN-Reporter-1.2006.
Thank you for uploading your work to CPAN. However, there was a problem
testing your distribution.
If you think this report is invalid, please consult the CPAN Testers Wiki
for suggestions on how to avoid getting FAIL reports for missing library
or binary dependencies, unsupported operating systems, and so on:
http://wiki.cpantesters.org/wiki/CPANAuthorNotes
Sections of this report:
* Tester comments
* Program output
* Prerequisites
* Environment and other context
------------------------------
TESTER COMMENTS
------------------------------
Additional comments from tester:
this report is from an automated smoke testing program
and was not reviewed by a human for accuracy
------------------------------
PROGRAM OUTPUT
------------------------------
Output from './Build test':
[Alien::SDL] Build option used:
Source code build: SDL-1.2.14 & co. (RECOMMENDED)
builds: SDL, SDL_(image|mixer|ttf|gfx|Pango)
needs preinstalled: (freetype2|pango)-devel
Building SDL
Subroutine SDLx::Surface::draw_rect redefined at /home/src/perl/repoperls/installed-perls/perl/v5.15.9/9980/lib/5.15.9/x86_64-linux-thread-multi/DynaLoader.pm line 213.
Subroutine SDLx::Surface::blit redefined at /home/src/perl/repoperls/installed-perls/perl/v5.15.9/9980/lib/5.15.9/x86_64-linux-thread-multi/DynaLoader.pm line 213.
t/00-load.t ..................... ok
t/colorpm.t ..................... ok
t/config.t ...................... ok
t/core.t ........................ ok
t/core_audio.t .................. ok
t/core_audiospec.t .............. ok
t/core_cd.t ..................... ok
t/core_error.t .................. ok
t/core_events.t ................. ok
t/core_joystick.t ............... ok
t/core_mouse.t .................. ok
t/core_multi.t .................. ok
t/core_overlay.t ................ ok
t/core_palette.t ................ ok
t/core_rect.t ................... ok
t/core_rwops.t .................. ok
Subroutine SDLx::Surface::draw_rect redefined at /home/src/perl/repoperls/installed-perls/perl/v5.15.9/9980/lib/5.15.9/x86_64-linux-thread-multi/DynaLoader.pm line 213.
Subroutine SDLx::Surface::blit redefined at /home/src/perl/repoperls/installed-perls/perl/v5.15.9/9980/lib/5.15.9/x86_64-linux-thread-multi/DynaLoader.pm line 213.
t/core_surface.t ................ ok
t/core_timer.t .................. ok
t/core_version.t ................ ok
t/core_video.t .................. ok
t/core_video_convert_surface.t .. ok
t/core_video_gamma.t ............ ok
t/extendingrect.t ............... ok
t/gfx.t ......................... ok
t/gfx_fpsmanager.t .............. ok
t/gfx_framerate.t ............... ok
t/gfx_imagefilter.t ............. ok
t/gfx_primitives.t .............. ok
t/gfx_primitives2.t ............. ok
t/gfx_rotozoom.t ................ ok
t/image.t ....................... ok
t/image_xpm_array.t ............. ok
t/mixer.t ....................... ok
t/mixer_channels.t .............. ok
t/mixer_effects.t ............... ok
t/mixer_groups.t ................ ok
t/mixer_mixchunk.t .............. ok
t/mixer_mixmusic.t .............. ok
Could not load SDL::RWOp object
# Failed test '[load_MUS_RW] isa SDL::Mixer::MixMusic'
# at t/mixer_music.t line 115.
# [load_MUS_RW] isn't defined
# Failed test '[play_music_rw] plays test/data/silence.wav'
# at t/mixer_music.t line 116.
# got: undef
# expected: '0'
Could not load test/data/silence.ogg
# Failed test '[fade_in_music_pos] 100 ms, beginning at 2.5 ms'
# at t/mixer_music.t line 196.
# got: undef
# expected: '0'
# Failed test '[set_music_position] skipping 2.5 ms'
# at t/mixer_music.t line 199.
# got: '-1'
# expected: '0'
# Looks like you failed 4 tests of 36.
t/mixer_music.t .................
Dubious, test returned 4 (wstat 1024, 0x400)
Failed 4/36 subtests
(less 7 skipped subtests: 25 okay)
t/mixer_samples.t ............... ok
t/pango.t ....................... ok
t/sdlgamerect.t ................. ok
Subroutine SDLx::Surface::draw_rect redefined at /home/src/perl/repoperls/installed-perls/perl/v5.15.9/9980/lib/5.15.9/x86_64-linux-thread-multi/DynaLoader.pm line 213.
Subroutine SDLx::Surface::blit redefined at /home/src/perl/repoperls/installed-perls/perl/v5.15.9/9980/lib/5.15.9/x86_64-linux-thread-multi/DynaLoader.pm line 213.
t/sdlx_app.t .................... ok
t/sdlx_controller.t ............. ok
Subroutine SDLx::Surface::draw_rect redefined at /home/src/perl/repoperls/installed-perls/perl/v5.15.9/9980/lib/5.15.9/x86_64-linux-thread-multi/DynaLoader.pm line 213.
Subroutine SDLx::Surface::blit redefined at /home/src/perl/repoperls/installed-perls/perl/v5.15.9/9980/lib/5.15.9/x86_64-linux-thread-multi/DynaLoader.pm line 213.
t/sdlx_controller_interface.t ... ok
t/sdlx_fps.t .................... ok
Subroutine SDLx::Surface::draw_rect redefined at /home/src/perl/repoperls/installed-perls/perl/v5.15.9/9980/lib/5.15.9/x86_64-linux-thread-multi/DynaLoader.pm line 213.
Subroutine SDLx::Surface::blit redefined at /home/src/perl/repoperls/installed-perls/perl/v5.15.9/9980/lib/5.15.9/x86_64-linux-thread-multi/DynaLoader.pm line 213.
t/sdlx_layermanager.t ........... ok
t/sdlx_music.t .................. ok
t/sdlx_rect.t ................... ok
t/sdlx_sfont.t .................. ok
t/sdlx_sound.t .................. ok
Subroutine SDLx::Surface::draw_rect redefined at /home/src/perl/repoperls/installed-perls/perl/v5.15.9/9980/lib/5.15.9/x86_64-linux-thread-multi/DynaLoader.pm line 213.
Subroutine SDLx::Surface::blit redefined at /home/src/perl/repoperls/installed-perls/perl/v5.15.9/9980/lib/5.15.9/x86_64-linux-thread-multi/DynaLoader.pm line 213.
t/sdlx_sprite.t ................. ok
Subroutine SDLx::Surface::draw_rect redefined at /home/src/perl/repoperls/installed-perls/perl/v5.15.9/9980/lib/5.15.9/x86_64-linux-thread-multi/DynaLoader.pm line 213.
Subroutine SDLx::Surface::blit redefined at /home/src/perl/repoperls/installed-perls/perl/v5.15.9/9980/lib/5.15.9/x86_64-linux-thread-multi/DynaLoader.pm line 213.
t/sdlx_sprite_animated.t ........ ok
Subroutine SDLx::Surface::draw_rect redefined at /home/src/perl/repoperls/installed-perls/perl/v5.15.9/9980/lib/5.15.9/x86_64-linux-thread-multi/DynaLoader.pm line 213.
Subroutine SDLx::Surface::blit redefined at /home/src/perl/repoperls/installed-perls/perl/v5.15.9/9980/lib/5.15.9/x86_64-linux-thread-multi/DynaLoader.pm line 213.
t/sdlx_surface.t ................ ok
Subroutine SDLx::Surface::draw_rect redefined at /home/src/perl/repoperls/installed-perls/perl/v5.15.9/9980/lib/5.15.9/x86_64-linux-thread-multi/DynaLoader.pm line 213.
Subroutine SDLx::Surface::blit redefined at /home/src/perl/repoperls/installed-perls/perl/v5.15.9/9980/lib/5.15.9/x86_64-linux-thread-multi/DynaLoader.pm line 213.
t/sdlx_text.t ................... ok
Subroutine SDLx::Surface::draw_rect redefined at /home/src/perl/repoperls/installed-perls/perl/v5.15.9/9980/lib/5.15.9/x86_64-linux-thread-multi/DynaLoader.pm line 213.
Subroutine SDLx::Surface::blit redefined at /home/src/perl/repoperls/installed-perls/perl/v5.15.9/9980/lib/5.15.9/x86_64-linux-thread-multi/DynaLoader.pm line 213.
t/sdlx_validate.t ............... ok
t/smpeg.t ....................... skipped: smpeg support not compiled
t/ttf.t ......................... ok
t/ttf_font.t .................... ok
Test Summary Report
-------------------
t/core.t (Wstat: 0 Tests: 28 Failed: 0)
TODO passed: 21-22
t/core_video.t (Wstat: 0 Tests: 110 Failed: 0)
TODO passed: 57, 59
t/mixer_music.t (Wstat: 1024 Tests: 36 Failed: 4)
Failed tests: 9-10, 32-33
Non-zero exit status: 4
Files=59, Tests=3882, 147 wallclock secs ( 0.54 usr 0.10 sys + 39.48 cusr 4.90 csys = 45.02 CPU)
Result: FAIL
Failed 1/59 test programs. 4/3882 subtests failed.
------------------------------
PREREQUISITES
------------------------------
Prerequisite modules loaded:
requires:
Module Need Have
------------------ -------- --------
CPAN 1.92 1.9800
File::ShareDir 1.0 1.03
perl 5.008000 5.015009
Scalar::Util 0 1.24
Tie::Simple 0 1.03
build_requires:
Module Need Have
------------------ -------- --------
Alien::SDL 1.426 1.430
Capture::Tiny 0 0.18
ExtUtils::CBuilder 0 0.280206
File::Find 0 1.20
File::ShareDir 1.0 1.03
Scalar::Util 0 1.24
Test::Most 0.21 0.25
Test::Simple 0.88 0.98
Tie::Simple 0 1.03
configure_requires:
Module Need Have
------------------ -------- --------
Alien::SDL 1.426 1.430
Capture::Tiny 0 0.18
ExtUtils::CBuilder 0.260301 0.280206
File::Find 0 1.20
File::ShareDir 1.0 1.03
Module::Build 0.4 0.40
Tie::Simple 0 1.03
------------------------------
ENVIRONMENT AND OTHER CONTEXT
------------------------------
Environment variables:
AUTOMATED_TESTING = 1
LANG = en_US.UTF-8
LANGUAGE = en_US:en
PATH = /home/sand/bin:/usr/local/bin:/usr/bin:/bin:/usr/bin/X11:/usr/games:/usr/local/perl/bin:/usr/X11/bin:/sbin:/usr/sbin
PERL5LIB =
PERL5OPT =
PERL5_CPANPLUS_IS_RUNNING = 14437
PERL5_CPAN_IS_RUNNING = 14437
PERL_MM_USE_DEFAULT = 1
SHELL = /usr/bin/zsh
TERM = screen
Perl special variables (and OS-specific diagnostics, for MSWin32):
$^X = /home/sand/src/perl/repoperls/installed-perls/perl/v5.15.9/9980/bin/perl
$UID/$EUID = 1005 / 1005
$GID = 1005 1005
$EGID = 1005 1005
Perl module toolchain versions installed:
Module Have
------------------- --------
CPAN 1.9800
CPAN::Meta 2.120921
Cwd 3.39_02
ExtUtils::CBuilder 0.280206
ExtUtils::Command 1.17
ExtUtils::Install 1.58
ExtUtils::MakeMaker 6.63_02
ExtUtils::Manifest 1.61
ExtUtils::ParseXS 3.16
File::Spec 3.39_02
JSON 2.53
JSON::PP 2.27200
Module::Build 0.40
Module::Signature 0.68
Parse::CPAN::Meta 1.4404
Test::Harness 3.23
Test::More 0.98
YAML 0.81
YAML::Syck 1.20
version 0.99
--
Summary of my perl5 (revision 5 version 15 subversion 9) configuration:
Commit id: 01725c1062c0e78d5d79424b6f84013e248992a5
Platform:
osname=linux, osvers=3.2.0-1-amd64, archname=x86_64-linux-thread-multi
uname='linux k83 3.2.0-1-amd64 #1 smp fri feb 17 05:17:36 utc 2012 x86_64 gnulinux '
config_args='-Dprefix=/home/src/perl/repoperls/installed-perls/perl/v5.15.9/9980 -Dmyhostname=k83 -Dinstallusrbinperl=n -Uversiononly -Dusedevel -des -Ui_db -Duseithreads -Uuselongdouble -DDEBUGGING=-g'
hint=recommended, useposix=true, d_sigaction=define
useithreads=define, usemultiplicity=define
useperlio=define, d_sfio=undef, uselargefiles=define, usesocks=undef
use64bitint=define, use64bitall=define, uselongdouble=undef
usemymalloc=n, bincompat5005=undef
Compiler:
cc='cc', ccflags ='-D_REENTRANT -D_GNU_SOURCE -fno-strict-aliasing -pipe -fstack-protector -I/usr/local/include -D_LARGEFILE_SOURCE -D_FILE_OFFSET_BITS=64',
optimize='-O2 -g',
cppflags='-D_REENTRANT -D_GNU_SOURCE -fno-strict-aliasing -pipe -fstack-protector -I/usr/local/include'
ccversion='', gccversion='4.6.3', gccosandvers=''
intsize=4, longsize=8, ptrsize=8, doublesize=8, byteorder=12345678
d_longlong=define, longlongsize=8, d_longdbl=define, longdblsize=16
ivtype='long', ivsize=8, nvtype='double', nvsize=8, Off_t='off_t', lseeksize=8
alignbytes=8, prototype=define
Linker and Libraries:
ld='cc', ldflags =' -fstack-protector -L/usr/local/lib'
libpth=/usr/local/lib /lib/x86_64-linux-gnu /lib/../lib /usr/lib/x86_64-linux-gnu /usr/lib/../lib /lib /usr/lib
libs=-lnsl -ldb -ldl -lm -lcrypt -lutil -lpthread -lc
perllibs=-lnsl -ldl -lm -lcrypt -lutil -lpthread -lc
libc=, so=so, useshrplib=false, libperl=libperl.a
gnulibc_version='2.13'
Dynamic Linking:
dlsrc=dl_dlopen.xs, dlext=so, d_dlsymun=undef, ccdlflags='-Wl,-E'
cccdlflags='-fPIC', lddlflags='-shared -O2 -g -L/usr/local/lib -fstack-protector'
Characteristics of this binary (from libperl):
Compile-time options: HAS_TIMES MULTIPLICITY PERLIO_LAYERS
PERL_DONT_CREATE_GVSV PERL_IMPLICIT_CONTEXT
PERL_MALLOC_WRAP PERL_PRESERVE_IVUV PERL_USE_DEVEL
USE_64_BIT_ALL USE_64_BIT_INT USE_ITHREADS
USE_LARGE_FILES USE_LOCALE USE_LOCALE_COLLATE
USE_LOCALE_CTYPE USE_LOCALE_NUMERIC USE_PERLIO
USE_PERL_ATOF USE_REENTRANT_API
Built under linux
Compiled at Mar 20 2012 20:34:41
%ENV:
PERL5LIB=""
PERL5OPT=""
PERL5_CPANPLUS_IS_RUNNING="14437"
PERL5_CPAN_IS_RUNNING="14437"
PERL_MM_USE_DEFAULT="1"
@INC:
/home/src/perl/repoperls/installed-perls/perl/v5.15.9/9980/lib/site_perl/5.15.9/x86_64-linux-thread-multi
/home/src/perl/repoperls/installed-perls/perl/v5.15.9/9980/lib/site_perl/5.15.9
/home/src/perl/repoperls/installed-perls/perl/v5.15.9/9980/lib/5.15.9/x86_64-linux-thread-multi
/home/src/perl/repoperls/installed-perls/perl/v5.15.9/9980/lib/5.15.9
.