Report for Data-Schema-0.135

Back
From: metabase:user:320bfe00-2aae-11df-837a-5e0a49663a4f
Subject: FAIL Data-Schema-0.135 v5.17.10 GNU/Linux
Date: 2013-03-20T00:25:19Z

This distribution has been tested as part of the CPAN Testers
project, supporting the Perl programming language.  See
http://wiki.cpantesters.org/ for more information or email
questions to cpan-testers-discuss@perl.org


--
Dear Steven Haryanto,

This is a computer-generated report for Data-Schema-0.135
on perl 5.17.10, created by CPAN-Reporter-1.2009.

Thank you for uploading your work to CPAN.  However, there was a problem
testing your distribution.

If you think this report is invalid, please consult the CPAN Testers Wiki
for suggestions on how to avoid getting FAIL reports for missing library
or binary dependencies, unsupported operating systems, and so on:

http://wiki.cpantesters.org/wiki/CPANAuthorNotes

Sections of this report:

    * Tester comments
    * Program output
    * Prerequisites
    * Environment and other context

------------------------------
TESTER COMMENTS
------------------------------

Additional comments from tester:

this report is from an automated smoke testing program
and was not reviewed by a human for accuracy

------------------------------
PROGRAM OUTPUT
------------------------------

Output from '/usr/bin/make test':

PERL_DL_NONLAZY=1 /tmp/basesmoker-reloperl-RCiq/bin/perl "-MExtUtils::Command::MM" "-e" "test_harness(0, 'blib/lib', 'blib/arch')" t/*.t
Undefined subroutine &Data::Schema::__compiled::__cs_8b050ae013e9de109eb413ef91376448_15c8c090af9f8a0065af4db1cc32bda9 called at (eval 359) line 63.
# Looks like you planned 63 tests but ran 30.
# Looks like your test exited with 255 just after 30.
t/01-basics.t ....................... 
Dubious, test returned 255 (wstat 65280, 0xff00)
Failed 33/63 subtests 
t/03-export.t ....................... ok
t/06-english.t ...................... ok
Undefined subroutine &Data::Schema::__compiled::__cs_283c6e06303496684e10a415723b887a_a0f054eecf5db69af00969d1528c9a3f called at (eval 350) line 66.
# Looks like you planned 88 tests but ran 3.
# Looks like your test exited with 255 just after 3.
t/10-type-all.t ..................... 
Dubious, test returned 255 (wstat 65280, 0xff00)
Failed 85/88 subtests 
t/10-type-any.t ..................... ok
Undefined subroutine &Data::Schema::__compiled::__cs_int_cf2ce3ae6476453904b078fffa32b999 called at (eval 436) line 57.
# Looks like you planned 630 tests but ran 139.
# Looks like your test exited with 255 just after 139.
t/10-type-array.t ................... 
Dubious, test returned 255 (wstat 65280, 0xff00)
Failed 491/630 subtests 
Subroutine __cs_bool_a86ad9a7b006632c07c691f0e086a71f redefined at (eval 357) line 26.
Undefined subroutine &Data::Schema::__compiled::__cs_bool_da26f070f00bb687262cb897509b3e7c called at (eval 357) line 77.
# Looks like you planned 104 tests but ran 37.
# Looks like your test exited with 255 just after 37.
t/10-type-bool.t .................... 
Dubious, test returned 255 (wstat 65280, 0xff00)
Failed 67/104 subtests 
Undefined subroutine &Data::Schema::__compiled::__cs_283c6e06303496684e10a415723b887a_d9756fda29860cbc4f73e150da1ac66a called at (eval 350) line 105.
# Looks like you planned 98 tests but ran 3.
# Looks like your test exited with 255 just after 3.
t/10-type-either.t .................. 
Dubious, test returned 255 (wstat 65280, 0xff00)
Failed 95/98 subtests 
Subroutine __cs_float_8e2e85e4cb4a1f5e32e13709d300e715 redefined at (eval 403) line 27.
Undefined subroutine &Data::Schema::__compiled::__cs_float_282bf77066e7c736ada0cb45100e1ca7 called at (eval 403) line 87.
# Looks like you planned 190 tests but ran 125.
# Looks like your test exited with 255 just after 125.
t/10-type-float.t ................... 
Dubious, test returned 255 (wstat 65280, 0xff00)
Failed 65/190 subtests 
Undefined subroutine &Data::Schema::__compiled::__cs_int_ffa7b086ed0d1da9bd1f15b372c7943f called at (eval 474) line 54.
# Looks like you planned 1016 tests but ran 203.
# Looks like your test exited with 255 just after 203.
t/10-type-hash.t .................... 
Dubious, test returned 255 (wstat 65280, 0xff00)
Failed 813/1016 subtests 
Undefined subroutine &Data::Schema::__compiled::__cs_int_5ee4e1a8535532b9cd8adce7e7c7204b called at (eval 424) line 81.
# Looks like you planned 232 tests but ran 165.
# Looks like your test exited with 255 just after 165.
t/10-type-int.t ..................... 
Dubious, test returned 255 (wstat 65280, 0xff00)
Failed 67/232 subtests 
Undefined subroutine &Data::Schema::__compiled::__cs_object_89d51b5c73b48f59fbdf07842de075e0 called at (eval 395) line 78.
# Looks like you planned 164 tests but ran 97.
# Looks like your test exited with 255 just after 97.
t/10-type-object.t .................. 
Dubious, test returned 255 (wstat 65280, 0xff00)
Failed 67/164 subtests 
Undefined subroutine &Data::Schema::__compiled::__cs_2de88f68bbccb3b2baf94f09f482bdaf_f7f3e8a250adae7ab883a64610a23250 called at (eval 369) line 36.
# Looks like you planned 47 tests but ran 4.
# Looks like your test exited with 255 just after 4.
t/10-type-schema.t .................. 
Dubious, test returned 255 (wstat 65280, 0xff00)
Failed 43/47 subtests 

#   Failed test 'isa_regex 2 (compiled)'
#   at t/testlib.pm line 76.

#   Failed test 'isa_regex 4 (compiled)'
#   at t/testlib.pm line 65.
Undefined subroutine &Data::Schema::__compiled::__cs_str_c1ddc36855b948611252187d1de8944f called at (eval 503) line 54.
# Looks like you planned 360 tests but ran 293.
# Looks like you failed 2 tests of 293 run.
# Looks like your test exited with 255 just after 293.
t/10-type-str.t ..................... 
Dubious, test returned 255 (wstat 65280, 0xff00)
Failed 69/360 subtests 
t/10-type-typename.t ................ ok
t/11-attr-comment_note.t ............ ok
Undefined subroutine &Data::Schema::__compiled::__cs_array_8ab27c0588b76a0797d368e95751844f called at (eval 399) line 64.
# Looks like you planned 50 tests but ran 19.
# Looks like your test exited with 255 just after 19.
t/11-attr-default.t ................. 
Dubious, test returned 255 (wstat 65280, 0xff00)
Failed 31/50 subtests 
t/11-attr-required_forbidden_set.t .. ok
Subroutine __cs_int_8979291bb6c8f10f40fce110893023cf redefined at (eval 404) line 124.
Undefined subroutine &Data::Schema::__compiled::__cs_array_ee6f61829a3a763898fe0f65ad19b555 called at (eval 404) line 186.
# Looks like you planned 48 tests but ran 31.
# Looks like your test exited with 255 just after 31.
t/12-attrhash-merge.t ............... 
Dubious, test returned 255 (wstat 65280, 0xff00)
Failed 17/48 subtests 
t/13-attrsuffix.t ................... ok
t/20-register_type.t ................ ok
t/30-config-gettext_function.t ...... ok
Out of memory!
# Looks like you planned 48 tests but ran 1.
# Looks like your test exited with 1 just after 1.
t/40-dss-01-basics.t ................ 
Dubious, test returned 1 (wstat 256, 0x100)
Failed 47/48 subtests 
Out of memory!
# Looks like you planned 104 tests but ran 1.
# Looks like your test exited with 1 just after 1.
t/40-dss-02-attrhash.t .............. 
Dubious, test returned 1 (wstat 256, 0x100)
Failed 103/104 subtests 
t/40-dss-10-attr-int.t .............. ok
t/pod.t ............................. ok
t/release-pod-coverage.t ............ skipped: these tests are for release candidate testing
t/release-pod-syntax.t .............. skipped: these tests are for release candidate testing

Test Summary Report
-------------------
t/01-basics.t                     (Wstat: 65280 Tests: 30 Failed: 0)
  Non-zero exit status: 255
  Parse errors: Bad plan.  You planned 63 tests but ran 30.
t/10-type-all.t                   (Wstat: 65280 Tests: 3 Failed: 0)
  Non-zero exit status: 255
  Parse errors: Bad plan.  You planned 88 tests but ran 3.
t/10-type-array.t                 (Wstat: 65280 Tests: 139 Failed: 0)
  Non-zero exit status: 255
  Parse errors: Bad plan.  You planned 630 tests but ran 139.
t/10-type-bool.t                  (Wstat: 65280 Tests: 37 Failed: 0)
  Non-zero exit status: 255
  Parse errors: Bad plan.  You planned 104 tests but ran 37.
t/10-type-either.t                (Wstat: 65280 Tests: 3 Failed: 0)
  Non-zero exit status: 255
  Parse errors: Bad plan.  You planned 98 tests but ran 3.
t/10-type-float.t                 (Wstat: 65280 Tests: 125 Failed: 0)
  Non-zero exit status: 255
  Parse errors: Bad plan.  You planned 190 tests but ran 125.
t/10-type-hash.t                  (Wstat: 65280 Tests: 203 Failed: 0)
  Non-zero exit status: 255
  Parse errors: Bad plan.  You planned 1016 tests but ran 203.
t/10-type-int.t                   (Wstat: 65280 Tests: 165 Failed: 0)
  Non-zero exit status: 255
  Parse errors: Bad plan.  You planned 232 tests but ran 165.
t/10-type-object.t                (Wstat: 65280 Tests: 97 Failed: 0)
  Non-zero exit status: 255
  Parse errors: Bad plan.  You planned 164 tests but ran 97.
t/10-type-schema.t                (Wstat: 65280 Tests: 4 Failed: 0)
  Non-zero exit status: 255
  Parse errors: Bad plan.  You planned 47 tests but ran 4.
t/10-type-str.t                   (Wstat: 65280 Tests: 293 Failed: 2)
  Failed tests:  110, 114
  Non-zero exit status: 255
  Parse errors: Bad plan.  You planned 360 tests but ran 293.
t/11-attr-default.t               (Wstat: 65280 Tests: 19 Failed: 0)
  Non-zero exit status: 255
  Parse errors: Bad plan.  You planned 50 tests but ran 19.
t/12-attrhash-merge.t             (Wstat: 65280 Tests: 31 Failed: 0)
  Non-zero exit status: 255
  Parse errors: Bad plan.  You planned 48 tests but ran 31.
t/40-dss-01-basics.t              (Wstat: 256 Tests: 1 Failed: 0)
  Non-zero exit status: 1
  Parse errors: Bad plan.  You planned 48 tests but ran 1.
t/40-dss-02-attrhash.t            (Wstat: 256 Tests: 1 Failed: 0)
  Non-zero exit status: 1
  Parse errors: Bad plan.  You planned 104 tests but ran 1.
Files=28, Tests=1773, 17 wallclock secs ( 0.22 usr  0.06 sys + 13.92 cusr  2.54 csys = 16.74 CPU)
Result: FAIL
Failed 15/28 test programs. 2/1773 subtests failed.
make: *** [test_dynamic] Error 255

------------------------------
PREREQUISITES
------------------------------

Prerequisite modules loaded:

requires:

    Module                Need Have   
    --------------------- ---- -------
    bareword::filehandles 0    0.003  
    Data::Dumper          0    2.145  
    Data::ModeMerge       0    0.29   
    Digest::MD5           0    2.52   
    File::Slurp           0    9999.19
    FindBin               0    1.51   
    List::MoreUtils       0    0.33   
    Moose                 0    2.0604 
    multidimensional      0    0.011  
    Scalar::Util          0    1.27   
    Storable              0    2.40   
    Test::Exception       0    0.31   
    Test::More            0    0.98   
    YAML::Syck            0    1.25   

build_requires:

    Module                Need Have   
    --------------------- ---- -------
    ExtUtils::MakeMaker   0    6.65_01


------------------------------
ENVIRONMENT AND OTHER CONTEXT
------------------------------

Environment variables:

    AUTOMATED_TESTING = 1
    LANG = en_US.UTF-8
    LANGUAGE = en_US:en
    PATH = /usr/lib/ccache:/home/sand/bin:/usr/local/bin:/usr/bin:/bin:/usr/bin/X11:/usr/games:/usr/local/perl/bin:/usr/X11/bin:/sbin:/usr/sbin
    PERL5LIB = 
    PERL5OPT = 
    PERL5_CPANPLUS_IS_RUNNING = 14963
    PERL5_CPAN_IS_RUNNING = 14963
    PERL_MM_USE_DEFAULT = 1
    SHELL = /usr/bin/zsh
    TERM = screen

Perl special variables (and OS-specific diagnostics, for MSWin32):

    $^X = /tmp/basesmoker-reloperl-RCiq/bin/perl
    $UID/$EUID = 1005 / 1005
    $GID = 1005 1005
    $EGID = 1005 1005

Perl module toolchain versions installed:

    Module              Have    
    ------------------- --------
    CPAN                1.9800  
    CPAN::Meta          2.120921
    Cwd                 3.40    
    ExtUtils::CBuilder  0.280209
    ExtUtils::Command   1.17    
    ExtUtils::Install   1.59    
    ExtUtils::MakeMaker 6.65_01 
    ExtUtils::Manifest  1.63    
    ExtUtils::ParseXS   3.18    
    File::Spec          3.40    
    JSON                n/a     
    JSON::PP            2.27202 
    Module::Build       0.4003  
    Module::Signature   0.70    
    Parse::CPAN::Meta   1.4404  
    Test::Harness       3.26    
    Test::More          0.98    
    YAML                0.84    
    YAML::Syck          1.25    
    version             0.9902  


--

Summary of my perl5 (revision 5 version 17 subversion 10) configuration:
  Commit id: a7b39f85d7caac0822fdcd78400e131a95f11148
  Platform:
    osname=linux, osvers=3.2.0-4-amd64, archname=x86_64-linux-thread-multi-ld
    uname='linux k83 3.2.0-4-amd64 #1 smp debian 3.2.39-2 x86_64 gnulinux '
    config_args='-Dprefix=/home/src/perl/repoperls/installed-perls/perl/v5.17.9-203-ga7b39f8/a2da -Dmyhostname=k83 -Dinstallusrbinperl=n -Uversiononly -Dusedevel -des -Ui_db -Duseithreads -Duselongdouble -DDEBUGGING=-g'
    hint=recommended, useposix=true, d_sigaction=define
    useithreads=define, usemultiplicity=define
    useperlio=define, d_sfio=undef, uselargefiles=define, usesocks=undef
    use64bitint=define, use64bitall=define, uselongdouble=define
    usemymalloc=n, bincompat5005=undef
  Compiler:
    cc='cc', ccflags ='-D_REENTRANT -D_GNU_SOURCE -fno-strict-aliasing -pipe -fstack-protector -I/usr/local/include -D_LARGEFILE_SOURCE -D_FILE_OFFSET_BITS=64',
    optimize='-O2 -g',
    cppflags='-D_REENTRANT -D_GNU_SOURCE -fno-strict-aliasing -pipe -fstack-protector -I/usr/local/include'
    ccversion='', gccversion='4.7.2', gccosandvers=''
    intsize=4, longsize=8, ptrsize=8, doublesize=8, byteorder=12345678
    d_longlong=define, longlongsize=8, d_longdbl=define, longdblsize=16
    ivtype='long', ivsize=8, nvtype='long double', nvsize=16, Off_t='off_t', lseeksize=8
    alignbytes=16, prototype=define
  Linker and Libraries:
    ld='cc', ldflags =' -fstack-protector -L/usr/local/lib'
    libpth=/usr/local/lib /lib/x86_64-linux-gnu /lib/../lib /usr/lib/x86_64-linux-gnu /usr/lib/../lib /lib /usr/lib
    libs=-lnsl -lgdbm -ldb -ldl -lm -lcrypt -lutil -lpthread -lc -lgdbm_compat
    perllibs=-lnsl -ldl -lm -lcrypt -lutil -lpthread -lc
    libc=, so=so, useshrplib=false, libperl=libperl.a
    gnulibc_version='2.13'
  Dynamic Linking:
    dlsrc=dl_dlopen.xs, dlext=so, d_dlsymun=undef, ccdlflags='-Wl,-E'
    cccdlflags='-fPIC', lddlflags='-shared -O2 -g -L/usr/local/lib -fstack-protector'


Characteristics of this binary (from libperl): 
  Compile-time options: HAS_TIMES MULTIPLICITY PERLIO_LAYERS
                        PERL_DONT_CREATE_GVSV PERL_IMPLICIT_CONTEXT
                        PERL_MALLOC_WRAP PERL_PRESERVE_IVUV PERL_SAWAMPERSAND
                        PERL_USE_DEVEL USE_64_BIT_ALL USE_64_BIT_INT
                        USE_ITHREADS USE_LARGE_FILES USE_LOCALE
                        USE_LOCALE_COLLATE USE_LOCALE_CTYPE
                        USE_LOCALE_NUMERIC USE_LONG_DOUBLE USE_PERLIO
                        USE_PERL_ATOF USE_REENTRANT_API
  Built under linux
  Compiled at Mar 19 2013 00:37:12
  %ENV:
    PERL5LIB=""
    PERL5OPT=""
    PERL5_CPANPLUS_IS_RUNNING="14963"
    PERL5_CPAN_IS_RUNNING="14963"
    PERL_MM_USE_DEFAULT="1"
  @INC:
    /home/src/perl/repoperls/installed-perls/perl/v5.17.9-203-ga7b39f8/a2da/lib/site_perl/5.17.10/x86_64-linux-thread-multi-ld
    /home/src/perl/repoperls/installed-perls/perl/v5.17.9-203-ga7b39f8/a2da/lib/site_perl/5.17.10
    /home/src/perl/repoperls/installed-perls/perl/v5.17.9-203-ga7b39f8/a2da/lib/5.17.10/x86_64-linux-thread-multi-ld
    /home/src/perl/repoperls/installed-perls/perl/v5.17.9-203-ga7b39f8/a2da/lib/5.17.10
    .