Report for CGI-Lingua-0.58

Back
From: Slaven Rezić (SREZIC) 
Subject: FAIL CGI-Lingua-0.58 5.28.0 GNU/Linux
Date: 2018-07-26T23:28:42Z

This distribution has been tested as part of the CPAN Testers
project, supporting the Perl programming language.  See
http://wiki.cpantesters.org/ for more information or email
questions to cpan-testers-discuss@perl.org


--
Dear Nigel Horne,

This is a computer-generated report for CGI-Lingua-0.58
on perl 5.28.0, created by CPAN-Reporter-1.2018.

Thank you for uploading your work to CPAN.  However, there was a problem
testing your distribution.

If you think this report is invalid, please consult the CPAN Testers Wiki
for suggestions on how to avoid getting FAIL reports for missing library
or binary dependencies, unsupported operating systems, and so on:

http://wiki.cpantesters.org/wiki/CPANAuthorNotes

Sections of this report:

    * Tester comments
    * Program output
    * Prerequisites
    * Environment and other context

------------------------------
TESTER COMMENTS
------------------------------

Additional comments from tester:

none provided

------------------------------
PROGRAM OUTPUT
------------------------------

Output from '/usr/bin/make test':

PERL_DL_NONLAZY=1 "/opt/perl-5.28.0/bin/perl" "-MExtUtils::Command::MM" "-MTest::Harness" "-e" "undef *Test::Harness::Switches; test_harness(0, 'blib/lib', 'blib/arch')" t/*.t
t/00-compile.t ... ok
# Testing CGI::Lingua 0.58, Perl 5.028000, /opt/perl-5.28.0/bin/perl
t/10-load.t ...... ok
Locale::Language will be removed from the Perl core distribution in the next major release. Please install it from CPAN. It is being used at /opt/perl-5.28.0/lib/site_perl/5.28.0/Class/Autouse.pm, line 653.
Locale::Codes will be removed from the Perl core distribution in the next major release. Please install it from CPAN. It is being used at /opt/perl-5.28.0/lib/5.28.0/Locale/Language.pm, line 22.
t/20-new.t ....... ok
t/boilerplate.t .. ok
t/changes.t ...... skipped: Author tests not required for installation
Locale::Language will be removed from the Perl core distribution in the next major release. Please install it from CPAN. It is being used at /opt/perl-5.28.0/lib/site_perl/5.28.0/Class/Autouse.pm, line 653.
Locale::Codes will be removed from the Perl core distribution in the next major release. Please install it from CPAN. It is being used at /opt/perl-5.28.0/lib/5.28.0/Locale/Language.pm, line 22.
t/cloudflare.t ... ok
t/coverage.t ..... ok
Locale::Language will be removed from the Perl core distribution in the next major release. Please install it from CPAN. It is being used at /opt/perl-5.28.0/lib/site_perl/5.28.0/Class/Autouse.pm, line 653.
Locale::Codes will be removed from the Perl core distribution in the next major release. Please install it from CPAN. It is being used at /opt/perl-5.28.0/lib/5.28.0/Locale/Language.pm, line 22.
t/cr.t ........... ok
t/critic.t ....... skipped: Author tests not required for installation
t/cv.t ........... skipped: Author tests not required for installation
t/dist.t ......... skipped: Author tests not required for installation
Locale::Language will be removed from the Perl core distribution in the next major release. Please install it from CPAN. It is being used at /opt/perl-5.28.0/lib/site_perl/5.28.0/Class/Autouse.pm, line 653.
Locale::Codes will be removed from the Perl core distribution in the next major release. Please install it from CPAN. It is being used at /opt/perl-5.28.0/lib/5.28.0/Locale/Language.pm, line 22.
t/en_029.t ....... ok
Locale::Language will be removed from the Perl core distribution in the next major release. Please install it from CPAN. It is being used at /opt/perl-5.28.0/lib/site_perl/5.28.0/Class/Autouse.pm, line 653.
Locale::Codes will be removed from the Perl core distribution in the next major release. Please install it from CPAN. It is being used at /opt/perl-5.28.0/lib/5.28.0/Locale/Language.pm, line 22.
t/es_419.t ....... ok
# Ignore messages about the unknown country eu. Some whois records list the country as EU even though it is not a country
Locale::Language will be removed from the Perl core distribution in the next major release. Please install it from CPAN. It is being used at /opt/perl-5.28.0/lib/site_perl/5.28.0/Class/Autouse.pm, line 653.
Locale::Codes will be removed from the Perl core distribution in the next major release. Please install it from CPAN. It is being used at /opt/perl-5.28.0/lib/5.28.0/Locale/Language.pm, line 22.
t/eu.t ........... ok
t/gv.t ........... skipped: Author tests not required for installation
# Using CHI 0.60
t/hk.t ........... ok
# Ignore messages about the unknown country ta. See https://github.com/oalders/http-browserdetect/issues/36
Locale::Language will be removed from the Perl core distribution in the next major release. Please install it from CPAN. It is being used at /opt/perl-5.28.0/lib/site_perl/5.28.0/Class/Autouse.pm, line 653.
Locale::Codes will be removed from the Perl core distribution in the next major release. Please install it from CPAN. It is being used at /opt/perl-5.28.0/lib/5.28.0/Locale/Language.pm, line 22.
t/hp-tablet.t .... ok
t/kwalitee.t ..... skipped: Author tests not required for installation

#   Failed test 'no warnings'
#   at /opt/perl-5.28.0/lib/site_perl/5.28.0/Test/Builder.pm line 158.
# There were 2 warning(s)
# 	Previous test 8 ''
# 	Locale::Language will be removed from the Perl core distribution in the next major release. Please install it from CPAN. It is being used at /opt/perl-5.28.0/lib/site_perl/5.28.0/Class/Autouse.pm, line 653.
#  at /opt/perl-5.28.0/lib/5.28.0/deprecate.pm line 61.
# 	deprecate::import(undef, undef, "deprecate") called at /opt/perl-5.28.0/lib/5.28.0/Locale/Language.pm line 21
# 	Locale::Language::BEGIN() called at /opt/perl-5.28.0/lib/5.28.0/Locale/Language.pm line 21
# 	eval {...} called at /opt/perl-5.28.0/lib/5.28.0/Locale/Language.pm line 21
# 	require Locale/Language.pm called at /opt/perl-5.28.0/lib/site_perl/5.28.0/Class/Autouse.pm line 653
# 	eval {...} called at /opt/perl-5.28.0/lib/site_perl/5.28.0/Class/Autouse.pm line 652
# 	Class::Autouse::_load("Locale::Language") called at /opt/perl-5.28.0/lib/site_perl/5.28.0/Class/Autouse.pm line 595
# 	Class::Autouse::_super("Locale::Language", CODE(0x55b8f162dda8)) called at /opt/perl-5.28.0/lib/site_perl/5.28.0/Class/Autouse.pm line 268
# 	Class::Autouse::load("Class::Autouse", "Locale::Language") called at /opt/perl-5.28.0/lib/site_perl/5.28.0/Class/Autouse.pm line 344
# 	Class::Autouse::_AUTOLOAD("English") called at /home/cpansand/.cpan/build/2018072618/CGI-Lingua-0.58-0/blib/lib/CGI/Lingua.pm line 666
# 	CGI::Lingua::_find_language(CGI::Lingua=HASH(0x55b8f1706d80)) called at /home/cpansand/.cpan/build/2018072618/CGI-Lingua-0.58-0/blib/lib/CGI/Lingua.pm line 270
# 	CGI::Lingua::language(CGI::Lingua=HASH(0x55b8f1706d80)) called at t/language.t line 43
# 
# ----------
# 	Previous test 8 ''
# 	Locale::Codes will be removed from the Perl core distribution in the next major release. Please install it from CPAN. It is being used at /opt/perl-5.28.0/lib/5.28.0/Locale/Language.pm, line 22.
#  at /opt/perl-5.28.0/lib/5.28.0/deprecate.pm line 61.
# 	deprecate::import(undef, undef, "deprecate") called at /opt/perl-5.28.0/lib/5.28.0/Locale/Codes.pm line 15
# 	Locale::Codes::BEGIN() called at /opt/perl-5.28.0/lib/5.28.0/Locale/Codes.pm line 15
# 	eval {...} called at /opt/perl-5.28.0/lib/5.28.0/Locale/Codes.pm line 15
# 	require Locale/Codes.pm called at /opt/perl-5.28.0/lib/5.28.0/Locale/Language.pm line 22
# 	Locale::Language::BEGIN() called at /opt/perl-5.28.0/lib/5.28.0/Locale/Codes.pm line 15
# 	eval {...} called at /opt/perl-5.28.0/lib/5.28.0/Locale/Codes.pm line 15
# 	require Locale/Language.pm called at /opt/perl-5.28.0/lib/site_perl/5.28.0/Class/Autouse.pm line 653
# 	eval {...} called at /opt/perl-5.28.0/lib/site_perl/5.28.0/Class/Autouse.pm line 652
# 	Class::Autouse::_load("Locale::Language") called at /opt/perl-5.28.0/lib/site_perl/5.28.0/Class/Autouse.pm line 595
# 	Class::Autouse::_super("Locale::Language", CODE(0x55b8f162dda8)) called at /opt/perl-5.28.0/lib/site_perl/5.28.0/Class/Autouse.pm line 268
# 	Class::Autouse::load("Class::Autouse", "Locale::Language") called at /opt/perl-5.28.0/lib/site_perl/5.28.0/Class/Autouse.pm line 344
# 	Class::Autouse::_AUTOLOAD("English") called at /home/cpansand/.cpan/build/2018072618/CGI-Lingua-0.58-0/blib/lib/CGI/Lingua.pm line 666
# 	CGI::Lingua::_find_language(CGI::Lingua=HASH(0x55b8f1706d80)) called at /home/cpansand/.cpan/build/2018072618/CGI-Lingua-0.58-0/blib/lib/CGI/Lingua.pm line 270
# 	CGI::Lingua::language(CGI::Lingua=HASH(0x55b8f1706d80)) called at t/language.t line 43
# 
# Looks like you failed 1 test of 137.
t/language.t ..... 
Dubious, test returned 1 (wstat 256, 0x100)
Failed 1/137 subtests 
	(less 2 skipped subtests: 134 okay)
t/locale.t ....... ok
Name "Log::Log4perl::DEBUG" used only once: possible typo at t/logger.t line 24.
t/logger.t ....... skipped: Test::Log4perl required for checking logger
t/manifest.t ..... skipped: Author tests not required for installation
t/metrics.t ...... skipped: Author tests not required for installation
t/noplan.t ....... skipped: Author tests not required for installation
t/pod-cm.t ....... skipped: Test::Pod::Spelling::CommonMistakes required for testing POD spelling
t/pod.t .......... ok
t/port.t ......... ok
t/prereq.t ....... skipped: Author tests not required for installation
# Ignore messages about the Singhalese language. See https://rt.cpan.org/Public/Bug/Display.html?id=69509
Locale::Language will be removed from the Perl core distribution in the next major release. Please install it from CPAN. It is being used at /opt/perl-5.28.0/lib/site_perl/5.28.0/Class/Autouse.pm, line 653.
Locale::Codes will be removed from the Perl core distribution in the next major release. Please install it from CPAN. It is being used at /opt/perl-5.28.0/lib/5.28.0/Locale/Language.pm, line 22.
Can't determine code from IP 203.143.14.232 for requested language Singhalese at t/rt69509.t line 34.
t/rt69509.t ...... ok
# Ignore messages about the non existant Byelorussian language. See https://rt.cpan.org/Public/Bug/Display.html?id=77332
t/rt77332.t ...... ok
# Ignore messages about Can't determine language from IP 24.50.196.23. See https://rt.cpan.org/Public/Bug/Display.html?id=79214
Can't determine language from IP 24.50.196.23, country pr at t/rt79214.t line 34.
t/rt79214.t ...... ok
t/rt86809.t ...... ok
t/snippets.t ..... skipped: Author tests not required for installation
t/spelling.t ..... skipped: Author tests not required for installation
t/strict.t ....... skipped: Author tests not required for installation
Locale::Language will be removed from the Perl core distribution in the next major release. Please install it from CPAN. It is being used at /opt/perl-5.28.0/lib/site_perl/5.28.0/Class/Autouse.pm, line 653.
Locale::Codes will be removed from the Perl core distribution in the next major release. Please install it from CPAN. It is being used at /opt/perl-5.28.0/lib/5.28.0/Locale/Language.pm, line 22.
t/sub-lang.t ..... ok
t/unused.t ....... skipped: Test requires module 'warnings::unused' but it's not found
t/used.t ......... skipped: Author tests not required for installation
# Using CHI 0.60
Locale::Language will be removed from the Perl core distribution in the next major release. Please install it from CPAN. It is being used at /opt/perl-5.28.0/lib/site_perl/5.28.0/Class/Autouse.pm, line 653.
Locale::Codes will be removed from the Perl core distribution in the next major release. Please install it from CPAN. It is being used at /opt/perl-5.28.0/lib/5.28.0/Locale/Language.pm, line 22.
t/usgb.t ......... ok
t/vars.t ......... skipped: Author tests not required for installation
# Ignore "is not known" message
t/zz.t ........... ok

Test Summary Report
-------------------
t/boilerplate.t (Wstat: 0 Tests: 3 Failed: 0)
  TODO passed:   1-3
t/hp-tablet.t  (Wstat: 0 Tests: 7 Failed: 0)
  TODO passed:   5-7
t/language.t   (Wstat: 256 Tests: 137 Failed: 1)
  Failed test:  137
  Non-zero exit status: 1
t/rt69509.t    (Wstat: 0 Tests: 8 Failed: 0)
  TODO passed:   7-8
t/rt77332.t    (Wstat: 0 Tests: 6 Failed: 0)
  TODO passed:   6
t/rt79214.t    (Wstat: 0 Tests: 8 Failed: 0)
  TODO passed:   8
Files=41, Tests=449, 12 wallclock secs ( 0.12 usr  0.22 sys +  8.08 cusr  1.18 csys =  9.60 CPU)
Result: FAIL
Failed 1/41 test programs. 1/449 subtests failed.
Makefile:894: recipe for target 'test_dynamic' failed
make: *** [test_dynamic] Error 255

------------------------------
PREREQUISITES
------------------------------

Prerequisite modules loaded:

requires:

    Module                  Need     Have    
    ----------------------- -------- --------
    CGI::Info               0.6      0.67    
    Class::Autouse          0        2.01    
    Class::Load             0        0.25    
    Data::Validate::IP      0        0.27    
    DBD::SQLite             0        1.58    
    HTTP::BrowserDetect     0        3.16    
    I18N::AcceptLanguage    0        1.04    
    I18N::LangTags::Detect  1.04     1.07    
    Locale::Language        0        3.56    
    Locale::Object::Country 0        0.78    
    Net::Subnet             0        1.03    
    Net::Whois::IANA        0        0.44    
    Net::Whois::IP          0        1.19    
    perl                    5.006002 5.028000
    Sys::Syslog             0        0.35    

build_requires:

    Module                  Need     Have    
    ----------------------- -------- --------
    autodie                 0        2.29    
    IPC::System::Simple     0        1.25    
    Test::Compile           0        v1.3.0  
    Test::Most              0        0.35    
    Test::NoWarnings        0        1.04    
    Test::Requires          0        0.10    

configure_requires:

    Module                  Need     Have    
    ----------------------- -------- --------
    ExtUtils::MakeMaker     0        7.34    


------------------------------
ENVIRONMENT AND OTHER CONTEXT
------------------------------

Environment variables:

    LANG = C
    PATH = /usr/local/bin:/usr/bin:/bin:/usr/local/sbin:/usr/sbin:/sbin:/home/cpansand/bin/linux-gnu:/home/cpansand/bin/sh:/home/cpansand/bin:/usr/games:/home/cpansand/devel:/home/eserte/src/srezic-misc/scripts
    PERL5LIB = 
    PERL5OPT = 
    PERL5_CPANPLUS_IS_RUNNING = 10483
    PERL5_CPAN_IS_RUNNING = 10483
    PERL5_CPAN_IS_RUNNING_IN_RECURSION = 2603,10483
    PERLDOC = -MPod::Perldoc::ToTextOverstrike
    PERL_BATCH = yes
    PERL_CANARY_STABILITY_NOPROMPT = 1
    PERL_CPAN_REPORTER_CONFIG = /var/tmp/cpansmoker-1023/2018072612/cpanreporter_000_config.ini
    PERL_EXTUTILS_AUTOINSTALL = --defaultdeps
    PERL_USE_UNSAFE_INC = 1
    SHELL = /usr/bin/zsh
    TERM = screen
    TMPDIR = /var/tmp/cpansmoker-1023/2018072612

Perl special variables (and OS-specific diagnostics, for MSWin32):

    $^X = /opt/perl-5.28.0/bin/perl
    $UID/$EUID = 1023 / 1023
    $GID = 1023 1023
    $EGID = 1023 1023

Perl module toolchain versions installed:

    Module              Have    
    ------------------- --------
    CPAN                2.20    
    CPAN::Meta          2.150010
    Cwd                 3.74    
    ExtUtils::CBuilder  0.280230
    ExtUtils::Command   7.34    
    ExtUtils::Install   2.14    
    ExtUtils::MakeMaker 7.34    
    ExtUtils::Manifest  1.70    
    ExtUtils::ParseXS   3.39    
    File::Spec          3.74    
    JSON                2.97001 
    JSON::PP            2.97001 
    Module::Build       0.4224  
    Module::Signature   0.81    
    Parse::CPAN::Meta   2.150010
    Test::Harness       3.42    
    Test::More          1.302136
    YAML                1.26    
    YAML::Syck          1.30    
    version             0.9923  


--

Summary of my perl5 (revision 5 version 28 subversion 0) configuration:
   
  Platform:
    osname=linux
    osvers=4.9.0-3-amd64
    archname=x86_64-linux
    uname='linux debian9 4.9.0-3-amd64 #1 smp debian 4.9.30-2+deb9u5 (2017-09-19) x86_64 gnulinux '
    config_args='-ds -e -Dprefix=/opt/perl-5.28.0 -Dcf_email=srezic@cpan.org'
    hint=recommended
    useposix=true
    d_sigaction=define
    useithreads=undef
    usemultiplicity=undef
    use64bitint=define
    use64bitall=define
    uselongdouble=undef
    usemymalloc=n
    default_inc_excludes_dot=define
    bincompat5005=undef
  Compiler:
    cc='cc'
    ccflags ='-fwrapv -fno-strict-aliasing -pipe -fstack-protector-strong -I/usr/local/include -D_LARGEFILE_SOURCE -D_FILE_OFFSET_BITS=64 -D_FORTIFY_SOURCE=2'
    optimize='-O2'
    cppflags='-fwrapv -fno-strict-aliasing -pipe -fstack-protector-strong -I/usr/local/include'
    ccversion=''
    gccversion='6.3.0 20170516'
    gccosandvers=''
    intsize=4
    longsize=8
    ptrsize=8
    doublesize=8
    byteorder=12345678
    doublekind=3
    d_longlong=define
    longlongsize=8
    d_longdbl=define
    longdblsize=16
    longdblkind=3
    ivtype='long'
    ivsize=8
    nvtype='double'
    nvsize=8
    Off_t='off_t'
    lseeksize=8
    alignbytes=8
    prototype=define
  Linker and Libraries:
    ld='cc'
    ldflags =' -fstack-protector-strong -L/usr/local/lib'
    libpth=/usr/local/lib /usr/lib/gcc/x86_64-linux-gnu/6/include-fixed /usr/include/x86_64-linux-gnu /usr/lib /lib/x86_64-linux-gnu /lib/../lib /usr/lib/x86_64-linux-gnu /usr/lib/../lib /lib
    libs=-lpthread -lnsl -lgdbm -ldb -ldl -lm -lcrypt -lutil -lc -lgdbm_compat
    perllibs=-lpthread -lnsl -ldl -lm -lcrypt -lutil -lc
    libc=libc-2.24.so
    so=so
    useshrplib=false
    libperl=libperl.a
    gnulibc_version='2.24'
  Dynamic Linking:
    dlsrc=dl_dlopen.xs
    dlext=so
    d_dlsymun=undef
    ccdlflags='-Wl,-E'
    cccdlflags='-fPIC'
    lddlflags='-shared -O2 -L/usr/local/lib -fstack-protector-strong'


Characteristics of this binary (from libperl): 
  Compile-time options:
    HAS_TIMES
    PERLIO_LAYERS
    PERL_COPY_ON_WRITE
    PERL_DONT_CREATE_GVSV
    PERL_MALLOC_WRAP
    PERL_OP_PARENT
    PERL_PRESERVE_IVUV
    USE_64_BIT_ALL
    USE_64_BIT_INT
    USE_LARGE_FILES
    USE_LOCALE
    USE_LOCALE_COLLATE
    USE_LOCALE_CTYPE
    USE_LOCALE_NUMERIC
    USE_LOCALE_TIME
    USE_PERLIO
    USE_PERL_ATOF
  Built under linux
  Compiled at Jun 25 2018 05:37:58
  %ENV:
    PERL5LIB=""
    PERL5OPT=""
    PERL5_CPANPLUS_IS_RUNNING="10483"
    PERL5_CPAN_IS_RUNNING="10483"
    PERL5_CPAN_IS_RUNNING_IN_RECURSION="2603,10483"
    PERLDOC="-MPod::Perldoc::ToTextOverstrike"
    PERL_BATCH="yes"
    PERL_CANARY_STABILITY_NOPROMPT="1"
    PERL_CPAN_REPORTER_CONFIG="/var/tmp/cpansmoker-1023/2018072612/cpanreporter_000_config.ini"
    PERL_EXTUTILS_AUTOINSTALL="--defaultdeps"
    PERL_USE_UNSAFE_INC="1"
  @INC:
    /opt/perl-5.28.0/lib/site_perl/5.28.0/x86_64-linux
    /opt/perl-5.28.0/lib/site_perl/5.28.0
    /opt/perl-5.28.0/lib/5.28.0/x86_64-linux
    /opt/perl-5.28.0/lib/5.28.0
    .