Report for Config-AutoConf-0.304

Back
From: metabase:user:30f4dfbe-2aae-11df-837a-5e0a49663a4f
Subject: FAIL Config-AutoConf-0.304 v5.8.8 GNU/Linux
Date: 2014-06-02T06:17:54Z

This distribution has been tested as part of the CPAN Testers
project, supporting the Perl programming language.  See
http://wiki.cpantesters.org/ for more information or email
questions to cpan-testers-discuss@perl.org


--
Dear Jens Rehsack,

This is a computer-generated report for Config-AutoConf-0.304
on perl 5.8.8, created by CPAN-Reporter-1.2011.

Thank you for uploading your work to CPAN.  However, there was a problem
testing your distribution.

If you think this report is invalid, please consult the CPAN Testers Wiki
for suggestions on how to avoid getting FAIL reports for missing library
or binary dependencies, unsupported operating systems, and so on:

http://wiki.cpantesters.org/wiki/CPANAuthorNotes

Sections of this report:

    * Tester comments
    * Program output
    * Prerequisites
    * Environment and other context

------------------------------
TESTER COMMENTS
------------------------------

Additional comments from tester:

this report is from an automated smoke testing program
and was not reviewed by a human for accuracy

------------------------------
PROGRAM OUTPUT
------------------------------

Output from '/usr/bin/make test':

PERL_DL_NONLAZY=1 /home/njh/perl5/perlbrew/perls/perl-5.8.8/bin/perl "-MExtUtils::Command::MM" "-MTest::Harness" "-e" "undef *Test::Harness::Switches; test_harness(0, 'blib/lib', 'blib/arch')" t/*.t xt/*.t
t/00.load.t ....... ok
# Check for some progs to get an overview about world outside
# Found AWK as /usr/bin/mawk
# Found SED as /bin/sed
# Found EGREP as /bin/egrep
# Found YACC as /usr/bin/bison Config::AutoConf /usr/bin/bison -y
# Found LEX as /usr/bin/flex
# Found PKG-CONFIG as /usr/bin/pkg-config
t/01.checkprog.t .. ok

#   Failed test at t/02.compile.t line 17.

#   Failed test at t/02.compile.t line 19.
#          got: undef
#     expected: 'stdio.h'

#   Failed test 'found stdio.h'
#   at t/02.compile.t line 27.

#   Failed test 'perl_parse() declared'
#   at t/02.compile.t line 48.

#   Failed test 'I32 is valid type'
#   at t/02.compile.t line 53.

#   Failed test '[SAH]V * are valid types'
#   at t/02.compile.t line 56.

#   Failed test 'I32 has size of n/a bytes'
#   at t/02.compile.t line 61.

#   Failed test 'Could determined sizes for I32, SV *, AV, HV *, SV.sv_refcnt'
#   at t/02.compile.t line 63.

#   Failed test 'have struct av.sv_any member'
#   at t/02.compile.t line 70.

#   Failed test 'have struct hv.sv_any and struct STRUCT_SV.sv_any members'
#   at t/02.compile.t line 73.

#   Failed test 'Align of I32'
#   at t/02.compile.t line 78.

#   Failed test 'Align of SV.sv_refcnt'
#   at t/02.compile.t line 80.

#   Failed test 'Could determined sizes for I32, U32, AV, HV *, SV.sv_refcnt'
#   at t/02.compile.t line 82.

#   Failed test 'Could compile perl extensions'
#   at t/02.compile.t line 127.
# Checking whether perl api is accessible ...compile stage failed - error building testS0bQwo.o from 'testS0bQwo.c' at /home/njh/perl5/perlbrew/perls/perl-5.8.8/lib/site_perl/5.8.8/ExtUtils/CBuilder/Base.pm line 177.
# 
# cc: error: unrecognized command line option ‘-fdiagnostics-color=auto’
# 
# failing program is:
# /* end of conftest.h */
# 
# #include <stdio.h>
# #ifdef HAVE_SYS_TYPES_H
# # include <sys/types.h>
# #endif
# #ifdef HAVE_SYS_STAT_H
# # include <sys/stat.h>
# #endif
# #ifdef STDC_HEADERS
# # include <stdlib.h>
# # include <stddef.h>
# #else
# # ifdef HAVE_STDLIB_H
# #  include <stdlib.h>
# # endif
# #endif
# #ifdef HAVE_STRING_H
# # if !defined STDC_HEADERS && defined HAVE_MEMORY_H
# #  include <memory.h>
# # endif
# # include <string.h>
# #endif
# #ifdef HAVE_STRINGS_H
# # include <strings.h>
# #endif
# #ifdef HAVE_INTTYPES_H
# # include <inttypes.h>
# #endif
# #ifdef HAVE_STDINT_H
# # include <stdint.h>
# #endif
# #ifdef HAVE_UNISTD_H
# # include <unistd.h>
# #endif
# 
# #include <EXTERN.h>
# #include <perl.h>
# #include <XSUB.h> /* for perl context in threaded perls */
# 
# 
#   int
#   main ()
#   {
#       I32 rc;
#   SV *foo = newSVpv("Perl rocks", 11);
#   rc = SvCUR(foo);
# ;
#     return 0;
#   }
# 
# 
# stdout was :
# cc -I/home/njh/perl5/perlbrew/perls/perl-5.8.8/lib/5.8.8/x86_64-linux-thread-multi/CORE -fpic -c -D_REENTRANT -D_GNU_SOURCE -O2 -W -Wformat=2 -Wswitch -Wshadow -Wwrite-strings -Wuninitialized -Wall -pipe -mtune=native -march=native -fomit-frame-pointer -mfpmath=sse -pedantic -D_FORTIFY_SOURCE=2 -Wpointer-arith -Wstrict-prototypes -fstack-protector -Wstack-protector -Wextra -Wbad-function-cast -Wcast-align -Wcast-qual -Wdisabled-optimization -Wendif-labels -Wfloat-equal -Wformat-nonliteral -Winline -Wmissing-declarations -Wmissing-prototypes -Wnested-externs -Wpointer-arith -Wundef -Wformat-security -fno-strict-aliasing -Wdeclaration-after-statement -I/usr/local/include -D_LARGEFILE_SOURCE -D_FILE_OFFSET_BITS=64 -O2 -W -Wformat=2 -Wswitch -Wshadow -Wwrite-strings -Wuninitialized -Wall -pipe -mtune=native -march=native -fomit-frame-pointer -msse2 -msse -mmmx -mfpmath=sse -pedantic -D_FORTIFY_SOURCE=2 -Wpointer-arith -Wstrict-prototypes -fstack-protector -Wstack-protector -Wextra -Wbad-function-cast -Wcast-align -Wcast-qual -Wdisabled-optimization -Wendif-labels -Wfloat-equal -Wformat-nonliteral -Winline -Wmissing-declarations -Wmissing-prototypes -Wnested-externs -Wpointer-arith -Wundef -Wformat-security -ftree-vectorize -fdiagnostics-color=auto -fsanitize=address -O2 -o testS0bQwo.o testS0bQwo.c
# 
# no
# Looks like you failed 14 tests of 28.
t/02.compile.t .... 
Dubious, test returned 14 (wstat 3584, 0xe00)
Failed 14/28 subtests 
	(less 2 skipped subtests: 12 okay)

#   Failed test 'atan() in -lm'
#   at t/03.link.t line 26.

#   Failed test 'searching lib for atan()'
#   at t/03.link.t line 29.

#   Failed test 'library for atan() found (or none required)'
#   at t/03.link.t line 30.
#          got: '0'
#     expected: anything else

#   Failed test 'Could link perl extensions'
#   at t/03.link.t line 49.
# compile stage failed - error building testkzgUjR.o from 'testkzgUjR.c' at /home/njh/perl5/perlbrew/perls/perl-5.8.8/lib/site_perl/5.8.8/ExtUtils/CBuilder/Base.pm line 177.
# 
# cc: error: unrecognized command line option ‘-fdiagnostics-color=auto’
# 
# failing program is:
# /* end of conftest.h */
# 
# #include <stdio.h>
# #ifdef HAVE_SYS_TYPES_H
# # include <sys/types.h>
# #endif
# #ifdef HAVE_SYS_STAT_H
# # include <sys/stat.h>
# #endif
# #ifdef STDC_HEADERS
# # include <stdlib.h>
# # include <stddef.h>
# #else
# # ifdef HAVE_STDLIB_H
# #  include <stdlib.h>
# # endif
# #endif
# #ifdef HAVE_STRING_H
# # if !defined STDC_HEADERS && defined HAVE_MEMORY_H
# #  include <memory.h>
# # endif
# # include <string.h>
# #endif
# #ifdef HAVE_STRINGS_H
# # include <strings.h>
# #endif
# #ifdef HAVE_INTTYPES_H
# # include <inttypes.h>
# #endif
# #ifdef HAVE_STDINT_H
# # include <stdint.h>
# #endif
# #ifdef HAVE_UNISTD_H
# # include <unistd.h>
# #endif
# 
# #include <EXTERN.h>
# #include <perl.h>
# #include <XSUB.h> /* for perl context in threaded perls */
# 
# 
#   int
#   main ()
#   {
#       I32 rc;
#   SV *foo = newSVpv("Perl rocks", 11);
#   rc = SvCUR(foo);
# ;
#     return 0;
#   }
# 
# 
# stdout was :
# cc -I/home/njh/perl5/perlbrew/perls/perl-5.8.8/lib/5.8.8/x86_64-linux-thread-multi/CORE -fpic -c -D_REENTRANT -D_GNU_SOURCE -O2 -W -Wformat=2 -Wswitch -Wshadow -Wwrite-strings -Wuninitialized -Wall -pipe -mtune=native -march=native -fomit-frame-pointer -mfpmath=sse -pedantic -D_FORTIFY_SOURCE=2 -Wpointer-arith -Wstrict-prototypes -fstack-protector -Wstack-protector -Wextra -Wbad-function-cast -Wcast-align -Wcast-qual -Wdisabled-optimization -Wendif-labels -Wfloat-equal -Wformat-nonliteral -Winline -Wmissing-declarations -Wmissing-prototypes -Wnested-externs -Wpointer-arith -Wundef -Wformat-security -fno-strict-aliasing -Wdeclaration-after-statement -I/usr/local/include -D_LARGEFILE_SOURCE -D_FILE_OFFSET_BITS=64 -O2 -W -Wformat=2 -Wswitch -Wshadow -Wwrite-strings -Wuninitialized -Wall -pipe -mtune=native -march=native -fomit-frame-pointer -msse2 -msse -mmmx -mfpmath=sse -pedantic -D_FORTIFY_SOURCE=2 -Wpointer-arith -Wstrict-prototypes -fstack-protector -Wstack-protector -Wextra -Wbad-function-cast -Wcast-align -Wcast-qual -Wdisabled-optimization -Wendif-labels -Wfloat-equal -Wformat-nonliteral -Winline -Wmissing-declarations -Wmissing-prototypes -Wnested-externs -Wpointer-arith -Wundef -Wformat-security -ftree-vectorize -fdiagnostics-color=auto -fsanitize=address -O2 -o testkzgUjR.o testkzgUjR.c
# 
# Looks like you failed 4 tests of 9.
t/03.link.t ....... 
Dubious, test returned 4 (wstat 1024, 0x400)
Failed 4/9 subtests 
t/05.settings.t ... ok

Test Summary Report
-------------------
t/02.compile.t  (Wstat: 3584 Tests: 28 Failed: 14)
  Failed tests:  1, 3, 5, 9-13, 15-19, 26
  Non-zero exit status: 14
t/03.link.t     (Wstat: 1024 Tests: 9 Failed: 4)
  Failed tests:  4-6, 8
  Non-zero exit status: 4
Files=5, Tests=65,  2 wallclock secs ( 0.05 usr  0.02 sys +  1.30 cusr  0.11 csys =  1.48 CPU)
Result: FAIL
Failed 2/5 test programs. 18/65 subtests failed.
Makefile:899: recipe for target 'test_dynamic' failed
make: *** [test_dynamic] Error 255

------------------------------
PREREQUISITES
------------------------------

Prerequisite modules loaded:

requires:

    Module              Need Have    
    ------------------- ---- --------
    base                0    2.07    
    Capture::Tiny       0    0.21    
    Carp                0    1.26    
    Config              0    0       
    Cwd                 0    3.40    
    Exporter            0    5.58    
    ExtUtils::CBuilder  0.23 0.280205
    File::Basename      0    2.74    
    File::Spec          0    3.40    
    File::Temp          0    0.23    
    strict              0    1.03    
    Text::ParseWords    0    3.24    
    warnings            0    1.05    

build_requires:

    Module              Need Have    
    ------------------- ---- --------
    Test::More          0.9  0.98    

configure_requires:

    Module              Need Have    
    ------------------- ---- --------
    ExtUtils::MakeMaker 0    6.90    


------------------------------
ENVIRONMENT AND OTHER CONTEXT
------------------------------

Environment variables:

    AUTOMATED_TESTING = 1
    LANG = en_GB.UTF-8
    LANGUAGE = en_GB:en
    LD_LIBRARY_PATH = /usr/local/lib::
    PATH = /home/njh/perl5/perlbrew/bin:/home/njh/perl5/perlbrew/perls/perl-5.8.8/bin:/home/njh/perl5/perlbrew/bin:/usr/local/bin:/usr/bin:/bin:/usr/local/games:/usr/games:/home/njh/bin:/sbin
    PERL5LIB = 
    PERL5OPT = 
    PERL5_CPANPLUS_IS_RUNNING = 23106
    PERL5_CPAN_IS_RUNNING = 23106
    PERL5_MINISMOKEBOX = 0.58
    PERLBREW_BASHRC_VERSION = 0.58
    PERLBREW_HOME = /home/njh/.perlbrew
    PERLBREW_MANPATH = /home/njh/perl5/perlbrew/perls/perl-5.8.8/man
    PERLBREW_PATH = /home/njh/perl5/perlbrew/bin:/home/njh/perl5/perlbrew/perls/perl-5.8.8/bin
    PERLBREW_PERL = perl-5.8.8
    PERLBREW_ROOT = /home/njh/perl5/perlbrew
    PERLBREW_VERSION = 0.67
    PERL_EXTUTILS_AUTOINSTALL = --defaultdeps
    PERL_MM_USE_DEFAULT = 1
    SHELL = /bin/bash
    TERM = linux

Perl special variables (and OS-specific diagnostics, for MSWin32):

    $^X = /home/njh/perl5/perlbrew/perls/perl-5.8.8/bin/perl
    $UID/$EUID = 1000 / 1000
    $GID = 1000 1000 112 108 46 44 30 29 25 24 4
    $EGID = 1000 1000 112 108 46 44 30 29 25 24 4

Perl module toolchain versions installed:

    Module              Have    
    ------------------- --------
    CPAN                2.05    
    CPAN::Meta          2.133380
    Cwd                 3.40    
    ExtUtils::CBuilder  0.280205
    ExtUtils::Command   1.16    
    ExtUtils::Install   1.54    
    ExtUtils::MakeMaker 6.90    
    ExtUtils::Manifest  1.60    
    ExtUtils::ParseXS   3.18    
    File::Spec          3.40    
    JSON                2.53    
    JSON::PP            2.27203 
    Module::Build       0.4205  
    Module::Signature   0.70    
    Parse::CPAN::Meta   1.4405  
    Test::Harness       3.30    
    Test::More          0.98    
    YAML                0.84    
    YAML::Syck          1.27    
    version             0.88    


--

Summary of my perl5 (revision 5 version 8 subversion 8) configuration:
  Platform:
    osname=linux, osvers=3.2.0-4-amd64, archname=x86_64-linux-thread-multi
    uname='linux nigelhorne.force9.co.uk 3.2.0-4-amd64 #1 smp debian 3.2.32-1 x86_64 gnulinux '
    config_args='-de -Dprefix=/home/njh/perl5/perlbrew/perls/perl-5.8.8 -Duseithreads -Dusemultiplicity -Accflags=-O2 -W -Wformat=2 -Wswitch -Wshadow -Wwrite-strings -Wuninitialized -Wall -pipe -mtune=native -march=native -fomit-frame-pointer -mfpmath=sse -pedantic -D_FORTIFY_SOURCE=2 -Wpointer-arith -Wstrict-prototypes -fstack-protector -Wstack-protector -Wextra -Wbad-function-cast -Wcast-align -Wcast-qual -Wdisabled-optimization -Wendif-labels -Wfloat-equal -Wformat-nonliteral -Winline -Wmissing-declarations -Wmissing-prototypes -Wnested-externs -Wpointer-arith -Wundef -Wformat-security -Aeval:scriptdir=/home/njh/perl5/perlbrew/perls/perl-5.8.8/bin'
    hint=recommended, useposix=true, d_sigaction=define
    usethreads=define use5005threads=undef useithreads=define usemultiplicity=define
    useperlio=define d_sfio=undef uselargefiles=define usesocks=undef
    use64bitint=define use64bitall=define uselongdouble=undef
    usemymalloc=n, bincompat5005=undef
  Compiler:
    cc='cc', ccflags ='-D_REENTRANT -D_GNU_SOURCE -O2 -W -Wformat=2 -Wswitch -Wshadow -Wwrite-strings -Wuninitialized -Wall -pipe -mtune=native -march=native -fomit-frame-pointer -mfpmath=sse -pedantic -D_FORTIFY_SOURCE=2 -Wpointer-arith -Wstrict-prototypes -fstack-protector -Wstack-protector -Wextra -Wbad-function-cast -Wcast-align -Wcast-qual -Wdisabled-optimization -Wendif-labels -Wfloat-equal -Wformat-nonliteral -Winline -Wmissing-declarations -Wmissing-prototypes -Wnested-externs -Wpointer-arith -Wundef -Wformat-security -fno-strict-aliasing -Wdeclaration-after-statement -I/usr/local/include -D_LARGEFILE_SOURCE -D_FILE_OFFSET_BITS=64',
    optimize='-O2',
    cppflags='-D_REENTRANT -D_GNU_SOURCE -O2 -W -Wformat=2 -Wswitch -Wshadow -Wwrite-strings -Wuninitialized -Wall -pipe -mtune=native -march=native -fomit-frame-pointer -mfpmath=sse -pedantic -D_FORTIFY_SOURCE=2 -Wpointer-arith -Wstrict-prototypes -fstack-protector -Wstack-protector -Wextra -Wbad-function-cast -Wcast-align -Wcast-qual -Wdisabled-optimization -Wendif-labels -Wfloat-equal -Wformat-nonliteral -Winline -Wmissing-declarations -Wmissing-prototypes -Wnested-externs -Wpointer-arith -Wundef -Wformat-security -fno-strict-aliasing -Wdeclaration-after-statement -I/usr/local/include'
    ccversion='', gccversion='4.7.2', gccosandvers=''
    intsize=4, longsize=8, ptrsize=8, doublesize=8, byteorder=12345678
    d_longlong=define, longlongsize=8, d_longdbl=define, longdblsize=16
    ivtype='long', ivsize=8, nvtype='double', nvsize=8, Off_t='off_t', lseeksize=8
    alignbytes=8, prototype=define
  Linker and Libraries:
    ld='cc', ldflags =' -L/usr/local/lib'
    libpth=/usr/local/lib /lib/x86_64-linux-gnu /lib/../lib /usr/lib/x86_64-linux-gnu /usr/lib/../lib /lib /usr/lib
    libs=-lnsl -lgdbm -ldb -ldl -lm -lcrypt -lutil -lpthread -lc -lgdbm_compat
    perllibs=-lnsl -ldl -lm -lcrypt -lutil -lpthread -lc -lgdbm_compat
    libc=, so=so, useshrplib=false, libperl=libperl.a
    gnulibc_version='2.13'
  Dynamic Linking:
    dlsrc=dl_dlopen.xs, dlext=so, d_dlsymun=undef, ccdlflags='-Wl,-E'
    cccdlflags='-fpic', lddlflags='-shared -L/usr/local/lib'


Characteristics of this binary (from libperl): 
  Compile-time options: MULTIPLICITY PERL_IMPLICIT_CONTEXT
                        PERL_MALLOC_WRAP USE_64_BIT_ALL USE_64_BIT_INT
                        USE_ITHREADS USE_LARGE_FILES USE_PERLIO
                        USE_REENTRANT_API
  Built under linux
  Compiled at Mar  5 2013 01:22:32
  %ENV:
    PERL5LIB=""
    PERL5OPT=""
    PERL5_CPANPLUS_IS_RUNNING="23106"
    PERL5_CPAN_IS_RUNNING="23106"
    PERL5_MINISMOKEBOX="0.58"
    PERLBREW_BASHRC_VERSION="0.58"
    PERLBREW_HOME="/home/njh/.perlbrew"
    PERLBREW_MANPATH="/home/njh/perl5/perlbrew/perls/perl-5.8.8/man"
    PERLBREW_PATH="/home/njh/perl5/perlbrew/bin:/home/njh/perl5/perlbrew/perls/perl-5.8.8/bin"
    PERLBREW_PERL="perl-5.8.8"
    PERLBREW_ROOT="/home/njh/perl5/perlbrew"
    PERLBREW_VERSION="0.67"
    PERL_EXTUTILS_AUTOINSTALL="--defaultdeps"
    PERL_MM_USE_DEFAULT="1"
  @INC:
    /home/njh/perl5/perlbrew/perls/perl-5.8.8/lib/5.8.8/x86_64-linux-thread-multi
    /home/njh/perl5/perlbrew/perls/perl-5.8.8/lib/5.8.8
    /home/njh/perl5/perlbrew/perls/perl-5.8.8/lib/site_perl/5.8.8/x86_64-linux-thread-multi
    /home/njh/perl5/perlbrew/perls/perl-5.8.8/lib/site_perl/5.8.8
    /home/njh/perl5/perlbrew/perls/perl-5.8.8/lib/site_perl
    .