Report for Text-Hogan-0.02

Back
From: metabase:user:320bfe00-2aae-11df-837a-5e0a49663a4f
Subject: FAIL Text-Hogan-0.02 v5.8.8 GNU/Linux
Date: 2015-06-18T14:09:28Z

This distribution has been tested as part of the CPAN Testers
project, supporting the Perl programming language.  See
http://wiki.cpantesters.org/ for more information or email
questions to cpan-testers-discuss@perl.org


--
Dear Alex Balhatchet,

This is a computer-generated report for Text-Hogan-0.02
on perl 5.8.8, created by CPAN-Reporter-1.2014.

Thank you for uploading your work to CPAN.  However, there was a problem
testing your distribution.

If you think this report is invalid, please consult the CPAN Testers Wiki
for suggestions on how to avoid getting FAIL reports for missing library
or binary dependencies, unsupported operating systems, and so on:

http://wiki.cpantesters.org/wiki/CPANAuthorNotes

Sections of this report:

    * Tester comments
    * Program output
    * Prerequisites
    * Environment and other context

------------------------------
TESTER COMMENTS
------------------------------

Additional comments from tester:

this report is from an automated smoke testing program
and was not reviewed by a human for accuracy

------------------------------
PROGRAM OUTPUT
------------------------------

Output from '/usr/bin/make test':

PERL_DL_NONLAZY=1 "/home/sand/src/perl/repoperls/installed-perls/perl/perl-5.8.8/5da8/bin/perl" "-MExtUtils::Command::MM" "-MTest::Harness" "-e" "undef *Test::Harness::Switches; test_harness(0, 'blib/lib', 'blib/arch')" t/*.t
t/release-cpan-changes.t .. skipped: these tests are for release candidate testing
t/release-pod-syntax.t .... skipped: these tests are for release candidate testing
Can't locate DDP.pm in @INC (@INC contains: /tmp/loop_over_bdir-2940-lsyKXV/Text-Hogan-0.02-Q6H11y/blib/lib /tmp/loop_over_bdir-2940-lsyKXV/Text-Hogan-0.02-Q6H11y/blib/arch /home/sand/src/perl/repoperls/installed-perls/perl/perl-5.8.8/5da8/lib/5.8.8/x86_64-linux /home/sand/src/perl/repoperls/installed-perls/perl/perl-5.8.8/5da8/lib/5.8.8 /home/sand/src/perl/repoperls/installed-perls/perl/perl-5.8.8/5da8/lib/site_perl/5.8.8/x86_64-linux /home/sand/src/perl/repoperls/installed-perls/perl/perl-5.8.8/5da8/lib/site_perl/5.8.8 /home/sand/src/perl/repoperls/installed-perls/perl/perl-5.8.8/5da8/lib/site_perl .) at t/spec_test.t line 11.
BEGIN failed--compilation aborted at t/spec_test.t line 11.
t/spec_test.t ............. 
Dubious, test returned 2 (wstat 512, 0x200)
No subtests run 

Test Summary Report
-------------------
t/spec_test.t           (Wstat: 512 Tests: 0 Failed: 0)
  Non-zero exit status: 2
  Parse errors: No plan found in TAP output
Files=3, Tests=0,  1 wallclock secs ( 0.02 usr  0.02 sys +  0.06 cusr  0.02 csys =  0.12 CPU)
Result: FAIL
Failed 1/3 test programs. 0/0 subtests failed.
Makefile:824: recipe for target 'test_dynamic' failed
make: *** [test_dynamic] Error 2

------------------------------
PREREQUISITES
------------------------------

Prerequisite modules loaded:

requires:

    Module                  Need     Have    
    ----------------------- -------- --------
    Clone                   0.37     0.38    
    Scalar::Util            1.41     1.42    
    Text::Trim              1.02     1.02    

build_requires:

    Module                  Need     Have    
    ----------------------- -------- --------
    Data::Visitor::Callback 0.30     0.30    
    ExtUtils::MakeMaker     0        7.05_22 
    Path::Tiny              0.059    0.068   
    Test::More              1.001008 1.001014
    Try::Tiny               0.22     0.22    
    YAML                    1.13     1.15    

configure_requires:

    Module                  Need     Have    
    ----------------------- -------- --------
    ExtUtils::MakeMaker     0        7.05_22 


------------------------------
ENVIRONMENT AND OTHER CONTEXT
------------------------------

Environment variables:

    AUTOMATED_TESTING = 1
    LANG = en_US.UTF-8
    LANGUAGE = en_US:en
    PATH = /home/sand/bin:/usr/local/bin:/usr/bin:/bin:/usr/games:/usr/local/perl/bin:/usr/X11/bin:/sbin:/usr/sbin
    PERL5LIB = 
    PERL5OPT = 
    PERL5_CPANPLUS_IS_RUNNING = 2944
    PERL5_CPAN_IS_RUNNING = 2944
    PERL_MM_USE_DEFAULT = 1
    SHELL = /usr/bin/zsh
    TERM = screen

Perl special variables (and OS-specific diagnostics, for MSWin32):

    $^X = /home/sand/src/perl/repoperls/installed-perls/perl/perl-5.8.8/5da8/bin/perl
    $UID/$EUID = 1005 / 1005
    $GID = 1005 1005
    $EGID = 1005 1005

Perl module toolchain versions installed:

    Module              Have    
    ------------------- --------
    CPAN                2.10    
    CPAN::Meta          2.150001
    Cwd                 3.47    
    ExtUtils::CBuilder  0.280223
    ExtUtils::Command   7.05_22 
    ExtUtils::Install   1.54    
    ExtUtils::MakeMaker 7.05_22 
    ExtUtils::Manifest  1.70    
    ExtUtils::ParseXS   3.24    
    File::Spec          3.47    
    JSON                2.90    
    JSON::PP            2.27203 
    Module::Build       0.4214  
    Module::Signature   0.79    
    Parse::CPAN::Meta   1.4417  
    Test::Harness       3.35    
    Test::More          1.001014
    YAML                1.15    
    YAML::Syck          1.29    
    version             0.9912  


--

Summary of my perl5 (revision 5 version 8 subversion 8) configuration:
  Platform:
    osname=linux, osvers=4.0.0-1-amd64, archname=x86_64-linux
    uname='linux k83 4.0.0-1-amd64 #1 smp debian 4.0.2-1 (2015-05-11) x86_64 gnulinux '
    config_args='-Dprefix=/home/sand/src/perl/repoperls/installed-perls/perl/perl-5.8.8/5da8 -Dmyhostname=k83 -Dinstallusrbinperl=n -Uversiononly -Dusedevel -des -Ui_db -Uuseithreads -Uuselongdouble -DDEBUGGING=-g -Dusedl -Ddlsrc=dl_dlopen.xs -Dlibs=-lnsl -ldb -ldl -lm -lcrypt -lutil -lc -Dlibpth=/usr/lib/x86_64-linux-gnu /usr/local/lib /lib /usr/lib'
    hint=recommended, useposix=true, d_sigaction=define
    usethreads=undef use5005threads=undef useithreads=undef usemultiplicity=undef
    useperlio=define d_sfio=undef uselargefiles=define usesocks=undef
    use64bitint=define use64bitall=define uselongdouble=undef
    usemymalloc=n, bincompat5005=undef
  Compiler:
    cc='cc', ccflags ='-fno-strict-aliasing -pipe -Wdeclaration-after-statement -I/usr/local/include -D_LARGEFILE_SOURCE -D_FILE_OFFSET_BITS=64',
    optimize='-O2',
    cppflags='-fno-strict-aliasing -pipe -Wdeclaration-after-statement -I/usr/local/include'
    ccversion='', gccversion='4.9.2', gccosandvers=''
    intsize=4, longsize=8, ptrsize=8, doublesize=8, byteorder=12345678
    d_longlong=define, longlongsize=8, d_longdbl=define, longdblsize=16
    ivtype='long', ivsize=8, nvtype='double', nvsize=8, Off_t='off_t', lseeksize=8
    alignbytes=8, prototype=define
  Linker and Libraries:
    ld='cc', ldflags =' -L/usr/local/lib'
    libpth=/usr/lib/x86_64-linux-gnu /usr/local/lib /lib /usr/lib
    libs=-lnsl -ldb -ldl -lm -lcrypt -lutil -lc
    perllibs=-lnsl -ldl -lm -lcrypt -lutil -lc
    libc=, so=so, useshrplib=false, libperl=libperl.a
    gnulibc_version='2.19'
  Dynamic Linking:
    dlsrc=dl_dlopen.xs, dlext=so, d_dlsymun=undef, ccdlflags='-Wl,-E'
    cccdlflags='-fpic', lddlflags='-shared -L/usr/local/lib'


Characteristics of this binary (from libperl): 
  Compile-time options: PERL_MALLOC_WRAP USE_64_BIT_ALL USE_64_BIT_INT
                        USE_LARGE_FILES USE_PERLIO
  Built under linux
  Compiled at Jun  9 2015 22:35:31
  %ENV:
    PERL5LIB=""
    PERL5OPT=""
    PERL5_CPANPLUS_IS_RUNNING="2944"
    PERL5_CPAN_IS_RUNNING="2944"
    PERL_MM_USE_DEFAULT="1"
  @INC:
    /home/sand/src/perl/repoperls/installed-perls/perl/perl-5.8.8/5da8/lib/5.8.8/x86_64-linux
    /home/sand/src/perl/repoperls/installed-perls/perl/perl-5.8.8/5da8/lib/5.8.8
    /home/sand/src/perl/repoperls/installed-perls/perl/perl-5.8.8/5da8/lib/site_perl/5.8.8/x86_64-linux
    /home/sand/src/perl/repoperls/installed-perls/perl/perl-5.8.8/5da8/lib/site_perl/5.8.8
    /home/sand/src/perl/repoperls/installed-perls/perl/perl-5.8.8/5da8/lib/site_perl
    .