Report for Audio-1.029

Back
From: metabase:user:64c3708a-bcc1-11df-9f47-270c9e8d23bf
Subject: FAIL Audio-1.029 v5.14.1 GNU/Linux
Date: 2011-07-02T15:47:45Z

This distribution has been tested as part of the CPAN Testers
project, supporting the Perl programming language.  See
http://wiki.cpantesters.org/ for more information or email
questions to cpan-testers-discuss@perl.org


--
Dear Nick Ing-Simmons (PAUSE Custodial Account),

This is a computer-generated report for Audio-1.029
on perl 5.14.1, created by CPAN-Reporter-1.1902.

Thank you for uploading your work to CPAN.  However, there was a problem
testing your distribution.

If you think this report is invalid, please consult the CPAN Testers Wiki
for suggestions on how to avoid getting FAIL reports for missing library
or binary dependencies, unsupported operating systems, and so on:

http://wiki.cpantesters.org/wiki/CPANAuthorNotes

Sections of this report:

    * Tester comments
    * Program output
    * Prerequisites
    * Environment and other context

------------------------------
TESTER COMMENTS
------------------------------

Additional comments from tester:

none provided

------------------------------
PROGRAM OUTPUT
------------------------------

Output from '/usr/bin/make test':

make[1]: Betrete Verzeichnis '/home/entwicklung/.cpan/build/Audio-1.029-VSoBts/Data'
make[1]: Verlasse Verzeichnis '/home/entwicklung/.cpan/build/Audio-1.029-VSoBts/Data'
make[1]: Betrete Verzeichnis '/home/entwicklung/.cpan/build/Audio-1.029-VSoBts/Play'
true
true
make[2]: Betrete Verzeichnis '/home/entwicklung/.cpan/build/Audio-1.029-VSoBts/Play/Net'
make[2]: Für das Ziel »all« ist nichts zu tun.
make[2]: Verlasse Verzeichnis '/home/entwicklung/.cpan/build/Audio-1.029-VSoBts/Play/Net'
make[2]: Betrete Verzeichnis '/home/entwicklung/.cpan/build/Audio-1.029-VSoBts/Play/linux'
make[2]: Verlasse Verzeichnis '/home/entwicklung/.cpan/build/Audio-1.029-VSoBts/Play/linux'
make[1]: Verlasse Verzeichnis '/home/entwicklung/.cpan/build/Audio-1.029-VSoBts/Play'
make[1]: Betrete Verzeichnis '/home/entwicklung/.cpan/build/Audio-1.029-VSoBts/Data'
PERL_DL_NONLAZY=1 /opt/perl5_14_1/bin/perl5.14.1 "-MExtUtils::Command::MM" "-e" "test_harness(0, '../blib/lib', '../blib/arch')" t/*.t
Name "Audio::Data::AudioVtab" used only once: possible typo at /opt/perl5_14_1/lib/5.14.1/i686-linux-thread-multi/DynaLoader.pm line 213.
t/init.t ...... ok
Name "Audio::Data::AudioVtab" used only once: possible typo at /opt/perl5_14_1/lib/5.14.1/i686-linux-thread-multi/DynaLoader.pm line 213.
t/load.t ...... ok
Name "Audio::Data::AudioVtab" used only once: possible typo at /opt/perl5_14_1/lib/5.14.1/i686-linux-thread-multi/DynaLoader.pm line 213.
t/overload.t .. ok
Name "Audio::Data::AudioVtab" used only once: possible typo at /opt/perl5_14_1/lib/5.14.1/i686-linux-thread-multi/DynaLoader.pm line 213.
t/poly.t ...... ok
All tests successful.
Files=4, Tests=44,  0 wallclock secs ( 0.00 usr  0.06 sys +  0.02 cusr  0.14 csys =  0.22 CPU)
Result: PASS
make[1]: Verlasse Verzeichnis '/home/entwicklung/.cpan/build/Audio-1.029-VSoBts/Data'
make[1]: Betrete Verzeichnis '/home/entwicklung/.cpan/build/Audio-1.029-VSoBts/Play'
true
true
make[2]: Betrete Verzeichnis '/home/entwicklung/.cpan/build/Audio-1.029-VSoBts/Play/Net'
make[2]: Für das Ziel »all« ist nichts zu tun.
make[2]: Verlasse Verzeichnis '/home/entwicklung/.cpan/build/Audio-1.029-VSoBts/Play/Net'
make[2]: Betrete Verzeichnis '/home/entwicklung/.cpan/build/Audio-1.029-VSoBts/Play/linux'
make[2]: Verlasse Verzeichnis '/home/entwicklung/.cpan/build/Audio-1.029-VSoBts/Play/linux'
PERL_DL_NONLAZY=1 /opt/perl5_14_1/bin/perl5.14.1 "-MExtUtils::Command::MM" "-e" "test_harness(0, '../blib/lib', '../blib/arch')" t/*.t
/dev/dspW: Datei oder Verzeichnis nicht gefunden
Can't call method "rate" without a package or object reference at t/tone.t line 19.
t/tone.t .. 
Dubious, test returned 22 (wstat 5632, 0x1600)
Failed 4/6 subtests 

Test Summary Report
-------------------
t/tone.t (Wstat: 5632 Tests: 4 Failed: 2)
  Failed tests:  2-3
  Non-zero exit status: 22
  Parse errors: Bad plan.  You planned 6 tests but ran 4.
Files=1, Tests=4,  1 wallclock secs ( 0.00 usr  0.04 sys +  0.00 cusr  0.02 csys =  0.06 CPU)
Result: FAIL
Failed 1/1 test programs. 2/4 subtests failed.
make[1]: *** [test_dynamic] Fehler 22
make[1]: Verlasse Verzeichnis '/home/entwicklung/.cpan/build/Audio-1.029-VSoBts/Play'
make: *** [subdirs-test] Fehler 2

------------------------------
PREREQUISITES
------------------------------

Prerequisite modules loaded:

build_requires:

    Module              Need Have   
    ------------------- ---- -------
    ExtUtils::MakeMaker 0    6.57_05


------------------------------
ENVIRONMENT AND OTHER CONTEXT
------------------------------

Environment variables:

    LANG = de_DE.utf8
    PATH = /usr/local/sbin:/usr/local/bin:/usr/sbin:/usr/bin:/sbin:/bin:/usr/X11R6/bin
    PERL5LIB = 
    PERL5OPT = 
    PERL5_CPANPLUS_IS_RUNNING = 23728
    PERL5_CPAN_IS_RUNNING = 23728
    SHELL = /bin/bash
    TERM = xterm

Perl special variables (and OS-specific diagnostics, for MSWin32):

    $^X = /opt/perl5_14_1/bin/perl5.14.1
    $UID/$EUID = 0 / 0
    $GID = 0 0
    $EGID = 0 0

Perl module toolchain versions installed:

    Module              Have    
    ------------------- --------
    CPAN                1.9600  
    Cwd                 3.36    
    ExtUtils::CBuilder  0.280203
    ExtUtils::Command   1.17    
    ExtUtils::Install   1.56    
    ExtUtils::MakeMaker 6.57_05 
    ExtUtils::Manifest  1.58    
    ExtUtils::ParseXS   2.2210  
    File::Spec          3.33    
    Module::Build       0.3800  
    Module::Signature   n/a     
    Test::Harness       3.23    
    Test::More          0.98    
    YAML                0.73    
    YAML::Syck          1.17    
    version             0.88    


--

Summary of my perl5 (revision 5 version 14 subversion 1) configuration:
   
  Platform:
    osname=linux, osvers=2.6.35-28-generic, archname=i686-linux-thread-multi
    uname='linux ubuntu 2.6.35-28-generic #50-ubuntu smp fri mar 18 19:00:26 utc 2011 i686 gnulinux '
    config_args='-Dprefix=/opt/perl5_14_1 -des -Dusethreads'
    hint=recommended, useposix=true, d_sigaction=define
    useithreads=define, usemultiplicity=define
    useperlio=define, d_sfio=undef, uselargefiles=define, usesocks=undef
    use64bitint=undef, use64bitall=undef, uselongdouble=undef
    usemymalloc=n, bincompat5005=undef
  Compiler:
    cc='cc', ccflags ='-D_REENTRANT -D_GNU_SOURCE -fno-strict-aliasing -pipe -fstack-protector -I/usr/local/include -D_LARGEFILE_SOURCE -D_FILE_OFFSET_BITS=64',
    optimize='-O2',
    cppflags='-D_REENTRANT -D_GNU_SOURCE -fno-strict-aliasing -pipe -fstack-protector -I/usr/local/include'
    ccversion='', gccversion='4.4.5', gccosandvers=''
    intsize=4, longsize=4, ptrsize=4, doublesize=8, byteorder=1234
    d_longlong=define, longlongsize=8, d_longdbl=define, longdblsize=12
    ivtype='long', ivsize=4, nvtype='double', nvsize=8, Off_t='off_t', lseeksize=8
    alignbytes=4, prototype=define
  Linker and Libraries:
    ld='cc', ldflags =' -fstack-protector -L/usr/local/lib'
    libpth=/usr/local/lib /lib/../lib /usr/lib/../lib /lib /usr/lib /usr/lib/i686-linux-gnu /usr/lib64
    libs=-lnsl -ldl -lm -lcrypt -lutil -lpthread -lc
    perllibs=-lnsl -ldl -lm -lcrypt -lutil -lpthread -lc
    libc=/lib/libc-2.12.1.so, so=so, useshrplib=false, libperl=libperl.a
    gnulibc_version='2.12.1'
  Dynamic Linking:
    dlsrc=dl_dlopen.xs, dlext=so, d_dlsymun=undef, ccdlflags='-Wl,-E'
    cccdlflags='-fPIC', lddlflags='-shared -O2 -L/usr/local/lib -fstack-protector'


Characteristics of this binary (from libperl): 
  Compile-time options: MULTIPLICITY PERL_DONT_CREATE_GVSV
                        PERL_IMPLICIT_CONTEXT PERL_MALLOC_WRAP
                        PERL_PRESERVE_IVUV USE_ITHREADS USE_LARGE_FILES
                        USE_PERLIO USE_PERL_ATOF USE_REENTRANT_API
  Built under linux
  Compiled at Jun 24 2011 14:20:44
  %ENV:
    PERL5LIB=""
    PERL5OPT=""
    PERL5_CPANPLUS_IS_RUNNING="23728"
    PERL5_CPAN_IS_RUNNING="23728"
  @INC:
    /opt/perl5_14_1/lib/site_perl/5.14.1/i686-linux-thread-multi
    /opt/perl5_14_1/lib/site_perl/5.14.1
    /opt/perl5_14_1/lib/5.14.1/i686-linux-thread-multi
    /opt/perl5_14_1/lib/5.14.1
    .