Report for Dist-Zilla-Plugin-Run-0.039

Back
From: metabase:user:320bfe00-2aae-11df-837a-5e0a49663a4f
Subject: FAIL Dist-Zilla-Plugin-Run-0.039 v5.22.0 GNU/Linux
Date: 2015-06-27T22:55:33Z

This distribution has been tested as part of the CPAN Testers
project, supporting the Perl programming language.  See
http://wiki.cpantesters.org/ for more information or email
questions to cpan-testers-discuss@perl.org


--
Dear Karen Etheridge,

This is a computer-generated report for Dist-Zilla-Plugin-Run-0.039
on perl 5.22.0, created by CPAN-Reporter-1.2014.

Thank you for uploading your work to CPAN.  However, there was a problem
testing your distribution.

If you think this report is invalid, please consult the CPAN Testers Wiki
for suggestions on how to avoid getting FAIL reports for missing library
or binary dependencies, unsupported operating systems, and so on:

http://wiki.cpantesters.org/wiki/CPANAuthorNotes

Sections of this report:

    * Tester comments
    * Program output
    * Prerequisites
    * Environment and other context

------------------------------
TESTER COMMENTS
------------------------------

Additional comments from tester:

this report is from an automated smoke testing program
and was not reviewed by a human for accuracy

------------------------------
PROGRAM OUTPUT
------------------------------

Output from './Build test':

t/00-load.t .............. ok
# 
# Versions for all modules listed in MYMETA.json (including optional ones):
# 
# === Configure Requires ===
# 
#     Module               Want  Have
#     ------------------- ----- -----
#     Module::Build::Tiny 0.039 0.039
# 
# === Test Requires ===
# 
#     Module                             Want     Have
#     ---------------------------------- ---- --------
#     Dist::Zilla                         any    5.037
#     Dist::Zilla::Role::VersionProvider  any    5.037
#     ExtUtils::MakeMaker                 any  7.05_23
#     File::Spec                          any     3.56
#     File::pushd                         any    1.009
#     Path::Class                         any     0.35
#     Path::Tiny                          any    0.068
#     Test::DZil                          any    5.037
#     Test::Deep                          any    0.117
#     Test::Fatal                         any    0.014
#     Test::File::ShareDir                any 1.001001
#     Test::More                         0.88 1.001014
#     if                                  any   0.0604
# 
# === Test Recommends ===
# 
#     Module         Want     Have
#     ---------- -------- --------
#     CPAN::Meta 2.120900 2.150005
# 
# === Runtime Requires ===
# 
#     Module                               Want     Have
#     -------------------------------- -------- --------
#     Dist::Zilla::Dist::Builder            any    5.037
#     Dist::Zilla::Role::AfterBuild         any    5.037
#     Dist::Zilla::Role::AfterMint          any    5.037
#     Dist::Zilla::Role::AfterRelease       any    5.037
#     Dist::Zilla::Role::BeforeBuild        any    5.037
#     Dist::Zilla::Role::BeforeRelease      any    5.037
#     Dist::Zilla::Role::Plugin             any    5.037
#     Dist::Zilla::Role::Releaser           any    5.037
#     Dist::Zilla::Role::TestRunner         any    5.037
#     File::Spec                            any     3.56
#     IPC::Open3                            any     1.18
#     Moose                                 any   2.1405
#     Moose::Role                           any   2.1405
#     Moose::Util                           any   2.1405
#     String::Formatter                0.102082 0.102084
#     namespace::autoclean                  any     0.26
#     strict                                any     1.09
#     warnings                              any     1.32
# 
t/00-report-prereqs.t .... ok
Use of uninitialized value $p_root in concatenation (.) or string at /home/sand/src/perl/repoperls/installed-perls/perl/v5.22.0/9ab7/lib/site_perl/5.22.0/P/Core/Bootstrap.pm line 118.
t/10_build_phase.t ....... ok
Use of uninitialized value $p_root in concatenation (.) or string at /home/sand/src/perl/repoperls/installed-perls/perl/v5.22.0/9ab7/lib/site_perl/5.22.0/P/Core/Bootstrap.pm line 118.
t/20_formatter.t ......... ok
Use of uninitialized value $p_root in concatenation (.) or string at /home/sand/src/perl/repoperls/installed-perls/perl/v5.22.0/9ab7/lib/site_perl/5.22.0/P/Core/Bootstrap.pm line 118.
t/30_all_phases.t ........ ok
Use of uninitialized value $p_root in concatenation (.) or string at /home/sand/src/perl/repoperls/installed-perls/perl/v5.22.0/9ab7/lib/site_perl/5.22.0/P/Core/Bootstrap.pm line 118.
t/40_test_phase.t ........ ok
Use of uninitialized value $p_root in concatenation (.) or string at /home/sand/src/perl/repoperls/installed-perls/perl/v5.22.0/9ab7/lib/site_perl/5.22.0/P/Core/Bootstrap.pm line 118.
t/50_mint.t .............. ok
Use of uninitialized value $p_root in concatenation (.) or string at /home/sand/src/perl/repoperls/installed-perls/perl/v5.22.0/9ab7/lib/site_perl/5.22.0/P/Core/Bootstrap.pm line 118.
t/60_redacted_configs.t .. ok
Use of uninitialized value $p_root in concatenation (.) or string at /home/sand/src/perl/repoperls/installed-perls/perl/v5.22.0/9ab7/lib/site_perl/5.22.0/P/Core/Bootstrap.pm line 118.
t/70-eval.t .............. ok
Use of uninitialized value $p_root in concatenation (.) or string at /home/sand/src/perl/repoperls/installed-perls/perl/v5.22.0/9ab7/lib/site_perl/5.22.0/P/Core/Bootstrap.pm line 118.

#   Failed test 'build failed, reporting the error from the eval command'
#   at t/80-fatal-errors.t line 87.
#                   'Operation "ne": no method found,
# 	left argument in overloaded package P::Core::Exception::Object,
# 	right argument has no overloaded magic at /tmp/loop_over_bdir-1042-f6zQFP/Dist-Zilla-Plugin-Run-0.039-KkBy0z/blib/lib/Dist/Zilla/Plugin/Run/Role/Runner.pm line 222.
# '
#     doesn't match '(?^:evaluation died: oh noes)'

#   Failed test 'log messages list what happened'
#   at t/80-fatal-errors.t line 91.
# Comparing $data as a SuperBag
# Missing: 1 reference
# got log messages: [
#   '[Run::BeforeBuild] evaluating: die "oh noes"'
# ]
# got log messages: [
#   '[Run::BeforeBuild] executing: "/home/sand/src/perl/repoperls/installed-perls/perl/v5.22.0/9ab7/bin/perl" "exit 2"',
#   '[Run::BeforeBuild] Can\'t open perl script "exit 2": No such file or directory',
#   '[Run::BeforeBuild] command exited with status 2 (512)',
#   '[DZ] beginning to build DZT-Sample',
#   '[GatherDir] considering .',
#   '[GatherDir] considering dist.ini',
#   '[GatherDir] considering lib',
#   '[GatherDir] considering lib/Foo.pm',
#   '[GatherDir] adding file dist.ini',
#   '[GatherDir] adding file lib/Foo.pm',
#   '[DZ] writing DZT-Sample in /tmp/loop_over_bdir-1042-f6zQFP/Dist-Zilla-Plugin-Run-0.039-KkBy0z/tmp/FEbaKaR0Kr/build'
# ]

#   Failed test 'build succeeded, despite the eval command failing'
#   at t/80-fatal-errors.t line 205.
#          got: 'Operation "ne": no method found,
# 	left argument in overloaded package P::Core::Exception::Object,
# 	right argument has no overloaded magic at /tmp/loop_over_bdir-1042-f6zQFP/Dist-Zilla-Plugin-Run-0.039-KkBy0z/blib/lib/Dist/Zilla/Plugin/Run/Role/Runner.pm line 222.
# '
#     expected: undef

#   Failed test 'log messages list what happened'
#   at t/80-fatal-errors.t line 208.
# Comparing $data as a SuperBag
# Missing: 1 reference
# got log messages: [
#   '[Run::BeforeBuild] evaluating: die "oh noes"'
# ]
# Looks like you failed 4 tests of 12.
t/80-fatal-errors.t ...... 
Dubious, test returned 4 (wstat 1024, 0x400)
Failed 4/12 subtests 
Use of uninitialized value $p_root in concatenation (.) or string at /home/sand/src/perl/repoperls/installed-perls/perl/v5.22.0/9ab7/lib/site_perl/5.22.0/P/Core/Bootstrap.pm line 118.
t/90-clean.t ............. ok
Use of uninitialized value $p_root in concatenation (.) or string at /home/sand/src/perl/repoperls/installed-perls/perl/v5.22.0/9ab7/lib/site_perl/5.22.0/P/Core/Bootstrap.pm line 118.
t/91-release-status.t .... ok
Use of uninitialized value $p_root in concatenation (.) or string at /home/sand/src/perl/repoperls/installed-perls/perl/v5.22.0/9ab7/lib/site_perl/5.22.0/P/Core/Bootstrap.pm line 118.

#   Failed test 'build completed successfully'
#   at t/92-quiet.t line 53.
#          got: 'Operation "ne": no method found,
# 	left argument in overloaded package P::Core::Exception::Object,
# 	right argument has no overloaded magic at /tmp/loop_over_bdir-1042-f6zQFP/Dist-Zilla-Plugin-Run-0.039-KkBy0z/blib/lib/Dist/Zilla/Plugin/Run/Role/Runner.pm line 222.
# '
#     expected: undef

#   Failed test 'saw expected log messages when quiet=0, verbose=0'
#   at t/92-quiet.t line 76.
# Comparing $data as a SuperBag
# Missing: '[plugin 1] command exited with status 2 (512)', '[plugin 1] evaluating: print "# hello this is an eval command\xa"', '[plugin 1] executing: "/home/sand/src/perl/repoperls/installed-perls/perl/v5.22.0/9ab7/bin/perl" -le"exit 2"', 1 reference
# got log messages: [
#   '[plugin 0] executing: "/home/sand/src/perl/repoperls/installed-perls/perl/v5.22.0/9ab7/bin/perl" -le"print q(# hello this is a run command)"',
#   '[plugin 0] # hello this is a run command',
#   '[plugin 0] evaluating: die "oh noes"'
# ]

#   Failed test 'build completed successfully'
#   at t/92-quiet.t line 53.
#          got: 'Operation "ne": no method found,
# 	left argument in overloaded package P::Core::Exception::Object,
# 	right argument has no overloaded magic at /tmp/loop_over_bdir-1042-f6zQFP/Dist-Zilla-Plugin-Run-0.039-KkBy0z/blib/lib/Dist/Zilla/Plugin/Run/Role/Runner.pm line 222.
# '
#     expected: undef

#   Failed test 'saw expected log messages when quiet=0, verbose=1'
#   at t/92-quiet.t line 76.
# Comparing $data as a SuperBag
# Missing: '[plugin 1] command exited with status 2 (512)', '[plugin 1] evaluating: print "# hello this is an eval command\xa"', '[plugin 1] executing: "/home/sand/src/perl/repoperls/installed-perls/perl/v5.22.0/9ab7/bin/perl" -le"exit 2"', 1 reference
# got log messages: [
#   '[plugin 0] executing: "/home/sand/src/perl/repoperls/installed-perls/perl/v5.22.0/9ab7/bin/perl" -le"print q(# hello this is a run command)"',
#   '[plugin 0] # hello this is a run command',
#   '[plugin 0] command executed successfully',
#   '[plugin 0] evaluating: die "oh noes"'
# ]

#   Failed test 'build completed successfully'
#   at t/92-quiet.t line 53.
#          got: 'Operation "ne": no method found,
# 	left argument in overloaded package P::Core::Exception::Object,
# 	right argument has no overloaded magic at /tmp/loop_over_bdir-1042-f6zQFP/Dist-Zilla-Plugin-Run-0.039-KkBy0z/blib/lib/Dist/Zilla/Plugin/Run/Role/Runner.pm line 222.
# '
#     expected: undef
# got log messages: []

#   Failed test 'build completed successfully'
#   at t/92-quiet.t line 53.
#          got: 'Operation "ne": no method found,
# 	left argument in overloaded package P::Core::Exception::Object,
# 	right argument has no overloaded magic at /tmp/loop_over_bdir-1042-f6zQFP/Dist-Zilla-Plugin-Run-0.039-KkBy0z/blib/lib/Dist/Zilla/Plugin/Run/Role/Runner.pm line 222.
# '
#     expected: undef

#   Failed test 'saw expected log messages when quiet=1, verbose=1'
#   at t/92-quiet.t line 76.
# Comparing $data as a SuperBag
# Missing: '[plugin 1] command exited with status 2 (512)', '[plugin 1] evaluating: print "# hello this is an eval command\xa"', '[plugin 1] executing: "/home/sand/src/perl/repoperls/installed-perls/perl/v5.22.0/9ab7/bin/perl" -le"exit 2"', 1 reference
# got log messages: [
#   '[plugin 0] executing: "/home/sand/src/perl/repoperls/installed-perls/perl/v5.22.0/9ab7/bin/perl" -le"print q(# hello this is a run command)"',
#   '[plugin 0] # hello this is a run command',
#   '[plugin 0] command executed successfully',
#   '[plugin 0] evaluating: die "oh noes"'
# ]
# Looks like you failed 7 tests of 15.
t/92-quiet.t ............. 
Dubious, test returned 7 (wstat 1792, 0x700)
Failed 7/15 subtests 
Use of uninitialized value $p_root in concatenation (.) or string at /home/sand/src/perl/repoperls/installed-perls/perl/v5.22.0/9ab7/lib/site_perl/5.22.0/P/Core/Bootstrap.pm line 118.
t/93-eval-scopes.t ....... ok
t/zzz-check-breaks.t ..... ok

Test Summary Report
-------------------
t/80-fatal-errors.t    (Wstat: 1024 Tests: 12 Failed: 4)
  Failed tests:  4-5, 10-11
  Non-zero exit status: 4
t/92-quiet.t           (Wstat: 1792 Tests: 15 Failed: 7)
  Failed tests:  1-2, 4-5, 7, 13-14
  Non-zero exit status: 7
Files=15, Tests=82, 57 wallclock secs ( 0.04 usr  0.15 sys + 20.70 cusr  3.70 csys = 24.59 CPU)
Result: FAIL

------------------------------
PREREQUISITES
------------------------------

Prerequisite modules loaded:

requires:

    Module                             Need     Have    
    ---------------------------------- -------- --------
    Dist::Zilla::Dist::Builder         0        5.037   
    Dist::Zilla::Role::AfterBuild      0        5.037   
    Dist::Zilla::Role::AfterMint       0        5.037   
    Dist::Zilla::Role::AfterRelease    0        5.037   
    Dist::Zilla::Role::BeforeBuild     0        5.037   
    Dist::Zilla::Role::BeforeRelease   0        5.037   
    Dist::Zilla::Role::Plugin          0        5.037   
    Dist::Zilla::Role::Releaser        0        5.037   
    Dist::Zilla::Role::TestRunner      0        5.037   
    File::Spec                         0        3.56    
    IPC::Open3                         0        1.18    
    Moose                              0        2.1405  
    Moose::Role                        0        2.1405  
    Moose::Util                        0        2.1405  
    namespace::autoclean               0        0.26    
    perl                               5.006    5.022000
    strict                             0        1.09    
    String::Formatter                  0.102082 0.102084
    warnings                           0        1.32    

build_requires:

    Module                             Need     Have    
    ---------------------------------- -------- --------
    Dist::Zilla                        0        5.037   
    Dist::Zilla::Role::VersionProvider 0        5.037   
    ExtUtils::MakeMaker                0        7.05_23 
    File::pushd                        0        1.009   
    File::Spec                         0        3.56    
    if                                 0        0.0604  
    Path::Class                        0        0.35    
    Path::Tiny                         0        0.068   
    perl                               5.006    5.022000
    Test::Deep                         0        0.117   
    Test::DZil                         0        5.037   
    Test::Fatal                        0        0.014   
    Test::File::ShareDir               0        1.001001
    Test::More                         0.88     1.001014

configure_requires:

    Module                             Need     Have    
    ---------------------------------- -------- --------
    Module::Build::Tiny                0.039    0.039   
    perl                               5.006    5.022000


------------------------------
ENVIRONMENT AND OTHER CONTEXT
------------------------------

Environment variables:

    AUTOMATED_TESTING = 1
    LANG = en_US.UTF-8
    LANGUAGE = en_US:en
    PATH = /home/sand/bin:/usr/local/bin:/usr/bin:/bin:/usr/games:/usr/local/perl/bin:/usr/X11/bin:/sbin:/usr/sbin
    PERL5LIB = 
    PERL5OPT = 
    PERL5_CPANPLUS_IS_RUNNING = 1049
    PERL5_CPAN_IS_RUNNING = 1049
    PERL_MM_USE_DEFAULT = 1
    SHELL = /usr/bin/zsh
    TERM = screen

Perl special variables (and OS-specific diagnostics, for MSWin32):

    $^X = /home/sand/src/perl/repoperls/installed-perls/perl/v5.22.0/9ab7/bin/perl
    $UID/$EUID = 1005 / 1005
    $GID = 1005 1005
    $EGID = 1005 1005

Perl module toolchain versions installed:

    Module              Have    
    ------------------- --------
    CPAN                2.11    
    CPAN::Meta          2.150005
    Cwd                 3.56    
    ExtUtils::CBuilder  0.280223
    ExtUtils::Command   7.05_23 
    ExtUtils::Install   2.04    
    ExtUtils::MakeMaker 7.05_23 
    ExtUtils::Manifest  1.70    
    ExtUtils::ParseXS   3.28    
    File::Spec          3.56    
    JSON                2.90    
    JSON::PP            2.27300 
    Module::Build       0.4214  
    Module::Signature   0.79    
    Parse::CPAN::Meta   1.4417  
    Test::Harness       3.35    
    Test::More          1.001014
    YAML                1.15    
    YAML::Syck          1.29    
    version             0.9909  


--

Summary of my perl5 (revision 5 version 22 subversion 0) configuration:
  Commit id: 70f63a4c7dba89e8e48b44de7978faae4319e693
  Platform:
    osname=linux, osvers=4.0.0-2-amd64, archname=x86_64-linux
    uname='linux k83 4.0.0-2-amd64 #1 smp debian 4.0.5-1 (2015-06-16) x86_64 gnulinux '
    config_args='-Dprefix=/home/sand/src/perl/repoperls/installed-perls/perl/v5.22.0/9ab7 -Dmyhostname=k83 -Dinstallusrbinperl=n -Uversiononly -Dusedevel -des -Ui_db -Uuseithreads -Uuselongdouble'
    hint=recommended, useposix=true, d_sigaction=define
    useithreads=undef, usemultiplicity=undef
    use64bitint=define, use64bitall=define, uselongdouble=undef
    usemymalloc=n, bincompat5005=undef
  Compiler:
    cc='cc', ccflags ='-fwrapv -fno-strict-aliasing -pipe -fstack-protector-strong -I/usr/local/include -D_LARGEFILE_SOURCE -D_FILE_OFFSET_BITS=64 -D_FORTIFY_SOURCE=2',
    optimize='-O2',
    cppflags='-fwrapv -fno-strict-aliasing -pipe -fstack-protector-strong -I/usr/local/include'
    ccversion='', gccversion='4.9.2', gccosandvers=''
    intsize=4, longsize=8, ptrsize=8, doublesize=8, byteorder=12345678, doublekind=3
    d_longlong=define, longlongsize=8, d_longdbl=define, longdblsize=16, longdblkind=3
    ivtype='long', ivsize=8, nvtype='double', nvsize=8, Off_t='off_t', lseeksize=8
    alignbytes=8, prototype=define
  Linker and Libraries:
    ld='cc', ldflags =' -fstack-protector-strong -L/usr/local/lib'
    libpth=/usr/local/lib /usr/lib/gcc/x86_64-linux-gnu/4.9/include-fixed /usr/include/x86_64-linux-gnu /usr/lib /lib/x86_64-linux-gnu /lib/../lib /usr/lib/x86_64-linux-gnu /usr/lib/../lib /lib
    libs=-lpthread -lnsl -lgdbm -ldb -ldl -lm -lcrypt -lutil -lc -lgdbm_compat
    perllibs=-lpthread -lnsl -ldl -lm -lcrypt -lutil -lc
    libc=libc-2.19.so, so=so, useshrplib=false, libperl=libperl.a
    gnulibc_version='2.19'
  Dynamic Linking:
    dlsrc=dl_dlopen.xs, dlext=so, d_dlsymun=undef, ccdlflags='-Wl,-E'
    cccdlflags='-fPIC', lddlflags='-shared -O2 -L/usr/local/lib -fstack-protector-strong'


Characteristics of this binary (from libperl): 
  Compile-time options: HAS_TIMES PERLIO_LAYERS PERL_DONT_CREATE_GVSV
                        PERL_HASH_FUNC_ONE_AT_A_TIME_HARD PERL_MALLOC_WRAP
                        PERL_NEW_COPY_ON_WRITE PERL_PRESERVE_IVUV
                        PERL_USE_DEVEL USE_64_BIT_ALL USE_64_BIT_INT
                        USE_LARGE_FILES USE_LOCALE USE_LOCALE_COLLATE
                        USE_LOCALE_CTYPE USE_LOCALE_NUMERIC USE_LOCALE_TIME
                        USE_PERLIO USE_PERL_ATOF
  Built under linux
  Compiled at Jun 21 2015 08:50:49
  %ENV:
    PERL5LIB=""
    PERL5OPT=""
    PERL5_CPANPLUS_IS_RUNNING="1049"
    PERL5_CPAN_IS_RUNNING="1049"
    PERL_MM_USE_DEFAULT="1"
  @INC:
    /home/sand/src/perl/repoperls/installed-perls/perl/v5.22.0/9ab7/lib/site_perl/5.22.0/x86_64-linux
    /home/sand/src/perl/repoperls/installed-perls/perl/v5.22.0/9ab7/lib/site_perl/5.22.0
    /home/sand/src/perl/repoperls/installed-perls/perl/v5.22.0/9ab7/lib/5.22.0/x86_64-linux
    /home/sand/src/perl/repoperls/installed-perls/perl/v5.22.0/9ab7/lib/5.22.0
    .