Back
From: metabase:user:314402c4-2aae-11df-837a-5e0a49663a4f
Subject: FAIL WebAPI-DBIC-0.001006 v5.18.2 GNU/Linux
Date: 2014-08-17T18:52:19Z
This distribution has been tested as part of the CPAN Testers
project, supporting the Perl programming language. See
http://wiki.cpantesters.org/ for more information or email
questions to cpan-testers-discuss@perl.org
--
Dear Tim Bunce,
This is a computer-generated report for WebAPI-DBIC-0.001006
on perl 5.18.2, created by CPAN-Reporter-1.2011.
Thank you for uploading your work to CPAN. However, there was a problem
testing your distribution.
If you think this report is invalid, please consult the CPAN Testers Wiki
for suggestions on how to avoid getting FAIL reports for missing library
or binary dependencies, unsupported operating systems, and so on:
http://wiki.cpantesters.org/wiki/CPANAuthorNotes
Sections of this report:
* Tester comments
* Program output
* Prerequisites
* Environment and other context
------------------------------
TESTER COMMENTS
------------------------------
Additional comments from tester:
none provided
------------------------------
PROGRAM OUTPUT
------------------------------
Output from '/usr/bin/make test':
PERL_DL_NONLAZY=1 /bbbike/perl-5.18.2/bin/perl5.18.2 "-MExtUtils::Command::MM" "-MTest::Harness" "-e" "undef *Test::Harness::Switches; test_harness(0, 'blib/lib', 'blib/arch')" t/*.t
# Failed test 'require WebAPI::DBIC::Resource::GenericItemDBIC;'
# at t/00-compile.t line 10.
# Tried to require 'WebAPI::DBIC::Resource::GenericItemDBIC'.
# Error: Can't apply WebAPI::DBIC::Resource::Role::DBIC to WebAPI::DBIC::Resource::GenericItemDBIC - missing uri_for, get_url_for_item_relationship, id_kvs_for_item at /opt/perl-5.18.2/lib/site_perl/5.18.2/Role/Tiny.pm line 317.
# Compilation failed in require at (eval 82) line 2.
# Failed test 'require WebAPI::DBIC::Resource::GenericSetDBIC;'
# at t/00-compile.t line 10.
# Tried to require 'WebAPI::DBIC::Resource::GenericSetDBIC'.
# Error: Can't apply WebAPI::DBIC::Resource::Role::DBIC to WebAPI::DBIC::Resource::GenericSetDBIC - missing uri_for, get_url_for_item_relationship, id_kvs_for_item at /opt/perl-5.18.2/lib/site_perl/5.18.2/Role/Tiny.pm line 317.
# Compilation failed in require at (eval 100) line 2.
# Looks like you failed 2 tests of 28.
t/00-compile.t ..........
Dubious, test returned 2 (wstat 512, 0x200)
Failed 2/28 subtests
TestSchema::Result::Artist relationship cds_without_genre has coderef-based condition which is not handled yet - unknown crosstable_cond_key
TestSchema::Result::Artist relationship cds_84 has coderef-based condition which is not handled yet - unknown crosstable_cond_key
TestSchema::Result::Artist relationship cds_90s has coderef-based condition which is not handled yet - unknown crosstable_cond_key
TestSchema::Result::Artist relationship cds_80s has coderef-based condition which is not handled yet - unknown crosstable_cond_key
t/10-basics.t ........... ok
TestSchema::Result::Artist relationship cds_84 has coderef-based condition which is not handled yet - unknown crosstable_cond_key
TestSchema::Result::Artist relationship cds_90s has coderef-based condition which is not handled yet - unknown crosstable_cond_key
TestSchema::Result::Artist relationship cds_80s has coderef-based condition which is not handled yet - unknown crosstable_cond_key
TestSchema::Result::Artist relationship cds_without_genre has coderef-based condition which is not handled yet - unknown crosstable_cond_key
t/11-paging.t ........... ok
TestSchema::Result::Artist relationship cds_80s has coderef-based condition which is not handled yet - unknown crosstable_cond_key
TestSchema::Result::Artist relationship cds_84 has coderef-based condition which is not handled yet - unknown crosstable_cond_key
TestSchema::Result::Artist relationship cds_without_genre has coderef-based condition which is not handled yet - unknown crosstable_cond_key
TestSchema::Result::Artist relationship cds_90s has coderef-based condition which is not handled yet - unknown crosstable_cond_key
t/12-searching.t ........ ok
TestSchema::Result::Artist relationship cds_90s has coderef-based condition which is not handled yet - unknown crosstable_cond_key
TestSchema::Result::Artist relationship cds_without_genre has coderef-based condition which is not handled yet - unknown crosstable_cond_key
TestSchema::Result::Artist relationship cds_80s has coderef-based condition which is not handled yet - unknown crosstable_cond_key
TestSchema::Result::Artist relationship cds_84 has coderef-based condition which is not handled yet - unknown crosstable_cond_key
t/13-fields.t ........... ok
t/14-distinct.t ......... ok
t/20-prefetch.t ......... ok
t/30-ordering.t ......... ok
TestSchema::Result::Artist relationship cds_without_genre has coderef-based condition which is not handled yet - unknown crosstable_cond_key
TestSchema::Result::Artist relationship cds_84 has coderef-based condition which is not handled yet - unknown crosstable_cond_key
TestSchema::Result::Artist relationship cds_80s has coderef-based condition which is not handled yet - unknown crosstable_cond_key
TestSchema::Result::Artist relationship cds_90s has coderef-based condition which is not handled yet - unknown crosstable_cond_key
t/50-modify.t ........... ok
TestSchema::Result::Track relationship next_tracks has coderef-based condition which is not handled yet - unknown crosstable_cond_key
t/52-post_rel.t ......... ok
TestSchema::Result::Track relationship next_tracks has coderef-based condition which is not handled yet - unknown crosstable_cond_key
t/53-put_rel.t .......... ok
Exception: DBIx::Class::Row::get_column(): No such column 'nonesuch' at /tmpfs/.cpan-build/WebAPI-DBIC-0.001006-Lcybgu/blib/lib/WebAPI/DBIC/Resource/Role/ItemInvoke.pm line 57
t/60-invoke.t ........... ok
t/release-pod-syntax.t .. skipped: these tests are for release candidate testing
Test Summary Report
-------------------
t/00-compile.t (Wstat: 512 Tests: 28 Failed: 2)
Failed tests: 5, 8
Non-zero exit status: 2
Files=13, Tests=39, 25 wallclock secs ( 0.09 usr 0.05 sys + 23.54 cusr 1.24 csys = 24.92 CPU)
Result: FAIL
Failed 1/13 test programs. 2/39 subtests failed.
make: *** [test_dynamic] Fehler 255
------------------------------
PREREQUISITES
------------------------------
Prerequisite modules loaded:
requires:
Module Need Have
------------------------- ---- --------
Carp 0 1.3301
Data::Dumper::Concise 0 2.022
DBIx::Class 0 0.08270
HTTP::Headers::ActionPack 0 0.09
HTTP::Throwable 0 0.018
JSON::MaybeXS 0 1.002002
List::Util 0 1.39
Module::Runtime 0 0.014
Moo 0 1.006000
namespace::clean 0 0.25
parent 0 0.228
Path::Router 0 0.12
Plack 0 1.0031
Plack::App::File 0 0
Plack::App::Path::Router 0 0.05
Scalar::Util 0 1.39
Sub::Exporter 0 0.987
Sub::Quote 0 1.006000
Try::Tiny 0 0.22
URI 0 1.64
Web::Machine 0 0.15
build_requires:
Module Need Have
------------------------- ---- --------
DBIx::Class 0 0.08270
ExtUtils::MakeMaker 0 6.98
Module::Pluggable 0 5.1
Sort::Key 0 1.33
Test::DBIx::Class 0 0.41
Test::HTTP::Response 0 0.06
Test::More 0.98 1.001003
Test::Most 0 0.34
Test::Pod 0 1.48
Test::Roo 0 1.004
configure_requires:
Module Need Have
------------------------- ---- --------
ExtUtils::MakeMaker 6.30 6.98
------------------------------
ENVIRONMENT AND OTHER CONTEXT
------------------------------
Environment variables:
DBIC_NO_WARN_BAD_PERL = 1
LANG = C
LC_ALL = de_DE.UTF-8
PATH = /usr/local/bin:/usr/bin:/bin:/usr/local/sbin:/usr/sbin:/sbin:/home/eserte/bin/linux-gnu:/home/eserte/bin/sh:/home/eserte/bin:/usr/games:/home/eserte/devel:/home/eserte/src/srezic-misc/scripts
PERL5LIB =
PERL5OPT =
PERL5_CPANPLUS_IS_RUNNING = 17352
PERL5_CPAN_IS_RUNNING = 17352
PERL5_CPAN_IS_RUNNING_IN_RECURSION = 17270,17352
PERLDOC = -MPod::Perldoc::ToTextOverstrike
PERL_BATCH = yes
PERL_CPAN_REPORTER_CONFIG = /var/tmp/cpansmoker-1001/lw6RnY8APl_config.ini
PERL_EXTUTILS_AUTOINSTALL = --defaultdeps
PERL_HTML_DISPLAY_CLASS = HTML::Display::Mozilla
PERL_PARALLEL_SMOKER = yes
SHELL = /bin/zsh
TERM = screen
TMPDIR = /var/tmp/cpansmoker-1001
Perl special variables (and OS-specific diagnostics, for MSWin32):
$^X = /bbbike/perl-5.18.2/bin/perl5.18.2
$UID/$EUID = 1001 / 1001
$GID = 1001 109 1001
$EGID = 1001 109 1001
Perl module toolchain versions installed:
Module Have
------------------- --------
CPAN 2.05
CPAN::Meta 2.142060
Cwd 3.47
ExtUtils::CBuilder 0.280216
ExtUtils::Command 1.18
ExtUtils::Install 1.68
ExtUtils::MakeMaker 6.98
ExtUtils::Manifest 1.65
ExtUtils::ParseXS 3.24
File::Spec 3.47
JSON 2.90
JSON::PP 2.27203
Module::Build 0.4206
Module::Signature 0.73
Parse::CPAN::Meta 1.4414
Test::Harness 3.33
Test::More 1.001003
YAML 1.06
YAML::Syck 1.27
version 0.9909
--
Summary of my perl5 (revision 5 version 18 subversion 2) configuration:
Platform:
osname=linux, osvers=3.2.0-4-amd64, archname=x86_64-linux
uname='linux eserte 3.2.0-4-amd64 #1 smp debian 3.2.57-3 x86_64 gnulinux '
config_args='-ds -e -Dprefix=/opt/perl-5.18.2'
hint=recommended, useposix=true, d_sigaction=define
useithreads=undef, usemultiplicity=undef
useperlio=define, d_sfio=undef, uselargefiles=define, usesocks=undef
use64bitint=define, use64bitall=define, uselongdouble=undef
usemymalloc=n, bincompat5005=undef
Compiler:
cc='cc', ccflags ='-fno-strict-aliasing -pipe -fstack-protector -I/usr/local/include -D_LARGEFILE_SOURCE -D_FILE_OFFSET_BITS=64',
optimize='-O2',
cppflags='-fno-strict-aliasing -pipe -fstack-protector -I/usr/local/include'
ccversion='', gccversion='4.7.2', gccosandvers=''
intsize=4, longsize=8, ptrsize=8, doublesize=8, byteorder=12345678
d_longlong=define, longlongsize=8, d_longdbl=define, longdblsize=16
ivtype='long', ivsize=8, nvtype='double', nvsize=8, Off_t='off_t', lseeksize=8
alignbytes=8, prototype=define
Linker and Libraries:
ld='cc', ldflags =' -fstack-protector -L/usr/local/lib'
libpth=/usr/local/lib /lib/x86_64-linux-gnu /lib/../lib /usr/lib/x86_64-linux-gnu /usr/lib/../lib /lib /usr/lib
libs=-lnsl -ldb -ldl -lm -lcrypt -lutil -lc
perllibs=-lnsl -ldl -lm -lcrypt -lutil -lc
libc=, so=so, useshrplib=false, libperl=libperl.a
gnulibc_version='2.13'
Dynamic Linking:
dlsrc=dl_dlopen.xs, dlext=so, d_dlsymun=undef, ccdlflags='-Wl,-E'
cccdlflags='-fPIC', lddlflags='-shared -O2 -L/usr/local/lib -fstack-protector'
Characteristics of this binary (from libperl):
Compile-time options: HAS_TIMES PERLIO_LAYERS PERL_DONT_CREATE_GVSV
PERL_HASH_FUNC_ONE_AT_A_TIME_HARD PERL_MALLOC_WRAP
PERL_PRESERVE_IVUV PERL_SAWAMPERSAND USE_64_BIT_ALL
USE_64_BIT_INT USE_LARGE_FILES USE_LOCALE
USE_LOCALE_COLLATE USE_LOCALE_CTYPE
USE_LOCALE_NUMERIC USE_PERLIO USE_PERL_ATOF
Built under linux
Compiled at May 7 2014 07:25:45
%ENV:
PERL5LIB=""
PERL5OPT=""
PERL5_CPANPLUS_IS_RUNNING="17352"
PERL5_CPAN_IS_RUNNING="17352"
PERL5_CPAN_IS_RUNNING_IN_RECURSION="17270,17352"
PERLDOC="-MPod::Perldoc::ToTextOverstrike"
PERL_BATCH="yes"
PERL_CPAN_REPORTER_CONFIG="/var/tmp/cpansmoker-1001/lw6RnY8APl_config.ini"
PERL_EXTUTILS_AUTOINSTALL="--defaultdeps"
PERL_HTML_DISPLAY_CLASS="HTML::Display::Mozilla"
PERL_PARALLEL_SMOKER="yes"
@INC:
/opt/perl-5.18.2/lib/site_perl/5.18.2/x86_64-linux
/opt/perl-5.18.2/lib/site_perl/5.18.2
/opt/perl-5.18.2/lib/5.18.2/x86_64-linux
/opt/perl-5.18.2/lib/5.18.2
.