Report for Redis-Cluster-0.11

Back
From: metabase:user:314402c4-2aae-11df-837a-5e0a49663a4f
Subject: FAIL Redis-Cluster-0.11 v5.20.2 GNU/Linux
Date: 2015-07-27T20:54:02Z

This distribution has been tested as part of the CPAN Testers
project, supporting the Perl programming language.  See
http://wiki.cpantesters.org/ for more information or email
questions to cpan-testers-discuss@perl.org


--
Dear SMS Online,

This is a computer-generated report for Redis-Cluster-0.11
on perl 5.20.2, created by CPAN-Reporter-1.2014.

Thank you for uploading your work to CPAN.  However, there was a problem
testing your distribution.

If you think this report is invalid, please consult the CPAN Testers Wiki
for suggestions on how to avoid getting FAIL reports for missing library
or binary dependencies, unsupported operating systems, and so on:

http://wiki.cpantesters.org/wiki/CPANAuthorNotes

Sections of this report:

    * Tester comments
    * Program output
    * Prerequisites
    * Environment and other context

------------------------------
TESTER COMMENTS
------------------------------

Additional comments from tester:

none provided

------------------------------
PROGRAM OUTPUT
------------------------------

Output from '/usr/bin/make test':

PERL_DL_NONLAZY=1 "/bbbike/perl-5.20.2/bin/perl5.20.2" "-MExtUtils::Command::MM" "-MTest::Harness" "-e" "undef *Test::Harness::Switches; test_harness(0, 'blib/lib', 'blib/arch')" t/*.t
t/00-compile.t ....... ok
t/20-cluster.t ....... skipped: Redis Cluster must have at least three nodes; skipping
t/30-eol.t ........... ok
t/30-fixme.t ......... ok
These tests should not be running unless AUTHOR_TESTING=1 and/or RELEASE_TESTING=1!
t/40-kwalitee.t ...... ok

#   Failed test 'Test::Perl::Critic for "t/40-kwalitee.t"'
#   at /opt/perl-5.20.2/lib/site_perl/5.20.2/Test/Perl/Critic.pm line 104.
# 
#   Use of "require" is not allowed at line 9, column 3.  Use Require() method of MainObject instead.  (Severity: 5)

#   Failed test 'Test::Perl::Critic for "t/20-cluster.t"'
#   at /opt/perl-5.20.2/lib/site_perl/5.20.2/Test/Perl/Critic.pm line 104.
# 
#   Variable, subroutine, and package names have to be in CamelCase at line 12, column 4.  (no explanation).  (Severity: 5)
#   Variable, subroutine, and package names have to be in CamelCase at line 15, column 40.  (no explanation).  (Severity: 5)
#   Variable, subroutine, and package names have to be in CamelCase at line 17, column 4.  (no explanation).  (Severity: 5)
#   Variable, subroutine, and package names have to be in CamelCase at line 17, column 44.  (no explanation).  (Severity: 5)
#   Variable, subroutine, and package names have to be in CamelCase at line 20, column 4.  (no explanation).  (Severity: 5)
#   Variable, subroutine, and package names have to be in CamelCase at line 20, column 11.  (no explanation).  (Severity: 5)
#   Variable, subroutine, and package names have to be in CamelCase at line 21, column 41.  (no explanation).  (Severity: 5)
#   Variable, subroutine, and package names have to be in CamelCase at line 23, column 4.  (no explanation).  (Severity: 5)
#   Variable, subroutine, and package names have to be in CamelCase at line 23, column 12.  (no explanation).  (Severity: 5)
#   Variable, subroutine, and package names have to be in CamelCase at line 23, column 36.  (no explanation).  (Severity: 5)
#   Variable, subroutine, and package names have to be in CamelCase at line 24, column 47.  (no explanation).  (Severity: 5)
#   Variable, subroutine, and package names have to be in CamelCase at line 26, column 4.  (no explanation).  (Severity: 5)
#   Variable, subroutine, and package names have to be in CamelCase at line 26, column 13.  (no explanation).  (Severity: 5)
#   Variable, subroutine, and package names have to be in CamelCase at line 26, column 38.  (no explanation).  (Severity: 5)
#   Variable, subroutine, and package names have to be in CamelCase at line 29, column 4.  (no explanation).  (Severity: 5)
#   Variable, subroutine, and package names have to be in CamelCase at line 29, column 11.  (no explanation).  (Severity: 5)
#   Variable, subroutine, and package names have to be in CamelCase at line 29, column 23.  (no explanation).  (Severity: 5)
#   Variable, subroutine, and package names have to be in CamelCase at line 30, column 4.  (no explanation).  (Severity: 5)
#   Variable, subroutine, and package names have to be in CamelCase at line 33, column 1.  (no explanation).  (Severity: 5)
#   Variable, subroutine, and package names have to be in CamelCase at line 33, column 8.  (no explanation).  (Severity: 5)
#   Variable, subroutine, and package names have to be in CamelCase at line 33, column 20.  (no explanation).  (Severity: 5)
#   Variable, subroutine, and package names have to be in CamelCase at line 34, column 4.  (no explanation).  (Severity: 5)
#   Variable, subroutine, and package names have to be in CamelCase at line 37, column 1.  (no explanation).  (Severity: 5)
#   Variable, subroutine, and package names have to be in CamelCase at line 37, column 8.  (no explanation).  (Severity: 5)
#   Variable, subroutine, and package names have to be in CamelCase at line 37, column 22.  (no explanation).  (Severity: 5)
#   Variable, subroutine, and package names have to be in CamelCase at line 38, column 4.  (no explanation).  (Severity: 5)
#   Variable, subroutine, and package names have to be in CamelCase at line 41, column 1.  (no explanation).  (Severity: 5)
#   Variable, subroutine, and package names have to be in CamelCase at line 41, column 8.  (no explanation).  (Severity: 5)
#   Variable, subroutine, and package names have to be in CamelCase at line 42, column 4.  (no explanation).  (Severity: 5)
#   Variable, subroutine, and package names have to be in CamelCase at line 45, column 1.  (no explanation).  (Severity: 5)
#   Variable, subroutine, and package names have to be in CamelCase at line 45, column 8.  (no explanation).  (Severity: 5)
#   Variable, subroutine, and package names have to be in CamelCase at line 45, column 21.  (no explanation).  (Severity: 5)
#   Variable, subroutine, and package names have to be in CamelCase at line 46, column 4.  (no explanation).  (Severity: 5)
#   Variable, subroutine, and package names have to be in CamelCase at line 49, column 1.  (no explanation).  (Severity: 5)
#   Variable, subroutine, and package names have to be in CamelCase at line 49, column 8.  (no explanation).  (Severity: 5)
#   Variable, subroutine, and package names have to be in CamelCase at line 49, column 23.  (no explanation).  (Severity: 5)
#   Variable, subroutine, and package names have to be in CamelCase at line 50, column 4.  (no explanation).  (Severity: 5)
#   Variable, subroutine, and package names have to be in CamelCase at line 53, column 1.  (no explanation).  (Severity: 5)
#   Variable, subroutine, and package names have to be in CamelCase at line 53, column 8.  (no explanation).  (Severity: 5)
#   Variable, subroutine, and package names have to be in CamelCase at line 54, column 11.  (no explanation).  (Severity: 5)
#   Variable, subroutine, and package names have to be in CamelCase at line 57, column 1.  (no explanation).  (Severity: 5)
#   Variable, subroutine, and package names have to be in CamelCase at line 57, column 8.  (no explanation).  (Severity: 5)
#   Variable, subroutine, and package names have to be in CamelCase at line 57, column 63.  (no explanation).  (Severity: 5)
#   Variable, subroutine, and package names have to be in CamelCase at line 58, column 4.  (no explanation).  (Severity: 5)
#   Variable, subroutine, and package names have to be in CamelCase at line 61, column 1.  (no explanation).  (Severity: 5)
#   Variable, subroutine, and package names have to be in CamelCase at line 61, column 8.  (no explanation).  (Severity: 5)
#   Variable, subroutine, and package names have to be in CamelCase at line 61, column 22.  (no explanation).  (Severity: 5)
#   Variable, subroutine, and package names have to be in CamelCase at line 62, column 29.  (no explanation).  (Severity: 5)
#   Variable, subroutine, and package names have to be in CamelCase at line 62, column 37.  (no explanation).  (Severity: 5)
#   Variable, subroutine, and package names have to be in CamelCase at line 64, column 1.  (no explanation).  (Severity: 5)
#   Variable, subroutine, and package names have to be in CamelCase at line 64, column 8.  (no explanation).  (Severity: 5)
#   Variable, subroutine, and package names have to be in CamelCase at line 64, column 21.  (no explanation).  (Severity: 5)
#   Variable, subroutine, and package names have to be in CamelCase at line 65, column 4.  (no explanation).  (Severity: 5)
#   Variable, subroutine, and package names have to be in CamelCase at line 67, column 1.  (no explanation).  (Severity: 5)
#   Variable, subroutine, and package names have to be in CamelCase at line 67, column 8.  (no explanation).  (Severity: 5)
#   Variable, subroutine, and package names have to be in CamelCase at line 68, column 4.  (no explanation).  (Severity: 5)
#   Variable, subroutine, and package names have to be in CamelCase at line 71, column 1.  (no explanation).  (Severity: 5)
#   Variable, subroutine, and package names have to be in CamelCase at line 71, column 8.  (no explanation).  (Severity: 5)
#   Variable, subroutine, and package names have to be in CamelCase at line 72, column 29.  (no explanation).  (Severity: 5)
#   Variable, subroutine, and package names have to be in CamelCase at line 72, column 37.  (no explanation).  (Severity: 5)
#   Variable, subroutine, and package names have to be in CamelCase at line 74, column 1.  (no explanation).  (Severity: 5)
#   Variable, subroutine, and package names have to be in CamelCase at line 74, column 8.  (no explanation).  (Severity: 5)
#   Variable, subroutine, and package names have to be in CamelCase at line 74, column 21.  (no explanation).  (Severity: 5)
#   Variable, subroutine, and package names have to be in CamelCase at line 75, column 37.  (no explanation).  (Severity: 5)
#   Variable, subroutine, and package names have to be in CamelCase at line 75, column 45.  (no explanation).  (Severity: 5)
#   Variable, subroutine, and package names have to be in CamelCase at line 77, column 1.  (no explanation).  (Severity: 5)
#   Variable, subroutine, and package names have to be in CamelCase at line 77, column 8.  (no explanation).  (Severity: 5)
#   Variable, subroutine, and package names have to be in CamelCase at line 77, column 23.  (no explanation).  (Severity: 5)
#   Variable, subroutine, and package names have to be in CamelCase at line 78, column 39.  (no explanation).  (Severity: 5)
#   Variable, subroutine, and package names have to be in CamelCase at line 78, column 47.  (no explanation).  (Severity: 5)
#   Variable, subroutine, and package names have to be in CamelCase at line 80, column 1.  (no explanation).  (Severity: 5)
#   Variable, subroutine, and package names have to be in CamelCase at line 80, column 8.  (no explanation).  (Severity: 5)
#   Variable, subroutine, and package names have to be in CamelCase at line 81, column 31.  (no explanation).  (Severity: 5)
#   Variable, subroutine, and package names have to be in CamelCase at line 81, column 39.  (no explanation).  (Severity: 5)
#   Variable, subroutine, and package names have to be in CamelCase at line 83, column 1.  (no explanation).  (Severity: 5)
#   Variable, subroutine, and package names have to be in CamelCase at line 83, column 8.  (no explanation).  (Severity: 5)
#   Variable, subroutine, and package names have to be in CamelCase at line 83, column 20.  (no explanation).  (Severity: 5)
#   Variable, subroutine, and package names have to be in CamelCase at line 84, column 4.  (no explanation).  (Severity: 5)
#   Variable, subroutine, and package names have to be in CamelCase at line 87, column 1.  (no explanation).  (Severity: 5)
#   Variable, subroutine, and package names have to be in CamelCase at line 87, column 8.  (no explanation).  (Severity: 5)
#   Variable, subroutine, and package names have to be in CamelCase at line 88, column 4.  (no explanation).  (Severity: 5)
#   Variable, subroutine, and package names have to be in CamelCase at line 91, column 1.  (no explanation).  (Severity: 5)
#   Variable, subroutine, and package names have to be in CamelCase at line 91, column 8.  (no explanation).  (Severity: 5)
#   Variable, subroutine, and package names have to be in CamelCase at line 91, column 20.  (no explanation).  (Severity: 5)
#   Variable, subroutine, and package names have to be in CamelCase at line 92, column 4.  (no explanation).  (Severity: 5)
#   Variable, subroutine, and package names have to be in CamelCase at line 95, column 1.  (no explanation).  (Severity: 5)
#   Variable, subroutine, and package names have to be in CamelCase at line 95, column 8.  (no explanation).  (Severity: 5)
#   Variable, subroutine, and package names have to be in CamelCase at line 96, column 29.  (no explanation).  (Severity: 5)
#   Variable, subroutine, and package names have to be in CamelCase at line 96, column 37.  (no explanation).  (Severity: 5)
#   Variable, subroutine, and package names have to be in CamelCase at line 98, column 1.  (no explanation).  (Severity: 5)
#   Variable, subroutine, and package names have to be in CamelCase at line 98, column 8.  (no explanation).  (Severity: 5)
#   Variable, subroutine, and package names have to be in CamelCase at line 99, column 11.  (no explanation).  (Severity: 5)
#   Variable, subroutine, and package names have to be in CamelCase at line 102, column 1.  (no explanation).  (Severity: 5)
#   Variable, subroutine, and package names have to be in CamelCase at line 102, column 8.  (no explanation).  (Severity: 5)
#   Variable, subroutine, and package names have to be in CamelCase at line 103, column 4.  (no explanation).  (Severity: 5)
#   Variable, subroutine, and package names have to be in CamelCase at line 106, column 1.  (no explanation).  (Severity: 5)
#   Variable, subroutine, and package names have to be in CamelCase at line 106, column 8.  (no explanation).  (Severity: 5)
#   Variable, subroutine, and package names have to be in CamelCase at line 107, column 29.  (no explanation).  (Severity: 5)
#   Variable, subroutine, and package names have to be in CamelCase at line 107, column 37.  (no explanation).  (Severity: 5)
#   Variable, subroutine, and package names have to be in CamelCase at line 109, column 15.  (no explanation).  (Severity: 5)
#   Variable, subroutine, and package names have to be in CamelCase at line 111, column 1.  (no explanation).  (Severity: 5)
#   Variable, subroutine, and package names have to be in CamelCase at line 112, column 31.  (no explanation).  (Severity: 5)
#   Variable, subroutine, and package names have to be in CamelCase at line 112, column 39.  (no explanation).  (Severity: 5)
#   Variable, subroutine, and package names have to be in CamelCase at line 115, column 1.  (no explanation).  (Severity: 5)
#   Variable, subroutine, and package names have to be in CamelCase at line 115, column 8.  (no explanation).  (Severity: 5)
#   Variable, subroutine, and package names have to be in CamelCase at line 116, column 29.  (no explanation).  (Severity: 5)
#   Variable, subroutine, and package names have to be in CamelCase at line 116, column 37.  (no explanation).  (Severity: 5)
#   Variable, subroutine, and package names have to be in CamelCase at line 119, column 9.  (no explanation).  (Severity: 5)
#   Variable, subroutine, and package names have to be in CamelCase at line 119, column 42.  (no explanation).  (Severity: 5)
#   Variable, subroutine, and package names have to be in CamelCase at line 123, column 1.  (no explanation).  (Severity: 5)
#   Variable, subroutine, and package names have to be in CamelCase at line 124, column 31.  (no explanation).  (Severity: 5)
#   Variable, subroutine, and package names have to be in CamelCase at line 124, column 39.  (no explanation).  (Severity: 5)
#   Variable, subroutine, and package names have to be in CamelCase at line 127, column 1.  (no explanation).  (Severity: 5)
#   Variable, subroutine, and package names have to be in CamelCase at line 127, column 8.  (no explanation).  (Severity: 5)
#   Variable, subroutine, and package names have to be in CamelCase at line 128, column 29.  (no explanation).  (Severity: 5)
#   Variable, subroutine, and package names have to be in CamelCase at line 128, column 37.  (no explanation).  (Severity: 5)
#   Variable, subroutine, and package names have to be in CamelCase at line 130, column 15.  (no explanation).  (Severity: 5)
#   Variable, subroutine, and package names have to be in CamelCase at line 130, column 29.  (no explanation).  (Severity: 5)
#   Variable, subroutine, and package names have to be in CamelCase at line 132, column 1.  (no explanation).  (Severity: 5)
#   Variable, subroutine, and package names have to be in CamelCase at line 133, column 31.  (no explanation).  (Severity: 5)
#   Variable, subroutine, and package names have to be in CamelCase at line 133, column 39.  (no explanation).  (Severity: 5)
#   Variable, subroutine, and package names have to be in CamelCase at line 136, column 1.  (no explanation).  (Severity: 5)
#   Variable, subroutine, and package names have to be in CamelCase at line 136, column 8.  (no explanation).  (Severity: 5)
#   Variable, subroutine, and package names have to be in CamelCase at line 136, column 22.  (no explanation).  (Severity: 5)
#   Variable, subroutine, and package names have to be in CamelCase at line 137, column 29.  (no explanation).  (Severity: 5)
#   Variable, subroutine, and package names have to be in CamelCase at line 137, column 37.  (no explanation).  (Severity: 5)
#   Variable, subroutine, and package names have to be in CamelCase at line 139, column 1.  (no explanation).  (Severity: 5)
#   Variable, subroutine, and package names have to be in CamelCase at line 139, column 8.  (no explanation).  (Severity: 5)
#   Variable, subroutine, and package names have to be in CamelCase at line 140, column 29.  (no explanation).  (Severity: 5)
#   Variable, subroutine, and package names have to be in CamelCase at line 140, column 37.  (no explanation).  (Severity: 5)
#   Variable, subroutine, and package names have to be in CamelCase at line 142, column 10.  (no explanation).  (Severity: 5)
#   Variable, subroutine, and package names have to be in CamelCase at line 144, column 1.  (no explanation).  (Severity: 5)
#   Variable, subroutine, and package names have to be in CamelCase at line 145, column 31.  (no explanation).  (Severity: 5)
#   Variable, subroutine, and package names have to be in CamelCase at line 145, column 39.  (no explanation).  (Severity: 5)
#   Variable, subroutine, and package names have to be in CamelCase at line 148, column 15.  (no explanation).  (Severity: 5)
#   Variable, subroutine, and package names have to be in CamelCase at line 151, column 15.  (no explanation).  (Severity: 5)
#   Variable, subroutine, and package names have to be in CamelCase at line 154, column 1.  (no explanation).  (Severity: 5)
#   Variable, subroutine, and package names have to be in CamelCase at line 154, column 8.  (no explanation).  (Severity: 5)
#   Variable, subroutine, and package names have to be in CamelCase at line 154, column 34.  (no explanation).  (Severity: 5)
#   Variable, subroutine, and package names have to be in CamelCase at line 155, column 8.  (no explanation).  (Severity: 5)
#   Variable, subroutine, and package names have to be in CamelCase at line 158, column 1.  (no explanation).  (Severity: 5)
#   Variable, subroutine, and package names have to be in CamelCase at line 158, column 8.  (no explanation).  (Severity: 5)
#   Variable, subroutine, and package names have to be in CamelCase at line 158, column 33.  (no explanation).  (Severity: 5)
#   Variable, subroutine, and package names have to be in CamelCase at line 159, column 8.  (no explanation).  (Severity: 5)
#   Variable, subroutine, and package names have to be in CamelCase at line 162, column 1.  (no explanation).  (Severity: 5)
#   Variable, subroutine, and package names have to be in CamelCase at line 162, column 8.  (no explanation).  (Severity: 5)
#   Variable, subroutine, and package names have to be in CamelCase at line 162, column 32.  (no explanation).  (Severity: 5)
#   Variable, subroutine, and package names have to be in CamelCase at line 163, column 8.  (no explanation).  (Severity: 5)
#   Variable, subroutine, and package names have to be in CamelCase at line 171, column 13.  (no explanation).  (Severity: 5)
#   Variable, subroutine, and package names have to be in CamelCase at line 173, column 5.  (no explanation).  (Severity: 5)
#   Variable, subroutine, and package names have to be in CamelCase at line 173, column 12.  (no explanation).  (Severity: 5)
#   Variable, subroutine, and package names have to be in CamelCase at line 174, column 45.  (no explanation).  (Severity: 5)
#   Variable, subroutine, and package names have to be in CamelCase at line 180, column 9.  (no explanation).  (Severity: 5)
#   Variable, subroutine, and package names have to be in CamelCase at line 181, column 8.  (no explanation).  (Severity: 5)
#   Variable, subroutine, and package names have to be in CamelCase at line 182, column 40.  (no explanation).  (Severity: 5)
#   Variable, subroutine, and package names have to be in CamelCase at line 184, column 12.  (no explanation).  (Severity: 5)
#   Variable, subroutine, and package names have to be in CamelCase at line 188, column 9.  (no explanation).  (Severity: 5)
#   Variable, subroutine, and package names have to be in CamelCase at line 191, column 3.  (no explanation).  (Severity: 5)
#   Variable, subroutine, and package names have to be in CamelCase at line 191, column 10.  (no explanation).  (Severity: 5)
#   Variable, subroutine, and package names have to be in CamelCase at line 191, column 22.  (no explanation).  (Severity: 5)
#   Variable, subroutine, and package names have to be in CamelCase at line 192, column 29.  (no explanation).  (Severity: 5)
#   Variable, subroutine, and package names have to be in CamelCase at line 192, column 37.  (no explanation).  (Severity: 5)
#   Variable, subroutine, and package names have to be in CamelCase at line 194, column 3.  (no explanation).  (Severity: 5)
#   Variable, subroutine, and package names have to be in CamelCase at line 194, column 10.  (no explanation).  (Severity: 5)
#   Variable, subroutine, and package names have to be in CamelCase at line 194, column 22.  (no explanation).  (Severity: 5)
#   Variable, subroutine, and package names have to be in CamelCase at line 195, column 6.  (no explanation).  (Severity: 5)
#   Variable, subroutine, and package names have to be in CamelCase at line 198, column 3.  (no explanation).  (Severity: 5)
#   Variable, subroutine, and package names have to be in CamelCase at line 198, column 10.  (no explanation).  (Severity: 5)
#   Variable, subroutine, and package names have to be in CamelCase at line 199, column 31.  (no explanation).  (Severity: 5)
#   Variable, subroutine, and package names have to be in CamelCase at line 199, column 39.  (no explanation).  (Severity: 5)
#   Variable, subroutine, and package names have to be in CamelCase at line 201, column 17.  (no explanation).  (Severity: 5)
#   Variable, subroutine, and package names have to be in CamelCase at line 201, column 29.  (no explanation).  (Severity: 5)
#   Variable, subroutine, and package names have to be in CamelCase at line 204, column 3.  (no explanation).  (Severity: 5)
#   Variable, subroutine, and package names have to be in CamelCase at line 204, column 10.  (no explanation).  (Severity: 5)
#   Variable, subroutine, and package names have to be in CamelCase at line 204, column 24.  (no explanation).  (Severity: 5)
#   Variable, subroutine, and package names have to be in CamelCase at line 205, column 31.  (no explanation).  (Severity: 5)
#   Variable, subroutine, and package names have to be in CamelCase at line 205, column 39.  (no explanation).  (Severity: 5)
#   Variable, subroutine, and package names have to be in CamelCase at line 207, column 17.  (no explanation).  (Severity: 5)
#   Variable, subroutine, and package names have to be in CamelCase at line 207, column 29.  (no explanation).  (Severity: 5)
#   Variable, subroutine, and package names have to be in CamelCase at line 210, column 1.  (no explanation).  (Severity: 5)
#   Variable, subroutine, and package names have to be in CamelCase at line 210, column 13.  (no explanation).  (Severity: 5)
#   Variable, subroutine, and package names have to be in CamelCase at line 211, column 27.  (no explanation).  (Severity: 5)
#   Variable, subroutine, and package names have to be in CamelCase at line 211, column 35.  (no explanation).  (Severity: 5)

#   Failed test 'Test::Perl::Critic for "lib/Redis/Cluster.pm"'
#   at /opt/perl-5.20.2/lib/site_perl/5.20.2/Test/Perl/Critic.pm line 104.
# 
#   Variable, subroutine, and package names have to be in CamelCase at line 61, column 10.  (no explanation).  (Severity: 5)
#   Variable, subroutine, and package names have to be in CamelCase at line 63, column 64.  (no explanation).  (Severity: 5)
#   Variable, subroutine, and package names have to be in CamelCase at line 64, column 14.  (no explanation).  (Severity: 5)
#   Variable, subroutine, and package names have to be in CamelCase at line 70, column 10.  (no explanation).  (Severity: 5)
#   Variable, subroutine, and package names have to be in CamelCase at line 71, column 11.  (no explanation).  (Severity: 5)
#   Variable, subroutine, and package names have to be in CamelCase at line 73, column 14.  (no explanation).  (Severity: 5)
#   Variable, subroutine, and package names have to be in CamelCase at line 73, column 27.  (no explanation).  (Severity: 5)
#   Variable, subroutine, and package names have to be in CamelCase at line 78, column 10.  (no explanation).  (Severity: 5)
#   Variable, subroutine, and package names have to be in CamelCase at line 79, column 11.  (no explanation).  (Severity: 5)
#   Variable, subroutine, and package names have to be in CamelCase at line 81, column 14.  (no explanation).  (Severity: 5)
#   Variable, subroutine, and package names have to be in CamelCase at line 81, column 27.  (no explanation).  (Severity: 5)
#   Variable, subroutine, and package names have to be in CamelCase at line 86, column 10.  (no explanation).  (Severity: 5)
#   Variable, subroutine, and package names have to be in CamelCase at line 88, column 61.  (no explanation).  (Severity: 5)
#   Variable, subroutine, and package names have to be in CamelCase at line 89, column 14.  (no explanation).  (Severity: 5)
#   Variable, subroutine, and package names have to be in CamelCase at line 139, column 10.  (no explanation).  (Severity: 5)
#   Variable, subroutine, and package names have to be in CamelCase at line 141, column 49.  (no explanation).  (Severity: 5)
#   Variable, subroutine, and package names have to be in CamelCase at line 142, column 14.  (no explanation).  (Severity: 5)
#   Variable, subroutine, and package names have to be in CamelCase at line 142, column 32.  (no explanation).  (Severity: 5)
#   Variable, subroutine, and package names have to be in CamelCase at line 186, column 10.  (no explanation).  (Severity: 5)
#   Variable, subroutine, and package names have to be in CamelCase at line 187, column 14.  (no explanation).  (Severity: 5)
#   Variable, subroutine, and package names have to be in CamelCase at line 187, column 32.  (no explanation).  (Severity: 5)
#   Variable, subroutine, and package names have to be in CamelCase at line 192, column 10.  (no explanation).  (Severity: 5)
#   Variable, subroutine, and package names have to be in CamelCase at line 194, column 19.  (no explanation).  (Severity: 5)
#   Variable, subroutine, and package names have to be in CamelCase at line 194, column 49.  (no explanation).  (Severity: 5)
#   Variable, subroutine, and package names have to be in CamelCase at line 200, column 10.  (no explanation).  (Severity: 5)
#   Variable, subroutine, and package names have to be in CamelCase at line 201, column 11.  (no explanation).  (Severity: 5)
#   Variable, subroutine, and package names have to be in CamelCase at line 203, column 14.  (no explanation).  (Severity: 5)
#   Variable, subroutine, and package names have to be in CamelCase at line 203, column 32.  (no explanation).  (Severity: 5)
#   Variable, subroutine, and package names have to be in CamelCase at line 203, column 54.  (no explanation).  (Severity: 5)
#   Variable, subroutine, and package names have to be in CamelCase at line 267, column 6.  (no explanation).  (Severity: 5)
#   Variable, subroutine, and package names have to be in CamelCase at line 269, column 6.  (no explanation).  (Severity: 5)
#   Variable, subroutine, and package names have to be in CamelCase at line 280, column 15.  (no explanation).  (Severity: 5)
#   Variable, subroutine, and package names have to be in CamelCase at line 281, column 5.  (no explanation).  (Severity: 5)
#   Variable, subroutine, and package names have to be in CamelCase at line 281, column 43.  (no explanation).  (Severity: 5)
#   Variable, subroutine, and package names have to be in CamelCase at line 285, column 9.  (no explanation).  (Severity: 5)
#   Variable, subroutine, and package names have to be in CamelCase at line 289, column 16.  (no explanation).  (Severity: 5)
#   Variable, subroutine, and package names have to be in CamelCase at line 289, column 23.  (no explanation).  (Severity: 5)
#   Variable, subroutine, and package names have to be in CamelCase at line 293, column 1.  (no explanation).  (Severity: 5)
#   Variable, subroutine, and package names have to be in CamelCase at line 294, column 6.  (no explanation).  (Severity: 5)
#   Variable, subroutine, and package names have to be in CamelCase at line 295, column 7.  (no explanation).  (Severity: 5)
#   Variable, subroutine, and package names have to be in CamelCase at line 297, column 6.  (no explanation).  (Severity: 5)
#   Variable, subroutine, and package names have to be in CamelCase at line 297, column 14.  (no explanation).  (Severity: 5)
#   Variable, subroutine, and package names have to be in CamelCase at line 297, column 38.  (no explanation).  (Severity: 5)
#   Variable, subroutine, and package names have to be in CamelCase at line 298, column 10.  (no explanation).  (Severity: 5)
#   Variable, subroutine, and package names have to be in CamelCase at line 298, column 37.  (no explanation).  (Severity: 5)
#   Variable, subroutine, and package names have to be in CamelCase at line 302, column 1.  (no explanation).  (Severity: 5)
#   Variable, subroutine, and package names have to be in CamelCase at line 303, column 6.  (no explanation).  (Severity: 5)
#   Variable, subroutine, and package names have to be in CamelCase at line 304, column 7.  (no explanation).  (Severity: 5)
#   Variable, subroutine, and package names have to be in CamelCase at line 304, column 13.  (no explanation).  (Severity: 5)
#   Variable, subroutine, and package names have to be in CamelCase at line 306, column 6.  (no explanation).  (Severity: 5)
#   Variable, subroutine, and package names have to be in CamelCase at line 306, column 14.  (no explanation).  (Severity: 5)
#   Variable, subroutine, and package names have to be in CamelCase at line 306, column 38.  (no explanation).  (Severity: 5)
#   Variable, subroutine, and package names have to be in CamelCase at line 307, column 10.  (no explanation).  (Severity: 5)
#   Variable, subroutine, and package names have to be in CamelCase at line 307, column 36.  (no explanation).  (Severity: 5)
#   Variable, subroutine, and package names have to be in CamelCase at line 307, column 43.  (no explanation).  (Severity: 5)
#   Variable, subroutine, and package names have to be in CamelCase at line 311, column 1.  (no explanation).  (Severity: 5)
#   Variable, subroutine, and package names have to be in CamelCase at line 312, column 6.  (no explanation).  (Severity: 5)
#   Variable, subroutine, and package names have to be in CamelCase at line 313, column 7.  (no explanation).  (Severity: 5)
#   Variable, subroutine, and package names have to be in CamelCase at line 313, column 13.  (no explanation).  (Severity: 5)
#   Variable, subroutine, and package names have to be in CamelCase at line 315, column 6.  (no explanation).  (Severity: 5)
#   Variable, subroutine, and package names have to be in CamelCase at line 315, column 14.  (no explanation).  (Severity: 5)
#   Variable, subroutine, and package names have to be in CamelCase at line 315, column 38.  (no explanation).  (Severity: 5)
#   Variable, subroutine, and package names have to be in CamelCase at line 316, column 10.  (no explanation).  (Severity: 5)
#   Variable, subroutine, and package names have to be in CamelCase at line 316, column 35.  (no explanation).  (Severity: 5)
#   Variable, subroutine, and package names have to be in CamelCase at line 316, column 42.  (no explanation).  (Severity: 5)
#   Variable, subroutine, and package names have to be in CamelCase at line 320, column 1.  (no explanation).  (Severity: 5)
#   Variable, subroutine, and package names have to be in CamelCase at line 321, column 6.  (no explanation).  (Severity: 5)
#   Variable, subroutine, and package names have to be in CamelCase at line 322, column 7.  (no explanation).  (Severity: 5)
#   Variable, subroutine, and package names have to be in CamelCase at line 324, column 11.  (no explanation).  (Severity: 5)
#   Variable, subroutine, and package names have to be in CamelCase at line 324, column 29.  (no explanation).  (Severity: 5)
#   Variable, subroutine, and package names have to be in CamelCase at line 328, column 10.  (no explanation).  (Severity: 5)
#   Variable, subroutine, and package names have to be in CamelCase at line 328, column 27.  (no explanation).  (Severity: 5)
#   Variable, subroutine, and package names have to be in CamelCase at line 333, column 6.  (no explanation).  (Severity: 5)
#   Variable, subroutine, and package names have to be in CamelCase at line 334, column 3.  (no explanation).  (Severity: 5)
#   Variable, subroutine, and package names have to be in CamelCase at line 336, column 6.  (no explanation).  (Severity: 5)
#   Variable, subroutine, and package names have to be in CamelCase at line 337, column 8.  (no explanation).  (Severity: 5)
#   Variable, subroutine, and package names have to be in CamelCase at line 339, column 8.  (no explanation).  (Severity: 5)
#   Variable, subroutine, and package names have to be in CamelCase at line 339, column 15.  (no explanation).  (Severity: 5)
#   Variable, subroutine, and package names have to be in CamelCase at line 339, column 32.  (no explanation).  (Severity: 5)
#   Use of "Dumper" is not allowed at line 340, column 33.  Use "Dump" method of MainObject instead.  (Severity: 5)
#   Variable, subroutine, and package names have to be in CamelCase at line 340, column 40.  (no explanation).  (Severity: 5)
#   Variable, subroutine, and package names have to be in CamelCase at line 340, column 57.  (no explanation).  (Severity: 5)
#   Variable, subroutine, and package names have to be in CamelCase at line 342, column 12.  (no explanation).  (Severity: 5)
#   Variable, subroutine, and package names have to be in CamelCase at line 347, column 16.  (no explanation).  (Severity: 5)
#   Variable, subroutine, and package names have to be in CamelCase at line 349, column 8.  (no explanation).  (Severity: 5)
#   Variable, subroutine, and package names have to be in CamelCase at line 356, column 1.  (no explanation).  (Severity: 5)
#   Variable, subroutine, and package names have to be in CamelCase at line 357, column 6.  (no explanation).  (Severity: 5)
#   Variable, subroutine, and package names have to be in CamelCase at line 358, column 7.  (no explanation).  (Severity: 5)
#   Variable, subroutine, and package names have to be in CamelCase at line 358, column 13.  (no explanation).  (Severity: 5)
#   Variable, subroutine, and package names have to be in CamelCase at line 360, column 3.  (no explanation).  (Severity: 5)
#   Variable, subroutine, and package names have to be in CamelCase at line 360, column 13.  (no explanation).  (Severity: 5)
#   Variable, subroutine, and package names have to be in CamelCase at line 362, column 7.  (no explanation).  (Severity: 5)
#   Variable, subroutine, and package names have to be in CamelCase at line 363, column 8.  (no explanation).  (Severity: 5)
#   Variable, subroutine, and package names have to be in CamelCase at line 363, column 17.  (no explanation).  (Severity: 5)
#   Variable, subroutine, and package names have to be in CamelCase at line 364, column 8.  (no explanation).  (Severity: 5)
#   Variable, subroutine, and package names have to be in CamelCase at line 364, column 17.  (no explanation).  (Severity: 5)
#   Variable, subroutine, and package names have to be in CamelCase at line 365, column 8.  (no explanation).  (Severity: 5)
#   Variable, subroutine, and package names have to be in CamelCase at line 365, column 35.  (no explanation).  (Severity: 5)
#   Variable, subroutine, and package names have to be in CamelCase at line 365, column 41.  (no explanation).  (Severity: 5)
#   Variable, subroutine, and package names have to be in CamelCase at line 369, column 6.  (no explanation).  (Severity: 5)
#   Variable, subroutine, and package names have to be in CamelCase at line 369, column 15.  (no explanation).  (Severity: 5)
#   Variable, subroutine, and package names have to be in CamelCase at line 369, column 34.  (no explanation).  (Severity: 5)
#   Variable, subroutine, and package names have to be in CamelCase at line 370, column 6.  (no explanation).  (Severity: 5)
#   Variable, subroutine, and package names have to be in CamelCase at line 370, column 32.  (no explanation).  (Severity: 5)
#   Variable, subroutine, and package names have to be in CamelCase at line 370, column 46.  (no explanation).  (Severity: 5)
#   Variable, subroutine, and package names have to be in CamelCase at line 371, column 6.  (no explanation).  (Severity: 5)
#   Variable, subroutine, and package names have to be in CamelCase at line 373, column 7.  (no explanation).  (Severity: 5)
#   Variable, subroutine, and package names have to be in CamelCase at line 373, column 25.  (no explanation).  (Severity: 5)
#   Variable, subroutine, and package names have to be in CamelCase at line 375, column 5.  (no explanation).  (Severity: 5)
#   Variable, subroutine, and package names have to be in CamelCase at line 375, column 12.  (no explanation).  (Severity: 5)
#   Variable, subroutine, and package names have to be in CamelCase at line 379, column 5.  (no explanation).  (Severity: 5)
#   Variable, subroutine, and package names have to be in CamelCase at line 379, column 12.  (no explanation).  (Severity: 5)
#   Variable, subroutine, and package names have to be in CamelCase at line 379, column 26.  (no explanation).  (Severity: 5)
#   Variable, subroutine, and package names have to be in CamelCase at line 381, column 17.  (no explanation).  (Severity: 5)
#   Variable, subroutine, and package names have to be in CamelCase at line 383, column 15.  (no explanation).  (Severity: 5)
#   Variable, subroutine, and package names have to be in CamelCase at line 383, column 34.  (no explanation).  (Severity: 5)
#   Variable, subroutine, and package names have to be in CamelCase at line 383, column 43.  (no explanation).  (Severity: 5)
#   Variable, subroutine, and package names have to be in CamelCase at line 383, column 49.  (no explanation).  (Severity: 5)
#   Variable, subroutine, and package names have to be in CamelCase at line 383, column 57.  (no explanation).  (Severity: 5)
#   Variable, subroutine, and package names have to be in CamelCase at line 385, column 19.  (no explanation).  (Severity: 5)
#   Variable, subroutine, and package names have to be in CamelCase at line 385, column 28.  (no explanation).  (Severity: 5)
#   Variable, subroutine, and package names have to be in CamelCase at line 385, column 35.  (no explanation).  (Severity: 5)
#   Variable, subroutine, and package names have to be in CamelCase at line 385, column 41.  (no explanation).  (Severity: 5)
#   Variable, subroutine, and package names have to be in CamelCase at line 392, column 3.  (no explanation).  (Severity: 5)
#   Variable, subroutine, and package names have to be in CamelCase at line 392, column 24.  (no explanation).  (Severity: 5)
#   Variable, subroutine, and package names have to be in CamelCase at line 393, column 29.  (no explanation).  (Severity: 5)
#   Variable, subroutine, and package names have to be in CamelCase at line 393, column 52.  (no explanation).  (Severity: 5)
#   Variable, subroutine, and package names have to be in CamelCase at line 395, column 7.  (no explanation).  (Severity: 5)
#   Variable, subroutine, and package names have to be in CamelCase at line 395, column 15.  (no explanation).  (Severity: 5)
#   Variable, subroutine, and package names have to be in CamelCase at line 397, column 15.  (no explanation).  (Severity: 5)
#   Variable, subroutine, and package names have to be in CamelCase at line 399, column 5.  (no explanation).  (Severity: 5)
#   Variable, subroutine, and package names have to be in CamelCase at line 399, column 27.  (no explanation).  (Severity: 5)
#   Variable, subroutine, and package names have to be in CamelCase at line 399, column 44.  (no explanation).  (Severity: 5)
#   Variable, subroutine, and package names have to be in CamelCase at line 400, column 8.  (no explanation).  (Severity: 5)
#   Variable, subroutine, and package names have to be in CamelCase at line 400, column 24.  (no explanation).  (Severity: 5)
#   Variable, subroutine, and package names have to be in CamelCase at line 403, column 8.  (no explanation).  (Severity: 5)
#   Variable, subroutine, and package names have to be in CamelCase at line 403, column 23.  (no explanation).  (Severity: 5)
#   Variable, subroutine, and package names have to be in CamelCase at line 404, column 7.  (no explanation).  (Severity: 5)
#   Variable, subroutine, and package names have to be in CamelCase at line 404, column 22.  (no explanation).  (Severity: 5)
#   Variable, subroutine, and package names have to be in CamelCase at line 404, column 53.  (no explanation).  (Severity: 5)
#   Variable, subroutine, and package names have to be in CamelCase at line 407, column 9.  (no explanation).  (Severity: 5)
#   Variable, subroutine, and package names have to be in CamelCase at line 407, column 25.  (no explanation).  (Severity: 5)
#   Variable, subroutine, and package names have to be in CamelCase at line 407, column 34.  (no explanation).  (Severity: 5)
#   Variable, subroutine, and package names have to be in CamelCase at line 407, column 57.  (no explanation).  (Severity: 5)
#   Variable, subroutine, and package names have to be in CamelCase at line 409, column 12.  (no explanation).  (Severity: 5)
#   Variable, subroutine, and package names have to be in CamelCase at line 409, column 21.  (no explanation).  (Severity: 5)
#   Variable, subroutine, and package names have to be in CamelCase at line 409, column 46.  (no explanation).  (Severity: 5)
#   Variable, subroutine, and package names have to be in CamelCase at line 411, column 5.  (no explanation).  (Severity: 5)
#   Variable, subroutine, and package names have to be in CamelCase at line 411, column 18.  (no explanation).  (Severity: 5)
#   Variable, subroutine, and package names have to be in CamelCase at line 414, column 8.  (no explanation).  (Severity: 5)
#   Variable, subroutine, and package names have to be in CamelCase at line 414, column 20.  (no explanation).  (Severity: 5)
#   Variable, subroutine, and package names have to be in CamelCase at line 414, column 39.  (no explanation).  (Severity: 5)
#   Variable, subroutine, and package names have to be in CamelCase at line 415, column 14.  (no explanation).  (Severity: 5)
#   Variable, subroutine, and package names have to be in CamelCase at line 417, column 8.  (no explanation).  (Severity: 5)
#   Variable, subroutine, and package names have to be in CamelCase at line 417, column 23.  (no explanation).  (Severity: 5)
#   Variable, subroutine, and package names have to be in CamelCase at line 417, column 41.  (no explanation).  (Severity: 5)
#   Variable, subroutine, and package names have to be in CamelCase at line 418, column 9.  (no explanation).  (Severity: 5)
#   Variable, subroutine, and package names have to be in CamelCase at line 418, column 34.  (no explanation).  (Severity: 5)
#   Variable, subroutine, and package names have to be in CamelCase at line 420, column 9.  (no explanation).  (Severity: 5)
#   Variable, subroutine, and package names have to be in CamelCase at line 422, column 7.  (no explanation).  (Severity: 5)
#   Variable, subroutine, and package names have to be in CamelCase at line 422, column 23.  (no explanation).  (Severity: 5)
#   Variable, subroutine, and package names have to be in CamelCase at line 422, column 29.  (no explanation).  (Severity: 5)
#   Variable, subroutine, and package names have to be in CamelCase at line 423, column 7.  (no explanation).  (Severity: 5)
#   Variable, subroutine, and package names have to be in CamelCase at line 423, column 31.  (no explanation).  (Severity: 5)
#   Variable, subroutine, and package names have to be in CamelCase at line 423, column 40.  (no explanation).  (Severity: 5)
#   Variable, subroutine, and package names have to be in CamelCase at line 425, column 14.  (no explanation).  (Severity: 5)
#   Variable, subroutine, and package names have to be in CamelCase at line 427, column 12.  (no explanation).  (Severity: 5)
#   Variable, subroutine, and package names have to be in CamelCase at line 427, column 34.  (no explanation).  (Severity: 5)
#   Variable, subroutine, and package names have to be in CamelCase at line 432, column 7.  (no explanation).  (Severity: 5)
#   Variable, subroutine, and package names have to be in CamelCase at line 432, column 31.  (no explanation).  (Severity: 5)
#   Variable, subroutine, and package names have to be in CamelCase at line 433, column 14.  (no explanation).  (Severity: 5)
#   Variable, subroutine, and package names have to be in CamelCase at line 437, column 10.  (no explanation).  (Severity: 5)
#   Variable, subroutine, and package names have to be in CamelCase at line 437, column 26.  (no explanation).  (Severity: 5)
#   Variable, subroutine, and package names have to be in CamelCase at line 438, column 9.  (no explanation).  (Severity: 5)
#   Variable, subroutine, and package names have to be in CamelCase at line 440, column 7.  (no explanation).  (Severity: 5)
#   Variable, subroutine, and package names have to be in CamelCase at line 440, column 16.  (no explanation).  (Severity: 5)
#   Variable, subroutine, and package names have to be in CamelCase at line 440, column 43.  (no explanation).  (Severity: 5)
#   Variable, subroutine, and package names have to be in CamelCase at line 441, column 7.  (no explanation).  (Severity: 5)
#   Variable, subroutine, and package names have to be in CamelCase at line 445, column 62.  (no explanation).  (Severity: 5)
#   Variable, subroutine, and package names have to be in CamelCase at line 446, column 6.  (no explanation).  (Severity: 5)
#   Variable, subroutine, and package names have to be in CamelCase at line 450, column 8.  (no explanation).  (Severity: 5)
#   Variable, subroutine, and package names have to be in CamelCase at line 450, column 24.  (no explanation).  (Severity: 5)
#   Variable, subroutine, and package names have to be in CamelCase at line 455, column 5.  (no explanation).  (Severity: 5)
#   Variable, subroutine, and package names have to be in CamelCase at line 455, column 32.  (no explanation).  (Severity: 5)
#   Variable, subroutine, and package names have to be in CamelCase at line 458, column 5.  (no explanation).  (Severity: 5)
#   Variable, subroutine, and package names have to be in CamelCase at line 458, column 12.  (no explanation).  (Severity: 5)
#   Variable, subroutine, and package names have to be in CamelCase at line 458, column 29.  (no explanation).  (Severity: 5)
#   Variable, subroutine, and package names have to be in CamelCase at line 458, column 37.  (no explanation).  (Severity: 5)
#   Variable, subroutine, and package names have to be in CamelCase at line 458, column 44.  (no explanation).  (Severity: 5)
#   Variable, subroutine, and package names have to be in CamelCase at line 462, column 3.  (no explanation).  (Severity: 5)
#   Variable, subroutine, and package names have to be in CamelCase at line 462, column 27.  (no explanation).  (Severity: 5)
#   Variable, subroutine, and package names have to be in CamelCase at line 463, column 10.  (no explanation).  (Severity: 5)
#   Variable, subroutine, and package names have to be in CamelCase at line 467, column 1.  (no explanation).  (Severity: 5)
#   Variable, subroutine, and package names have to be in CamelCase at line 468, column 6.  (no explanation).  (Severity: 5)
#   Variable, subroutine, and package names have to be in CamelCase at line 469, column 7.  (no explanation).  (Severity: 5)
#   Variable, subroutine, and package names have to be in CamelCase at line 469, column 13.  (no explanation).  (Severity: 5)
#   Variable, subroutine, and package names have to be in CamelCase at line 471, column 3.  (no explanation).  (Severity: 5)
#   Variable, subroutine, and package names have to be in CamelCase at line 474, column 9.  (no explanation).  (Severity: 5)
#   Variable, subroutine, and package names have to be in CamelCase at line 474, column 29.  (no explanation).  (Severity: 5)
#   Variable, subroutine, and package names have to be in CamelCase at line 478, column 10.  (no explanation).  (Severity: 5)
#   Variable, subroutine, and package names have to be in CamelCase at line 478, column 30.  (no explanation).  (Severity: 5)
#   Variable, subroutine, and package names have to be in CamelCase at line 478, column 36.  (no explanation).  (Severity: 5)
#   Variable, subroutine, and package names have to be in CamelCase at line 482, column 1.  (no explanation).  (Severity: 5)
#   Variable, subroutine, and package names have to be in CamelCase at line 483, column 6.  (no explanation).  (Severity: 5)
#   Variable, subroutine, and package names have to be in CamelCase at line 484, column 7.  (no explanation).  (Severity: 5)
#   Variable, subroutine, and package names have to be in CamelCase at line 486, column 13.  (no explanation).  (Severity: 5)
#   Variable, subroutine, and package names have to be in CamelCase at line 488, column 12.  (no explanation).  (Severity: 5)
#   Variable, subroutine, and package names have to be in CamelCase at line 488, column 32.  (no explanation).  (Severity: 5)
#   Variable, subroutine, and package names have to be in CamelCase at line 489, column 12.  (no explanation).  (Severity: 5)
#   Variable, subroutine, and package names have to be in CamelCase at line 489, column 40.  (no explanation).  (Severity: 5)
#   Variable, subroutine, and package names have to be in CamelCase at line 489, column 61.  (no explanation).  (Severity: 5)
#   Variable, subroutine, and package names have to be in CamelCase at line 490, column 12.  (no explanation).  (Severity: 5)
#   Variable, subroutine, and package names have to be in CamelCase at line 490, column 38.  (no explanation).  (Severity: 5)
#   Variable, subroutine, and package names have to be in CamelCase at line 491, column 12.  (no explanation).  (Severity: 5)
#   Variable, subroutine, and package names have to be in CamelCase at line 495, column 5.  (no explanation).  (Severity: 5)
#   Variable, subroutine, and package names have to be in CamelCase at line 495, column 28.  (no explanation).  (Severity: 5)
#   Variable, subroutine, and package names have to be in CamelCase at line 496, column 5.  (no explanation).  (Severity: 5)
#   Variable, subroutine, and package names have to be in CamelCase at line 496, column 28.  (no explanation).  (Severity: 5)
#   Variable, subroutine, and package names have to be in CamelCase at line 501, column 1.  (no explanation).  (Severity: 5)
#   Variable, subroutine, and package names have to be in CamelCase at line 502, column 6.  (no explanation).  (Severity: 5)
#   Variable, subroutine, and package names have to be in CamelCase at line 503, column 7.  (no explanation).  (Severity: 5)
#   Variable, subroutine, and package names have to be in CamelCase at line 503, column 15.  (no explanation).  (Severity: 5)
#   Variable, subroutine, and package names have to be in CamelCase at line 503, column 21.  (no explanation).  (Severity: 5)
#   Variable, subroutine, and package names have to be in CamelCase at line 503, column 28.  (no explanation).  (Severity: 5)
#   Variable, subroutine, and package names have to be in CamelCase at line 506, column 6.  (no explanation).  (Severity: 5)
#   Variable, subroutine, and package names have to be in CamelCase at line 506, column 30.  (no explanation).  (Severity: 5)
#   Variable, subroutine, and package names have to be in CamelCase at line 509, column 7.  (no explanation).  (Severity: 5)
#   Variable, subroutine, and package names have to be in CamelCase at line 509, column 14.  (no explanation).  (Severity: 5)
#   Variable, subroutine, and package names have to be in CamelCase at line 509, column 24.  (no explanation).  (Severity: 5)
#   Variable, subroutine, and package names have to be in CamelCase at line 509, column 33.  (no explanation).  (Severity: 5)
#   Variable, subroutine, and package names have to be in CamelCase at line 510, column 6.  (no explanation).  (Severity: 5)
#   Variable, subroutine, and package names have to be in CamelCase at line 510, column 24.  (no explanation).  (Severity: 5)
#   Variable, subroutine, and package names have to be in CamelCase at line 511, column 9.  (no explanation).  (Severity: 5)
#   Variable, subroutine, and package names have to be in CamelCase at line 511, column 26.  (no explanation).  (Severity: 5)
#   Variable, subroutine, and package names have to be in CamelCase at line 513, column 30.  (no explanation).  (Severity: 5)
#   Variable, subroutine, and package names have to be in CamelCase at line 513, column 49.  (no explanation).  (Severity: 5)
#   Variable, subroutine, and package names have to be in CamelCase at line 516, column 14.  (no explanation).  (Severity: 5)
#   Variable, subroutine, and package names have to be in CamelCase at line 517, column 5.  (no explanation).  (Severity: 5)
#   Variable, subroutine, and package names have to be in CamelCase at line 524, column 14.  (no explanation).  (Severity: 5)
#   Variable, subroutine, and package names have to be in CamelCase at line 524, column 34.  (no explanation).  (Severity: 5)
#   Variable, subroutine, and package names have to be in CamelCase at line 525, column 5.  (no explanation).  (Severity: 5)
#   Variable, subroutine, and package names have to be in CamelCase at line 531, column 7.  (no explanation).  (Severity: 5)
#   Variable, subroutine, and package names have to be in CamelCase at line 531, column 30.  (no explanation).  (Severity: 5)
#   Variable, subroutine, and package names have to be in CamelCase at line 536, column 3.  (no explanation).  (Severity: 5)
#   Variable, subroutine, and package names have to be in CamelCase at line 538, column 3.  (no explanation).  (Severity: 5)
#   Variable, subroutine, and package names have to be in CamelCase at line 538, column 33.  (no explanation).  (Severity: 5)
#   Variable, subroutine, and package names have to be in CamelCase at line 541, column 3.  (no explanation).  (Severity: 5)
#   Variable, subroutine, and package names have to be in CamelCase at line 541, column 12.  (no explanation).  (Severity: 5)
#   Variable, subroutine, and package names have to be in CamelCase at line 541, column 29.  (no explanation).  (Severity: 5)
#   Variable, subroutine, and package names have to be in CamelCase at line 542, column 6.  (no explanation).  (Severity: 5)
#   Variable, subroutine, and package names have to be in CamelCase at line 547, column 5.  (no explanation).  (Severity: 5)
#   Variable, subroutine, and package names have to be in CamelCase at line 550, column 5.  (no explanation).  (Severity: 5)
#   Variable, subroutine, and package names have to be in CamelCase at line 550, column 12.  (no explanation).  (Severity: 5)
#   Variable, subroutine, and package names have to be in CamelCase at line 550, column 29.  (no explanation).  (Severity: 5)
#   Variable, subroutine, and package names have to be in CamelCase at line 550, column 37.  (no explanation).  (Severity: 5)
#   Variable, subroutine, and package names have to be in CamelCase at line 550, column 43.  (no explanation).  (Severity: 5)
#   Variable, subroutine, and package names have to be in CamelCase at line 553, column 10.  (no explanation).  (Severity: 5)
#   Variable, subroutine, and package names have to be in CamelCase at line 557, column 1.  (no explanation).  (Severity: 5)
#   Variable, subroutine, and package names have to be in CamelCase at line 558, column 6.  (no explanation).  (Severity: 5)
#   Variable, subroutine, and package names have to be in CamelCase at line 559, column 7.  (no explanation).  (Severity: 5)
#   Variable, subroutine, and package names have to be in CamelCase at line 562, column 6.  (no explanation).  (Severity: 5)
#   Variable, subroutine, and package names have to be in CamelCase at line 562, column 14.  (no explanation).  (Severity: 5)
#   Variable, subroutine, and package names have to be in CamelCase at line 562, column 42.  (no explanation).  (Severity: 5)
#   Variable, subroutine, and package names have to be in CamelCase at line 565, column 6.  (no explanation).  (Severity: 5)
#   Variable, subroutine, and package names have to be in CamelCase at line 565, column 18.  (no explanation).  (Severity: 5)
#   Variable, subroutine, and package names have to be in CamelCase at line 566, column 38.  (no explanation).  (Severity: 5)
#   Variable, subroutine, and package names have to be in CamelCase at line 568, column 10.  (no explanation).  (Severity: 5)
#   Variable, subroutine, and package names have to be in CamelCase at line 572, column 1.  (no explanation).  (Severity: 5)
#   Variable, subroutine, and package names have to be in CamelCase at line 573, column 6.  (no explanation).  (Severity: 5)
#   Variable, subroutine, and package names have to be in CamelCase at line 574, column 7.  (no explanation).  (Severity: 5)
#   Variable, subroutine, and package names have to be in CamelCase at line 576, column 6.  (no explanation).  (Severity: 5)
#   Variable, subroutine, and package names have to be in CamelCase at line 576, column 15.  (no explanation).  (Severity: 5)
#   Variable, subroutine, and package names have to be in CamelCase at line 576, column 41.  (no explanation).  (Severity: 5)
#   Variable, subroutine, and package names have to be in CamelCase at line 577, column 10.  (no explanation).  (Severity: 5)
#   Variable, subroutine, and package names have to be in CamelCase at line 577, column 39.  (no explanation).  (Severity: 5)
#   Variable, subroutine, and package names have to be in CamelCase at line 581, column 1.  (no explanation).  (Severity: 5)
#   Variable, subroutine, and package names have to be in CamelCase at line 582, column 6.  (no explanation).  (Severity: 5)
#   Variable, subroutine, and package names have to be in CamelCase at line 583, column 7.  (no explanation).  (Severity: 5)
#   Variable, subroutine, and package names have to be in CamelCase at line 583, column 14.  (no explanation).  (Severity: 5)
#   Variable, subroutine, and package names have to be in CamelCase at line 585, column 10.  (no explanation).  (Severity: 5)
#   Variable, subroutine, and package names have to be in CamelCase at line 585, column 35.  (no explanation).  (Severity: 5)
#   Variable, subroutine, and package names have to be in CamelCase at line 585, column 42.  (no explanation).  (Severity: 5)
#   Variable, subroutine, and package names have to be in CamelCase at line 589, column 1.  (no explanation).  (Severity: 5)
#   Variable, subroutine, and package names have to be in CamelCase at line 590, column 6.  (no explanation).  (Severity: 5)
#   Variable, subroutine, and package names have to be in CamelCase at line 591, column 7.  (no explanation).  (Severity: 5)
#   Variable, subroutine, and package names have to be in CamelCase at line 591, column 14.  (no explanation).  (Severity: 5)
#   Variable, subroutine, and package names have to be in CamelCase at line 591, column 20.  (no explanation).  (Severity: 5)
#   Variable, subroutine, and package names have to be in CamelCase at line 593, column 4.  (no explanation).  (Severity: 5)
#   Variable, subroutine, and package names have to be in CamelCase at line 593, column 10.  (no explanation).  (Severity: 5)
#   Variable, subroutine, and package names have to be in CamelCase at line 593, column 26.  (no explanation).  (Severity: 5)
#   Variable, subroutine, and package names have to be in CamelCase at line 593, column 42.  (no explanation).  (Severity: 5)
#   Variable, subroutine, and package names have to be in CamelCase at line 595, column 6.  (no explanation).  (Severity: 5)
#   Variable, subroutine, and package names have to be in CamelCase at line 595, column 15.  (no explanation).  (Severity: 5)
#   Variable, subroutine, and package names have to be in CamelCase at line 595, column 41.  (no explanation).  (Severity: 5)
#   Variable, subroutine, and package names have to be in CamelCase at line 596, column 6.  (no explanation).  (Severity: 5)
#   Variable, subroutine, and package names have to be in CamelCase at line 596, column 19.  (no explanation).  (Severity: 5)
#   Variable, subroutine, and package names have to be in CamelCase at line 596, column 32.  (no explanation).  (Severity: 5)
#   Variable, subroutine, and package names have to be in CamelCase at line 597, column 3.  (no explanation).  (Severity: 5)
#   Variable, subroutine, and package names have to be in CamelCase at line 597, column 23.  (no explanation).  (Severity: 5)
#   Variable, subroutine, and package names have to be in CamelCase at line 597, column 38.  (no explanation).  (Severity: 5)
#   Variable, subroutine, and package names have to be in CamelCase at line 597, column 50.  (no explanation).  (Severity: 5)
#   Variable, subroutine, and package names have to be in CamelCase at line 597, column 57.  (no explanation).  (Severity: 5)
#   Variable, subroutine, and package names have to be in CamelCase at line 599, column 10.  (no explanation).  (Severity: 5)
#   Variable, subroutine, and package names have to be in CamelCase at line 599, column 39.  (no explanation).  (Severity: 5)
#   Variable, subroutine, and package names have to be in CamelCase at line 599, column 53.  (no explanation).  (Severity: 5)
#   Variable, subroutine, and package names have to be in CamelCase at line 599, column 63.  (no explanation).  (Severity: 5)
#   Variable, subroutine, and package names have to be in CamelCase at line 603, column 1.  (no explanation).  (Severity: 5)
#   Variable, subroutine, and package names have to be in CamelCase at line 604, column 6.  (no explanation).  (Severity: 5)
#   Variable, subroutine, and package names have to be in CamelCase at line 605, column 7.  (no explanation).  (Severity: 5)
#   Variable, subroutine, and package names have to be in CamelCase at line 607, column 3.  (no explanation).  (Severity: 5)
#   Variable, subroutine, and package names have to be in CamelCase at line 607, column 15.  (no explanation).  (Severity: 5)
#   Variable, subroutine, and package names have to be in CamelCase at line 609, column 7.  (no explanation).  (Severity: 5)
#   Variable, subroutine, and package names have to be in CamelCase at line 609, column 27.  (no explanation).  (Severity: 5)
#   Variable, subroutine, and package names have to be in CamelCase at line 610, column 5.  (no explanation).  (Severity: 5)
#   Variable, subroutine, and package names have to be in CamelCase at line 610, column 34.  (no explanation).  (Severity: 5)
#   Variable, subroutine, and package names have to be in CamelCase at line 612, column 7.  (no explanation).  (Severity: 5)
#   Variable, subroutine, and package names have to be in CamelCase at line 612, column 18.  (no explanation).  (Severity: 5)
#   Variable, subroutine, and package names have to be in CamelCase at line 612, column 35.  (no explanation).  (Severity: 5)
#   Variable, subroutine, and package names have to be in CamelCase at line 617, column 1.  (no explanation).  (Severity: 5)
#   Variable, subroutine, and package names have to be in CamelCase at line 618, column 6.  (no explanation).  (Severity: 5)
#   Variable, subroutine, and package names have to be in CamelCase at line 619, column 7.  (no explanation).  (Severity: 5)
#   Variable, subroutine, and package names have to be in CamelCase at line 622, column 10.  (no explanation).  (Severity: 5)
#   Variable, subroutine, and package names have to be in CamelCase at line 622, column 31.  (no explanation).  (Severity: 5)
#   Variable, subroutine, and package names have to be in CamelCase at line 622, column 52.  (no explanation).  (Severity: 5)
#   Variable, subroutine, and package names have to be in CamelCase at line 623, column 7.  (no explanation).  (Severity: 5)
#   Variable, subroutine, and package names have to be in CamelCase at line 623, column 36.  (no explanation).  (Severity: 5)
#   Variable, subroutine, and package names have to be in CamelCase at line 623, column 54.  (no explanation).  (Severity: 5)
#   Variable, subroutine, and package names have to be in CamelCase at line 626, column 6.  (no explanation).  (Severity: 5)
#   Variable, subroutine, and package names have to be in CamelCase at line 628, column 14.  (no explanation).  (Severity: 5)
#   Variable, subroutine, and package names have to be in CamelCase at line 628, column 23.  (no explanation).  (Severity: 5)
#   Variable, subroutine, and package names have to be in CamelCase at line 629, column 8.  (no explanation).  (Severity: 5)
#   Variable, subroutine, and package names have to be in CamelCase at line 629, column 17.  (no explanation).  (Severity: 5)
#   Variable, subroutine, and package names have to be in CamelCase at line 629, column 34.  (no explanation).  (Severity: 5)
#   Variable, subroutine, and package names have to be in CamelCase at line 630, column 5.  (no explanation).  (Severity: 5)
#   Variable, subroutine, and package names have to be in CamelCase at line 630, column 14.  (no explanation).  (Severity: 5)
#   Variable, subroutine, and package names have to be in CamelCase at line 632, column 13.  (no explanation).  (Severity: 5)
#   Variable, subroutine, and package names have to be in CamelCase at line 632, column 24.  (no explanation).  (Severity: 5)
#   Variable, subroutine, and package names have to be in CamelCase at line 635, column 44.  (no explanation).  (Severity: 5)
#   Variable, subroutine, and package names have to be in CamelCase at line 635, column 55.  (no explanation).  (Severity: 5)
#   Variable, subroutine, and package names have to be in CamelCase at line 638, column 3.  (no explanation).  (Severity: 5)
#   Variable, subroutine, and package names have to be in CamelCase at line 638, column 53.  (no explanation).  (Severity: 5)
#   Variable, subroutine, and package names have to be in CamelCase at line 640, column 3.  (no explanation).  (Severity: 5)
#   Variable, subroutine, and package names have to be in CamelCase at line 642, column 10.  (no explanation).  (Severity: 5)
#   Variable, subroutine, and package names have to be in CamelCase at line 646, column 1.  (no explanation).  (Severity: 5)
#   Variable, subroutine, and package names have to be in CamelCase at line 647, column 6.  (no explanation).  (Severity: 5)
#   Variable, subroutine, and package names have to be in CamelCase at line 648, column 7.  (no explanation).  (Severity: 5)
#   Variable, subroutine, and package names have to be in CamelCase at line 650, column 3.  (no explanation).  (Severity: 5)
#   Variable, subroutine, and package names have to be in CamelCase at line 650, column 22.  (no explanation).  (Severity: 5)
#   Variable, subroutine, and package names have to be in CamelCase at line 650, column 36.  (no explanation).  (Severity: 5)
#   Variable, subroutine, and package names have to be in CamelCase at line 652, column 25.  (no explanation).  (Severity: 5)
#   Variable, subroutine, and package names have to be in CamelCase at line 653, column 12.  (no explanation).  (Severity: 5)
#   Variable, subroutine, and package names have to be in CamelCase at line 653, column 33.  (no explanation).  (Severity: 5)
#   Variable, subroutine, and package names have to be in CamelCase at line 653, column 50.  (no explanation).  (Severity: 5)
#   Variable, subroutine, and package names have to be in CamelCase at line 656, column 17.  (no explanation).  (Severity: 5)
#   Variable, subroutine, and package names have to be in CamelCase at line 660, column 1.  (no explanation).  (Severity: 5)
#   Variable, subroutine, and package names have to be in CamelCase at line 661, column 6.  (no explanation).  (Severity: 5)
#   Variable, subroutine, and package names have to be in CamelCase at line 662, column 7.  (no explanation).  (Severity: 5)
#   Variable, subroutine, and package names have to be in CamelCase at line 664, column 3.  (no explanation).  (Severity: 5)
#   Variable, subroutine, and package names have to be in CamelCase at line 664, column 22.  (no explanation).  (Severity: 5)
#   Variable, subroutine, and package names have to be in CamelCase at line 664, column 36.  (no explanation).  (Severity: 5)
#   Variable, subroutine, and package names have to be in CamelCase at line 666, column 14.  (no explanation).  (Severity: 5)
#   Variable, subroutine, and package names have to be in CamelCase at line 666, column 24.  (no explanation).  (Severity: 5)
#   Variable, subroutine, and package names have to be in CamelCase at line 667, column 23.  (no explanation).  (Severity: 5)
#   Variable, subroutine, and package names have to be in CamelCase at line 667, column 50.  (no explanation).  (Severity: 5)
#   Variable, subroutine, and package names have to be in CamelCase at line 667, column 65.  (no explanation).  (Severity: 5)
t/50-critic.t ........ 
Dubious, test returned 1 (wstat 256, 0x100)
Failed 3/9 subtests 
t/60-pod-coverage.t .. ok
t/60-pod-syntax.t .... ok

Test Summary Report
-------------------
t/50-critic.t      (Wstat: 256 Tests: 9 Failed: 3)
  Failed tests:  3, 6, 9
  Non-zero exit status: 1
Files=8, Tests=65,  4 wallclock secs ( 0.06 usr  0.05 sys +  4.68 cusr  1.12 csys =  5.91 CPU)
Result: FAIL
Failed 1/8 test programs. 3/65 subtests failed.
make: *** [test_dynamic] Fehler 255

------------------------------
PREREQUISITES
------------------------------

Prerequisite modules loaded:

requires:

    Module              Need    Have    
    ------------------- ------- --------
    Carp                0       1.36    
    Data::Dumper        0       2.154   
    Digest::CRC         0.18    0.20    
    List::MoreUtils     0.22    0.410   
    Params::Validate    0       1.19    
    perl                5.008   5.020002
    Redis               1.979   1.979   
    Try::Tiny           0       0.22    

build_requires:

    Module              Need    Have    
    ------------------- ------- --------
    ExtUtils::MakeMaker 0       7.04    
    File::Path          0       2.11    
    Pod::Coverage       0.18    0.23    
    Test::EOL           0       1.5     
    Test::Exception     0       0.40    
    Test::Fixme         0       0.14    
    Test::Kwalitee      0       1.22    
    Test::More          0       1.001014
    Test::Perl::Critic  0       1.03    
    Test::Pod           1.22    1.51    
    Test::Pod::Coverage 1.08    1.10    
    Test::Strict        0       0.27    

configure_requires:

    Module              Need    Have    
    ------------------- ------- --------
    ExtUtils::MakeMaker 6.63_03 7.04    


------------------------------
ENVIRONMENT AND OTHER CONTEXT
------------------------------

Environment variables:

    DBIC_NO_WARN_BAD_PERL = 1
    LANG = C
    LC_ALL = de_DE.UTF-8
    PATH = /usr/local/bin:/usr/bin:/bin:/usr/local/sbin:/usr/sbin:/sbin:/home/eserte/bin/linux-gnu:/home/eserte/bin/sh:/home/eserte/bin:/usr/games:/home/eserte/devel:/home/eserte/src/srezic-misc/scripts
    PERL5LIB = 
    PERL5OPT = 
    PERL5_CPANPLUS_IS_RUNNING = 4188
    PERL5_CPAN_IS_RUNNING = 4188
    PERL5_CPAN_IS_RUNNING_IN_RECURSION = 4123,4188
    PERLDOC = -MPod::Perldoc::ToTextOverstrike
    PERL_BATCH = yes
    PERL_CANARY_STABILITY_NOPROMPT = 1
    PERL_CPAN_REPORTER_CONFIG = /var/tmp/cpansmoker-1001/2015072718/cpanreporter_000_config.ini
    PERL_EXTUTILS_AUTOINSTALL = --defaultdeps
    PERL_HTML_DISPLAY_CLASS = HTML::Display::Mozilla
    PERL_PARALLEL_SMOKER = yes
    SHELL = /bin/zsh
    TERM = screen
    TMPDIR = /var/tmp/cpansmoker-1001/2015072718

Perl special variables (and OS-specific diagnostics, for MSWin32):

    $^X = /bbbike/perl-5.20.2/bin/perl5.20.2
    $UID/$EUID = 1001 / 1001
    $GID = 1001 109 1001
    $EGID = 1001 109 1001

Perl module toolchain versions installed:

    Module              Have    
    ------------------- --------
    CPAN                2.05    
    CPAN::Meta          2.150005
    Cwd                 3.48_01 
    ExtUtils::CBuilder  0.280217
    ExtUtils::Command   1.18    
    ExtUtils::Install   1.67    
    ExtUtils::MakeMaker 7.04    
    ExtUtils::Manifest  1.70    
    ExtUtils::ParseXS   3.24    
    File::Spec          3.48_01 
    JSON                2.90    
    JSON::PP            2.27203 
    Module::Build       0.4214  
    Module::Signature   0.73    
    Parse::CPAN::Meta   1.4414  
    Test::Harness       3.35    
    Test::More          1.001014
    YAML                1.15    
    YAML::Syck          1.29    
    version             0.9912  


--

Summary of my perl5 (revision 5 version 20 subversion 2) configuration:
   
  Platform:
    osname=linux, osvers=3.2.0-4-amd64, archname=x86_64-linux
    uname='linux eserte 3.2.0-4-amd64 #1 smp debian 3.2.65-1+deb7u1 x86_64 gnulinux '
    config_args='-ds -e -Dprefix=/opt/perl-5.20.2'
    hint=recommended, useposix=true, d_sigaction=define
    useithreads=undef, usemultiplicity=undef
    use64bitint=define, use64bitall=define, uselongdouble=undef
    usemymalloc=n, bincompat5005=undef
  Compiler:
    cc='cc', ccflags ='-fwrapv -fno-strict-aliasing -pipe -fstack-protector -I/usr/local/include -D_LARGEFILE_SOURCE -D_FILE_OFFSET_BITS=64',
    optimize='-O2',
    cppflags='-fwrapv -fno-strict-aliasing -pipe -fstack-protector -I/usr/local/include'
    ccversion='', gccversion='4.7.2', gccosandvers=''
    intsize=4, longsize=8, ptrsize=8, doublesize=8, byteorder=12345678
    d_longlong=define, longlongsize=8, d_longdbl=define, longdblsize=16
    ivtype='long', ivsize=8, nvtype='double', nvsize=8, Off_t='off_t', lseeksize=8
    alignbytes=8, prototype=define
  Linker and Libraries:
    ld='cc', ldflags =' -fstack-protector -L/usr/local/lib'
    libpth=/usr/local/lib /usr/lib/gcc/x86_64-linux-gnu/4.7/include-fixed /usr/include/x86_64-linux-gnu /usr/lib /lib/x86_64-linux-gnu /lib/../lib /usr/lib/x86_64-linux-gnu /usr/lib/../lib /lib
    libs=-lnsl -ldb -ldl -lm -lcrypt -lutil -lc
    perllibs=-lnsl -ldl -lm -lcrypt -lutil -lc
    libc=libc-2.13.so, so=so, useshrplib=false, libperl=libperl.a
    gnulibc_version='2.13'
  Dynamic Linking:
    dlsrc=dl_dlopen.xs, dlext=so, d_dlsymun=undef, ccdlflags='-Wl,-E'
    cccdlflags='-fPIC', lddlflags='-shared -O2 -L/usr/local/lib -fstack-protector'


Characteristics of this binary (from libperl): 
  Compile-time options: HAS_TIMES PERLIO_LAYERS PERL_DONT_CREATE_GVSV
                        PERL_HASH_FUNC_ONE_AT_A_TIME_HARD PERL_MALLOC_WRAP
                        PERL_NEW_COPY_ON_WRITE PERL_PRESERVE_IVUV
                        USE_64_BIT_ALL USE_64_BIT_INT USE_LARGE_FILES
                        USE_LOCALE USE_LOCALE_COLLATE USE_LOCALE_CTYPE
                        USE_LOCALE_NUMERIC USE_PERLIO USE_PERL_ATOF
  Built under linux
  Compiled at Feb 14 2015 18:42:05
  %ENV:
    PERL5LIB=""
    PERL5OPT=""
    PERL5_CPANPLUS_IS_RUNNING="4188"
    PERL5_CPAN_IS_RUNNING="4188"
    PERL5_CPAN_IS_RUNNING_IN_RECURSION="4123,4188"
    PERLDOC="-MPod::Perldoc::ToTextOverstrike"
    PERL_BATCH="yes"
    PERL_CANARY_STABILITY_NOPROMPT="1"
    PERL_CPAN_REPORTER_CONFIG="/var/tmp/cpansmoker-1001/2015072718/cpanreporter_000_config.ini"
    PERL_EXTUTILS_AUTOINSTALL="--defaultdeps"
    PERL_HTML_DISPLAY_CLASS="HTML::Display::Mozilla"
    PERL_PARALLEL_SMOKER="yes"
  @INC:
    /opt/perl-5.20.2/lib/site_perl/5.20.2/x86_64-linux
    /opt/perl-5.20.2/lib/site_perl/5.20.2
    /opt/perl-5.20.2/lib/5.20.2/x86_64-linux
    /opt/perl-5.20.2/lib/5.20.2
    .