Report for B-Stats-0.09

Back
From: metabase:user:320bfe00-2aae-11df-837a-5e0a49663a4f
Subject: FAIL B-Stats-0.09 5.31.9 GNU/Linux
Date: 2020-02-22T15:11:33Z

This distribution has been tested as part of the CPAN Testers
project, supporting the Perl programming language.  See
http://wiki.cpantesters.org/ for more information or email
questions to cpan-testers-discuss@perl.org


--
Dear Reini Urban,

This is a computer-generated report for B-Stats-0.09
on perl 5.31.9, created by CPAN-Reporter-1.2018.

Thank you for uploading your work to CPAN.  However, there was a problem
testing your distribution.

If you think this report is invalid, please consult the CPAN Testers Wiki
for suggestions on how to avoid getting FAIL reports for missing library
or binary dependencies, unsupported operating systems, and so on:

http://wiki.cpantesters.org/wiki/CPANAuthorNotes

Sections of this report:

    * Tester comments
    * Program output
    * Prerequisites
    * Environment and other context

------------------------------
TESTER COMMENTS
------------------------------

Additional comments from tester:

this report is from an automated smoke testing program
and was not reviewed by a human for accuracy

------------------------------
PROGRAM OUTPUT
------------------------------

Output from '/usr/bin/make test':

"/tmp/basesmoker-reloperl-tQLC/bin/perl" -MExtUtils::Command::MM -e 'cp_nonempty' -- Stats.bs blib/arch/auto/B/Stats/Stats.bs 644
PERL_DL_NONLAZY=1 "/tmp/basesmoker-reloperl-tQLC/bin/perl" "-MExtUtils::Command::MM" "-MTest::Harness" "-e" "undef *Test::Harness::Switches; test_harness(0, 'blib/lib', 'blib/arch')" t/*.t

#   Failed test '-MB::Stats -r'
#   at t/compile.t line 17.
#                   '
# B::Stats static compile-time:
# files=1	lines=371	ops=5265
# 
# op name:
# null      	1206
# padsv     	576
# nextstate 	539
# pushmark  	369
# const     	235
# gv        	206
# entersub  	144
# gvsv      	136
# sassign   	134
# and       	127
# lineseq   	102
# multiconcat	101
# rv2av     	88
# enter     	84
# leave     	84
# multideref	78
# leavesub  	66
# or        	62
# method_named	53
# cond_expr 	49
# padav     	46
# return    	39
# aassign   	39
# padrange  	32
# print     	29
# seq       	28
# scope     	26
# unstack   	25
# rv2gv     	24
# subst     	23
# leaveloop 	23
# push      	22
# match     	21
# defined   	20
# srefgen   	19
# shift     	18
# iter      	18
# enteriter 	18
# rv2sv     	14
# aelemfast 	14
# add       	13
# rv2cv     	13
# aelemfast_lex	11
# require   	11
# bit_or    	11
# bit_and   	10
# die       	10
# not       	10
# caller    	9
# join      	9
# ftfile    	8
# next      	8
# ref       	8
# regcomp   	8
# sprintf   	7
# warn      	7
# goto      	7
# lslice    	7
# padhv     	7
# length    	7
# gt        	6
# ftdir     	5
# enterloop 	5
# list      	5
# sne       	5
# grepstart 	5
# grepwhile 	5
# rv2hv     	5
# complement	5
# eq        	5
# subtract  	4
# entereval 	4
# split     	4
# last      	4
# helem     	4
# quotemeta 	3
# method    	3
# dor       	3
# postinc   	3
# right_shift	3
# stub      	3
# repeat    	3
# vec       	3
# orassign  	3
# ne        	2
# preinc    	2
# unshift   	2
# ftsize    	2
# wantarray 	2
# anoncode  	2
# undef     	2
# left_shift	2
# regcmaybe 	2
# concat    	2
# stat      	2
# sort      	1
# mapstart  	1
# lt        	1
# bless     	1
# localtime 	1
# scalar    	1
# backtick  	1
# exit      	1
# gelem     	1
# hslice    	1
# uc        	1
# open      	1
# leavetry  	1
# anonhash  	1
# anonlist  	1
# mapwhile  	1
# dofile    	1
# unlink    	1
# postdec   	1
# ge        	1
# entertry  	1
# chr       	1
# close     	1
# pop       	1
# keys      	1
# tms       	1
# substr    	1
# 
# op class:
# BASEOP    	2380
# SVOP      	593
# COP       	539
# UNOP      	397
# LISTOP    	360
# BINOP     	304
# LOGOP     	259
#           	235
# BASEOP_OR_UNOP	91
# PMOP      	48
# LOOP      	23
# LOOPEXOP  	19
# FILESTATOP	17
# 
# B::Stats static end-time:
# files=12	lines=4377	ops=6753
# 
# op name:
# null      	1602
# padsv     	704
# nextstate 	672
# pushmark  	454
# const     	299
# gv        	271
# and       	177
# entersub  	176
# sassign   	175
# gvsv      	159
# lineseq   	146
# multideref	120
# rv2av     	118
# multiconcat	113
# leavesub  	101
# enter     	93
# leave     	93
# or        	73
# cond_expr 	57
# method_named	53
# return    	53
# padav     	53
# aassign   	50
# scope     	45
# padrange  	39
# seq       	35
# srefgen   	34
# unstack   	33
# leaveloop 	32
# match     	29
# print     	29
# subst     	28
# rv2gv     	28
# iter      	26
# enteriter 	26
# shift     	23
# aelemfast 	23
# rv2cv     	23
# push      	23
# add       	20
# defined   	20
# require   	16
# bit_and   	15
# rv2sv     	15
# die       	13
# padhv     	13
# not       	13
# goto      	13
# caller    	12
# aelemfast_lex	11
# ref       	11
# regcomp   	11
# bit_or    	11
# join      	10
# subtract  	9
# rv2hv     	9
# lslice    	9
# warn      	8
# grepwhile 	8
# ftfile    	8
# grepstart 	8
# next      	8
# gt        	7
# sprintf   	7
# sne       	7
# undef     	7
# length    	7
# eq        	7
# enterloop 	6
# ftdir     	6
# entereval 	6
# last      	6
# helem     	6
# stub      	6
# split     	5
# aelem     	5
# list      	5
# right_shift	5
# complement	5
# quotemeta 	4
# anoncode  	4
# left_shift	4
# orassign  	4
# stat      	4
# ne        	3
# method    	3
# dor       	3
# postinc   	3
# pow       	3
# vec       	3
# repeat    	3
# scalar    	2
# hslice    	2
# each      	2
# bless     	2
# unshift   	2
# anonhash  	2
# wantarray 	2
# ftsize    	2
# preinc    	2
# regcmaybe 	2
# ge        	2
# keys      	2
# concat    	2
# backtick  	1
# exit      	1
# gelem     	1
# sort      	1
# lt        	1
# mapstart  	1
# localtime 	1
# open      	1
# leavetry  	1
# uc        	1
# av2arylen 	1
# chr       	1
# entertry  	1
# close     	1
# anonlist  	1
# le        	1
# mapwhile  	1
# tie       	1
# postdec   	1
# dofile    	1
# unlink    	1
# pop       	1
# tms       	1
# substr    	1
# 
# op class:
# Attempt to reload Opcodes.pm aborted.
# Compilation failed in require at blib/lib/B/Stats.pm line 337.
# END failed--call queue aborted.
# '
#     doesn't match '(?^m:^B::Stats dynamic run-time:)'
# Looks like you failed 1 test of 5.
t/compile.t .. 
Dubious, test returned 1 (wstat 256, 0x100)
Failed 1/5 subtests 
t/options.t .. ok

#   Failed test '-MB::Stats=-t => r'
#   at t/table.t line 13.
#                   '
# B::Stats static compile-time:
# files=1	lines=371	ops=5265
# 
# op name:
# null      	1206
# padsv     	576
# nextstate 	539
# pushmark  	369
# const     	235
# gv        	206
# entersub  	144
# gvsv      	136
# sassign   	134
# and       	127
# lineseq   	102
# multiconcat	101
# rv2av     	88
# enter     	84
# leave     	84
# multideref	78
# leavesub  	66
# or        	62
# method_named	53
# cond_expr 	49
# padav     	46
# aassign   	39
# return    	39
# padrange  	32
# print     	29
# seq       	28
# scope     	26
# unstack   	25
# rv2gv     	24
# subst     	23
# leaveloop 	23
# push      	22
# match     	21
# defined   	20
# srefgen   	19
# iter      	18
# shift     	18
# enteriter 	18
# aelemfast 	14
# rv2sv     	14
# add       	13
# rv2cv     	13
# aelemfast_lex	11
# require   	11
# bit_or    	11
# bit_and   	10
# die       	10
# not       	10
# caller    	9
# join      	9
# next      	8
# regcomp   	8
# ref       	8
# ftfile    	8
# sprintf   	7
# lslice    	7
# warn      	7
# padhv     	7
# goto      	7
# length    	7
# gt        	6
# list      	5
# enterloop 	5
# rv2hv     	5
# grepstart 	5
# sne       	5
# ftdir     	5
# eq        	5
# grepwhile 	5
# complement	5
# entereval 	4
# helem     	4
# last      	4
# split     	4
# subtract  	4
# dor       	3
# orassign  	3
# repeat    	3
# postinc   	3
# vec       	3
# right_shift	3
# quotemeta 	3
# method    	3
# stub      	3
# unshift   	2
# concat    	2
# anoncode  	2
# preinc    	2
# stat      	2
# left_shift	2
# wantarray 	2
# regcmaybe 	2
# ne        	2
# undef     	2
# ftsize    	2
# dofile    	1
# exit      	1
# anonlist  	1
# keys      	1
# leavetry  	1
# uc        	1
# anonhash  	1
# backtick  	1
# open      	1
# hslice    	1
# chr       	1
# mapstart  	1
# lt        	1
# entertry  	1
# substr    	1
# gelem     	1
# unlink    	1
# postdec   	1
# sort      	1
# close     	1
# localtime 	1
# bless     	1
# ge        	1
# tms       	1
# mapwhile  	1
# pop       	1
# scalar    	1
# 
# op class:
# BASEOP    	2380
# SVOP      	593
# COP       	539
# UNOP      	397
# LISTOP    	360
# BINOP     	304
# LOGOP     	259
#           	235
# BASEOP_OR_UNOP	91
# PMOP      	48
# LOOP      	23
# LOOPEXOP  	19
# FILESTATOP	17
# 
# B::Stats static end-time:
# files=12	lines=4377	ops=6753
# 
# op name:
# null      	1602
# padsv     	704
# nextstate 	672
# pushmark  	454
# const     	299
# gv        	271
# and       	177
# entersub  	176
# sassign   	175
# gvsv      	159
# lineseq   	146
# multideref	120
# rv2av     	118
# multiconcat	113
# leavesub  	101
# leave     	93
# enter     	93
# or        	73
# cond_expr 	57
# padav     	53
# return    	53
# method_named	53
# aassign   	50
# scope     	45
# padrange  	39
# seq       	35
# srefgen   	34
# unstack   	33
# leaveloop 	32
# match     	29
# print     	29
# rv2gv     	28
# subst     	28
# enteriter 	26
# iter      	26
# push      	23
# rv2cv     	23
# shift     	23
# aelemfast 	23
# add       	20
# defined   	20
# require   	16
# rv2sv     	15
# bit_and   	15
# not       	13
# goto      	13
# padhv     	13
# die       	13
# caller    	12
# ref       	11
# bit_or    	11
# aelemfast_lex	11
# regcomp   	11
# join      	10
# subtract  	9
# lslice    	9
# rv2hv     	9
# grepwhile 	8
# grepstart 	8
# ftfile    	8
# warn      	8
# next      	8
# undef     	7
# eq        	7
# length    	7
# sne       	7
# gt        	7
# sprintf   	7
# stub      	6
# helem     	6
# last      	6
# ftdir     	6
# enterloop 	6
# entereval 	6
# right_shift	5
# complement	5
# split     	5
# aelem     	5
# list      	5
# quotemeta 	4
# stat      	4
# left_shift	4
# anoncode  	4
# orassign  	4
# ne        	3
# method    	3
# postinc   	3
# vec       	3
# repeat    	3
# dor       	3
# pow       	3
# regcmaybe 	2
# bless     	2
# ge        	2
# scalar    	2
# ftsize    	2
# preinc    	2
# each      	2
# wantarray 	2
# anonhash  	2
# concat    	2
# hslice    	2
# unshift   	2
# keys      	2
# postdec   	1
# av2arylen 	1
# sort      	1
# close     	1
# localtime 	1
# tie       	1
# le        	1
# tms       	1
# mapwhile  	1
# pop       	1
# chr       	1
# mapstart  	1
# lt        	1
# gelem     	1
# entertry  	1
# substr    	1
# unlink    	1
# uc        	1
# backtick  	1
# open      	1
# exit      	1
# dofile    	1
# anonlist  	1
# leavetry  	1
# 
# op class:
# Attempt to reload Opcodes.pm aborted.
# Compilation failed in require at blib/lib/B/Stats.pm line 337.
# END failed--call queue aborted.
# '
#     doesn't match '(?^m:^B::Stats dynamic run-time:)'

#   Failed test '-MB::Stats,-t => t'
#   at t/table.t line 15.
#                   '
# B::Stats static compile-time:
# files=1	lines=371	ops=5265
# 
# op name:
# null      	1206
# padsv     	576
# nextstate 	539
# pushmark  	369
# const     	235
# gv        	206
# entersub  	144
# gvsv      	136
# sassign   	134
# and       	127
# lineseq   	102
# multiconcat	101
# rv2av     	88
# enter     	84
# leave     	84
# multideref	78
# leavesub  	66
# or        	62
# method_named	53
# cond_expr 	49
# padav     	46
# aassign   	39
# return    	39
# padrange  	32
# print     	29
# seq       	28
# scope     	26
# unstack   	25
# rv2gv     	24
# subst     	23
# leaveloop 	23
# push      	22
# match     	21
# defined   	20
# srefgen   	19
# iter      	18
# shift     	18
# enteriter 	18
# aelemfast 	14
# rv2sv     	14
# add       	13
# rv2cv     	13
# aelemfast_lex	11
# require   	11
# bit_or    	11
# bit_and   	10
# die       	10
# not       	10
# caller    	9
# join      	9
# next      	8
# regcomp   	8
# ref       	8
# ftfile    	8
# sprintf   	7
# lslice    	7
# warn      	7
# padhv     	7
# goto      	7
# length    	7
# gt        	6
# list      	5
# enterloop 	5
# rv2hv     	5
# grepstart 	5
# sne       	5
# ftdir     	5
# eq        	5
# grepwhile 	5
# complement	5
# entereval 	4
# helem     	4
# last      	4
# split     	4
# subtract  	4
# dor       	3
# orassign  	3
# repeat    	3
# postinc   	3
# vec       	3
# right_shift	3
# quotemeta 	3
# method    	3
# stub      	3
# unshift   	2
# concat    	2
# anoncode  	2
# preinc    	2
# stat      	2
# left_shift	2
# wantarray 	2
# regcmaybe 	2
# ne        	2
# undef     	2
# ftsize    	2
# dofile    	1
# exit      	1
# anonlist  	1
# keys      	1
# leavetry  	1
# uc        	1
# anonhash  	1
# backtick  	1
# open      	1
# hslice    	1
# chr       	1
# mapstart  	1
# lt        	1
# entertry  	1
# substr    	1
# gelem     	1
# unlink    	1
# postdec   	1
# sort      	1
# close     	1
# localtime 	1
# bless     	1
# ge        	1
# tms       	1
# mapwhile  	1
# pop       	1
# scalar    	1
# 
# op class:
# BASEOP    	2380
# SVOP      	593
# COP       	539
# UNOP      	397
# LISTOP    	360
# BINOP     	304
# LOGOP     	259
#           	235
# BASEOP_OR_UNOP	91
# PMOP      	48
# LOOP      	23
# LOOPEXOP  	19
# FILESTATOP	17
# 
# B::Stats static end-time:
# files=12	lines=4377	ops=6753
# 
# op name:
# null      	1602
# padsv     	704
# nextstate 	672
# pushmark  	454
# const     	299
# gv        	271
# and       	177
# entersub  	176
# sassign   	175
# gvsv      	159
# lineseq   	146
# multideref	120
# rv2av     	118
# multiconcat	113
# leavesub  	101
# leave     	93
# enter     	93
# or        	73
# cond_expr 	57
# padav     	53
# return    	53
# method_named	53
# aassign   	50
# scope     	45
# padrange  	39
# seq       	35
# srefgen   	34
# unstack   	33
# leaveloop 	32
# match     	29
# print     	29
# rv2gv     	28
# subst     	28
# enteriter 	26
# iter      	26
# push      	23
# rv2cv     	23
# shift     	23
# aelemfast 	23
# add       	20
# defined   	20
# require   	16
# rv2sv     	15
# bit_and   	15
# not       	13
# goto      	13
# padhv     	13
# die       	13
# caller    	12
# ref       	11
# bit_or    	11
# aelemfast_lex	11
# regcomp   	11
# join      	10
# subtract  	9
# lslice    	9
# rv2hv     	9
# grepwhile 	8
# grepstart 	8
# ftfile    	8
# warn      	8
# next      	8
# undef     	7
# eq        	7
# length    	7
# sne       	7
# gt        	7
# sprintf   	7
# stub      	6
# helem     	6
# last      	6
# ftdir     	6
# enterloop 	6
# entereval 	6
# right_shift	5
# complement	5
# split     	5
# aelem     	5
# list      	5
# quotemeta 	4
# stat      	4
# left_shift	4
# anoncode  	4
# orassign  	4
# ne        	3
# method    	3
# postinc   	3
# vec       	3
# repeat    	3
# dor       	3
# pow       	3
# regcmaybe 	2
# bless     	2
# ge        	2
# scalar    	2
# ftsize    	2
# preinc    	2
# each      	2
# wantarray 	2
# anonhash  	2
# concat    	2
# hslice    	2
# unshift   	2
# keys      	2
# postdec   	1
# av2arylen 	1
# sort      	1
# close     	1
# localtime 	1
# tie       	1
# le        	1
# tms       	1
# mapwhile  	1
# pop       	1
# chr       	1
# mapstart  	1
# lt        	1
# gelem     	1
# entertry  	1
# substr    	1
# unlink    	1
# uc        	1
# backtick  	1
# open      	1
# exit      	1
# dofile    	1
# anonlist  	1
# leavetry  	1
# 
# op class:
# Attempt to reload Opcodes.pm aborted.
# Compilation failed in require at blib/lib/B/Stats.pm line 337.
# END failed--call queue aborted.
# '
#     doesn't match '(?^m:^B::Stats table:)'

#   Failed test 'nextstate in table'
#   at t/table.t line 18.
#                   '
# B::Stats static compile-time:
# files=1	lines=371	ops=5265
# 
# op name:
# null      	1206
# padsv     	576
# nextstate 	539
# pushmark  	369
# const     	235
# gv        	206
# entersub  	144
# gvsv      	136
# sassign   	134
# and       	127
# lineseq   	102
# multiconcat	101
# rv2av     	88
# enter     	84
# leave     	84
# multideref	78
# leavesub  	66
# or        	62
# method_named	53
# cond_expr 	49
# padav     	46
# aassign   	39
# return    	39
# padrange  	32
# print     	29
# seq       	28
# scope     	26
# unstack   	25
# rv2gv     	24
# subst     	23
# leaveloop 	23
# push      	22
# match     	21
# defined   	20
# srefgen   	19
# iter      	18
# shift     	18
# enteriter 	18
# aelemfast 	14
# rv2sv     	14
# add       	13
# rv2cv     	13
# aelemfast_lex	11
# require   	11
# bit_or    	11
# bit_and   	10
# die       	10
# not       	10
# caller    	9
# join      	9
# next      	8
# regcomp   	8
# ref       	8
# ftfile    	8
# sprintf   	7
# lslice    	7
# warn      	7
# padhv     	7
# goto      	7
# length    	7
# gt        	6
# list      	5
# enterloop 	5
# rv2hv     	5
# grepstart 	5
# sne       	5
# ftdir     	5
# eq        	5
# grepwhile 	5
# complement	5
# entereval 	4
# helem     	4
# last      	4
# split     	4
# subtract  	4
# dor       	3
# orassign  	3
# repeat    	3
# postinc   	3
# vec       	3
# right_shift	3
# quotemeta 	3
# method    	3
# stub      	3
# unshift   	2
# concat    	2
# anoncode  	2
# preinc    	2
# stat      	2
# left_shift	2
# wantarray 	2
# regcmaybe 	2
# ne        	2
# undef     	2
# ftsize    	2
# dofile    	1
# exit      	1
# anonlist  	1
# keys      	1
# leavetry  	1
# uc        	1
# anonhash  	1
# backtick  	1
# open      	1
# hslice    	1
# chr       	1
# mapstart  	1
# lt        	1
# entertry  	1
# substr    	1
# gelem     	1
# unlink    	1
# postdec   	1
# sort      	1
# close     	1
# localtime 	1
# bless     	1
# ge        	1
# tms       	1
# mapwhile  	1
# pop       	1
# scalar    	1
# 
# op class:
# BASEOP    	2380
# SVOP      	593
# COP       	539
# UNOP      	397
# LISTOP    	360
# BINOP     	304
# LOGOP     	259
#           	235
# BASEOP_OR_UNOP	91
# PMOP      	48
# LOOP      	23
# LOOPEXOP  	19
# FILESTATOP	17
# 
# B::Stats static end-time:
# files=12	lines=4377	ops=6753
# 
# op name:
# null      	1602
# padsv     	704
# nextstate 	672
# pushmark  	454
# const     	299
# gv        	271
# and       	177
# entersub  	176
# sassign   	175
# gvsv      	159
# lineseq   	146
# multideref	120
# rv2av     	118
# multiconcat	113
# leavesub  	101
# leave     	93
# enter     	93
# or        	73
# cond_expr 	57
# padav     	53
# return    	53
# method_named	53
# aassign   	50
# scope     	45
# padrange  	39
# seq       	35
# srefgen   	34
# unstack   	33
# leaveloop 	32
# match     	29
# print     	29
# rv2gv     	28
# subst     	28
# enteriter 	26
# iter      	26
# push      	23
# rv2cv     	23
# shift     	23
# aelemfast 	23
# add       	20
# defined   	20
# require   	16
# rv2sv     	15
# bit_and   	15
# not       	13
# goto      	13
# padhv     	13
# die       	13
# caller    	12
# ref       	11
# bit_or    	11
# aelemfast_lex	11
# regcomp   	11
# join      	10
# subtract  	9
# lslice    	9
# rv2hv     	9
# grepwhile 	8
# grepstart 	8
# ftfile    	8
# warn      	8
# next      	8
# undef     	7
# eq        	7
# length    	7
# sne       	7
# gt        	7
# sprintf   	7
# stub      	6
# helem     	6
# last      	6
# ftdir     	6
# enterloop 	6
# entereval 	6
# right_shift	5
# complement	5
# split     	5
# aelem     	5
# list      	5
# quotemeta 	4
# stat      	4
# left_shift	4
# anoncode  	4
# orassign  	4
# ne        	3
# method    	3
# postinc   	3
# vec       	3
# repeat    	3
# dor       	3
# pow       	3
# regcmaybe 	2
# bless     	2
# ge        	2
# scalar    	2
# ftsize    	2
# preinc    	2
# each      	2
# wantarray 	2
# anonhash  	2
# concat    	2
# hslice    	2
# unshift   	2
# keys      	2
# postdec   	1
# av2arylen 	1
# sort      	1
# close     	1
# localtime 	1
# tie       	1
# le        	1
# tms       	1
# mapwhile  	1
# pop       	1
# chr       	1
# mapstart  	1
# lt        	1
# gelem     	1
# entertry  	1
# substr    	1
# unlink    	1
# uc        	1
# backtick  	1
# open      	1
# exit      	1
# dofile    	1
# anonlist  	1
# leavetry  	1
# 
# op class:
# Attempt to reload Opcodes.pm aborted.
# Compilation failed in require at blib/lib/B/Stats.pm line 337.
# END failed--call queue aborted.
# '
#     doesn't match '(?^m:^nextstate\s+[1-9]\d+\s+[1-9]\d+\s+)'

#   Failed test '-MB::Stats=-t,-u => r'
#   at t/table.t line 24.
#                   '
# B::Stats static compile-time:
# files=1	lines=371	ops=5724
# 
# B::Stats static end-time:
# files=10	lines=4050	ops=6197
# Attempt to reload strict.pm aborted.
# Compilation failed in require at /home/sand/src/perl/repoperls/installed-perls/host/k93bionic/v5.31.9/ca05/lib/site_perl/5.31.9/x86_64-linux-ld/Opcodes.pm line 4.
# BEGIN failed--compilation aborted at /home/sand/src/perl/repoperls/installed-perls/host/k93bionic/v5.31.9/ca05/lib/site_perl/5.31.9/x86_64-linux-ld/Opcodes.pm line 4.
# Compilation failed in require at blib/lib/B/Stats.pm line 378.
# END failed--call queue aborted.
# '
#     doesn't match '(?^m:^B::Stats dynamic run-time:)'

#   Failed test '-MB::Stats,-t,-u => t'
#   at t/table.t line 26.
#                   '
# B::Stats static compile-time:
# files=1	lines=371	ops=5724
# 
# B::Stats static end-time:
# files=10	lines=4050	ops=6197
# Attempt to reload strict.pm aborted.
# Compilation failed in require at /home/sand/src/perl/repoperls/installed-perls/host/k93bionic/v5.31.9/ca05/lib/site_perl/5.31.9/x86_64-linux-ld/Opcodes.pm line 4.
# BEGIN failed--compilation aborted at /home/sand/src/perl/repoperls/installed-perls/host/k93bionic/v5.31.9/ca05/lib/site_perl/5.31.9/x86_64-linux-ld/Opcodes.pm line 4.
# Compilation failed in require at blib/lib/B/Stats.pm line 378.
# END failed--call queue aborted.
# '
#     doesn't match '(?^m:^B::Stats table:)'

#   Failed test 'nextstate only in -c'
#   at t/table.t line 28.
#                   '
# B::Stats static compile-time:
# files=1	lines=371	ops=5724
# 
# B::Stats static end-time:
# files=10	lines=4050	ops=6197
# Attempt to reload strict.pm aborted.
# Compilation failed in require at /home/sand/src/perl/repoperls/installed-perls/host/k93bionic/v5.31.9/ca05/lib/site_perl/5.31.9/x86_64-linux-ld/Opcodes.pm line 4.
# BEGIN failed--compilation aborted at /home/sand/src/perl/repoperls/installed-perls/host/k93bionic/v5.31.9/ca05/lib/site_perl/5.31.9/x86_64-linux-ld/Opcodes.pm line 4.
# Compilation failed in require at blib/lib/B/Stats.pm line 378.
# END failed--call queue aborted.
# '
#     doesn't match '(?^m:^nextstate\s+[1-9]\d+\s*$)'
# Looks like you failed 6 tests of 15.
t/table.t .... 
Dubious, test returned 6 (wstat 1536, 0x600)
Failed 6/15 subtests 

Test Summary Report
-------------------
t/compile.t (Wstat: 256 Tests: 5 Failed: 1)
  Failed test:  5
  Non-zero exit status: 1
t/table.t  (Wstat: 1536 Tests: 15 Failed: 6)
  Failed tests:  3, 5, 7, 10, 12-13
  Non-zero exit status: 6
Files=3, Tests=35,  1 wallclock secs ( 0.01 usr  0.02 sys +  0.51 cusr  0.14 csys =  0.68 CPU)
Result: FAIL
Failed 2/3 test programs. 7/35 subtests failed.
Makefile:1048: recipe for target 'test_dynamic' failed
make: *** [test_dynamic] Error 6

------------------------------
PREREQUISITES
------------------------------

Prerequisite modules loaded:

requires:

    Module              Need Have 
    ------------------- ---- -----
    B                   0    1.80 
    Data::Dumper        0    2.174
    Opcodes             0.11 0.14 

build_requires:

    Module              Need Have 
    ------------------- ---- -----
    ExtUtils::MakeMaker 0    7.44 

configure_requires:

    Module              Need Have 
    ------------------- ---- -----
    ExtUtils::MakeMaker 0    7.44 


------------------------------
ENVIRONMENT AND OTHER CONTEXT
------------------------------

Environment variables:

    AUTOMATED_TESTING = 1
    LANG = en_US.UTF-8
    PATH = /home/sand/bin:/usr/local/bin:/usr/local/sbin:/usr/sbin:/usr/bin:/sbin:/bin:/usr/games:/usr/local/games:/usr/local/perl/bin:/usr/X11/bin
    PERL5LIB = /tmp/loop_over_bdir-21456-UUhOjc/Serge-1.4-0/blib/arch:/tmp/loop_over_bdir-21456-UUhOjc/Serge-1.4-0/blib/lib
    PERL5OPT = 
    PERL5_CPANPLUS_IS_RUNNING = 21464
    PERL5_CPAN_IS_RUNNING = 21464
    PERL_CANARY_STABILITY_NOPROMPT = 1
    PERL_MM_USE_DEFAULT = 1
    PERL_USE_UNSAFE_INC = 1
    SHELL = /usr/bin/zsh
    TERM = screen

Perl special variables (and OS-specific diagnostics, for MSWin32):

    $^X = /tmp/basesmoker-reloperl-tQLC/bin/perl
    $UID/$EUID = 1005 / 1005
    $GID = 1005 1005
    $EGID = 1005 1005

Perl module toolchain versions installed:

    Module              Have    
    ------------------- --------
    CPAN                2.27    
    CPAN::Meta          2.150010
    Cwd                 3.78    
    ExtUtils::CBuilder  0.280234
    ExtUtils::Command   7.44    
    ExtUtils::Install   2.14    
    ExtUtils::MakeMaker 7.44    
    ExtUtils::Manifest  1.72    
    ExtUtils::ParseXS   3.40    
    File::Spec          3.78    
    JSON                4.02    
    JSON::PP            4.04    
    Module::Build       0.4231  
    Module::Signature   0.83    
    Parse::CPAN::Meta   2.150010
    Test::Harness       3.42    
    Test::More          1.302171
    YAML                1.30    
    YAML::Syck          1.32    
    version             0.9924  


--

Summary of my perl5 (revision 5 version 31 subversion 9) configuration:
  Commit id: 41fd77f86ddaa01f1a7635e15cbfd3ccb9a4643d
  Platform:
    osname=linux
    osvers=4.15.0-88-generic
    archname=x86_64-linux-ld
    uname='linux k93bionic 4.15.0-88-generic #88-ubuntu smp tue feb 11 20:11:34 utc 2020 x86_64 x86_64 x86_64 gnulinux '
    config_args='-Dprefix=/home/sand/src/perl/repoperls/installed-perls/host/k93bionic/v5.31.9/ca05 -Dmyhostname=k93bionic -Dinstallusrbinperl=n -Uversiononly -Dusedevel -des -Ui_db -Dlibswanted=cl pthread socket inet nsl gdbm dbm malloc dl ld sun m crypt sec util c cposix posix ucb BSD gdbm_compat -Uuseithreads -Duselongdouble -DEBUGGING=-g'
    hint=recommended
    useposix=true
    d_sigaction=define
    useithreads=undef
    usemultiplicity=undef
    use64bitint=define
    use64bitall=define
    uselongdouble=define
    usemymalloc=n
    default_inc_excludes_dot=define
    bincompat5005=undef
  Compiler:
    cc='cc'
    ccflags ='-fwrapv -fno-strict-aliasing -pipe -fstack-protector-strong -I/usr/local/include -D_LARGEFILE_SOURCE -D_FILE_OFFSET_BITS=64'
    optimize='-O2 -g'
    cppflags='-fwrapv -fno-strict-aliasing -pipe -fstack-protector-strong -I/usr/local/include'
    ccversion=''
    gccversion='7.4.0'
    gccosandvers=''
    intsize=4
    longsize=8
    ptrsize=8
    doublesize=8
    byteorder=12345678
    doublekind=3
    d_longlong=define
    longlongsize=8
    d_longdbl=define
    longdblsize=16
    longdblkind=3
    ivtype='long'
    ivsize=8
    nvtype='long double'
    nvsize=16
    Off_t='off_t'
    lseeksize=8
    alignbytes=16
    prototype=define
  Linker and Libraries:
    ld='cc'
    ldflags =' -fstack-protector-strong -L/usr/local/lib'
    libpth=/usr/local/lib /usr/lib/gcc/x86_64-linux-gnu/7/include-fixed /usr/include/x86_64-linux-gnu /usr/lib /lib/x86_64-linux-gnu /lib/../lib /usr/lib/x86_64-linux-gnu /usr/lib/../lib /lib
    libs=-lpthread -lnsl -ldl -lm -lcrypt -lutil -lc
    perllibs=-lpthread -lnsl -ldl -lm -lcrypt -lutil -lc
    libc=libc-2.27.so
    so=so
    useshrplib=false
    libperl=libperl.a
    gnulibc_version='2.27'
  Dynamic Linking:
    dlsrc=dl_dlopen.xs
    dlext=so
    d_dlsymun=undef
    ccdlflags='-Wl,-E'
    cccdlflags='-fPIC'
    lddlflags='-shared -O2 -g -L/usr/local/lib -fstack-protector-strong'


Characteristics of this binary (from libperl): 
  Compile-time options:
    HAS_TIMES
    PERLIO_LAYERS
    PERL_COPY_ON_WRITE
    PERL_DONT_CREATE_GVSV
    PERL_MALLOC_WRAP
    PERL_OP_PARENT
    PERL_PRESERVE_IVUV
    PERL_USE_DEVEL
    USE_64_BIT_ALL
    USE_64_BIT_INT
    USE_LARGE_FILES
    USE_LOCALE
    USE_LOCALE_COLLATE
    USE_LOCALE_CTYPE
    USE_LOCALE_NUMERIC
    USE_LOCALE_TIME
    USE_LONG_DOUBLE
    USE_PERLIO
    USE_PERL_ATOF
  Built under linux
  Compiled at Feb 21 2020 04:19:49
  %ENV:
    PERL5LIB="/tmp/loop_over_bdir-21456-UUhOjc/Serge-1.4-0/blib/arch:/tmp/loop_over_bdir-21456-UUhOjc/Serge-1.4-0/blib/lib"
    PERL5OPT=""
    PERL5_CPANPLUS_IS_RUNNING="21464"
    PERL5_CPAN_IS_RUNNING="21464"
    PERL_CANARY_STABILITY_NOPROMPT="1"
    PERL_MM_USE_DEFAULT="1"
    PERL_USE_UNSAFE_INC="1"
  @INC:
    /tmp/loop_over_bdir-21456-UUhOjc/Serge-1.4-0/blib/arch
    /tmp/loop_over_bdir-21456-UUhOjc/Serge-1.4-0/blib/lib
    /home/sand/src/perl/repoperls/installed-perls/host/k93bionic/v5.31.9/ca05/lib/site_perl/5.31.9/x86_64-linux-ld
    /home/sand/src/perl/repoperls/installed-perls/host/k93bionic/v5.31.9/ca05/lib/site_perl/5.31.9
    /home/sand/src/perl/repoperls/installed-perls/host/k93bionic/v5.31.9/ca05/lib/5.31.9/x86_64-linux-ld
    /home/sand/src/perl/repoperls/installed-perls/host/k93bionic/v5.31.9/ca05/lib/5.31.9
    .