Report for Google-Spreadsheet-Agent-0.02

Back
From: metabase:user:320bfe00-2aae-11df-837a-5e0a49663a4f
Subject: FAIL Google-Spreadsheet-Agent-0.02 v5.13.7 GNU/Linux
Date: 2010-12-10T19:56:36Z

This distribution has been tested as part of the CPAN Testers
project, supporting the Perl programming language.  See
http://wiki.cpantesters.org/ for more information or email
questions to cpan-testers-discuss@perl.org


--
Dear Darin London,

This is a computer-generated report for Google-Spreadsheet-Agent-0.02
on perl 5.13.7, created by CPAN-Reporter-1.18_06.

Thank you for uploading your work to CPAN.  However, there was a problem
testing your distribution.

If you think this report is invalid, please consult the CPAN Testers Wiki
for suggestions on how to avoid getting FAIL reports for missing library
or binary dependencies, unsupported operating systems, and so on:

http://wiki.cpantesters.org/wiki/CPANAuthorNotes

Sections of this report:

    * Tester comments
    * Program output
    * Prerequisites
    * Environment and other context

------------------------------
TESTER COMMENTS
------------------------------

Additional comments from tester:

this report is from an automated smoke testing program
and was not reviewed by a human for accuracy

------------------------------
PROGRAM OUTPUT
------------------------------

Output from './Build test':

Subroutine IO::Socket::INET6::sockaddr_in6 redefined at /home/src/perl/repoperls/installed-perls/perl/v5.13.7-249-g1726bc1/lib/5.13.7/Exporter.pm line 67.
 at /home/src/perl/repoperls/installed-perls/perl/v5.13.7-249-g1726bc1/lib/site_perl/5.13.7/IO/Socket/INET6.pm line 21
# Testing Google::Spreadsheet::Agent 0.02, Perl 5.013007, /home/src/perl/repoperls/installed-perls/perl/v5.13.7-249-g1726bc1/bin/perl
t/00-load.t ......................... ok
t/01-instantiate_db.t ............... skipped: You must create a valid test Google Spreadsheet and a valid /home/sand/.cpan/build/Google-Spreadsheet-Agent-0.02-JVE53s/t/../config/agent.conf.yml configuration file pointing to it to run the tests. See README.txt file for more information on how to run the tests.
Subroutine IO::Socket::INET6::sockaddr_in6 redefined at /home/src/perl/repoperls/installed-perls/perl/v5.13.7-249-g1726bc1/lib/5.13.7/Exporter.pm line 67.
 at /home/src/perl/repoperls/installed-perls/perl/v5.13.7-249-g1726bc1/lib/site_perl/5.13.7/IO/Socket/INET6.pm line 21
t/02-db_config.t .................... skipped: You must create a valid test Google Spreadsheet and a valid /home/sand/.cpan/build/Google-Spreadsheet-Agent-0.02-JVE53s/t/../config/agent.conf.yml configuration file pointing to it to run the tests. See README.txt file for more information on how to run the tests.
Subroutine IO::Socket::INET6::sockaddr_in6 redefined at /home/src/perl/repoperls/installed-perls/perl/v5.13.7-249-g1726bc1/lib/5.13.7/Exporter.pm line 67.
 at /home/src/perl/repoperls/installed-perls/perl/v5.13.7-249-g1726bc1/lib/site_perl/5.13.7/IO/Socket/INET6.pm line 21
t/03-db_config_file.t ............... skipped: You must create a valid test Google Spreadsheet and a valid /home/sand/.cpan/build/Google-Spreadsheet-Agent-0.02-JVE53s/t/../config/agent.conf.yml configuration file pointing to it to run the tests. See README.txt file for more information on how to run the tests.
Subroutine IO::Socket::INET6::sockaddr_in6 redefined at /home/src/perl/repoperls/installed-perls/perl/v5.13.7-249-g1726bc1/lib/5.13.7/Exporter.pm line 67.
 at /home/src/perl/repoperls/installed-perls/perl/v5.13.7-249-g1726bc1/lib/site_perl/5.13.7/IO/Socket/INET6.pm line 21
t/04-instantiate_agent.t ............ skipped: You must create a valid test Google Spreadsheet and a valid /home/sand/.cpan/build/Google-Spreadsheet-Agent-0.02-JVE53s/t/../config/agent.conf.yml configuration file pointing to it to run the tests. See README.txt file for more information on how to run the tests.
Subroutine IO::Socket::INET6::sockaddr_in6 redefined at /home/src/perl/repoperls/installed-perls/perl/v5.13.7-249-g1726bc1/lib/5.13.7/Exporter.pm line 67.
 at /home/src/perl/repoperls/installed-perls/perl/v5.13.7-249-g1726bc1/lib/site_perl/5.13.7/IO/Socket/INET6.pm line 21
t/05-agent_not_ready.t .............. skipped: You must create a valid test Google Spreadsheet and a valid /home/sand/.cpan/build/Google-Spreadsheet-Agent-0.02-JVE53s/t/../config/agent.conf.yml configuration file pointing to it to run the tests. See README.txt file for more information on how to run the tests.
Subroutine IO::Socket::INET6::sockaddr_in6 redefined at /home/src/perl/repoperls/installed-perls/perl/v5.13.7-249-g1726bc1/lib/5.13.7/Exporter.pm line 67.
 at /home/src/perl/repoperls/installed-perls/perl/v5.13.7-249-g1726bc1/lib/site_perl/5.13.7/IO/Socket/INET6.pm line 21
t/06-agent_pass.t ................... skipped: You must create a valid test Google Spreadsheet and a valid /home/sand/.cpan/build/Google-Spreadsheet-Agent-0.02-JVE53s/t/../config/agent.conf.yml configuration file pointing to it to run the tests. See README.txt file for more information on how to run the tests.
Subroutine IO::Socket::INET6::sockaddr_in6 redefined at /home/src/perl/repoperls/installed-perls/perl/v5.13.7-249-g1726bc1/lib/5.13.7/Exporter.pm line 67.
 at /home/src/perl/repoperls/installed-perls/perl/v5.13.7-249-g1726bc1/lib/site_perl/5.13.7/IO/Socket/INET6.pm line 21
t/07-agent_fail.t ................... skipped: You must create a valid test Google Spreadsheet and a valid /home/sand/.cpan/build/Google-Spreadsheet-Agent-0.02-JVE53s/t/../config/agent.conf.yml configuration file pointing to it to run the tests. See README.txt file for more information on how to run the tests.
Subroutine IO::Socket::INET6::sockaddr_in6 redefined at /home/src/perl/repoperls/installed-perls/perl/v5.13.7-249-g1726bc1/lib/5.13.7/Exporter.pm line 67.
 at /home/src/perl/repoperls/installed-perls/perl/v5.13.7-249-g1726bc1/lib/site_perl/5.13.7/IO/Socket/INET6.pm line 21
t/08-agent_update.t ................. skipped: You must create a valid test Google Spreadsheet and a valid /home/sand/.cpan/build/Google-Spreadsheet-Agent-0.02-JVE53s/t/../config/agent.conf.yml configuration file pointing to it to run the tests. See README.txt file for more information on how to run the tests.
Subroutine IO::Socket::INET6::sockaddr_in6 redefined at /home/src/perl/repoperls/installed-perls/perl/v5.13.7-249-g1726bc1/lib/5.13.7/Exporter.pm line 67.
 at /home/src/perl/repoperls/installed-perls/perl/v5.13.7-249-g1726bc1/lib/site_perl/5.13.7/IO/Socket/INET6.pm line 21
t/09-agent_prerequisite.t ........... skipped: You must create a valid test Google Spreadsheet and a valid /home/sand/.cpan/build/Google-Spreadsheet-Agent-0.02-JVE53s/t/../config/agent.conf.yml configuration file pointing to it to run the tests. See README.txt file for more information on how to run the tests.
Subroutine IO::Socket::INET6::sockaddr_in6 redefined at /home/src/perl/repoperls/installed-perls/perl/v5.13.7-249-g1726bc1/lib/5.13.7/Exporter.pm line 67.
 at /home/src/perl/repoperls/installed-perls/perl/v5.13.7-249-g1726bc1/lib/site_perl/5.13.7/IO/Socket/INET6.pm line 21
t/10-agent_subsumes.t ............... skipped: You must create a valid test Google Spreadsheet and a valid /home/sand/.cpan/build/Google-Spreadsheet-Agent-0.02-JVE53s/t/../config/agent.conf.yml configuration file pointing to it to run the tests. See README.txt file for more information on how to run the tests.
Subroutine IO::Socket::INET6::sockaddr_in6 redefined at /home/src/perl/repoperls/installed-perls/perl/v5.13.7-249-g1726bc1/lib/5.13.7/Exporter.pm line 67.
 at /home/src/perl/repoperls/installed-perls/perl/v5.13.7-249-g1726bc1/lib/site_perl/5.13.7/IO/Socket/INET6.pm line 21
t/11-agent_max_selves.t ............. skipped: You must create a valid test Google Spreadsheet and a valid /home/sand/.cpan/build/Google-Spreadsheet-Agent-0.02-JVE53s/t/../config/agent.conf.yml configuration file pointing to it to run the tests. See README.txt file for more information on how to run the tests.
Subroutine IO::Socket::INET6::sockaddr_in6 redefined at /home/src/perl/repoperls/installed-perls/perl/v5.13.7-249-g1726bc1/lib/5.13.7/Exporter.pm line 67.
 at /home/src/perl/repoperls/installed-perls/perl/v5.13.7-249-g1726bc1/lib/site_perl/5.13.7/IO/Socket/INET6.pm line 21
t/12-agent_conflicts_with.t ......... skipped: You must create a valid test Google Spreadsheet and a valid /home/sand/.cpan/build/Google-Spreadsheet-Agent-0.02-JVE53s/t/../config/agent.conf.yml configuration file pointing to it to run the tests. See README.txt file for more information on how to run the tests.
t/13-instantiate_runner.t ........... skipped: You must create a valid test Google Spreadsheet and a valid /home/sand/.cpan/build/Google-Spreadsheet-Agent-0.02-JVE53s/t/../config/agent.conf.yml configuration file pointing to it to run the tests. See README.txt file for more information on how to run the tests.
Subroutine IO::Socket::INET6::sockaddr_in6 redefined at /home/src/perl/repoperls/installed-perls/perl/v5.13.7-249-g1726bc1/lib/5.13.7/Exporter.pm line 67.
 at /home/src/perl/repoperls/installed-perls/perl/v5.13.7-249-g1726bc1/lib/site_perl/5.13.7/IO/Socket/INET6.pm line 21
t/14-runner_default.t ............... skipped: You must create a valid test Google Spreadsheet and a valid /home/sand/.cpan/build/Google-Spreadsheet-Agent-0.02-JVE53s/t/../config/agent.conf.yml configuration file pointing to it to run the tests. See README.txt file for more information on how to run the tests.
Subroutine IO::Socket::INET6::sockaddr_in6 redefined at /home/src/perl/repoperls/installed-perls/perl/v5.13.7-249-g1726bc1/lib/5.13.7/Exporter.pm line 67.
 at /home/src/perl/repoperls/installed-perls/perl/v5.13.7-249-g1726bc1/lib/site_perl/5.13.7/IO/Socket/INET6.pm line 21
t/15-runner_only_pages.t ............ skipped: You must create a valid test Google Spreadsheet and a valid /home/sand/.cpan/build/Google-Spreadsheet-Agent-0.02-JVE53s/t/../config/agent.conf.yml configuration file pointing to it to run the tests. See README.txt file for more information on how to run the tests.
Subroutine IO::Socket::INET6::sockaddr_in6 redefined at /home/src/perl/repoperls/installed-perls/perl/v5.13.7-249-g1726bc1/lib/5.13.7/Exporter.pm line 67.
 at /home/src/perl/repoperls/installed-perls/perl/v5.13.7-249-g1726bc1/lib/site_perl/5.13.7/IO/Socket/INET6.pm line 21
t/16-runner_skip_pages.t ............ skipped: You must create a valid test Google Spreadsheet and a valid /home/sand/.cpan/build/Google-Spreadsheet-Agent-0.02-JVE53s/t/../config/agent.conf.yml configuration file pointing to it to run the tests. See README.txt file for more information on how to run the tests.
Subroutine IO::Socket::INET6::sockaddr_in6 redefined at /home/src/perl/repoperls/installed-perls/perl/v5.13.7-249-g1726bc1/lib/5.13.7/Exporter.pm line 67.
 at /home/src/perl/repoperls/installed-perls/perl/v5.13.7-249-g1726bc1/lib/site_perl/5.13.7/IO/Socket/INET6.pm line 21
t/17-runner_debug.t ................. skipped: You must create a valid test Google Spreadsheet and a valid /home/sand/.cpan/build/Google-Spreadsheet-Agent-0.02-JVE53s/t/../config/agent.conf.yml configuration file pointing to it to run the tests. See README.txt file for more information on how to run the tests.
Subroutine IO::Socket::INET6::sockaddr_in6 redefined at /home/src/perl/repoperls/installed-perls/perl/v5.13.7-249-g1726bc1/lib/5.13.7/Exporter.pm line 67.
 at /home/src/perl/repoperls/installed-perls/perl/v5.13.7-249-g1726bc1/lib/site_perl/5.13.7/IO/Socket/INET6.pm line 21
t/18-runner_agent_bin.t ............. skipped: You must create a valid test Google Spreadsheet and a valid /home/sand/.cpan/build/Google-Spreadsheet-Agent-0.02-JVE53s/t/../config/agent.conf.yml configuration file pointing to it to run the tests. See README.txt file for more information on how to run the tests.
Subroutine IO::Socket::INET6::sockaddr_in6 redefined at /home/src/perl/repoperls/installed-perls/perl/v5.13.7-249-g1726bc1/lib/5.13.7/Exporter.pm line 67.
 at /home/src/perl/repoperls/installed-perls/perl/v5.13.7-249-g1726bc1/lib/site_perl/5.13.7/IO/Socket/INET6.pm line 21
t/19-runner_dry_run.t ............... skipped: You must create a valid test Google Spreadsheet and a valid /home/sand/.cpan/build/Google-Spreadsheet-Agent-0.02-JVE53s/t/../config/agent.conf.yml configuration file pointing to it to run the tests. See README.txt file for more information on how to run the tests.
Subroutine IO::Socket::INET6::sockaddr_in6 redefined at /home/src/perl/repoperls/installed-perls/perl/v5.13.7-249-g1726bc1/lib/5.13.7/Exporter.pm line 67.
 at /home/src/perl/repoperls/installed-perls/perl/v5.13.7-249-g1726bc1/lib/site_perl/5.13.7/IO/Socket/INET6.pm line 21
t/20-runner_process_entries_with.t .. skipped: You must create a valid test Google Spreadsheet and a valid /home/sand/.cpan/build/Google-Spreadsheet-Agent-0.02-JVE53s/t/../config/agent.conf.yml configuration file pointing to it to run the tests. See README.txt file for more information on how to run the tests.
Subroutine IO::Socket::INET6::sockaddr_in6 redefined at /home/src/perl/repoperls/installed-perls/perl/v5.13.7-249-g1726bc1/lib/5.13.7/Exporter.pm line 67.
 at /home/src/perl/repoperls/installed-perls/perl/v5.13.7-249-g1726bc1/lib/site_perl/5.13.7/IO/Socket/INET6.pm line 21
t/21-runner_sleep_between.t ......... skipped: You must create a valid test Google Spreadsheet and a valid /home/sand/.cpan/build/Google-Spreadsheet-Agent-0.02-JVE53s/t/../config/agent.conf.yml configuration file pointing to it to run the tests. See README.txt file for more information on how to run the tests.
Subroutine IO::Socket::INET6::sockaddr_in6 redefined at /home/src/perl/repoperls/installed-perls/perl/v5.13.7-249-g1726bc1/lib/5.13.7/Exporter.pm line 67.
 at /home/src/perl/repoperls/installed-perls/perl/v5.13.7-249-g1726bc1/lib/site_perl/5.13.7/IO/Socket/INET6.pm line 21
t/22-runner_skip_entry.t ............ skipped: You must create a valid test Google Spreadsheet and a valid /home/sand/.cpan/build/Google-Spreadsheet-Agent-0.02-JVE53s/t/../config/agent.conf.yml configuration file pointing to it to run the tests. See README.txt file for more information on how to run the tests.
Subroutine IO::Socket::INET6::sockaddr_in6 redefined at /home/src/perl/repoperls/installed-perls/perl/v5.13.7-249-g1726bc1/lib/5.13.7/Exporter.pm line 67.
 at /home/src/perl/repoperls/installed-perls/perl/v5.13.7-249-g1726bc1/lib/site_perl/5.13.7/IO/Socket/INET6.pm line 21
t/23-runner_skip_goal.t ............. skipped: You must create a valid test Google Spreadsheet and a valid /home/sand/.cpan/build/Google-Spreadsheet-Agent-0.02-JVE53s/t/../config/agent.conf.yml configuration file pointing to it to run the tests. See README.txt file for more information on how to run the tests.
t/boilerplate.t ..................... ok
Subroutine IO::Socket::INET6::sockaddr_in6 redefined at /home/src/perl/repoperls/installed-perls/perl/v5.13.7-249-g1726bc1/lib/5.13.7/Exporter.pm line 67.
 at /home/src/perl/repoperls/installed-perls/perl/v5.13.7-249-g1726bc1/lib/site_perl/5.13.7/IO/Socket/INET6.pm line 21

#   Failed test 'Pod coverage on Google::Spreadsheet::Agent'
#   at /home/src/perl/repoperls/installed-perls/perl/v5.13.7-249-g1726bc1/lib/site_perl/5.13.7/Test/Pod/Coverage.pm line 126.
# Coverage for Google::Spreadsheet::Agent is 0.0%, with 7 naked subroutines:
# 	BUILD
# 	complete_entry
# 	fail_entry
# 	get_entry
# 	has_conflicts
# 	mail_error
# 	run_entry

#   Failed test 'Pod coverage on Google::Spreadsheet::Agent::DB'
#   at /home/src/perl/repoperls/installed-perls/perl/v5.13.7-249-g1726bc1/lib/site_perl/5.13.7/Test/Pod/Coverage.pm line 126.
# Coverage for Google::Spreadsheet::Agent::DB is 0.0%, with 1 naked subroutine:
# 	BUILD

#   Failed test 'Pod coverage on Google::Spreadsheet::Agent::Runner'
#   at /home/src/perl/repoperls/installed-perls/perl/v5.13.7-249-g1726bc1/lib/site_perl/5.13.7/Test/Pod/Coverage.pm line 126.
# Coverage for Google::Spreadsheet::Agent::Runner is 80.0%, with 1 naked subroutine:
# 	BUILD
# Looks like you failed 3 tests of 3.
t/pod-coverage.t .................... 
Dubious, test returned 3 (wstat 768, 0x300)
Failed 3/3 subtests 
t/pod.t ............................. ok

Test Summary Report
-------------------
t/boilerplate.t                   (Wstat: 0 Tests: 5 Failed: 0)
  TODO passed:   1-5
t/pod-coverage.t                  (Wstat: 768 Tests: 3 Failed: 3)
  Failed tests:  1-3
  Non-zero exit status: 3
Files=27, Tests=14, 12 wallclock secs ( 0.07 usr  0.06 sys + 11.09 cusr  0.93 csys = 12.15 CPU)
Result: FAIL
Failed 1/27 test programs. 3/14 subtests failed.

------------------------------
PREREQUISITES
------------------------------

Prerequisite modules loaded:

requires:

    Module                    Need      Have   
    ------------------------- --------- -------
    IO::CaptureOutput         >= 1.1101 1.1102 
    Moose                     >= 0.92   1.21   
    Net::Google::Spreadsheets >= 0.14   0.14   
    Net::SMTP::TLS            >= 0.12   0.12   
    YAML::Any                 >= 0.67   0.72   

build_requires:

    Module                    Need      Have   
    ------------------------- --------- -------
    Test::More                0         0.97_01

configure_requires:

    Module                    Need      Have   
    ------------------------- --------- -------
    Module::Build             0.36      0.36_19


------------------------------
ENVIRONMENT AND OTHER CONTEXT
------------------------------

Environment variables:

    AUTOMATED_TESTING = 1
    LANG = en_US.UTF-8
    PATH = /home/sand/bin:/usr/local/bin:/usr/bin:/bin:/usr/bin/X11:/usr/games:/usr/local/perl/bin:/usr/X11/bin:/sbin:/usr/sbin
    PERL5LIB = 
    PERL5OPT = 
    PERL5_CPANPLUS_IS_RUNNING = 27648
    PERL5_CPAN_IS_RUNNING = 27648
    PERL_MM_USE_DEFAULT = 1
    SHELL = /usr/bin/zsh
    TERM = screen

Perl special variables (and OS-specific diagnostics, for MSWin32):

    $^X = /home/src/perl/repoperls/installed-perls/perl/v5.13.7-249-g1726bc1/bin/perl
    $UID/$EUID = 1001 / 1001
    $GID = 1001 1001
    $EGID = 1001 1001

Perl module toolchain versions installed:

    Module              Have   
    ------------------- -------
    CPAN                1.94_62
    Cwd                 3.34   
    ExtUtils::CBuilder  0.2801 
    ExtUtils::Command   1.16   
    ExtUtils::Install   1.55   
    ExtUtils::MakeMaker 6.57_05
    ExtUtils::Manifest  1.58   
    ExtUtils::ParseXS   2.2207 
    File::Spec          3.33   
    Module::Build       0.36_19
    Module::Signature   0.66   
    Test::Harness       3.22   
    Test::More          0.97_01
    YAML                0.72   
    YAML::Syck          1.17   
    version             0.87   


--

Summary of my perl5 (revision 5 version 13 subversion 7) configuration:
  Commit id: 1726bc11330f7a943b1e12c6dd5fa5454b90abd6
  Platform:
    osname=linux, osvers=2.6.32-5-amd64, archname=x86_64-linux-ld
    uname='linux k81 2.6.32-5-amd64 #1 smp sat oct 30 14:18:21 utc 2010 x86_64 gnulinux '
    config_args='-Dprefix=/home/src/perl/repoperls/installed-perls/perl/v5.13.7-249-g1726bc1 -Dinstallusrbinperl=n -Uversiononly -Dusedevel -des -Ui_db -Uuseithreads -Duselongdouble'
    hint=recommended, useposix=true, d_sigaction=define
    useithreads=undef, usemultiplicity=undef
    useperlio=define, d_sfio=undef, uselargefiles=define, usesocks=undef
    use64bitint=define, use64bitall=define, uselongdouble=define
    usemymalloc=n, bincompat5005=undef
  Compiler:
    cc='cc', ccflags ='-fno-strict-aliasing -pipe -fstack-protector -I/usr/local/include -D_LARGEFILE_SOURCE -D_FILE_OFFSET_BITS=64',
    optimize='-O2',
    cppflags='-fno-strict-aliasing -pipe -fstack-protector -I/usr/local/include'
    ccversion='', gccversion='4.4.5', gccosandvers=''
    intsize=4, longsize=8, ptrsize=8, doublesize=8, byteorder=12345678
    d_longlong=define, longlongsize=8, d_longdbl=define, longdblsize=16
    ivtype='long', ivsize=8, nvtype='long double', nvsize=16, Off_t='off_t', lseeksize=8
    alignbytes=16, prototype=define
  Linker and Libraries:
    ld='cc', ldflags =' -fstack-protector -L/usr/local/lib'
    libpth=/usr/local/lib /lib /usr/lib /lib64 /usr/lib64
    libs=-lnsl -lgdbm -ldb -ldl -lm -lcrypt -lutil -lc -lgdbm_compat
    perllibs=-lnsl -ldl -lm -lcrypt -lutil -lc
    libc=/lib/libc-2.11.2.so, so=so, useshrplib=false, libperl=libperl.a
    gnulibc_version='2.11.2'
  Dynamic Linking:
    dlsrc=dl_dlopen.xs, dlext=so, d_dlsymun=undef, ccdlflags='-Wl,-E'
    cccdlflags='-fPIC', lddlflags='-shared -O2 -L/usr/local/lib -fstack-protector'


Characteristics of this binary (from libperl): 
  Compile-time options: PERL_DONT_CREATE_GVSV PERL_MALLOC_WRAP PERL_USE_DEVEL
                        USE_64_BIT_ALL USE_64_BIT_INT USE_LARGE_FILES
                        USE_LONG_DOUBLE USE_PERLIO USE_PERL_ATOF
  Built under linux
  Compiled at Dec  2 2010 20:45:21
  %ENV:
    PERL5LIB=""
    PERL5OPT=""
    PERL5_CPANPLUS_IS_RUNNING="27648"
    PERL5_CPAN_IS_RUNNING="27648"
    PERL_MM_USE_DEFAULT="1"
  @INC:
    /home/src/perl/repoperls/installed-perls/perl/v5.13.7-249-g1726bc1/lib/site_perl/5.13.7/x86_64-linux-ld
    /home/src/perl/repoperls/installed-perls/perl/v5.13.7-249-g1726bc1/lib/site_perl/5.13.7
    /home/src/perl/repoperls/installed-perls/perl/v5.13.7-249-g1726bc1/lib/5.13.7/x86_64-linux-ld
    /home/src/perl/repoperls/installed-perls/perl/v5.13.7-249-g1726bc1/lib/5.13.7
    .