Report for Furl-1.02

Back
From: metabase:user:320bfe00-2aae-11df-837a-5e0a49663a4f
Subject: FAIL Furl-1.02 v5.17.6 GNU/Linux
Date: 2013-01-07T09:57:07Z

This distribution has been tested as part of the CPAN Testers
project, supporting the Perl programming language.  See
http://wiki.cpantesters.org/ for more information or email
questions to cpan-testers-discuss@perl.org


--
Dear Tokuhiro Matsuno,

This is a computer-generated report for Furl-1.02
on perl 5.17.6, created by CPAN-Reporter-1.2009.

Thank you for uploading your work to CPAN.  However, there was a problem
testing your distribution.

If you think this report is invalid, please consult the CPAN Testers Wiki
for suggestions on how to avoid getting FAIL reports for missing library
or binary dependencies, unsupported operating systems, and so on:

http://wiki.cpantesters.org/wiki/CPANAuthorNotes

Sections of this report:

    * Tester comments
    * Program output
    * Prerequisites
    * Environment and other context

------------------------------
TESTER COMMENTS
------------------------------

Additional comments from tester:

this report is from an automated smoke testing program
and was not reviewed by a human for accuracy

------------------------------
PROGRAM OUTPUT
------------------------------

Output from '/usr/bin/make test':

PERL_DL_NONLAZY=1 /home/sand/src/perl/repoperls/installed-perls/perl/v5.17.6/127e/bin/perl "-MExtUtils::Command::MM" "-e" "test_harness(0, 'inc', 'blib/lib', 'blib/arch')" t/*.t t/*/*.t t/*/*/*.t t/*/*/*/*.t
# Perl/v5.17.6
# Furl/1.02
# Net::IDN::Encode/(not installed)
# IO::Socket::SSL/1.81
# Compress::Raw::Zlib/2.059
t/00_compile.t ............................ ok
t/01_version.t ............................ ok
t/100_low/01_simple.t ..................... ok
t/100_low/03_redirect.t ................... ok
t/100_low/04_chunked.t .................... ok
t/100_low/05_slowloris.t .................. ok
t/100_low/06_errors.t ..................... ok
t/100_low/07_timeout.t .................... ok
t/100_low/08_proxy.t ...................... skipped: Test requires module 'HTTP::Proxy' but it's not found
t/100_low/09_body.t ....................... ok
t/100_low/11_write_file.t ................. ok
t/100_low/12_write_code.t ................. ok
t/100_low/13_deflate.t .................... skipped: Test requires module 'Plack::Middleware::Deflater' but it's not found
t/100_low/15_multiline_header.t ........... ok
t/100_low/16_read_callback.t .............. skipped: Test requires module 'IO::Callback' but it's not found
t/100_low/17_keep_alive.t ................. ok
t/100_low/18_no_proxy.t ................... skipped: Test requires module 'HTTP::Proxy' but it's not found
t/100_low/19_special_headers.t ............ ok
t/100_low/20_header_format_none.t ......... ok
t/100_low/21_keep_alive_timedout.t ........ ok
t/100_low/22_keep_alive_http10.t .......... skipped: Test requires module 'Starlet' but it's not found
t/100_low/23_redirect_relative.t .......... ok
t/100_low/24_no_content.t ................. ok
# Cannot write response: Broken pipe at t/HTTPServer.pm line 192.
# Cannot write response: Broken pipe at t/HTTPServer.pm line 192.
# Cannot write response: Broken pipe at t/HTTPServer.pm line 192.
t/100_low/25_signal.t ..................... ok
received a broken HTTP request at t/100_low/26_headers_only.t line 53.
t/100_low/26_headers_only.t ............... ok
t/100_low/27_close_on_eof.t ............... ok
t/100_low/28_idn.t ........................ skipped: Test requires module 'Net::IDN::Encode' but it's not found
t/100_low/29_completion_slash.t ........... ok
t/100_low/30_user_agent.t ................. ok
t/100_low/31_chunked_unexpected_eof.t ..... ok
t/300_high/01_simple.t .................... ok
t/300_high/02_agent.t ..................... ok
t/300_high/04_http_request.t .............. ok
t/300_high/05_suppress_dup_host_header.t .. ok
t/300_high/99_error.t ..................... ok
    
    #   Failed test 'header_field_names'
    #   at t/400_components/01_headers.t line 33.
    #          got: 'x-poo: san
    # x-poo: winnie
    # x-bar: 2
    # '
    #     expected: 'x-bar: 2
    # x-poo: san
    # x-poo: winnie
    # '
    # Looks like you failed 1 test of 16.

#   Failed test 'total test'
#   at t/400_components/01_headers.t line 39.
# Looks like you failed 1 test of 3.
t/400_components/01_headers.t ............. 
Dubious, test returned 1 (wstat 256, 0x100)
Failed 1/3 subtests 
t/400_components/02_response.t ............ ok
t/999_intrenal/parse_url.t ................ ok

Test Summary Report
-------------------
t/400_components/01_headers.t           (Wstat: 256 Tests: 3 Failed: 1)
  Failed test:  1
  Non-zero exit status: 1
Files=38, Tests=381, 56 wallclock secs ( 0.14 usr  0.05 sys +  3.51 cusr  0.72 csys =  4.42 CPU)
Result: FAIL
Failed 1/38 test programs. 1/381 subtests failed.
make: *** [test_dynamic] Error 255

------------------------------
PREREQUISITES
------------------------------

Prerequisite modules loaded:

requires:

    Module              Need     Have    
    ------------------- -------- --------
    HTTP::Parser::XS    0.11     0.15    
    Mozilla::CA         0        20120823
    perl                5.008001 5.017006

build_requires:

    Module              Need     Have    
    ------------------- -------- --------
    ExtUtils::MakeMaker 6.59     6.64    
    Test::More          0.96     0.98    
    Test::Requires      0        0.06    
    Test::TCP           1.06     1.18    

configure_requires:

    Module              Need     Have    
    ------------------- -------- --------
    ExtUtils::MakeMaker 6.59     6.64    


------------------------------
ENVIRONMENT AND OTHER CONTEXT
------------------------------

Environment variables:

    AUTOMATED_TESTING = 1
    LANG = en_US.UTF-8
    LANGUAGE = en_US:en
    PATH = /usr/lib/ccache:/home/sand/bin:/usr/local/bin:/usr/bin:/bin:/usr/bin/X11:/usr/games:/usr/local/perl/bin:/usr/X11/bin:/sbin:/usr/sbin
    PERL5LIB = 
    PERL5OPT = 
    PERL5_CPANPLUS_IS_RUNNING = 4596
    PERL5_CPAN_IS_RUNNING = 4596
    PERL_MM_USE_DEFAULT = 1
    SHELL = /usr/bin/zsh
    TERM = screen

Perl special variables (and OS-specific diagnostics, for MSWin32):

    $^X = /home/sand/src/perl/repoperls/installed-perls/perl/v5.17.6/127e/bin/perl
    $UID/$EUID = 1005 / 1005
    $GID = 1005 1005
    $EGID = 1005 1005

Perl module toolchain versions installed:

    Module              Have    
    ------------------- --------
    CPAN                1.99_51 
    CPAN::Meta          2.120921
    Cwd                 3.39_02 
    ExtUtils::CBuilder  0.280209
    ExtUtils::Command   1.17    
    ExtUtils::Install   1.58    
    ExtUtils::MakeMaker 6.64    
    ExtUtils::Manifest  1.62    
    ExtUtils::ParseXS   3.18    
    File::Spec          3.39_02 
    JSON                2.53    
    JSON::PP            2.27200 
    Module::Build       0.4003  
    Module::Signature   0.70    
    Parse::CPAN::Meta   1.4404  
    Test::Harness       3.25_01 
    Test::More          0.98    
    YAML                0.84    
    YAML::Syck          1.22    
    version             0.9901  


--

Summary of my perl5 (revision 5 version 17 subversion 6) configuration:
  Commit id: 15c17f169ef0db20cf821f6005d06ec88d93d250
  Platform:
    osname=linux, osvers=3.2.0-4-amd64, archname=x86_64-linux-ld
    uname='linux k83 3.2.0-4-amd64 #1 smp debian 3.2.35-2 x86_64 gnulinux '
    config_args='-Dprefix=/home/src/perl/repoperls/installed-perls/perl/v5.17.6/127e -Dmyhostname=k83 -Dinstallusrbinperl=n -Uversiononly -Dusedevel -des -Ui_db -Uuseithreads -Duselongdouble -DDEBUGGING=-g'
    hint=recommended, useposix=true, d_sigaction=define
    useithreads=undef, usemultiplicity=undef
    useperlio=define, d_sfio=undef, uselargefiles=define, usesocks=undef
    use64bitint=define, use64bitall=define, uselongdouble=define
    usemymalloc=n, bincompat5005=undef
  Compiler:
    cc='cc', ccflags ='-fno-strict-aliasing -pipe -fstack-protector -I/usr/local/include -D_LARGEFILE_SOURCE -D_FILE_OFFSET_BITS=64',
    optimize='-O2 -g',
    cppflags='-fno-strict-aliasing -pipe -fstack-protector -I/usr/local/include'
    ccversion='', gccversion='4.7.2', gccosandvers=''
    intsize=4, longsize=8, ptrsize=8, doublesize=8, byteorder=12345678
    d_longlong=define, longlongsize=8, d_longdbl=define, longdblsize=16
    ivtype='long', ivsize=8, nvtype='long double', nvsize=16, Off_t='off_t', lseeksize=8
    alignbytes=16, prototype=define
  Linker and Libraries:
    ld='cc', ldflags =' -fstack-protector -L/usr/local/lib'
    libpth=/usr/local/lib /lib/x86_64-linux-gnu /lib/../lib /usr/lib/x86_64-linux-gnu /usr/lib/../lib /lib /usr/lib
    libs=-lnsl -ldb -ldl -lm -lcrypt -lutil -lc
    perllibs=-lnsl -ldl -lm -lcrypt -lutil -lc
    libc=, so=so, useshrplib=false, libperl=libperl.a
    gnulibc_version='2.13'
  Dynamic Linking:
    dlsrc=dl_dlopen.xs, dlext=so, d_dlsymun=undef, ccdlflags='-Wl,-E'
    cccdlflags='-fPIC', lddlflags='-shared -O2 -g -L/usr/local/lib -fstack-protector'


Characteristics of this binary (from libperl): 
  Compile-time options: HAS_TIMES PERLIO_LAYERS PERL_DONT_CREATE_GVSV
                        PERL_MALLOC_WRAP PERL_PRESERVE_IVUV PERL_USE_DEVEL
                        USE_64_BIT_ALL USE_64_BIT_INT USE_LARGE_FILES
                        USE_LOCALE USE_LOCALE_COLLATE USE_LOCALE_CTYPE
                        USE_LOCALE_NUMERIC USE_LONG_DOUBLE USE_PERLIO
                        USE_PERL_ATOF
  Built under linux
  Compiled at Dec 30 2012 13:08:02
  %ENV:
    PERL5LIB=""
    PERL5OPT=""
    PERL5_CPANPLUS_IS_RUNNING="4596"
    PERL5_CPAN_IS_RUNNING="4596"
    PERL_MM_USE_DEFAULT="1"
  @INC:
    /home/src/perl/repoperls/installed-perls/perl/v5.17.6/127e/lib/site_perl/5.17.6/x86_64-linux-ld
    /home/src/perl/repoperls/installed-perls/perl/v5.17.6/127e/lib/site_perl/5.17.6
    /home/src/perl/repoperls/installed-perls/perl/v5.17.6/127e/lib/5.17.6/x86_64-linux-ld
    /home/src/perl/repoperls/installed-perls/perl/v5.17.6/127e/lib/5.17.6
    .