Report for Socket-1.95_002

Back
From: metabase:user:322078bc-2aae-11df-837a-5e0a49663a4f
Subject: FAIL Socket-1.95_002 v5.10.0 FreeBSD
Date: 2011-12-05T23:05:14Z

This distribution has been tested as part of the CPAN Testers
project, supporting the Perl programming language.  See
http://wiki.cpantesters.org/ for more information or email
questions to cpan-testers-discuss@perl.org


--

Dear PEVANS,

This is a computer-generated error report created automatically by
CPANPLUS, version 0.9112. Testers personal comments may appear
at the end of this report.


Thank you for uploading your work to CPAN.  However, it appears that
there were some problems testing your distribution.

TEST RESULTS:

Below is the error stack from stage 'make test':

[MSG] [Mon Dec  5 23:05:13 2011] cp Socket.pm blib/lib/Socket.pm
/usr/home/cpan/pit/thr/perl-5.10.0/bin/perl /usr/home/cpan/pit/thr/perl-5.10.0/lib/5.10.0/ExtUtils/xsubpp -noprototypes -typemap /usr/home/cpan/pit/thr/perl-5.10.0/lib/5.10.0/ExtUtils/typemap  Socket.xs > Socket.xsc && mv Socket.xsc Socket.c
cc -c    -DHAS_FPSETMASK -DHAS_FLOATINGPOINT_H -fno-strict-aliasing -pipe -I/usr/local/include -O    -DVERSION=\"1.95_002\"  -DXS_VERSION=\"1.95_002\" -DPIC -fPIC "-I/usr/home/cpan/pit/thr/perl-5.10.0/lib/5.10.0/amd64-freebsd-thread-multi/CORE"  -DHAS_GETADDRINFO -DHAS_GETNAMEINFO -DHAS_INETNTOP -DHAS_INETPTON -DHAS_SOCKADDR_SA_LEN -DHAS_SIN6_SCOPE_ID Socket.c
./const-xs.inc: In function 'XS_Socket_AUTOLOAD':
./const-xs.inc:813: warning: initialization makes pointer from integer without a cast
./const-xs.inc: In function 'boot_Socket':
./const-xs.inc:754: warning: assignment makes pointer from integer without a cast
./const-xs.inc:763: warning: assignment makes pointer from integer without a cast
./const-xs.inc:772: warning: assignment makes pointer from integer without a cast
./const-xs.inc:781: warning: assignment makes pointer from integer without a cast
./const-xs.inc:790: warning: assignment makes pointer from integer without a cast
./const-xs.inc:799: warning: assignment makes pointer from integer without a cast
Running Mkbootstrap for Socket ()
chmod 644 Socket.bs
rm -f blib/arch/auto/Socket/Socket.so
cc  -shared  -L/usr/local/lib Socket.o  -o blib/arch/auto/Socket/Socket.so 	    	 
chmod 755 blib/arch/auto/Socket/Socket.so
cp Socket.bs blib/arch/auto/Socket/Socket.bs
chmod 644 blib/arch/auto/Socket/Socket.bs
Manifying blib/man3/Socket.3

[ERROR] [Mon Dec  5 23:05:14 2011] MAKE TEST failed: PERL_DL_NONLAZY=1 /usr/home/cpan/pit/thr/perl-5.10.0/bin/perl "-MExtUtils::Command::MM" "-e" "test_harness(0, 'blib/lib', 'blib/arch')" t/*.t
Can't load '/usr/home/cpan/pit/thr/conf/perl-5.10.0/.cpanplus/5.10.0/build/Socket-1.95_002/blib/arch/auto/Socket/Socket.so' for module Socket: /usr/home/cpan/pit/thr/conf/perl-5.10.0/.cpanplus/5.10.0/build/Socket-1.95_002/blib/arch/auto/Socket/Socket.so: Undefined symbol "newSVpvn_flags" at /usr/home/cpan/pit/thr/perl-5.10.0/lib/5.10.0/amd64-freebsd-thread-multi/DynaLoader.pm line 203.
 at t/getaddrinfo.t line 5
Compilation failed in require at t/getaddrinfo.t line 5.
BEGIN failed--compilation aborted at t/getaddrinfo.t line 5.
# Looks like your test exited with 2 before it could output anything.
t/getaddrinfo.t .. 
Dubious, test returned 2 (wstat 512, 0x200)
Failed 30/30 subtests 
Can't load '/usr/home/cpan/pit/thr/conf/perl-5.10.0/.cpanplus/5.10.0/build/Socket-1.95_002/blib/arch/auto/Socket/Socket.so' for module Socket: /usr/home/cpan/pit/thr/conf/perl-5.10.0/.cpanplus/5.10.0/build/Socket-1.95_002/blib/arch/auto/Socket/Socket.so: Undefined symbol "newSVpvn_flags" at /usr/home/cpan/pit/thr/perl-5.10.0/lib/5.10.0/amd64-freebsd-thread-multi/DynaLoader.pm line 203.
 at t/getnameinfo.t line 5
Compilation failed in require at t/getnameinfo.t line 5.
BEGIN failed--compilation aborted at t/getnameinfo.t line 5.
t/getnameinfo.t .. 
Dubious, test returned 2 (wstat 512, 0x200)
Failed 14/14 subtests 
# Looks like your test exited with 2 before it could output anything.
Can't load '/usr/home/cpan/pit/thr/conf/perl-5.10.0/.cpanplus/5.10.0/build/Socket-1.95_002/blib/arch/auto/Socket/Socket.so' for module Socket: /usr/home/cpan/pit/thr/conf/perl-5.10.0/.cpanplus/5.10.0/build/Socket-1.95_002/blib/arch/auto/Socket/Socket.so: Undefined symbol "newSVpvn_flags" at /usr/home/cpan/pit/thr/perl-5.10.0/lib/5.10.0/amd64-freebsd-thread-multi/DynaLoader.pm line 203.
 at t/ipv6_mreq.t line 7
Compilation failed in require at t/ipv6_mreq.t line 7.
BEGIN failed--compilation aborted at t/ipv6_mreq.t line 7.
t/ipv6_mreq.t .... 
Dubious, test returned 2 (wstat 512, 0x200)
No subtests run 
Can't load '/usr/home/cpan/pit/thr/conf/perl-5.10.0/.cpanplus/5.10.0/build/Socket-1.95_002/blib/arch/auto/Socket/Socket.so' for module Socket: /usr/home/cpan/pit/thr/conf/perl-5.10.0/.cpanplus/5.10.0/build/Socket-1.95_002/blib/arch/auto/Socket/Socket.so: Undefined symbol "newSVpvn_flags" at /usr/home/cpan/pit/thr/perl-5.10.0/lib/5.10.0/amd64-freebsd-thread-multi/DynaLoader.pm line 203.
 at t/Socket.t line 13
Compilation failed in require at t/Socket.t line 13.
BEGIN failed--compilation aborted at t/Socket.t line 13.
t/Socket.t ....... 
Dubious, test returned 2 (wstat 512, 0x200)
No subtests run 
Can't load '/usr/home/cpan/pit/thr/conf/perl-5.10.0/.cpanplus/5.10.0/build/Socket-1.95_002/blib/arch/auto/Socket/Socket.so' for module Socket: /usr/home/cpan/pit/thr/conf/perl-5.10.0/.cpanplus/5.10.0/build/Socket-1.95_002/blib/arch/auto/Socket/Socket.so: Undefined symbol "newSVpvn_flags" at /usr/home/cpan/pit/thr/perl-5.10.0/lib/5.10.0/amd64-freebsd-thread-multi/DynaLoader.pm line 203.
 at t/socketpair.t line 48
Compilation failed in require at t/socketpair.t line 48.
BEGIN failed--compilation aborted at t/socketpair.t line 48.
t/socketpair.t ... 
Dubious, test returned 2 (wstat 512, 0x200)
No subtests run 

Test Summary Report
-------------------
t/getaddrinfo.t (Wstat: 512 Tests: 0 Failed: 0)
  Non-zero exit status: 2
  Parse errors: Bad plan.  You planned 30 tests but ran 0.
t/getnameinfo.t (Wstat: 512 Tests: 0 Failed: 0)
  Non-zero exit status: 2
  Parse errors: Bad plan.  You planned 14 tests but ran 0.
t/ipv6_mreq.t  (Wstat: 512 Tests: 0 Failed: 0)
  Non-zero exit status: 2
  Parse errors: No plan found in TAP output
t/Socket.t     (Wstat: 512 Tests: 0 Failed: 0)
  Non-zero exit status: 2
  Parse errors: No plan found in TAP output
t/socketpair.t (Wstat: 512 Tests: 0 Failed: 0)
  Non-zero exit status: 2
  Parse errors: No plan found in TAP output
Files=5, Tests=0,  1 wallclock secs ( 0.03 usr  0.02 sys +  0.09 cusr  0.04 csys =  0.18 CPU)
Result: FAIL
*** Error code 2

Stop in /usr/home/cpan/pit/thr/conf/perl-5.10.0/.cpanplus/5.10.0/build/Socket-1.95_002.
Failed 5/5 test programs. 0/0 subtests failed.

[MSG] [Mon Dec  5 23:05:14 2011] DEFAULT 'proceed_on_test_failure' HANDLER RETURNING 'sub return value'

PREREQUISITES:

Here is a list of prerequisites you specified and versions we
managed to load:

	  Module Name                        Have     Want
	  ExtUtils::MakeMaker                6.62        0

Perl module toolchain versions installed:
	Module Name                        Have
	CPANPLUS                         0.9112
	CPANPLUS::Dist::Build              0.60
	Cwd                                3.33
	ExtUtils::CBuilder             0.280202
	ExtUtils::Command                  1.16
	ExtUtils::Install                  1.54
	ExtUtils::MakeMaker                6.62
	ExtUtils::Manifest                 1.60
	ExtUtils::ParseXS                  3.05
	File::Spec                         3.33
	Module::Build                    0.3800
	Test::Harness                      3.23
	Test::More                         0.98
	version                            0.94

******************************** NOTE ********************************
The comments above are created mechanically, possibly without manual
checking by the sender.  As there are many people performing automatic
tests on each upload to CPAN, it is likely that you will receive
identical messages about the same problem.

If you believe that the message is mistaken, please reply to the first
one with correction and/or additional informations, and do not take
it personally.  We appreciate your patience. :)
**********************************************************************

Additional comments:


This report was machine-generated by CPANPLUS::Dist::YACSmoke 0.66.
Powered by minismokebox version 0.54

------------------------------
ENVIRONMENT AND OTHER CONTEXT
------------------------------

Environment variables:

    AUTOMATED_TESTING = 1
    PATH = /sbin:/bin:/usr/sbin:/usr/bin:/usr/games:/usr/local/sbin:/usr/local/bin:/home/cpan/bin
    PERL5LIB = :/usr/home/cpan/pit/thr/conf/perl-5.10.0/.cpanplus/5.10.0/build/Try-Tiny-0.11/blib/lib:/usr/home/cpan/pit/thr/conf/perl-5.10.0/.cpanplus/5.10.0/build/Try-Tiny-0.11/blib/arch:/usr/home/cpan/pit/thr/conf/perl-5.10.0/.cpanplus/5.10.0/build/Test-Fatal-0.008/blib/lib:/usr/home/cpan/pit/thr/conf/perl-5.10.0/.cpanplus/5.10.0/build/Test-Fatal-0.008/blib/arch:/usr/home/cpan/pit/thr/conf/perl-5.10.0/.cpanplus/5.10.0/build/ExtUtils-CChecker-0.07/blib/lib:/usr/home/cpan/pit/thr/conf/perl-5.10.0/.cpanplus/5.10.0/build/ExtUtils-CChecker-0.07/blib/arch:/usr/home/cpan/pit/thr/conf/perl-5.10.0/.cpanplus/5.10.0/build/ExtUtils-Constant-0.23/blib/lib:/usr/home/cpan/pit/thr/conf/perl-5.10.0/.cpanplus/5.10.0/build/ExtUtils-Constant-0.23/blib/arch:/usr/home/cpan/pit/thr/conf/perl-5.10.0/.cpanplus/5.10.0/build/Socket-1.95_002/blib/lib:/usr/home/cpan/pit/thr/conf/perl-5.10.0/.cpanplus/5.10.0/build/Socket-1.95_002/blib/arch
    PERL5_CPANPLUS_IS_RUNNING = 7423
    PERL5_CPANPLUS_IS_VERSION = 0.9112
    PERL5_MINISMOKEBOX = 0.54
    PERL5_YACSMOKE_BASE = /usr/home/cpan/pit/thr/conf/perl-5.10.0
    PERL_EXTUTILS_AUTOINSTALL = --defaultdeps
    PERL_MM_USE_DEFAULT = 1
    SHELL = /usr/local/bin/bash
    TERM = screen

Perl special variables (and OS-specific diagnostics, for MSWin32):

    Perl: $^X = /usr/home/cpan/pit/thr/perl-5.10.0/bin/perl
    UID:  $<  = 1002
    EUID: $>  = 1002
    GID:  $(  = 1002 1002
    EGID: $)  = 1002 1002


-------------------------------


--

Summary of my perl5 (revision 5 version 10 subversion 0) configuration:
  Platform:
    osname=freebsd, osvers=9.0-rc1, archname=amd64-freebsd-thread-multi
    uname='freebsd fremen 9.0-rc1 freebsd 9.0-rc1 #0: tue oct 18 18:51:43 utc 2011 root@farrell.cse.buffalo.edu:usrobjusrsrcsysgeneric amd64 '
    config_args='-des -Dprefix=/usr/home/cpan/pit/thr/perl-5.10.0 -Dusethreads'
    hint=recommended, useposix=true, d_sigaction=define
    useithreads=define, usemultiplicity=define
    useperlio=define, d_sfio=undef, uselargefiles=define, usesocks=undef
    use64bitint=define, use64bitall=define, uselongdouble=undef
    usemymalloc=n, bincompat5005=undef
  Compiler:
    cc='cc', ccflags ='-DHAS_FPSETMASK -DHAS_FLOATINGPOINT_H -fno-strict-aliasing -pipe -I/usr/local/include',
    optimize='-O',
    cppflags='-DHAS_FPSETMASK -DHAS_FLOATINGPOINT_H -fno-strict-aliasing -pipe -I/usr/local/include'
    ccversion='', gccversion='4.2.2 20070831 prerelease [FreeBSD]', gccosandvers=''
    intsize=4, longsize=8, ptrsize=8, doublesize=8, byteorder=12345678
    d_longlong=define, longlongsize=8, d_longdbl=define, longdblsize=16
    ivtype='long', ivsize=8, nvtype='double', nvsize=8, Off_t='off_t', lseeksize=8
    alignbytes=8, prototype=define
  Linker and Libraries:
    ld='cc', ldflags ='-pthread -Wl,-E  -L/usr/local/lib'
    libpth=/usr/lib /usr/local/lib
    libs=-lgdbm -lm -lcrypt
    perllibs=-lm -lcrypt
    libc=, so=so, useshrplib=false, libperl=libperl.a
    gnulibc_version=''
  Dynamic Linking:
    dlsrc=dl_dlopen.xs, dlext=so, d_dlsymun=undef, ccdlflags=' '
    cccdlflags='-DPIC -fPIC', lddlflags='-shared  -L/usr/local/lib'


Characteristics of this binary (from libperl): 
  Compile-time options: MULTIPLICITY PERL_DONT_CREATE_GVSV
                        PERL_IMPLICIT_CONTEXT PERL_MALLOC_WRAP USE_64_BIT_ALL
                        USE_64_BIT_INT USE_ITHREADS USE_LARGE_FILES
                        USE_PERLIO USE_REENTRANT_API
  Built under freebsd
  Compiled at Oct 24 2011 18:01:32
  %ENV:
    PERL5LIB=":/usr/home/cpan/pit/thr/conf/perl-5.10.0/.cpanplus/5.10.0/build/Try-Tiny-0.11/blib/lib:/usr/home/cpan/pit/thr/conf/perl-5.10.0/.cpanplus/5.10.0/build/Try-Tiny-0.11/blib/arch:/usr/home/cpan/pit/thr/conf/perl-5.10.0/.cpanplus/5.10.0/build/Test-Fatal-0.008/blib/lib:/usr/home/cpan/pit/thr/conf/perl-5.10.0/.cpanplus/5.10.0/build/Test-Fatal-0.008/blib/arch:/usr/home/cpan/pit/thr/conf/perl-5.10.0/.cpanplus/5.10.0/build/ExtUtils-CChecker-0.07/blib/lib:/usr/home/cpan/pit/thr/conf/perl-5.10.0/.cpanplus/5.10.0/build/ExtUtils-CChecker-0.07/blib/arch:/usr/home/cpan/pit/thr/conf/perl-5.10.0/.cpanplus/5.10.0/build/ExtUtils-Constant-0.23/blib/lib:/usr/home/cpan/pit/thr/conf/perl-5.10.0/.cpanplus/5.10.0/build/ExtUtils-Constant-0.23/blib/arch:/usr/home/cpan/pit/thr/conf/perl-5.10.0/.cpanplus/5.10.0/build/Socket-1.95_002/blib/lib:/usr/home/cpan/pit/thr/conf/perl-5.10.0/.cpanplus/5.10.0/build/Socket-1.95_002/blib/arch"
    PERL5_CPANPLUS_IS_RUNNING="7423"
    PERL5_CPANPLUS_IS_VERSION="0.9112"
    PERL5_MINISMOKEBOX="0.54"
    PERL5_YACSMOKE_BASE="/usr/home/cpan/pit/thr/conf/perl-5.10.0"
    PERL_EXTUTILS_AUTOINSTALL="--defaultdeps"
    PERL_MM_USE_DEFAULT="1"
  @INC:
    /usr/home/cpan/pit/thr/conf/perl-5.10.0/.cpanplus/5.10.0/build/Try-Tiny-0.11/blib/lib
    /usr/home/cpan/pit/thr/conf/perl-5.10.0/.cpanplus/5.10.0/build/Try-Tiny-0.11/blib/arch
    /usr/home/cpan/pit/thr/conf/perl-5.10.0/.cpanplus/5.10.0/build/Test-Fatal-0.008/blib/lib
    /usr/home/cpan/pit/thr/conf/perl-5.10.0/.cpanplus/5.10.0/build/Test-Fatal-0.008/blib/arch
    /usr/home/cpan/pit/thr/conf/perl-5.10.0/.cpanplus/5.10.0/build/ExtUtils-CChecker-0.07/blib/lib
    /usr/home/cpan/pit/thr/conf/perl-5.10.0/.cpanplus/5.10.0/build/ExtUtils-CChecker-0.07/blib/arch
    /usr/home/cpan/pit/thr/conf/perl-5.10.0/.cpanplus/5.10.0/build/ExtUtils-Constant-0.23/blib/lib
    /usr/home/cpan/pit/thr/conf/perl-5.10.0/.cpanplus/5.10.0/build/ExtUtils-Constant-0.23/blib/arch
    /usr/home/cpan/pit/thr/conf/perl-5.10.0/.cpanplus/5.10.0/build/Socket-1.95_002/blib/lib
    /usr/home/cpan/pit/thr/conf/perl-5.10.0/.cpanplus/5.10.0/build/Socket-1.95_002/blib/arch
    /usr/home/cpan/pit/thr/perl-5.10.0/lib/5.10.0/amd64-freebsd-thread-multi
    /usr/home/cpan/pit/thr/perl-5.10.0/lib/5.10.0
    /usr/home/cpan/pit/thr/perl-5.10.0/lib/site_perl/5.10.0/amd64-freebsd-thread-multi
    /usr/home/cpan/pit/thr/perl-5.10.0/lib/site_perl/5.10.0
    .