Report for Module-Build-0.37_04

Back
From: metabase:user:30dda8bc-2aae-11df-837a-5e0a49663a4f
Subject: FAIL Module-Build-0.37_04 v5.10.1 GNU/Linux
Date: 2011-02-18T18:33:32Z

This distribution has been tested as part of the CPAN Testers
project, supporting the Perl programming language.  See
http://wiki.cpantesters.org/ for more information or email
questions to cpan-testers-discuss@perl.org


--
Dear David Golden,

This is a computer-generated report for Module-Build-0.37_04
on perl 5.10.1, created by CPAN-Reporter-1.1902.

Thank you for uploading your work to CPAN.  However, there was a problem
testing your distribution.

If you think this report is invalid, please consult the CPAN Testers Wiki
for suggestions on how to avoid getting FAIL reports for missing library
or binary dependencies, unsupported operating systems, and so on:

http://wiki.cpantesters.org/wiki/CPANAuthorNotes

Sections of this report:

    * Tester comments
    * Program output
    * Prerequisites
    * Environment and other context

------------------------------
TESTER COMMENTS
------------------------------

Additional comments from tester:

this report is from an automated smoke testing program
and was not reviewed by a human for accuracy

------------------------------
PROGRAM OUTPUT
------------------------------

Output from './Build test':

t/00-compile.t ................. ok
Could not create MYMETA files
Could not create MYMETA files
t/PL_files.t ................... ok
t/actions/installdeps.t ........ ok
t/actions/manifest_skip.t ...... ok
t/add_property.t ............... ok
Could not create MYMETA files
Could not create MYMETA files
Could not create MYMETA files
Could not create MYMETA files
t/basic.t ...................... ok
t/bundle_inc.t ................. skipped: $ENV{MB_TEST_EXPERIMENTAL} is not set
t/compat.t ..................... ok
Could not create MYMETA files
t/compat/exit.t ................ ok
Could not create MYMETA files
t/debug.t ...................... ok
Could not create MYMETA files
t/destinations.t ............... ok
t/ext.t ........................ ok
t/extend.t ..................... ok
Could not create MYMETA files
t/files.t ...................... ok
t/help.t ....................... ok
Could not create MYMETA files
Could not create MYMETA files
t/install.t .................... ok
Could not create MYMETA files
t/install_extra_target.t ....... ok
t/manifypods.t ................. ok
Could not create MYMETA files
Could not create MYMETA files
Could not create MYMETA files
Could not create MYMETA files
Could not create MYMETA files
Could not create MYMETA files
Could not create MYMETA files
Could not create MYMETA files
Could not create MYMETA files
Could not create MYMETA files
Could not create MYMETA files
Could not create MYMETA files
Could not create MYMETA files
Could not create MYMETA files
Could not create MYMETA files
Could not create MYMETA files
Could not create MYMETA files
Could not create MYMETA files
Could not create MYMETA files
Could not create MYMETA files
Could not create MYMETA files
Could not create MYMETA files
t/metadata.t ................... ok

#   Failed test at t/metadata2.t line 27.
#                   ''
#     doesn't match '(?-xism:Nothing to enter for 'provides')'

#   Failed test at t/metadata2.t line 29.
Could not create MYMETA files
Could not create MYMETA files
Could not create MYMETA files
# Looks like you failed 2 tests of 18.
t/metadata2.t .................. 
Dubious, test returned 2 (wstat 512, 0x200)
Failed 2/18 subtests 
Parse::CPAN::Meta version 1.44 required--this is only version 1.4200 at /home/bq_cdavis/.cpan/build/CPAN-Meta-2.110440-02n9Wj/blib/lib/CPAN/Meta.pm line 16.
BEGIN failed--compilation aborted at /home/bq_cdavis/.cpan/build/CPAN-Meta-2.110440-02n9Wj/blib/lib/CPAN/Meta.pm line 16.
Compilation failed in require at t/mymeta.t line 6.
BEGIN failed--compilation aborted at t/mymeta.t line 6.
t/mymeta.t ..................... 
Dubious, test returned 9 (wstat 2304, 0x900)
No subtests run 
Could not create MYMETA files
t/new_from_context.t ........... ok
Could not create MYMETA files
Could not create MYMETA files
t/notes.t ...................... ok
Could not create MYMETA files
t/par.t ........................ ok
t/parents.t .................... ok
Could not create MYMETA files
Could not create MYMETA files
t/perl_mb_opt.t ................ ok
t/pod_parser.t ................. ok
Could not create MYMETA files
Could not create MYMETA files
t/ppm.t ........................ ok
Could not create MYMETA files
t/properties/dist_suffix.t ..... ok
Could not create MYMETA files
Could not create MYMETA files
t/properties/license.t ......... ok
Could not create MYMETA files
Could not create MYMETA files
t/properties/module_name.t ..... ok
t/properties/needs_compiler.t .. ok
Could not create MYMETA files
Could not create MYMETA files
Could not create MYMETA files
Could not create MYMETA files
Could not create MYMETA files
Could not create MYMETA files
Could not create MYMETA files
Could not create MYMETA files
Could not create MYMETA files
t/properties/release_status.t .. ok
Could not create MYMETA files
t/properties/share_dir.t ....... ok
Could not create MYMETA files
t/resume.t ..................... ok
Could not create MYMETA files
Could not create MYMETA files
Use of uninitialized value $fh in <HANDLE> at t/runthrough.t line 129.
readline() on unopened filehandle at t/runthrough.t line 129.
Use of uninitialized value $contents in pattern match (m//) at t/runthrough.t line 130.
Use of uninitialized value $1 in concatenation (.) or string at t/runthrough.t line 131.
Use of uninitialized value $got in numeric eq (==) at (eval in cmp_ok) t/runthrough.t line 131.

#   Failed test 'Check version used to create META.yml:  == 0.3704'
#   at t/runthrough.t line 131.
Use of uninitialized value $val in addition (+) at /usr/local/perl/Ubuntu-10.10-x86_64/lib/perl5/Test/Builder.pm line 915.
#          got: undef
#     expected: 0.3704
*** Did you forget to add META.yml to the MANIFEST?
# Looks like you failed 1 test of 29.
t/runthrough.t ................. 
Dubious, test returned 1 (wstat 256, 0x100)
Failed 1/29 subtests 
	(less 4 skipped subtests: 24 okay)
Could not create MYMETA files
t/sample.t ..................... ok
Could not create MYMETA files
Can't open META.yml: No such file or directory at t/lib/MBTest.pm line 162.
# Looks like your test exited with 2 just after 7.
t/script_dist.t ................ 
Dubious, test returned 2 (wstat 512, 0x200)
All 7 subtests passed 
Could not create MYMETA files
*** Did you forget to add META.yml to the MANIFEST?
*** Did you forget to add META.yml to the MANIFEST?
*** Did you forget to add META.yml to the MANIFEST?
Could not create MYMETA files
*** Did you forget to add META.yml to the MANIFEST?
t/signature.t .................. ok
t/test_file_exts.t ............. ok
t/test_type.t .................. ok
t/test_types.t ................. ok
Could not create MYMETA files
Could not create MYMETA files
Could not create MYMETA files
Could not create MYMETA files
Could not create MYMETA files
Could not create MYMETA files
Could not create MYMETA files
Could not create MYMETA files
Could not create MYMETA files
Could not create MYMETA files
Could not create MYMETA files
Could not create MYMETA files
Could not create MYMETA files
t/tilde.t ...................... ok
Could not create MYMETA files
Could not create MYMETA files
Could not create MYMETA files
t/use_tap_harness.t ............ ok
t/versions.t ................... ok
t/write_default_maniskip.t ..... ok
Could not create MYMETA files
Could not create MYMETA files
Could not create MYMETA files
Could not create MYMETA files
t/xs.t ......................... ok

Test Summary Report
-------------------
t/metadata2.t                (Wstat: 512 Tests: 18 Failed: 2)
  Failed tests:  3-4
  Non-zero exit status: 2
t/mymeta.t                   (Wstat: 2304 Tests: 0 Failed: 0)
  Non-zero exit status: 9
  Parse errors: No plan found in TAP output
t/runthrough.t               (Wstat: 256 Tests: 29 Failed: 1)
  Failed test:  17
  Non-zero exit status: 1
t/script_dist.t              (Wstat: 512 Tests: 7 Failed: 0)
  Non-zero exit status: 2
Files=47, Tests=1108, 35937 wallclock secs ( 0.54 usr  0.14 sys + 60.70 cusr 33.77 csys = 95.15 CPU)
Result: FAIL
Failed 4/47 test programs. 3/1108 subtests failed.

------------------------------
PREREQUISITES
------------------------------

Prerequisite modules loaded:

requires:

    Module                Need     Have    
    --------------------- -------- --------
    CPAN::Meta            2.110420 2.110440
    Cwd                   0        3.33    
    Data::Dumper          0        2.128   
    ExtUtils::CBuilder    0.27     0.280202
    ExtUtils::Install     0        1.54    
    ExtUtils::Manifest    0        1.56    
    ExtUtils::Mkbootstrap 0        6.56    
    ExtUtils::ParseXS     2.21     2.2206  
    File::Basename        0        2.77    
    File::Compare         0        1.1006  
    File::Copy            0        2.14    
    File::Find            0        1.14    
    File::Path            0        2.08    
    File::Spec            0.82     3.33    
    Getopt::Long          0        2.38    
    IO::File              0        1.14    
    Module::Metadata      1.000002 1.000003
    perl                  5.006001 5.010001
    Perl::OSType          1        1.002   
    Test::Harness         0        3.22    
    Text::Abbrev          0        1.01    
    Text::ParseWords      0        3.27    
    version               0.87     0.88    

build_requires:

    Module                Need     Have    
    --------------------- -------- --------
    File::Temp            0.15     0.22    
    Parse::CPAN::Meta     1.4401   1.4401  
    Test::Harness         3.16     3.22    
    Test::More            0.49     0.96    


------------------------------
ENVIRONMENT AND OTHER CONTEXT
------------------------------

Environment variables:

    AUTOMATED_TESTING = 1
    LANG = en_GB.utf8
    LD_LIBRARY_PATH = :/usr/lib/jni:/usr/local/install/Ubuntu-10.10-x86_64/lib:/usr/local/install/Ubuntu-10.10-x86_64/lib64:/usr/lib/mysql:/usr/local/install/Ubuntu-10.10-x86_64/lib:/usr/local/install/Ubuntu-10.10-x86_64/lib64:/usr/lib/mysql
    PATH = /usr/local/home/bq_cdavis/Documents/src/sbglib/script:/usr/local/home/bq_cdavis/Documents/src/acaweb/script:/usr/local/home/bq_cdavis/Documents/src/misc/bin:/usr/java/jdk1.6.0_22/bin:/usr/java/jdk1.6.0_21/bin:/usr/local/perl/Ubuntu-10.10-x86_64/bin:/usr/local/home/bq_cdavis/Documents/src/sbglib/script:/usr/local/home/bq_cdavis/Documents/src/acaweb/script:/usr/local/home/bq_cdavis/Documents/src/misc/bin:/usr/java/jdk1.6.0_22/bin:/usr/java/jdk1.6.0_21/bin:/usr/local/perl/Ubuntu-10.10-x86_64/bin:/home/bq_cdavis/scripts:/home/bq_cdavis/admin:/home/bq_cdavis/usr/bin:/home/bq_cdavis/bin:/usr/local/bin:/usr/local/sbin:/bin:/sbin:/usr/bin:/usr/sbin:/usr/X11R6/bin:/usr/local/sbin:/usr/local/bin:/usr/sbin:/usr/bin:/sbin:/bin:/usr/games:/home/bq_cdavis/.eclipse/org.eclipse.platform_3.5.0_155965261/plugins/com.google.appengine.eclipse.sdkbundle.1.4.0_1.4.0.v201012021500/appengine-java-sdk-1.4.0/bin:/sbin:/usr/local/admin:/usr/local/admin/data:/usr/local/install/Ubuntu-10.10-x86_64/bin:/usr/local/code/misc/bin:/opt/pbs/bin:/usr/pbs/bin:/usr/local/lbin:/sbin:/usr/local/admin:/usr/local/admin/data:/usr/local/install/Ubuntu-10.10-x86_64/bin:/usr/local/code/misc/bin:/opt/pbs/bin:/usr/pbs/bin:/usr/local/lbin
    PERL5LIB = /home/bq_cdavis/.cpan/build/CPAN-Meta-2.110440-02n9Wj/blib/arch:/home/bq_cdavis/.cpan/build/CPAN-Meta-2.110440-02n9Wj/blib/lib:/home/bq_cdavis/.cpan/build/Version-Requirements-0.101020-bZyyKm/blib/arch:/home/bq_cdavis/.cpan/build/Version-Requirements-0.101020-bZyyKm/blib/lib:/home/bq_cdavis/.cpan/build/Parse-CPAN-Meta-1.4401-z56sfU/blib/arch:/home/bq_cdavis/.cpan/build/Parse-CPAN-Meta-1.4401-z56sfU/blib/lib:/usr/local/home/bq_cdavis/Documents/src/sbglib/lib:/usr/local/home/bq_cdavis/Documents/src/sbglib/t:/usr/local/home/bq_cdavis/Documents/src/acaweb/lib:/usr/local/home/bq_cdavis/Documents/src/acaweb/t:/usr/local/perl/Ubuntu-10.10-x86_64/lib/perl5/x86_64-linux-gnu-thread-multi:/usr/local/perl/Ubuntu-10.10-x86_64/lib/perl5:/usr/local/home/bq_cdavis/Documents/src/sbglib/lib:/usr/local/home/bq_cdavis/Documents/src/sbglib/t:/usr/local/home/bq_cdavis/Documents/src/acaweb/lib:/usr/local/home/bq_cdavis/Documents/src/acaweb/t:/usr/local/perl/Ubuntu-10.10-x86_64/lib/perl5/x86_64-linux-gnu-thread-multi:/usr/local/perl/Ubuntu-10.10-x86_64/lib/perl5:/home/bq_cdavis/scripts:/home/bq_cdavis/scrap/perl::/usr/local/install/Ubuntu-10.10-x86_64/lib/perl5:/usr/local/code/misc/lib:/usr/local/install/Ubuntu-10.10-x86_64/lib/perl5:/usr/local/code/misc/lib
    PERL5OPT = 
    PERL5_CPANPLUS_IS_RUNNING = 592
    PERL5_CPAN_IS_RUNNING = 592
    PERL5_CPAN_IS_RUNNING_IN_RECURSION = 2570,592
    PERL_CR_SMOKER_CURRENT = Module-Build-0.37_04
    PERL_EXTUTILS_AUTOINSTALL = --defaultdeps
    PERL_LOCAL_LIB_ROOT = /usr/local/perl/Ubuntu-10.10-x86_64
    PERL_MB_OPT = --install_base /usr/local/perl/Ubuntu-10.10-x86_64
    PERL_MM_OPT = INSTALL_BASE=/usr/local/perl/Ubuntu-10.10-x86_64
    PERL_MM_USE_DEFAULT = 1
    SHELL = /bin/bash
    TERM = xterm
    TMPDIR = /usr/local/tmp

Perl special variables (and OS-specific diagnostics, for MSWin32):

    $^X = /usr/bin/perl
    $UID/$EUID = 1000 / 1000
    $GID = 1000 4 20 24 46 100 111 119 122 127 1000
    $EGID = 1000 4 20 24 46 100 111 119 122 127 1000

Perl module toolchain versions installed:

    Module              Have    
    ------------------- --------
    CPAN                1.9402  
    Cwd                 3.33    
    ExtUtils::CBuilder  0.280202
    ExtUtils::Command   1.16    
    ExtUtils::Install   1.54    
    ExtUtils::MakeMaker 6.56    
    ExtUtils::Manifest  1.56    
    ExtUtils::ParseXS   2.2206  
    File::Spec          3.33    
    Module::Build       0.3624  
    Module::Signature   0.66    
    Test::Harness       3.22    
    Test::More          0.96    
    YAML                0.72    
    YAML::Syck          1.17    
    version             0.88    


--

Summary of my perl5 (revision 5 version 10 subversion 1) configuration:
   
  Platform:
    osname=linux, osvers=2.6.24-27-server, archname=x86_64-linux-gnu-thread-multi
    uname='linux yellow 2.6.24-27-server #1 smp fri mar 12 01:23:09 utc 2010 x86_64 gnulinux '
    config_args='-Dusethreads -Duselargefiles -Dccflags=-DDEBIAN -Dcccdlflags=-fPIC -Darchname=x86_64-linux-gnu -Dprefix=/usr -Dprivlib=/usr/share/perl/5.10 -Darchlib=/usr/lib/perl/5.10 -Dvendorprefix=/usr -Dvendorlib=/usr/share/perl5 -Dvendorarch=/usr/lib/perl5 -Dsiteprefix=/usr/local -Dsitelib=/usr/local/share/perl/5.10.1 -Dsitearch=/usr/local/lib/perl/5.10.1 -Dman1dir=/usr/share/man/man1 -Dman3dir=/usr/share/man/man3 -Dsiteman1dir=/usr/local/man/man1 -Dsiteman3dir=/usr/local/man/man3 -Dman1ext=1 -Dman3ext=3perl -Dpager=/usr/bin/sensible-pager -Uafs -Ud_csh -Ud_ualarm -Uusesfio -Uusenm -DDEBUGGING=-g -Doptimize=-O2 -Duseshrplib -Dlibperl=libperl.so.5.10.1 -Dd_dosuid -des'
    hint=recommended, useposix=true, d_sigaction=define
    useithreads=define, usemultiplicity=define
    useperlio=define, d_sfio=undef, uselargefiles=define, usesocks=undef
    use64bitint=define, use64bitall=define, uselongdouble=undef
    usemymalloc=n, bincompat5005=undef
  Compiler:
    cc='cc', ccflags ='-D_REENTRANT -D_GNU_SOURCE -DDEBIAN -fno-strict-aliasing -pipe -fstack-protector -I/usr/local/include -D_LARGEFILE_SOURCE -D_FILE_OFFSET_BITS=64',
    optimize='-O2 -g',
    cppflags='-D_REENTRANT -D_GNU_SOURCE -DDEBIAN -fno-strict-aliasing -pipe -fstack-protector -I/usr/local/include'
    ccversion='', gccversion='4.4.4', gccosandvers=''
    intsize=4, longsize=8, ptrsize=8, doublesize=8, byteorder=12345678
    d_longlong=define, longlongsize=8, d_longdbl=define, longdblsize=16
    ivtype='long', ivsize=8, nvtype='double', nvsize=8, Off_t='off_t', lseeksize=8
    alignbytes=8, prototype=define
  Linker and Libraries:
    ld='cc', ldflags =' -fstack-protector -L/usr/local/lib'
    libpth=/usr/local/lib /lib /usr/lib /lib64 /usr/lib64
    libs=-lgdbm -lgdbm_compat -ldb -ldl -lm -lpthread -lc -lcrypt
    perllibs=-ldl -lm -lpthread -lc -lcrypt
    libc=/lib/libc-2.12.so, so=so, useshrplib=true, libperl=libperl.so.5.10.1
    gnulibc_version='2.12'
  Dynamic Linking:
    dlsrc=dl_dlopen.xs, dlext=so, d_dlsymun=undef, ccdlflags='-Wl,-E'
    cccdlflags='-fPIC', lddlflags='-shared -O2 -g -L/usr/local/lib -fstack-protector'


Characteristics of this binary (from libperl): 
  Compile-time options: MULTIPLICITY PERL_DONT_CREATE_GVSV
                        PERL_IMPLICIT_CONTEXT PERL_MALLOC_WRAP USE_64_BIT_ALL
                        USE_64_BIT_INT USE_ITHREADS USE_LARGE_FILES
                        USE_PERLIO USE_REENTRANT_API
  Locally applied patches:
	DEBPKG:debian/arm_thread_stress_timeout - http://bugs.debian.org/501970 Raise the timeout of ext/threads/shared/t/stress.t to accommodate slower build hosts
	DEBPKG:debian/cpan_config_path - Set location of CPAN::Config to /etc/perl as /usr may not be writable.
	DEBPKG:debian/cpan_definstalldirs - Provide a sensible INSTALLDIRS default for modules installed from CPAN.
	DEBPKG:debian/db_file_ver - http://bugs.debian.org/340047 Remove overly restrictive DB_File version check.
	DEBPKG:debian/doc_info - Replace generic man(1) instructions with Debian-specific information.
	DEBPKG:debian/enc2xs_inc - http://bugs.debian.org/290336 Tweak enc2xs to follow symlinks and ignore missing @INC directories.
	DEBPKG:debian/errno_ver - http://bugs.debian.org/343351 Remove Errno version check due to upgrade problems with long-running processes.
	DEBPKG:debian/extutils_hacks - Various debian-specific ExtUtils changes
	DEBPKG:debian/fakeroot - Postpone LD_LIBRARY_PATH evaluation to the binary targets.
	DEBPKG:debian/instmodsh_doc - Debian policy doesn't install .packlist files for core or vendor.
	DEBPKG:debian/ld_run_path - Remove standard libs from LD_RUN_PATH as per Debian policy.
	DEBPKG:debian/libnet_config_path - Set location of libnet.cfg to /etc/perl/Net as /usr may not be writable.
	DEBPKG:debian/m68k_thread_stress - http://bugs.debian.org/495826 Disable some threads tests on m68k for now due to missing TLS.
	DEBPKG:debian/mod_paths - Tweak @INC ordering for Debian
	DEBPKG:debian/module_build_man_extensions - http://bugs.debian.org/479460 Adjust Module::Build manual page extensions for the Debian Perl policy
	DEBPKG:debian/perl_synopsis - http://bugs.debian.org/278323 Rearrange perl.pod
	DEBPKG:debian/prune_libs - http://bugs.debian.org/128355 Prune the list of libraries wanted to what we actually need.
	DEBPKG:debian/use_gdbm - Explicitly link against -lgdbm_compat in ODBM_File/NDBM_File. 
	DEBPKG:fixes/assorted_docs - http://bugs.debian.org/443733 [384f06a] Math::BigInt::CalcEmu documentation grammar fix
	DEBPKG:fixes/net_smtp_docs - http://bugs.debian.org/100195 [rt.cpan.org #36038] Document the Net::SMTP 'Port' option
	DEBPKG:fixes/processPL - http://bugs.debian.org/357264 [rt.cpan.org #17224] Always use PERLRUNINST when building perl modules.
	DEBPKG:debian/perlivp - http://bugs.debian.org/510895 Make perlivp skip include directories in /usr/local
	DEBPKG:fixes/pod2man-index-backslash - http://bugs.debian.org/521256 Escape backslashes in .IX entries
	DEBPKG:debian/disable-zlib-bundling - Disable zlib bundling in Compress::Raw::Zlib
	DEBPKG:fixes/kfreebsd_cppsymbols - http://bugs.debian.org/533098 [3b910a0] Add gcc predefined macros to $Config{cppsymbols} on GNU/kFreeBSD.
	DEBPKG:debian/cpanplus_definstalldirs - http://bugs.debian.org/533707 Configure CPANPLUS to use the site directories by default.
	DEBPKG:debian/cpanplus_config_path - Save local versions of CPANPLUS::Config::System into /etc/perl.
	DEBPKG:fixes/kfreebsd-filecopy-pipes - http://bugs.debian.org/537555 [16f708c] Fix File::Copy::copy with pipes on GNU/kFreeBSD
	DEBPKG:fixes/anon-tmpfile-dir - http://bugs.debian.org/528544 [perl #66452] Honor TMPDIR when open()ing an anonymous temporary file
	DEBPKG:fixes/abstract-sockets - http://bugs.debian.org/329291 [89904c0] Add support for Abstract namespace sockets.
	DEBPKG:fixes/hurd_cppsymbols - http://bugs.debian.org/544307 [eeb92b7] Add gcc predefined macros to $Config{cppsymbols} on GNU/Hurd.
	DEBPKG:fixes/autodie-flock - http://bugs.debian.org/543731 Allow for flock returning EAGAIN instead of EWOULDBLOCK on linux/parisc
	DEBPKG:fixes/archive-tar-instance-error - http://bugs.debian.org/539355 [rt.cpan.org #48879] Separate Archive::Tar instance error strings from each other
	DEBPKG:fixes/positive-gpos - http://bugs.debian.org/545234 [perl #69056] [c584a96] Fix \G crash on first match
	DEBPKG:debian/devel-ppport-ia64-optim - http://bugs.debian.org/548943 Work around an ICE on ia64
	DEBPKG:fixes/trie-logic-match - http://bugs.debian.org/552291 [perl #69973] [0abd0d7] Fix a DoS in Unicode processing [CVE-2009-3626]
	DEBPKG:fixes/hppa-thread-eagain - http://bugs.debian.org/554218 make the threads-shared test suite more robust, fixing failures on hppa
	DEBPKG:fixes/crash-on-undefined-destroy - http://bugs.debian.org/564074 [perl #71952] [1f15e67] Fix a NULL pointer dereference when looking for a DESTROY method
	DEBPKG:fixes/tainted-errno - http://bugs.debian.org/574129 [perl #61976] [be1cf43] fix an errno stringification bug in taint mode
	DEBPKG:patchlevel - http://bugs.debian.org/567489 List packaged patches for 5.10.1-12 in patchlevel.h
  Built under linux
  Compiled at Jul 12 2010 12:22:22
  %ENV:
    PERL5LIB="/home/bq_cdavis/.cpan/build/CPAN-Meta-2.110440-02n9Wj/blib/arch:/home/bq_cdavis/.cpan/build/CPAN-Meta-2.110440-02n9Wj/blib/lib:/home/bq_cdavis/.cpan/build/Version-Requirements-0.101020-bZyyKm/blib/arch:/home/bq_cdavis/.cpan/build/Version-Requirements-0.101020-bZyyKm/blib/lib:/home/bq_cdavis/.cpan/build/Parse-CPAN-Meta-1.4401-z56sfU/blib/arch:/home/bq_cdavis/.cpan/build/Parse-CPAN-Meta-1.4401-z56sfU/blib/lib:/usr/local/home/bq_cdavis/Documents/src/sbglib/lib:/usr/local/home/bq_cdavis/Documents/src/sbglib/t:/usr/local/home/bq_cdavis/Documents/src/acaweb/lib:/usr/local/home/bq_cdavis/Documents/src/acaweb/t:/usr/local/perl/Ubuntu-10.10-x86_64/lib/perl5/x86_64-linux-gnu-thread-multi:/usr/local/perl/Ubuntu-10.10-x86_64/lib/perl5:/usr/local/home/bq_cdavis/Documents/src/sbglib/lib:/usr/local/home/bq_cdavis/Documents/src/sbglib/t:/usr/local/home/bq_cdavis/Documents/src/acaweb/lib:/usr/local/home/bq_cdavis/Documents/src/acaweb/t:/usr/local/perl/Ubuntu-10.10-x86_64/lib/perl5/x86_64-linux-gnu-thread-multi:/usr/local/perl/Ubuntu-10.10-x86_64/lib/perl5:/home/bq_cdavis/scripts:/home/bq_cdavis/scrap/perl::/usr/local/install/Ubuntu-10.10-x86_64/lib/perl5:/usr/local/code/misc/lib:/usr/local/install/Ubuntu-10.10-x86_64/lib/perl5:/usr/local/code/misc/lib"
    PERL5OPT=""
    PERL5_CPANPLUS_IS_RUNNING="592"
    PERL5_CPAN_IS_RUNNING="592"
    PERL5_CPAN_IS_RUNNING_IN_RECURSION="2570,592"
    PERL_CR_SMOKER_CURRENT="Module-Build-0.37_04"
    PERL_EXTUTILS_AUTOINSTALL="--defaultdeps"
    PERL_LOCAL_LIB_ROOT="/usr/local/perl/Ubuntu-10.10-x86_64"
    PERL_MB_OPT="--install_base /usr/local/perl/Ubuntu-10.10-x86_64"
    PERL_MM_OPT="INSTALL_BASE=/usr/local/perl/Ubuntu-10.10-x86_64"
    PERL_MM_USE_DEFAULT="1"
  @INC:
    /home/bq_cdavis/.cpan/build/CPAN-Meta-2.110440-02n9Wj/blib/arch
    /home/bq_cdavis/.cpan/build/CPAN-Meta-2.110440-02n9Wj/blib/lib
    /home/bq_cdavis/.cpan/build/Version-Requirements-0.101020-bZyyKm/blib/arch
    /home/bq_cdavis/.cpan/build/Version-Requirements-0.101020-bZyyKm/blib/lib
    /home/bq_cdavis/.cpan/build/Parse-CPAN-Meta-1.4401-z56sfU/blib/arch
    /home/bq_cdavis/.cpan/build/Parse-CPAN-Meta-1.4401-z56sfU/blib/lib
    /usr/local/home/bq_cdavis/Documents/src/sbglib/lib
    /usr/local/home/bq_cdavis/Documents/src/sbglib/t
    /usr/local/home/bq_cdavis/Documents/src/acaweb/lib
    /usr/local/home/bq_cdavis/Documents/src/acaweb/t
    /usr/local/perl/Ubuntu-10.10-x86_64/lib/perl5/x86_64-linux-gnu-thread-multi
    /usr/local/perl/Ubuntu-10.10-x86_64/lib/perl5/x86_64-linux-gnu-thread-multi
    /usr/local/perl/Ubuntu-10.10-x86_64/lib/perl5
    /usr/local/home/bq_cdavis/Documents/src/sbglib/lib
    /usr/local/home/bq_cdavis/Documents/src/sbglib/t
    /usr/local/home/bq_cdavis/Documents/src/acaweb/lib
    /usr/local/home/bq_cdavis/Documents/src/acaweb/t
    /usr/local/perl/Ubuntu-10.10-x86_64/lib/perl5/x86_64-linux-gnu-thread-multi
    /usr/local/perl/Ubuntu-10.10-x86_64/lib/perl5/x86_64-linux-gnu-thread-multi
    /usr/local/perl/Ubuntu-10.10-x86_64/lib/perl5
    /home/bq_cdavis/scripts
    /home/bq_cdavis/scrap/perl
    /usr/local/install/Ubuntu-10.10-x86_64/lib/perl5
    /usr/local/code/misc/lib
    /usr/local/install/Ubuntu-10.10-x86_64/lib/perl5
    /usr/local/code/misc/lib
    /etc/perl
    /usr/local/lib/perl/5.10.1
    /usr/local/share/perl/5.10.1
    /usr/lib/perl5
    /usr/share/perl5
    /usr/lib/perl/5.10
    /usr/share/perl/5.10
    /usr/local/lib/site_perl
    .