Report for IO-Termios-0.06

Back
From: Slaven Rezić (SREZIC) 
Subject: FAIL IO-Termios-0.06 5.8.9 FreeBSD
Date: 2018-06-05T05:51:23Z

This distribution has been tested as part of the CPAN Testers
project, supporting the Perl programming language.  See
http://wiki.cpantesters.org/ for more information or email
questions to cpan-testers-discuss@perl.org


--
Dear Paul Evans,

This is a computer-generated report for IO-Termios-0.06
on perl 5.8.9, created by CPAN-Reporter-1.2018.

Thank you for uploading your work to CPAN.  However, there was a problem
testing your distribution.

If you think this report is invalid, please consult the CPAN Testers Wiki
for suggestions on how to avoid getting FAIL reports for missing library
or binary dependencies, unsupported operating systems, and so on:

http://wiki.cpantesters.org/wiki/CPANAuthorNotes

Sections of this report:

    * Tester comments
    * Program output
    * Prerequisites
    * Environment and other context

------------------------------
TESTER COMMENTS
------------------------------

Additional comments from tester:

none provided

------------------------------
PROGRAM OUTPUT
------------------------------

Output from './Build test':

Possible unintended interpolation of @flags in string at /usr/home/eserte/.cpan/build/2018060500/IO-Termios-0.06-5/blib/lib/IO/Termios.pm line 229.
Possible unintended interpolation of @flags in string at /usr/home/eserte/.cpan/build/2018060500/IO-Termios-0.06-5/blib/lib/IO/Termios.pm line 229.
Variable "@ISA" is not imported at /usr/home/eserte/.cpan/build/2018060500/IO-Termios-0.06-5/blib/lib/IO/Termios.pm line 229.
Variable "@ISA" is not imported at /usr/home/eserte/.cpan/build/2018060500/IO-Termios-0.06-5/blib/lib/IO/Termios.pm line 229.
Bareword found where operator expected at /usr/home/eserte/.cpan/build/2018060500/IO-Termios-0.06-5/blib/lib/IO/Termios.pm line 644, near "# baud needs converting to/from"

#   Failed test 'use IO::Termios;'
#   at t/00use.t line 8.
#     Tried to use 'IO::Termios'.
#     Error:  Global symbol "$tty" requires explicit package name at /usr/home/eserte/.cpan/build/2018060500/IO-Termios-0.06-5/blib/lib/IO/Termios.pm line 150.
# Global symbol "$self" requires explicit package name at /usr/home/eserte/.cpan/build/2018060500/IO-Termios-0.06-5/blib/lib/IO/Termios.pm line 150.
# Global symbol "$tty" requires explicit package name at /usr/home/eserte/.cpan/build/2018060500/IO-Termios-0.06-5/blib/lib/IO/Termios.pm line 150.
# Global symbol "$self" requires explicit package name at /usr/home/eserte/.cpan/build/2018060500/IO-Termios-0.06-5/blib/lib/IO/Termios.pm line 150.
# Global symbol "$self" requires explicit package name at /usr/home/eserte/.cpan/build/2018060500/IO-Termios-0.06-5/blib/lib/IO/Termios.pm line 150.
# Global symbol "$attrs" requires explicit package name at /usr/home/eserte/.cpan/build/2018060500/IO-Termios-0.06-5/blib/lib/IO/Termios.pm line 150.
# Global symbol "$term" requires explicit package name at /usr/home/eserte/.cpan/build/2018060500/IO-Termios-0.06-5/blib/lib/IO/Termios.pm line 150.
# Global symbol "$self" requires explicit package name at /usr/home/eserte/.cpan/build/2018060500/IO-Termios-0.06-5/blib/lib/IO/Termios.pm line 150.
# Global symbol "$attrs" requires explicit package name at /usr/home/eserte/.cpan/build/2018060500/IO-Termios-0.06-5/blib/lib/IO/Termios.pm line 150.
# Global symbol "$attrs" requires explicit package name at /usr/home/eserte/.cpan/build/2018060500/IO-Termios-0.06-5/blib/lib/IO/Termios.pm line 150.
# Global symbol "$self" requires explicit package name at /usr/home/eserte/.cpan/build/2018060500/IO-Termios-0.06-5/blib/lib/IO/Termios.pm line 150.
# Global symbol "$attrs" requires explicit package name at /usr/home/eserte/.cpan/build/2018060500/IO-Termios-0.06-5/blib/lib/IO/Termios.pm line 150.
# Global symbol "$term" requires explicit package name at /usr/home/eserte/.cpan/build/2018060500/IO-Termios-0.06-5/blib/lib/IO/Termios.pm line 150.
# Global symbol "$attrs" requires explicit package name at /usr/home/eserte/.cpan/build/2018060500/IO-Termios-0.06-5/blib/lib/IO/Termios.pm line 150.
# Global symbol "$self" requires explicit package name at /usr/home/eserte/.cpan/build/2018060500/IO-Termios-0.06-5/blib/lib/IO/Termios.pm line 150.
# Global symbol "$attrs" requires explicit package name at /usr/home/eserte/.cpan/build/2018060500/IO-Termios-0.06-5/blib/lib/IO/Termios.pm line 150.
# Global symbol "$attrs" requires explicit package name at /usr/home/eserte/.cpan/build/2018060500/IO-Termios-0.06-5/blib/lib/IO/Termios.pm line 150.
# Global symbol "$self" requires explicit package name at /usr/home/eserte/.cpan/build/2018060500/IO-Termios-0.06-5/blib/lib/IO/Termios.pm line 150.
# Global symbol "$term" requires explicit package name at /usr/home/eserte/.cpan/build/2018060500/IO-Termios-0.06-5/blib/lib/IO/Termios.pm line 150.
# Global symbol "$term" requires explicit package name at /usr/home/eserte/.cpan/build/2018060500/IO-Termios-0.06-5/blib/lib/IO/Termios.pm line 150.
# Global symbol "$self" requires explicit package name at /usr/home/eserte/.cpan/build/2018060500/IO-Termios-0.06-5/blib/lib/IO/Termios.pm line 150.
# Global symbol "$baud" requires explicit package name at /usr/home/eserte/.cpan/build/2018060500/IO-Termios-0.06-5/blib/lib/IO/Termios.pm line 150.
# Global symbol "$csize" requires explicit package name at /usr/home/eserte/.cpan/build/2018060500/IO-Termios-0.06-5/blib/lib/IO/Termios.pm line 150.
# Global symbol "$parity" requires explicit package name at /usr/home/eserte/.cpan/build/2018060500/IO-Termios-0.06-5/blib/lib/IO/Termios.pm line 150.
# Global symbol "$stop" requires explicit package name at /usr/home/eserte/.cpan/build/2018060500/IO-Termios-0.06-5/blib/lib/IO/Termios.pm line 150.
# Global symbol "$attrs" requires explicit package name at /usr/home/eserte/.cpan/build/2018060500/IO-Termios-0.06-5/blib/lib/IO/Termios.pm line 229.
# Global symbol "$self" requires explicit package name at /usr/home/eserte/.cpan/build/2018060500/IO-Termios-0.06-5/blib/lib/IO/Termios.pm line 229.
# Global symbol "$attrs" requires explicit package name at /usr/home/eserte/.cpan/build/2018060500/IO-Termios-0.06-5/blib/lib/IO/Termios.pm line 229.
# Global symbol "$baud" requires explicit package name at /usr/home/eserte/.cpan/build/2018060500/IO-Termios-0.06-5/blib/lib/IO/Termios.pm line 229.
# Global symbol "$baud" requires explicit package name at /usr/home/eserte/.cpan/build/2018060500/IO-Termios-0.06-5/blib/lib/IO/Termios.pm line 229.
# Global symbol "$attrs" requires explicit package name at /usr/home/eserte/.cpan/build/2018060500/IO-Termios-0.06-5/blib/lib/IO/Termios.pm line 229.
# Global symbol "$csize" requires explicit package name at /usr/home/eserte/.cpan/build/2018060500/IO-Termios-0.06-5/blib/lib/IO/Termios.pm line 229.
# Global symbol "$csize" requires explicit package name at /usr/home/eserte/.cpan/build/2018060500/IO-Termios-0.06-5/blib/lib/IO/Termios.pm line 229.
# Global symbol "$attrs" requires explicit package name at /usr/home/eserte/.cpan/build/2018060500/IO-Termios-0.06-5/blib/lib/IO/Termios.pm line 229.
# Global symbol "$parity" requires explicit package name at /usr/home/eserte/.cpan/build/2018060500/IO-Termios-0.06-5/blib/lib/IO/Termios.pm line 229.
# Global symbol "$parity" requires explicit package name at /usr/home/eserte/.cpan/build/2018060500/IO-Termios-0.06-5/blib/lib/IO/Termios.pm line 229.
# Global symbol "$attrs" requires explicit package name at /usr/home/eserte/.cpan/build/2018060500/IO-Termios-0.06-5/blib/lib/IO/Termios.pm line 229.
# Global symbol "$stop" requires explicit package name at /usr/home/eserte/.cpan/build/2018060500/IO-Termios-0.06-5/blib/lib/IO/Termios.pm line 229.
# Global symbol "$stop" requires explicit package name at /usr/home/eserte/.cpan/build/2018060500/IO-Termios-0.06-5/blib/lib/IO/Termios.pm line 229.
# Global symbol "$self" requires explicit package name at /usr/home/eserte/.cpan/build/2018060500/IO-Termios-0.06-5/blib/lib/IO/Termios.pm line 229.
# Global symbol "$attrs" requires explicit package name at /usr/home/eserte/.cpan/build/2018060500/IO-Termios-0.06-5/blib/lib/IO/Termios.pm line 229.
# Global symbol "$self" requires explicit package name at /usr/home/eserte/.cpan/build/2018060500/IO-Termios-0.06-5/blib/lib/IO/Termios.pm line 229.
# Global symbol "$attrs" requires explicit package name at /usr/home/eserte/.cpan/build/2018060500/IO-Termios-0.06-5/blib/lib/IO/Termios.pm line 229.
# Global symbol "$self" requires explicit package name at /usr/home/eserte/.cpan/build/2018060500/IO-Termios-0.06-5/blib/lib/IO/Termios.pm line 229.
# Global symbol "$attrs" requires explicit package name at /usr/home/eserte/.cpan/build/2018060500/IO-Termios-0.06-5/blib/lib/IO/Termios.pm line 229.
# Global symbol "$attrs" requires explicit package name at /usr/home/eserte/.cpan/build/2018060500/IO-Termios-0.06-5/blib/lib/IO/Termios.pm line 229.
# Global symbol "$attrs" requires explicit package name at /usr/home/eserte/.cpan/build/2018060500/IO-Termios-0.06-5/blib/lib/IO/Termios.pm line 229.
# Global symbol "$attrs" requires explicit package name at /usr/home/eserte/.cpan/build/2018060500/IO-Termios-0.06-5/blib/lib/IO/Termios.pm line 229.
# Global symbol "$bits" requires explicit package name at /usr/home/eserte/.cpan/build/2018060500/IO-Termios-0.06-5/blib/lib/IO/Termios.pm line 229.
# Global symbol "$term" requires explicit package name at /usr/home/eserte/.cpan/build/2018060500/IO-Termios-0.06-5/blib/lib/IO/Termios.pm line 229.
# Global symbol "$term" requires explicit package name at /usr/home/eserte/.cpan/build/2018060500/IO-Termios-0.06-5/blib/lib/IO/Termios.pm line 229.
# Global symbol "$bits" requires explicit package name at /usr/home/eserte/.cpan/build/2018060500/IO-Termios-0.06-5/blib/lib/IO/Termios.pm line 229.
# Global symbol "$self" requires explicit package name at /usr/home/eserte/.cpan/build/2018060500/IO-Termios-0.06-5/blib/lib/IO/Termios.pm line 229.
# Global symbol "$bitstr" requires explicit package name at /usr/home/eserte/.cpan/build/2018060500/IO-Termios-0.06-5/blib/lib/IO/Termios.pm line 229.
# Global symbol "$self" requires explicit package name at /usr/home/eserte/.cpan/build/2018060500/IO-Termios-0.06-5/blib/lib/IO/Termios.pm line 229.
# Global symbol "$bitstr" requires explicit package name at /usr/home/eserte/.cpan/build/2018060500/IO-Termios-0.06-5/blib/lib/IO/Termios.pm line 229.
# Global symbol "$bitstr" requires explicit package name at /usr/home/eserte/.cpan/build/2018060500/IO-Termios-0.06-5/blib/lib/IO/Termios.pm line 229.
# Global symbol "$self" requires explicit package name at /usr/home/eserte/.cpan/build/2018060500/IO-Termios-0.06-5/blib/lib/IO/Termios.pm line 229.
# Global symbol "$bits" requires explicit package name at /usr/home/eserte/.cpan/build/2018060500/IO-Termios-0.06-5/blib/lib/IO/Termios.pm line 229.
# Global symbol "$bitstr" requires explicit package name at /usr/home/eserte/.cpan/build/2018060500/IO-Termios-0.06-5/blib/lib/IO/Termios.pm line 229.
# Global symbol "$bits" requires explicit package name at /usr/home/eserte/.cpan/build/2018060500/IO-Termios-0.06-5/blib/lib/IO/Termios.pm line 229.
# Global symbol "$self" requires explicit package name at /usr/home/eserte/.cpan/build/2018060500/IO-Termios-0.06-5/blib/lib/IO/Termios.pm line 229.
# Global symbol "$bitstr" requires explicit package name at /usr/home/eserte/.cpan/build/2018060500/IO-Termios-0.06-5/blib/lib/IO/Termios.pm line 229.
# Global symbol "$term" requires explicit package name at /usr/home/eserte/.cpan/build/2018060500/IO-Termios-0.06-5/blib/lib/IO/Termios.pm line 229.
# Global symbol "$bits" requires explicit package name at /usr/home/eserte/.cpan/build/2018060500/IO-Termios-0.06-5/blib/lib/IO/Termios.pm line 229.
# Global symbol "$term" requires explicit package name at /usr/home/eserte/.cpan/build/2018060500/IO-Termios-0.06-5/blib/lib/IO/Termios.pm line 229.
# Global symbol "$bits" requires explicit package name at /usr/home/eserte/.cpan/build/2018060500/IO-Termios-0.06-5/blib/lib/IO/Termios.pm line 229.
# Global symbol "$self" requires explicit package name at /usr/home/eserte/.cpan/build/2018060500/IO-Termios-0.06-5/blib/lib/IO/Termios.pm line 229.
# Global symbol "$bits" requires explicit package name at /usr/home/eserte/.cpan/build/2018060500/IO-Termios-0.06-5/blib/lib/IO/Termios.pm line 229.
# Global symbol "$bitstr" requires explicit package name at /usr/home/eserte/.cpan/build/2018060500/IO-Termios-0.06-5/blib/lib/IO/Termios.pm line 229.
# Global symbol "$bits" requires explicit package name at /usr/home/eserte/.cpan/build/2018060500/IO-Termios-0.06-5/blib/lib/IO/Termios.pm line 229.
# Global symbol "$self" requires explicit package name at /usr/home/eserte/.cpan/build/2018060500/IO-Termios-0.06-5/blib/lib/IO/Termios.pm line 229.
# Global symbol "$bitstr" requires explicit package name at /usr/home/eserte/.cpan/build/2018060500/IO-Termios-0.06-5/blib/lib/IO/Termios.pm line 229.
# Global symbol "$self" requires explicit package name at /usr/home/eserte/.cpan/build/2018060500/IO-Termios-0.06-5/blib/lib/IO/Termios.pm line 229.
# Global symbol "$bits" requires explicit package name at /usr/home/eserte/.cpan/build/2018060500/IO-Termios-0.06-5/blib/lib/IO/Termios.pm line 229.
# Global symbol "$bitstr" requires explicit package name at /usr/home/eserte/.cpan/build/2018060500/IO-Termios-0.06-5/blib/lib/IO/Termios.pm line 229.
# Global symbol "$bits" requires explicit package name at /usr/home/eserte/.cpan/build/2018060500/IO-Termios-0.06-5/blib/lib/IO/Termios.pm line 229.
# Global symbol "$self" requires explicit package name at /usr/home/eserte/.cpan/build/2018060500/IO-Termios-0.06-5/blib/lib/IO/Termios.pm line 229.
# Global symbol "$bitstr" requires explicit package name at /usr/home/eserte/.cpan/build/2018060500/IO-Termios-0.06-5/blib/lib/IO/Termios.pm line 229.
# Global symbol "$bit" requires explicit package name at /usr/home/eserte/.cpan/build/2018060500/IO-Termios-0.06-5/blib/lib/IO/Termios.pm line 229.
# Global symbol "%_bit2modem" requires explicit package name at /usr/home/eserte/.cpan/build/2018060500/IO-Termios-0.06-5/blib/lib/IO/Termios.pm line 229.
# Global symbol "$bit" requires explicit package name at /usr/home/eserte/.cpan/build/2018060500/IO-Termios-0.06-5/blib/lib/IO/Termios.pm line 229.
# Global symbol "%_modem2bit" requires explicit package name at /usr/home/eserte/.cpan/build/2018060500/IO-Termios-0.06-5/blib/lib/IO/Termios.pm line 229.
# Global symbol "$bit" requires explicit package name at /usr/home/eserte/.cpan/build/2018060500/IO-Termios-0.06-5/blib/lib/IO/Termios.pm line 229.
# Global symbol "$getmodem" requires explicit package name at /usr/home/eserte/.cpan/build/2018060500/IO-Termios-0.06-5/blib/lib/IO/Termios.pm line 229.
# Global symbol "$self" requires explicit package name at /usr/home/eserte/.cpan/build/2018060500/IO-Termios-0.06-5/blib/lib/IO/Termios.pm line 229.
# Global symbol "$self" requires explicit package name at /usr/home/eserte/.cpan/build/2018060500/IO-Termios-0.06-5/blib/lib/IO/Termios.pm line 229.
# Global symbol "$bit" requires explicit package name at /usr/home/eserte/.cpan/build/2018060500/IO-Termios-0.06-5/blib/lib/IO/Termios.pm line 229.
# Global symbol "$setmodem" requires explicit package name at /usr/home/eserte/.cpan/build/2018060500/IO-Termios-0.06-5/blib/lib/IO/Termios.pm line 229.
# Global symbol "$self" requires explicit package name at /usr/home/eserte/.cpan/build/2018060500/IO-Termios-0.06-5/blib/lib/IO/Termios.pm line 229.
# Global symbol "$set" requires explicit package name at /usr/home/eserte/.cpan/build/2018060500/IO-Termios-0.06-5/blib/lib/IO/Termios.pm line 229.
# Global symbol "$set" requires explicit package name at /usr/home/eserte/.cpan/build/2018060500/IO-Termios-0.06-5/blib/lib/IO/Termios.pm line 229.
# Global symbol "$self" requires explicit package name at /usr/home/eserte/.cpan/build/2018060500/IO-Termios-0.06-5/blib/lib/IO/Termios.pm line 229.
# Global symbol "$bit" requires explicit package name at /usr/home/eserte/.cpan/build/2018060500/IO-Termios-0.06-5/blib/lib/IO/Termios.pm line 229.
# Global symbol "$self" requires explicit package name at /usr/home/eserte/.cpan/build/2018060500/IO-Termios-0.06-5/blib/lib/IO/Termios.pm line 229.
# Global symbol "$bit" requires explicit package name at /usr/home/eserte/.cpan/build/2018060500/IO-Termios-0.06-5/blib/lib/IO/Termios.pm line 229.
# Global symbol "$getmodem" requires explicit package name at /usr/home/eserte/.cpan/build/2018060500/IO-Termios-0.06-5/blib/lib/IO/Termios.pm line 229.
# Global symbol "$setmodem" requires explicit package name at /usr/home/eserte/.cpan/build/2018060500/IO-Termios-0.06-5/blib/lib/IO/Termios.pm line 229.
# Global symbol "$term" requires explicit package name at /usr/home/eserte/.cpan/build/2018060500/IO-Termios-0.06-5/blib/lib/IO/Termios.pm line 229.
# Global symbol "$self" requires explicit package name at /usr/home/eserte/.cpan/build/2018060500/IO-Termios-0.06-5/blib/lib/IO/Termios.pm line 229.
# Global symbol "$bits" requires explicit package name at /usr/home/eserte/.cpan/build/2018060500/IO-Termios-0.06-5/blib/lib/IO/Termios.pm line 229.
# Global symbol "$self" requires explicit package name at /usr/home/eserte/.cpan/build/2018060500/IO-Termios-0.06-5/blib/lib/IO/Termios.pm line 229.
# Global symbol "$bits" requires explicit package name at /usr/home/eserte/.cpan/build/2018060500/IO-Termios-0.06-5/blib/lib/IO/Termios.pm line 229.
# Global symbol "%_modem2bit" requires explicit package name at /usr/home/eserte/.cpan/build/2018060500/IO-Termios-0.06-5/blib/lib/IO/Termios.pm line 229.
# Global symbol "$term" requires explicit package name at /usr/home/eserte/.cpan/build/2018060500/IO-Termios-0.06-5/blib/lib/IO/Termios.pm line 229.
# Global symbol "$self" requires explicit package name at /usr/home/eserte/.cpan/build/2018060500/IO-Termios-0.06-5/blib/lib/IO/Termios.pm line 229.
# Global symbol "$bits" requires explicit package name at /usr/home/eserte/.cpan/build/2018060500/IO-Termios-0.06-5/blib/lib/IO/Termios.pm line 229.
# Global symbol "$self" requires explicit package name at /usr/home/eserte/.cpan/build/2018060500/IO-Termios-0.06-5/blib/lib/IO/Termios.pm line 229.
# Global symbol "$bit" requires explicit package name at /usr/home/eserte/.cpan/build/2018060500/IO-Termios-0.06-5/blib/lib/IO/Termios.pm line 229.
# Global symbol "%_modem2bit" requires explicit package name at /usr/home/eserte/.cpan/build/2018060500/IO-Termios-0.06-5/blib/lib/IO/Termios.pm line 229.
# Global symbol "$bits" requires explicit package name at /usr/home/eserte/.cpan/build/2018060500/IO-Termios-0.06-5/blib/lib/IO/Termios.pm line 229.
# Global symbol "$bit" requires explicit package name at /usr/home/eserte/.cpan/build/2018060500/IO-Termios-0.06-5/blib/lib/IO/Termios.pm line 229.
# Global symbol "$bits" requires explicit package name at /usr/home/eserte/.cpan/build/2018060500/IO-Termios-0.06-5/blib/lib/IO/Termios.pm line 229.
# Global symbol "$bit" requires explicit package name at /usr/home/eserte/.cpan/build/2018060500/IO-Termios-0.06-5/blib/lib/IO/Termios.pm line 229.
# Global symbol "$self" requires explicit package name at /usr/home/eserte/.cpan/build/2018060500/IO-Termios-0.06-5/blib/lib/IO/Termios.pm line 229.
# Global symbol "$bits" requires explicit package name at /usr/home/eserte/.cpan/build/2018060500/IO-Termios-0.06-5/blib/lib/IO/Termios.pm line 229.
# Global symbol "$set" requires explicit package name at /usr/home/eserte/.cpan/build/2018060500/IO-Termios-0.06-5/blib/lib/IO/Termios.pm line 229.
# Global symbol "$term" requires explicit package name at /usr/home/eserte/.cpan/build/2018060500/IO-Termios-0.06-5/blib/lib/IO/Termios.pm line 229.
# Global symbol "$term" requires explicit package name at /usr/home/eserte/.cpan/build/2018060500/IO-Termios-0.06-5/blib/lib/IO/Termios.pm line 229.
# Global symbol "$set" requires explicit package name at /usr/home/eserte/.cpan/build/2018060500/IO-Termios-0.06-5/blib/lib/IO/Termios.pm line 229.
# Global symbol "$term" requires explicit package name at /usr/home/eserte/.cpan/build/2018060500/IO-Termios-0.06-5/blib/lib/IO/Termios.pm line 229.
# Global symbol "$term" requires explicit package name at /usr/home/eserte/.cpan/build/2018060500/IO-Termios-0.06-5/blib/lib/IO/Termios.pm line 229.
# Global symbol "$term" requires explicit package name at /usr/home/eserte/.cpan/build/2018060500/IO-Termios-0.06-5/blib/lib/IO/Termios.pm line 229.
# Global symbol "$term" requires explicit package name at /usr/home/eserte/.cpan/build/2018060500/IO-Termios-0.06-5/blib/lib/IO/Termios.pm line 229.
# Global symbol "$attrs" requires explicit package name at /usr/home/eserte/.cpan/build/2018060500/IO-Termios-0.06-5/blib/lib/IO/Termios.pm line 229.
# Global symbol "$term" requires explicit package name at /usr/home/eserte/.cpan/build/2018060500/IO-Termios-0.06-5/blib/lib/IO/Termios.pm line 229.
# Global symbol "$attrs" requires explicit package name at /usr/home/eserte/.cpan/build/2018060500/IO-Termios-0.06-5/blib/lib/IO/Termios.pm line 229.
# Global symbol "$attrs" requires explicit package name at /usr/home/eserte/.cpan/build/2018060500/IO-Termios-0.06-5/blib/lib/IO/Termios.pm line 229.
# Global symbol "$attrs" requires explicit package name at /usr/home/eserte/.cpan/build/2018060500/IO-Termios-0.06-5/blib/lib/IO/Termios.pm line 229.
# Global symbol "$attrs" requires explicit package name at /usr/home/eserte/.cpan/build/2018060500/IO-Termios-0.06-5/blib/lib/IO/Termios.pm line 229.
# Global symbol "$term" requires explicit package name at /usr/home/eserte/.cpan/build/2018060500/IO-Termios-0.06-5/blib/lib/IO/Termios.pm line 229.
# Global symbol "$attrs" requires explicit package name at /usr/home/eserte/.cpan/build/2018060500/IO-Termios-0.06-5/blib/lib/IO/Termios.pm line 229.
# Global symbol "$term" requires explicit package name at /usr/home/eserte/.cpan/build/2018060500/IO-Termios-0.06-5/blib/lib/IO/Termios.pm line 229.
# Global symbol "$baud" requires explicit package name at /usr/home/eserte/.cpan/build/2018060500/IO-Termios-0.06-5/blib/lib/IO/Termios.pm line 229.
# Global symbol "$term" requires explicit package name at /usr/home/eserte/.cpan/build/2018060500/IO-Termios-0.06-5/blib/lib/IO/Termios.pm line 229.
# Global symbol "$baud" requires explicit package name at /usr/home/eserte/.cpan/build/2018060500/IO-Termios-0.06-5/blib/lib/IO/Termios.pm line 229.
# Global symbol "$term" requires explicit package name at /usr/home/eserte/.cpan/build/2018060500/IO-Termios-0.06-5/blib/lib/IO/Termios.pm line 229.
# Global symbol "$term" requires explicit package name at /usr/home/eserte/.cpan/build/2018060500/IO-Termios-0.06-5/blib/lib/IO/Termios.pm line 229.
# Global symbol "$baud" requires explicit package name at /usr/home/eserte/.cpan/build/2018060500/IO-Termios-0.06-5/blib/lib/IO/Termios.pm line 229.
# Global symbol "$term" requires explicit package name at /usr/home/eserte/.cpan/build/2018060500/IO-Termios-0.06-5/blib/lib/IO/Termios.pm line 229.
# Global symbol "$baud" requires explicit package name at /usr/home/eserte/.cpan/build/2018060500/IO-Termios-0.06-5/blib/lib/IO/Termios.pm line 229.
# Global symbol "$term" requires explicit package name at /usr/home/eserte/.cpan/build/2018060500/IO-Termios-0.06-5/blib/lib/IO/Termios.pm line 229.
# Global symbol "$baud" requires explicit package name at /usr/home/eserte/.cpan/build/2018060500/IO-Termios-0.06-5/blib/lib/IO/Termios.pm line 229.
# Global symbol "$baud" requires explicit package name at /usr/home/eserte/.cpan/build/2018060500/IO-Termios-0.06-5/blib/lib/IO/Termios.pm line 229.
# Global symbol "$bits" requires explicit package name at /usr/home/eserte/.cpan/build/2018060500/IO-Termios-0.06-5/blib/lib/IO/Termios.pm line 229.
# Global symbol "$term" requires explicit package name at /usr/home/eserte/.cpan/build/2018060500/IO-Termios-0.06-5/blib/lib/IO/Termios.pm line 229.
# Global symbol "$term" requires explicit package name at /usr/home/eserte/.cpan/build/2018060500/IO-Termios-0.06-5/blib/lib/IO/Termios.pm line 229.
# Global symbol "$bits" requires explicit package name at /usr/home/eserte/.cpan/build/2018060500/IO-Termios-0.06-5/blib/lib/IO/Termios.pm line 229.
# Global symbol "$bits" requires explicit package name at /usr/home/eserte/.cpan/build/2018060500/IO-Termios-0.06-5/blib/lib/IO/Termios.pm line 229.
# Global symbol "$parity" requires explicit package name at /usr/home/eserte/.cpan/build/2018060500/IO-Termios-0.06-5/blib/lib/IO/Termios.pm line 229.
# Global symbol "$term" requires explicit package name at /usr/home/eserte/.cpan/build/2018060500/IO-Termios-0.06-5/blib/lib/IO/Termios.pm line 229.
# Global symbol "$term" requires explicit package name at /usr/home/eserte/.cpan/build/2018060500/IO-Termios-0.06-5/blib/lib/IO/Termios.pm line 229.
# Global symbol "$parity" requires explicit package name at /usr/home/eserte/.cpan/build/2018060500/IO-Termios-0.06-5/blib/lib/IO/Termios.pm line 229.
# Global symbol "$parity" requires explicit package name at /usr/home/eserte/.cpan/build/2018060500/IO-Termios-0.06-5/blib/lib/IO/Termios.pm line 229.
# Global symbol "$stop" requires explicit package name at /usr/home/eserte/.cpan/build/2018060500/IO-Termios-0.06-5/blib/lib/IO/Termios.pm line 229.
# Global symbol "$term" requires explicit package name at /usr/home/eserte/.cpan/build/2018060500/IO-Termios-0.06-5/blib/lib/IO/Termios.pm line 229.
# Global symbol "$term" requires explicit package name at /usr/home/eserte/.cpan/build/2018060500/IO-Termios-0.06-5/blib/lib/IO/Termios.pm line 229.
# Global symbol "$stop" requires explicit package name at /usr/home/eserte/.cpan/build/2018060500/IO-Termios-0.06-5/blib/lib/IO/Termios.pm line 229.
# Global symbol "$stop" requires explicit package name at /usr/home/eserte/.cpan/build/2018060500/IO-Termios-0.06-5/blib/lib/IO/Termios.pm line 229.
# Global symbol "$name" requires explicit package name at /usr/home/eserte/.cpan/build/2018060500/IO-Termios-0.06-5/blib/lib/IO/Termios.pm line 229.
# Global symbol "$getmethod" requires explicit package name at /usr/home/eserte/.cpan/build/2018060500/IO-Termios-0.06-5/blib/lib/IO/Termios.pm line 229.
# Global symbol "$name" requires explicit package name at /usr/home/eserte/.cpan/build/2018060500/IO-Termios-0.06-5/blib/lib/IO/Termios.pm line 229.
# Global symbol "$setmethod" requires explicit package name at /usr/home/eserte/.cpan/build/2018060500/IO-Termios-0.06-5/blib/lib/IO/Termios.pm line 229.
# Global symbol "$name" requires explicit package name at /usr/home/eserte/.cpan/build/2018060500/IO-Termios-0.06-5/blib/lib/IO/Termios.pm line 229.
# Global symbol "$getmethod" requires explicit package name at /usr/home/eserte/.cpan/build/2018060500/IO-Termios-0.06-5/blib/lib/IO/Termios.pm line 229.
# Global symbol "$self" requires explicit package name at /usr/home/eserte/.cpan/build/2018060500/IO-Termios-0.06-5/blib/lib/IO/Termios.pm line 229.
# Global symbol "$attrs" requires explicit package name at /usr/home/eserte/.cpan/build/2018060500/IO-Termios-0.06-5/blib/lib/IO/Termios.pm line 229.
# Global symbol "$self" requires explicit package name at /usr/home/eserte/.cpan/build/2018060500/IO-Termios-0.06-5/blib/lib/IO/Termios.pm line 229.
# Global symbol "$attrs" requires explicit package name at /usr/home/eserte/.cpan/build/2018060500/IO-Termios-0.06-5/blib/lib/IO/Termios.pm line 229.
# Global symbol "$getmethod" requires explicit package name at /usr/home/eserte/.cpan/build/2018060500/IO-Termios-0.06-5/blib/lib/IO/Termios.pm line 229.
# Global symbol "$setmethod" requires explicit package name at /usr/home/eserte/.cpan/build/2018060500/IO-Termios-0.06-5/blib/lib/IO/Termios.pm line 229.
# Global symbol "$self" requires explicit package name at /usr/home/eserte/.cpan/build/2018060500/IO-Termios-0.06-5/blib/lib/IO/Termios.pm line 229.
# Global symbol "$val" requires explicit package name at /usr/home/eserte/.cpan/build/2018060500/IO-Termios-0.06-5/blib/lib/IO/Termios.pm line 229.
# Global symbol "$attrs" requires explicit package name at /usr/home/eserte/.cpan/build/2018060500/IO-Termios-0.06-5/blib/lib/IO/Termios.pm line 229.
# Global symbol "$self" requires explicit package name at /usr/home/eserte/.cpan/build/2018060500/IO-Termios-0.06-5/blib/lib/IO/Termios.pm line 229.
# Global symbol "$attrs" requires explicit package name at /usr/home/eserte/.cpan/build/2018060500/IO-Termios-0.06-5/blib/lib/IO/Termios.pm line 229.
# Global symbol "$setmethod" requires explicit package name at /usr/home/eserte/.cpan/build/2018060500/IO-Termios-0.06-5/blib/lib/IO/Termios.pm line 229.
# Global symbol "$val" requires explicit package name at /usr/home/eserte/.cpan/build/2018060500/IO-Termios-0.06-5/blib/lib/IO/Termios.pm line 229.
# Global symbol "$self" requires explicit package name at /usr/home/eserte/.cpan/build/2018060500/IO-Termios-0.06-5/blib/lib/IO/Termios.pm line 229.
# Global symbol "$attrs" requires explicit package name at /usr/home/eserte/.cpan/build/2018060500/IO-Termios-0.06-5/blib/lib/IO/Termios.pm line 229.
# Global symbol "$self" requires explicit package name at /usr/home/eserte/.cpan/build/2018060500/IO-Termios-0.06-5/blib/lib/IO/Termios.pm line 229.
# Global symbol "$val" requires explicit package name at /usr/home/eserte/.cpan/build/2018060500/IO-Termios-0.06-5/blib/lib/IO/Termios.pm line 229.
# Global symbol "$attrs" requires explicit package name at /usr/home/eserte/.cpan/build/2018060500/IO-Termios-0.06-5/blib/lib/IO/Termios.pm line 229.
# Global symbol "$self" requires explicit package name at /usr/home/eserte/.cpan/build/2018060500/IO-Termios-0.06-5/blib/lib/IO/Termios.pm line 229.
# Global symbol "$attrs" requires explicit package name at /usr/home/eserte/.cpan/build/2018060500/IO-Termios-0.06-5/blib/lib/IO/Termios.pm line 229.
# Global symbol "$val" requires explicit package name at /usr/home/eserte/.cpan/build/2018060500/IO-Termios-0.06-5/blib/lib/IO/Termios.pm line 229.
# Global symbol "$self" requires explicit package name at /usr/home/eserte/.cpan/build/2018060500/IO-Termios-0.06-5/blib/lib/IO/Termios.pm line 229.
# Global symbol "$attrs" requires explicit package name at /usr/home/eserte/.cpan/build/2018060500/IO-Termios-0.06-5/blib/lib/IO/Termios.pm line 229.
# Global symbol "$mode" requires explicit package name at /usr/home/eserte/.cpan/build/2018060500/IO-Termios-0.06-5/blib/lib/IO/Termios.pm line 229.
# Global symbol "$term" requires explicit package name at /usr/home/eserte/.cpan/build/2018060500/IO-Termios-0.06-5/blib/lib/IO/Termios.pm line 229.
# Global symbol "$term" requires explicit package name at /usr/home/eserte/.cpan/build/2018060500/IO-Termios-0.06-5/blib/lib/IO/Termios.pm line 229.
# Global symbol "$mode" requires explicit package name at /usr/home/eserte/.cpan/build/2018060500/IO-Termios-0.06-5/blib/lib/IO/Termios.pm line 229.
# Global symbol "$mode" requires explicit package name at /usr/home/eserte/.cpan/build/2018060500/IO-Termios-0.06-5/blib/lib/IO/Termios.pm line 229.
# Global symbol "$term" requires explicit package name at /usr/home/eserte/.cpan/build/2018060500/IO-Termios-0.06-5/blib/lib/IO/Termios.pm line 229.
# Global symbol "$term" requires explicit package name at /usr/home/eserte/.cpan/build/2018060500/IO-Termios-0.06-5/blib/lib/IO/Termios.pm line 229.
# Global symbol "$mode" requires explicit package name at /usr/home/eserte/.cpan/build/2018060500/IO-Termios-0.06-5/blib/lib/IO/Termios.pm line 229.
# Global symbol "$mode" requires explicit package name at /usr/home/eserte/.cpan/build/2018060500/IO-Termios-0.06-5/blib/lib/IO/Termios.pm line 229.
# Global symbol "$term" requires explicit package name at /usr/home/eserte/.cpan/build/2018060500/IO-Termios-0.06-5/blib/lib/IO/Termios.pm line 229.
# Global symbol "$term" requires explicit package name at /usr/home/eserte/.cpan/build/2018060500/IO-Termios-0.06-5/blib/lib/IO/Termios.pm line 229.
# Global symbol "$mode" requires explicit package name at /usr/home/eserte/.cpan/build/2018060500/IO-Termios-0.06-5/blib/lib/IO/Termios.pm line 229.
# Global symbol "$mode" requires explicit package name at /usr/home/eserte/.cpan/build/2018060500/IO-Termios-0.06-5/blib/lib/IO/Termios.pm line 229.
# Global symbol "$term" requires explicit package name at /usr/home/eserte/.cpan/build/2018060500/IO-Termios-0.06-5/blib/lib/IO/Termios.pm line 229.
# Global symbol "$term" requires explicit package name at /usr/home/eserte/.cpan/build/2018060500/IO-Termios-0.06-5/blib/lib/IO/Termios.pm line 229.
# Global symbol "$mode" requires explicit package name at /usr/home/eserte/.cpan/build/2018060500/IO-Termios-0.06-5/blib/lib/IO/Termios.pm line 229.
# Global symbol "$mode" requires explicit package name at /usr/home/eserte/.cpan/build/2018060500/IO-Termios-0.06-5/blib/lib/IO/Termios.pm line 229.
# Global symbol "$term" requires explicit package name at /usr/home/eserte/.cpan/build/2018060500/IO-Termios-0.06-5/blib/lib/IO/Termios.pm line 229.
# Global symbol "$term" requires explicit package name at /usr/home/eserte/.cpan/build/2018060500/IO-Termios-0.06-5/blib/lib/IO/Termios.pm line 229.
# Global symbol "$mode" requires explicit package name at /usr/home/eserte/.cpan/build/2018060500/IO-Termios-0.06-5/blib/lib/IO/Termios.pm line 229.
# Global symbol "@flags" requires explicit package name at /usr/home/eserte/.cpan/build/2018060500/IO-Termios-0.06-5/blib/lib/IO/Termios.pm line 229.
# Global symbol "@flags" requires explicit package name at /usr/home/eserte/.cpan/build/2018060500/IO-Termios-0.06-5/blib/lib/IO/Termios.pm line 229.
# Global symbol "$name" requires explicit package name at /usr/home/eserte/.cpan/build/2018060500/IO-Termios-0.06-5/blib/lib/IO/Termios.pm line 229.
# Global symbol "$getmethod" requires explicit package name at /usr/home/eserte/.cpan/build/2018060500/IO-Termios-0.06-5/blib/lib/IO/Termios.pm line 229.
# Global symbol "$name" requires explicit package name at /usr/home/eserte/.cpan/build/2018060500/IO-Termios-0.06-5/blib/lib/IO/Termios.pm line 229.
# Global symbol "$setmethod" requires explicit package name at /usr/home/eserte/.cpan/build/2018060500/IO-Termios-0.06-5/blib/lib/IO/Termios.pm line 229.
# Global symbol "$name" requires explicit package name at /usr/home/eserte/.cpan/build/2018060500/IO-Termios-0.06-5/blib/lib/IO/Termios.pm line 229.
# Global symbol "$getmethod" requires explicit package name at /usr/home/eserte/.cpan/build/2018060500/IO-Termios-0.06-5/blib/lib/IO/Termios.pm line 229.
# Global symbol "$self" requires explicit package name at /usr/home/eserte/.cpan/build/2018060500/IO-Termios-0.06-5/blib/lib/IO/Termios.pm line 229.
# Global symbol "$attrs" requires explicit package name at /usr/home/eserte/.cpan/build/2018060500/IO-Termios-0.06-5/blib/lib/IO/Termios.pm line 229.
# Global symbol "$self" requires explicit package name at /usr/home/eserte/.cpan/build/2018060500/IO-Termios-0.06-5/blib/lib/IO/Termios.pm line 229.
# Global symbol "$attrs" requires explicit package name at /usr/home/eserte/.cpan/build/2018060500/IO-Termios-0.06-5/blib/lib/IO/Termios.pm line 229.
# Global symbol "$getmethod" requires explicit package name at /usr/home/eserte/.cpan/build/2018060500/IO-Termios-0.06-5/blib/lib/IO/Termios.pm line 229.
# Global symbol "$setmethod" requires explicit package name at /usr/home/eserte/.cpan/build/2018060500/IO-Termios-0.06-5/blib/lib/IO/Termios.pm line 229.
# Global symbol "$self" requires explicit package name at /usr/home/eserte/.cpan/build/2018060500/IO-Termios-0.06-5/blib/lib/IO/Termios.pm line 229.
# Global symbol "$set" requires explicit package name at /usr/home/eserte/.cpan/build/2018060500/IO-Termios-0.06-5/blib/lib/IO/Termios.pm line 229.
# Global symbol "$attrs" requires explicit package name at /usr/home/eserte/.cpan/build/2018060500/IO-Termios-0.06-5/blib/lib/IO/Termios.pm line 229.
# Global symbol "$self" requires explicit package name at /usr/home/eserte/.cpan/build/2018060500/IO-Termios-0.06-5/blib/lib/IO/Termios.pm line 229.
# Global symbol "$attrs" requires explicit package name at /usr/home/eserte/.cpan/build/2018060500/IO-Termios-0.06-5/blib/lib/IO/Termios.pm line 229.
# Global symbol "$setmethod" requires explicit package name at /usr/home/eserte/.cpan/build/2018060500/IO-Termios-0.06-5/blib/lib/IO/Termios.pm line 229.
# Global symbol "$set" requires explicit package name at /usr/home/eserte/.cpan/build/2018060500/IO-Termios-0.06-5/blib/lib/IO/Termios.pm line 229.
# Global symbol "$self" requires explicit package name at /usr/home/eserte/.cpan/build/2018060500/IO-Termios-0.06-5/blib/lib/IO/Termios.pm line 229.
# Global symbol "$attrs" requires explicit package name at /usr/home/eserte/.cpan/build/2018060500/IO-Termios-0.06-5/blib/lib/IO/Termios.pm line 229.
# Global symbol "$self" requires explicit package name at /usr/home/eserte/.cpan/build/2018060500/IO-Termios-0.06-5/blib/lib/IO/Termios.pm line 229.
# Global symbol "$self" requires explicit package name at /usr/home/eserte/.cpan/build/2018060500/IO-Termios-0.06-5/blib/lib/IO/Termios.pm line 229.
# Global symbol "$self" requires explicit package name at /usr/home/eserte/.cpan/build/2018060500/IO-Termios-0.06-5/blib/lib/IO/Termios.pm line 229.
# Global symbol "@ISA" requires explicit package name at /usr/home/eserte/.cpan/build/2018060500/IO-Termios-0.06-5/blib/lib/IO/Termios.pm line 229.
# Global symbol "@ISA" requires explicit package name at /usr/home/eserte/.cpan/build/2018060500/IO-Termios-0.06-5/blib/lib/IO/Termios.pm line 229.
# /usr/home/eserte/.cpan/build/2018060500/IO-Termios-0.06-5/blib/lib/IO/Termios.pm has too many errors.
# Compilation failed in require at t/00use.t line 8.
# BEGIN failed--compilation aborted at t/00use.t line 8.
# Looks like you failed 1 test of 1.
t/00use.t .... 
Dubious, test returned 1 (wstat 256, 0x100)
Failed 1/1 subtests 
Possible unintended interpolation of @flags in string at /usr/home/eserte/.cpan/build/2018060500/IO-Termios-0.06-5/blib/lib/IO/Termios.pm line 229.
Possible unintended interpolation of @flags in string at /usr/home/eserte/.cpan/build/2018060500/IO-Termios-0.06-5/blib/lib/IO/Termios.pm line 229.
Variable "@ISA" is not imported at /usr/home/eserte/.cpan/build/2018060500/IO-Termios-0.06-5/blib/lib/IO/Termios.pm line 229.
Variable "@ISA" is not imported at /usr/home/eserte/.cpan/build/2018060500/IO-Termios-0.06-5/blib/lib/IO/Termios.pm line 229.
Bareword found where operator expected at /usr/home/eserte/.cpan/build/2018060500/IO-Termios-0.06-5/blib/lib/IO/Termios.pm line 644, near "# baud needs converting to/from"
Global symbol "$tty" requires explicit package name at /usr/home/eserte/.cpan/build/2018060500/IO-Termios-0.06-5/blib/lib/IO/Termios.pm line 150.
Global symbol "$self" requires explicit package name at /usr/home/eserte/.cpan/build/2018060500/IO-Termios-0.06-5/blib/lib/IO/Termios.pm line 150.
Global symbol "$tty" requires explicit package name at /usr/home/eserte/.cpan/build/2018060500/IO-Termios-0.06-5/blib/lib/IO/Termios.pm line 150.
Global symbol "$self" requires explicit package name at /usr/home/eserte/.cpan/build/2018060500/IO-Termios-0.06-5/blib/lib/IO/Termios.pm line 150.
Global symbol "$self" requires explicit package name at /usr/home/eserte/.cpan/build/2018060500/IO-Termios-0.06-5/blib/lib/IO/Termios.pm line 150.
Global symbol "$attrs" requires explicit package name at /usr/home/eserte/.cpan/build/2018060500/IO-Termios-0.06-5/blib/lib/IO/Termios.pm line 150.
Global symbol "$term" requires explicit package name at /usr/home/eserte/.cpan/build/2018060500/IO-Termios-0.06-5/blib/lib/IO/Termios.pm line 150.
Global symbol "$self" requires explicit package name at /usr/home/eserte/.cpan/build/2018060500/IO-Termios-0.06-5/blib/lib/IO/Termios.pm line 150.
Global symbol "$attrs" requires explicit package name at /usr/home/eserte/.cpan/build/2018060500/IO-Termios-0.06-5/blib/lib/IO/Termios.pm line 150.
Global symbol "$attrs" requires explicit package name at /usr/home/eserte/.cpan/build/2018060500/IO-Termios-0.06-5/blib/lib/IO/Termios.pm line 150.
Global symbol "$self" requires explicit package name at /usr/home/eserte/.cpan/build/2018060500/IO-Termios-0.06-5/blib/lib/IO/Termios.pm line 150.
Global symbol "$attrs" requires explicit package name at /usr/home/eserte/.cpan/build/2018060500/IO-Termios-0.06-5/blib/lib/IO/Termios.pm line 150.
Global symbol "$term" requires explicit package name at /usr/home/eserte/.cpan/build/2018060500/IO-Termios-0.06-5/blib/lib/IO/Termios.pm line 150.
Global symbol "$attrs" requires explicit package name at /usr/home/eserte/.cpan/build/2018060500/IO-Termios-0.06-5/blib/lib/IO/Termios.pm line 150.
Global symbol "$self" requires explicit package name at /usr/home/eserte/.cpan/build/2018060500/IO-Termios-0.06-5/blib/lib/IO/Termios.pm line 150.
Global symbol "$attrs" requires explicit package name at /usr/home/eserte/.cpan/build/2018060500/IO-Termios-0.06-5/blib/lib/IO/Termios.pm line 150.
Global symbol "$attrs" requires explicit package name at /usr/home/eserte/.cpan/build/2018060500/IO-Termios-0.06-5/blib/lib/IO/Termios.pm line 150.
Global symbol "$self" requires explicit package name at /usr/home/eserte/.cpan/build/2018060500/IO-Termios-0.06-5/blib/lib/IO/Termios.pm line 150.
Global symbol "$term" requires explicit package name at /usr/home/eserte/.cpan/build/2018060500/IO-Termios-0.06-5/blib/lib/IO/Termios.pm line 150.
Global symbol "$term" requires explicit package name at /usr/home/eserte/.cpan/build/2018060500/IO-Termios-0.06-5/blib/lib/IO/Termios.pm line 150.
Global symbol "$self" requires explicit package name at /usr/home/eserte/.cpan/build/2018060500/IO-Termios-0.06-5/blib/lib/IO/Termios.pm line 150.
Global symbol "$baud" requires explicit package name at /usr/home/eserte/.cpan/build/2018060500/IO-Termios-0.06-5/blib/lib/IO/Termios.pm line 150.
Global symbol "$csize" requires explicit package name at /usr/home/eserte/.cpan/build/2018060500/IO-Termios-0.06-5/blib/lib/IO/Termios.pm line 150.
Global symbol "$parity" requires explicit package name at /usr/home/eserte/.cpan/build/2018060500/IO-Termios-0.06-5/blib/lib/IO/Termios.pm line 150.
Global symbol "$stop" requires explicit package name at /usr/home/eserte/.cpan/build/2018060500/IO-Termios-0.06-5/blib/lib/IO/Termios.pm line 150.
Global symbol "$attrs" requires explicit package name at /usr/home/eserte/.cpan/build/2018060500/IO-Termios-0.06-5/blib/lib/IO/Termios.pm line 229.
Global symbol "$self" requires explicit package name at /usr/home/eserte/.cpan/build/2018060500/IO-Termios-0.06-5/blib/lib/IO/Termios.pm line 229.
Global symbol "$attrs" requires explicit package name at /usr/home/eserte/.cpan/build/2018060500/IO-Termios-0.06-5/blib/lib/IO/Termios.pm line 229.
Global symbol "$baud" requires explicit package name at /usr/home/eserte/.cpan/build/2018060500/IO-Termios-0.06-5/blib/lib/IO/Termios.pm line 229.
Global symbol "$baud" requires explicit package name at /usr/home/eserte/.cpan/build/2018060500/IO-Termios-0.06-5/blib/lib/IO/Termios.pm line 229.
Global symbol "$attrs" requires explicit package name at /usr/home/eserte/.cpan/build/2018060500/IO-Termios-0.06-5/blib/lib/IO/Termios.pm line 229.
Global symbol "$csize" requires explicit package name at /usr/home/eserte/.cpan/build/2018060500/IO-Termios-0.06-5/blib/lib/IO/Termios.pm line 229.
Global symbol "$csize" requires explicit package name at /usr/home/eserte/.cpan/build/2018060500/IO-Termios-0.06-5/blib/lib/IO/Termios.pm line 229.
Global symbol "$attrs" requires explicit package name at /usr/home/eserte/.cpan/build/2018060500/IO-Termios-0.06-5/blib/lib/IO/Termios.pm line 229.
Global symbol "$parity" requires explicit package name at /usr/home/eserte/.cpan/build/2018060500/IO-Termios-0.06-5/blib/lib/IO/Termios.pm line 229.
Global symbol "$parity" requires explicit package name at /usr/home/eserte/.cpan/build/2018060500/IO-Termios-0.06-5/blib/lib/IO/Termios.pm line 229.
Global symbol "$attrs" requires explicit package name at /usr/home/eserte/.cpan/build/2018060500/IO-Termios-0.06-5/blib/lib/IO/Termios.pm line 229.
Global symbol "$stop" requires explicit package name at /usr/home/eserte/.cpan/build/2018060500/IO-Termios-0.06-5/blib/lib/IO/Termios.pm line 229.
Global symbol "$stop" requires explicit package name at /usr/home/eserte/.cpan/build/2018060500/IO-Termios-0.06-5/blib/lib/IO/Termios.pm line 229.
Global symbol "$self" requires explicit package name at /usr/home/eserte/.cpan/build/2018060500/IO-Termios-0.06-5/blib/lib/IO/Termios.pm line 229.
Global symbol "$attrs" requires explicit package name at /usr/home/eserte/.cpan/build/2018060500/IO-Termios-0.06-5/blib/lib/IO/Termios.pm line 229.
Global symbol "$self" requires explicit package name at /usr/home/eserte/.cpan/build/2018060500/IO-Termios-0.06-5/blib/lib/IO/Termios.pm line 229.
Global symbol "$attrs" requires explicit package name at /usr/home/eserte/.cpan/build/2018060500/IO-Termios-0.06-5/blib/lib/IO/Termios.pm line 229.
Global symbol "$self" requires explicit package name at /usr/home/eserte/.cpan/build/2018060500/IO-Termios-0.06-5/blib/lib/IO/Termios.pm line 229.
Global symbol "$attrs" requires explicit package name at /usr/home/eserte/.cpan/build/2018060500/IO-Termios-0.06-5/blib/lib/IO/Termios.pm line 229.
Global symbol "$attrs" requires explicit package name at /usr/home/eserte/.cpan/build/2018060500/IO-Termios-0.06-5/blib/lib/IO/Termios.pm line 229.
Global symbol "$attrs" requires explicit package name at /usr/home/eserte/.cpan/build/2018060500/IO-Termios-0.06-5/blib/lib/IO/Termios.pm line 229.
Global symbol "$attrs" requires explicit package name at /usr/home/eserte/.cpan/build/2018060500/IO-Termios-0.06-5/blib/lib/IO/Termios.pm line 229.
Global symbol "$bits" requires explicit package name at /usr/home/eserte/.cpan/build/2018060500/IO-Termios-0.06-5/blib/lib/IO/Termios.pm line 229.
Global symbol "$term" requires explicit package name at /usr/home/eserte/.cpan/build/2018060500/IO-Termios-0.06-5/blib/lib/IO/Termios.pm line 229.
Global symbol "$term" requires explicit package name at /usr/home/eserte/.cpan/build/2018060500/IO-Termios-0.06-5/blib/lib/IO/Termios.pm line 229.
Global symbol "$bits" requires explicit package name at /usr/home/eserte/.cpan/build/2018060500/IO-Termios-0.06-5/blib/lib/IO/Termios.pm line 229.
Global symbol "$self" requires explicit package name at /usr/home/eserte/.cpan/build/2018060500/IO-Termios-0.06-5/blib/lib/IO/Termios.pm line 229.
Global symbol "$bitstr" requires explicit package name at /usr/home/eserte/.cpan/build/2018060500/IO-Termios-0.06-5/blib/lib/IO/Termios.pm line 229.
Global symbol "$self" requires explicit package name at /usr/home/eserte/.cpan/build/2018060500/IO-Termios-0.06-5/blib/lib/IO/Termios.pm line 229.
Global symbol "$bitstr" requires explicit package name at /usr/home/eserte/.cpan/build/2018060500/IO-Termios-0.06-5/blib/lib/IO/Termios.pm line 229.
Global symbol "$bitstr" requires explicit package name at /usr/home/eserte/.cpan/build/2018060500/IO-Termios-0.06-5/blib/lib/IO/Termios.pm line 229.
Global symbol "$self" requires explicit package name at /usr/home/eserte/.cpan/build/2018060500/IO-Termios-0.06-5/blib/lib/IO/Termios.pm line 229.
Global symbol "$bits" requires explicit package name at /usr/home/eserte/.cpan/build/2018060500/IO-Termios-0.06-5/blib/lib/IO/Termios.pm line 229.
Global symbol "$bitstr" requires explicit package name at /usr/home/eserte/.cpan/build/2018060500/IO-Termios-0.06-5/blib/lib/IO/Termios.pm line 229.
Global symbol "$bits" requires explicit package name at /usr/home/eserte/.cpan/build/2018060500/IO-Termios-0.06-5/blib/lib/IO/Termios.pm line 229.
Global symbol "$self" requires explicit package name at /usr/home/eserte/.cpan/build/2018060500/IO-Termios-0.06-5/blib/lib/IO/Termios.pm line 229.
Global symbol "$bitstr" requires explicit package name at /usr/home/eserte/.cpan/build/2018060500/IO-Termios-0.06-5/blib/lib/IO/Termios.pm line 229.
Global symbol "$term" requires explicit package name at /usr/home/eserte/.cpan/build/2018060500/IO-Termios-0.06-5/blib/lib/IO/Termios.pm line 229.
Global symbol "$bits" requires explicit package name at /usr/home/eserte/.cpan/build/2018060500/IO-Termios-0.06-5/blib/lib/IO/Termios.pm line 229.
Global symbol "$term" requires explicit package name at /usr/home/eserte/.cpan/build/2018060500/IO-Termios-0.06-5/blib/lib/IO/Termios.pm line 229.
Global symbol "$bits" requires explicit package name at /usr/home/eserte/.cpan/build/2018060500/IO-Termios-0.06-5/blib/lib/IO/Termios.pm line 229.
Global symbol "$self" requires explicit package name at /usr/home/eserte/.cpan/build/2018060500/IO-Termios-0.06-5/blib/lib/IO/Termios.pm line 229.
Global symbol "$bits" requires explicit package name at /usr/home/eserte/.cpan/build/2018060500/IO-Termios-0.06-5/blib/lib/IO/Termios.pm line 229.
Global symbol "$bitstr" requires explicit package name at /usr/home/eserte/.cpan/build/2018060500/IO-Termios-0.06-5/blib/lib/IO/Termios.pm line 229.
Global symbol "$bits" requires explicit package name at /usr/home/eserte/.cpan/build/2018060500/IO-Termios-0.06-5/blib/lib/IO/Termios.pm line 229.
Global symbol "$self" requires explicit package name at /usr/home/eserte/.cpan/build/2018060500/IO-Termios-0.06-5/blib/lib/IO/Termios.pm line 229.
Global symbol "$bitstr" requires explicit package name at /usr/home/eserte/.cpan/build/2018060500/IO-Termios-0.06-5/blib/lib/IO/Termios.pm line 229.
Global symbol "$self" requires explicit package name at /usr/home/eserte/.cpan/build/2018060500/IO-Termios-0.06-5/blib/lib/IO/Termios.pm line 229.
Global symbol "$bits" requires explicit package name at /usr/home/eserte/.cpan/build/2018060500/IO-Termios-0.06-5/blib/lib/IO/Termios.pm line 229.
Global symbol "$bitstr" requires explicit package name at /usr/home/eserte/.cpan/build/2018060500/IO-Termios-0.06-5/blib/lib/IO/Termios.pm line 229.
Global symbol "$bits" requires explicit package name at /usr/home/eserte/.cpan/build/2018060500/IO-Termios-0.06-5/blib/lib/IO/Termios.pm line 229.
Global symbol "$self" requires explicit package name at /usr/home/eserte/.cpan/build/2018060500/IO-Termios-0.06-5/blib/lib/IO/Termios.pm line 229.
Global symbol "$bitstr" requires explicit package name at /usr/home/eserte/.cpan/build/2018060500/IO-Termios-0.06-5/blib/lib/IO/Termios.pm line 229.
Global symbol "$bit" requires explicit package name at /usr/home/eserte/.cpan/build/2018060500/IO-Termios-0.06-5/blib/lib/IO/Termios.pm line 229.
Global symbol "%_bit2modem" requires explicit package name at /usr/home/eserte/.cpan/build/2018060500/IO-Termios-0.06-5/blib/lib/IO/Termios.pm line 229.
Global symbol "$bit" requires explicit package name at /usr/home/eserte/.cpan/build/2018060500/IO-Termios-0.06-5/blib/lib/IO/Termios.pm line 229.
Global symbol "%_modem2bit" requires explicit package name at /usr/home/eserte/.cpan/build/2018060500/IO-Termios-0.06-5/blib/lib/IO/Termios.pm line 229.
Global symbol "$bit" requires explicit package name at /usr/home/eserte/.cpan/build/2018060500/IO-Termios-0.06-5/blib/lib/IO/Termios.pm line 229.
Global symbol "$getmodem" requires explicit package name at /usr/home/eserte/.cpan/build/2018060500/IO-Termios-0.06-5/blib/lib/IO/Termios.pm line 229.
Global symbol "$self" requires explicit package name at /usr/home/eserte/.cpan/build/2018060500/IO-Termios-0.06-5/blib/lib/IO/Termios.pm line 229.
Global symbol "$self" requires explicit package name at /usr/home/eserte/.cpan/build/2018060500/IO-Termios-0.06-5/blib/lib/IO/Termios.pm line 229.
Global symbol "$bit" requires explicit package name at /usr/home/eserte/.cpan/build/2018060500/IO-Termios-0.06-5/blib/lib/IO/Termios.pm line 229.
Global symbol "$setmodem" requires explicit package name at /usr/home/eserte/.cpan/build/2018060500/IO-Termios-0.06-5/blib/lib/IO/Termios.pm line 229.
Global symbol "$self" requires explicit package name at /usr/home/eserte/.cpan/build/2018060500/IO-Termios-0.06-5/blib/lib/IO/Termios.pm line 229.
Global symbol "$set" requires explicit package name at /usr/home/eserte/.cpan/build/2018060500/IO-Termios-0.06-5/blib/lib/IO/Termios.pm line 229.
Global symbol "$set" requires explicit package name at /usr/home/eserte/.cpan/build/2018060500/IO-Termios-0.06-5/blib/lib/IO/Termios.pm line 229.
Global symbol "$self" requires explicit package name at /usr/home/eserte/.cpan/build/2018060500/IO-Termios-0.06-5/blib/lib/IO/Termios.pm line 229.
Global symbol "$bit" requires explicit package name at /usr/home/eserte/.cpan/build/2018060500/IO-Termios-0.06-5/blib/lib/IO/Termios.pm line 229.
Global symbol "$self" requires explicit package name at /usr/home/eserte/.cpan/build/2018060500/IO-Termios-0.06-5/blib/lib/IO/Termios.pm line 229.
Global symbol "$bit" requires explicit package name at /usr/home/eserte/.cpan/build/2018060500/IO-Termios-0.06-5/blib/lib/IO/Termios.pm line 229.
Global symbol "$getmodem" requires explicit package name at /usr/home/eserte/.cpan/build/2018060500/IO-Termios-0.06-5/blib/lib/IO/Termios.pm line 229.
Global symbol "$setmodem" requires explicit package name at /usr/home/eserte/.cpan/build/2018060500/IO-Termios-0.06-5/blib/lib/IO/Termios.pm line 229.
Global symbol "$term" requires explicit package name at /usr/home/eserte/.cpan/build/2018060500/IO-Termios-0.06-5/blib/lib/IO/Termios.pm line 229.
Global symbol "$self" requires explicit package name at /usr/home/eserte/.cpan/build/2018060500/IO-Termios-0.06-5/blib/lib/IO/Termios.pm line 229.
Global symbol "$bits" requires explicit package name at /usr/home/eserte/.cpan/build/2018060500/IO-Termios-0.06-5/blib/lib/IO/Termios.pm line 229.
Global symbol "$self" requires explicit package name at /usr/home/eserte/.cpan/build/2018060500/IO-Termios-0.06-5/blib/lib/IO/Termios.pm line 229.
Global symbol "$bits" requires explicit package name at /usr/home/eserte/.cpan/build/2018060500/IO-Termios-0.06-5/blib/lib/IO/Termios.pm line 229.
Global symbol "%_modem2bit" requires explicit package name at /usr/home/eserte/.cpan/build/2018060500/IO-Termios-0.06-5/blib/lib/IO/Termios.pm line 229.
Global symbol "$term" requires explicit package name at /usr/home/eserte/.cpan/build/2018060500/IO-Termios-0.06-5/blib/lib/IO/Termios.pm line 229.
Global symbol "$self" requires explicit package name at /usr/home/eserte/.cpan/build/2018060500/IO-Termios-0.06-5/blib/lib/IO/Termios.pm line 229.
Global symbol "$bits" requires explicit package name at /usr/home/eserte/.cpan/build/2018060500/IO-Termios-0.06-5/blib/lib/IO/Termios.pm line 229.
Global symbol "$self" requires explicit package name at /usr/home/eserte/.cpan/build/2018060500/IO-Termios-0.06-5/blib/lib/IO/Termios.pm line 229.
Global symbol "$bit" requires explicit package name at /usr/home/eserte/.cpan/build/2018060500/IO-Termios-0.06-5/blib/lib/IO/Termios.pm line 229.
Global symbol "%_modem2bit" requires explicit package name at /usr/home/eserte/.cpan/build/2018060500/IO-Termios-0.06-5/blib/lib/IO/Termios.pm line 229.
Global symbol "$bits" requires explicit package name at /usr/home/eserte/.cpan/build/2018060500/IO-Termios-0.06-5/blib/lib/IO/Termios.pm line 229.
Global symbol "$bit" requires explicit package name at /usr/home/eserte/.cpan/build/2018060500/IO-Termios-0.06-5/blib/lib/IO/Termios.pm line 229.
Global symbol "$bits" requires explicit package name at /usr/home/eserte/.cpan/build/2018060500/IO-Termios-0.06-5/blib/lib/IO/Termios.pm line 229.
Global symbol "$bit" requires explicit package name at /usr/home/eserte/.cpan/build/2018060500/IO-Termios-0.06-5/blib/lib/IO/Termios.pm line 229.
Global symbol "$self" requires explicit package name at /usr/home/eserte/.cpan/build/2018060500/IO-Termios-0.06-5/blib/lib/IO/Termios.pm line 229.
Global symbol "$bits" requires explicit package name at /usr/home/eserte/.cpan/build/2018060500/IO-Termios-0.06-5/blib/lib/IO/Termios.pm line 229.
Global symbol "$set" requires explicit package name at /usr/home/eserte/.cpan/build/2018060500/IO-Termios-0.06-5/blib/lib/IO/Termios.pm line 229.
Global symbol "$term" requires explicit package name at /usr/home/eserte/.cpan/build/2018060500/IO-Termios-0.06-5/blib/lib/IO/Termios.pm line 229.
Global symbol "$term" requires explicit package name at /usr/home/eserte/.cpan/build/2018060500/IO-Termios-0.06-5/blib/lib/IO/Termios.pm line 229.
Global symbol "$set" requires explicit package name at /usr/home/eserte/.cpan/build/2018060500/IO-Termios-0.06-5/blib/lib/IO/Termios.pm line 229.
Global symbol "$term" requires explicit package name at /usr/home/eserte/.cpan/build/2018060500/IO-Termios-0.06-5/blib/lib/IO/Termios.pm line 229.
Global symbol "$term" requires explicit package name at /usr/home/eserte/.cpan/build/2018060500/IO-Termios-0.06-5/blib/lib/IO/Termios.pm line 229.
Global symbol "$term" requires explicit package name at /usr/home/eserte/.cpan/build/2018060500/IO-Termios-0.06-5/blib/lib/IO/Termios.pm line 229.
Global symbol "$term" requires explicit package name at /usr/home/eserte/.cpan/build/2018060500/IO-Termios-0.06-5/blib/lib/IO/Termios.pm line 229.
Global symbol "$attrs" requires explicit package name at /usr/home/eserte/.cpan/build/2018060500/IO-Termios-0.06-5/blib/lib/IO/Termios.pm line 229.
Global symbol "$term" requires explicit package name at /usr/home/eserte/.cpan/build/2018060500/IO-Termios-0.06-5/blib/lib/IO/Termios.pm line 229.
Global symbol "$attrs" requires explicit package name at /usr/home/eserte/.cpan/build/2018060500/IO-Termios-0.06-5/blib/lib/IO/Termios.pm line 229.
Global symbol "$attrs" requires explicit package name at /usr/home/eserte/.cpan/build/2018060500/IO-Termios-0.06-5/blib/lib/IO/Termios.pm line 229.
Global symbol "$attrs" requires explicit package name at /usr/home/eserte/.cpan/build/2018060500/IO-Termios-0.06-5/blib/lib/IO/Termios.pm line 229.
Global symbol "$attrs" requires explicit package name at /usr/home/eserte/.cpan/build/2018060500/IO-Termios-0.06-5/blib/lib/IO/Termios.pm line 229.
Global symbol "$term" requires explicit package name at /usr/home/eserte/.cpan/build/2018060500/IO-Termios-0.06-5/blib/lib/IO/Termios.pm line 229.
Global symbol "$attrs" requires explicit package name at /usr/home/eserte/.cpan/build/2018060500/IO-Termios-0.06-5/blib/lib/IO/Termios.pm line 229.
Global symbol "$term" requires explicit package name at /usr/home/eserte/.cpan/build/2018060500/IO-Termios-0.06-5/blib/lib/IO/Termios.pm line 229.
Global symbol "$baud" requires explicit package name at /usr/home/eserte/.cpan/build/2018060500/IO-Termios-0.06-5/blib/lib/IO/Termios.pm line 229.
Global symbol "$term" requires explicit package name at /usr/home/eserte/.cpan/build/2018060500/IO-Termios-0.06-5/blib/lib/IO/Termios.pm line 229.
Global symbol "$baud" requires explicit package name at /usr/home/eserte/.cpan/build/2018060500/IO-Termios-0.06-5/blib/lib/IO/Termios.pm line 229.
Global symbol "$term" requires explicit package name at /usr/home/eserte/.cpan/build/2018060500/IO-Termios-0.06-5/blib/lib/IO/Termios.pm line 229.
Global symbol "$term" requires explicit package name at /usr/home/eserte/.cpan/build/2018060500/IO-Termios-0.06-5/blib/lib/IO/Termios.pm line 229.
Global symbol "$baud" requires explicit package name at /usr/home/eserte/.cpan/build/2018060500/IO-Termios-0.06-5/blib/lib/IO/Termios.pm line 229.
Global symbol "$term" requires explicit package name at /usr/home/eserte/.cpan/build/2018060500/IO-Termios-0.06-5/blib/lib/IO/Termios.pm line 229.
Global symbol "$baud" requires explicit package name at /usr/home/eserte/.cpan/build/2018060500/IO-Termios-0.06-5/blib/lib/IO/Termios.pm line 229.
Global symbol "$term" requires explicit package name at /usr/home/eserte/.cpan/build/2018060500/IO-Termios-0.06-5/blib/lib/IO/Termios.pm line 229.
Global symbol "$baud" requires explicit package name at /usr/home/eserte/.cpan/build/2018060500/IO-Termios-0.06-5/blib/lib/IO/Termios.pm line 229.
Global symbol "$baud" requires explicit package name at /usr/home/eserte/.cpan/build/2018060500/IO-Termios-0.06-5/blib/lib/IO/Termios.pm line 229.
Global symbol "$bits" requires explicit package name at /usr/home/eserte/.cpan/build/2018060500/IO-Termios-0.06-5/blib/lib/IO/Termios.pm line 229.
Global symbol "$term" requires explicit package name at /usr/home/eserte/.cpan/build/2018060500/IO-Termios-0.06-5/blib/lib/IO/Termios.pm line 229.
Global symbol "$term" requires explicit package name at /usr/home/eserte/.cpan/build/2018060500/IO-Termios-0.06-5/blib/lib/IO/Termios.pm line 229.
Global symbol "$bits" requires explicit package name at /usr/home/eserte/.cpan/build/2018060500/IO-Termios-0.06-5/blib/lib/IO/Termios.pm line 229.
Global symbol "$bits" requires explicit package name at /usr/home/eserte/.cpan/build/2018060500/IO-Termios-0.06-5/blib/lib/IO/Termios.pm line 229.
Global symbol "$parity" requires explicit package name at /usr/home/eserte/.cpan/build/2018060500/IO-Termios-0.06-5/blib/lib/IO/Termios.pm line 229.
Global symbol "$term" requires explicit package name at /usr/home/eserte/.cpan/build/2018060500/IO-Termios-0.06-5/blib/lib/IO/Termios.pm line 229.
Global symbol "$term" requires explicit package name at /usr/home/eserte/.cpan/build/2018060500/IO-Termios-0.06-5/blib/lib/IO/Termios.pm line 229.
Global symbol "$parity" requires explicit package name at /usr/home/eserte/.cpan/build/2018060500/IO-Termios-0.06-5/blib/lib/IO/Termios.pm line 229.
Global symbol "$parity" requires explicit package name at /usr/home/eserte/.cpan/build/2018060500/IO-Termios-0.06-5/blib/lib/IO/Termios.pm line 229.
Global symbol "$stop" requires explicit package name at /usr/home/eserte/.cpan/build/2018060500/IO-Termios-0.06-5/blib/lib/IO/Termios.pm line 229.
Global symbol "$term" requires explicit package name at /usr/home/eserte/.cpan/build/2018060500/IO-Termios-0.06-5/blib/lib/IO/Termios.pm line 229.
Global symbol "$term" requires explicit package name at /usr/home/eserte/.cpan/build/2018060500/IO-Termios-0.06-5/blib/lib/IO/Termios.pm line 229.
Global symbol "$stop" requires explicit package name at /usr/home/eserte/.cpan/build/2018060500/IO-Termios-0.06-5/blib/lib/IO/Termios.pm line 229.
Global symbol "$stop" requires explicit package name at /usr/home/eserte/.cpan/build/2018060500/IO-Termios-0.06-5/blib/lib/IO/Termios.pm line 229.
Global symbol "$name" requires explicit package name at /usr/home/eserte/.cpan/build/2018060500/IO-Termios-0.06-5/blib/lib/IO/Termios.pm line 229.
Global symbol "$getmethod" requires explicit package name at /usr/home/eserte/.cpan/build/2018060500/IO-Termios-0.06-5/blib/lib/IO/Termios.pm line 229.
Global symbol "$name" requires explicit package name at /usr/home/eserte/.cpan/build/2018060500/IO-Termios-0.06-5/blib/lib/IO/Termios.pm line 229.
Global symbol "$setmethod" requires explicit package name at /usr/home/eserte/.cpan/build/2018060500/IO-Termios-0.06-5/blib/lib/IO/Termios.pm line 229.
Global symbol "$name" requires explicit package name at /usr/home/eserte/.cpan/build/2018060500/IO-Termios-0.06-5/blib/lib/IO/Termios.pm line 229.
Global symbol "$getmethod" requires explicit package name at /usr/home/eserte/.cpan/build/2018060500/IO-Termios-0.06-5/blib/lib/IO/Termios.pm line 229.
Global symbol "$self" requires explicit package name at /usr/home/eserte/.cpan/build/2018060500/IO-Termios-0.06-5/blib/lib/IO/Termios.pm line 229.
Global symbol "$attrs" requires explicit package name at /usr/home/eserte/.cpan/build/2018060500/IO-Termios-0.06-5/blib/lib/IO/Termios.pm line 229.
Global symbol "$self" requires explicit package name at /usr/home/eserte/.cpan/build/2018060500/IO-Termios-0.06-5/blib/lib/IO/Termios.pm line 229.
Global symbol "$attrs" requires explicit package name at /usr/home/eserte/.cpan/build/2018060500/IO-Termios-0.06-5/blib/lib/IO/Termios.pm line 229.
Global symbol "$getmethod" requires explicit package name at /usr/home/eserte/.cpan/build/2018060500/IO-Termios-0.06-5/blib/lib/IO/Termios.pm line 229.
Global symbol "$setmethod" requires explicit package name at /usr/home/eserte/.cpan/build/2018060500/IO-Termios-0.06-5/blib/lib/IO/Termios.pm line 229.
Global symbol "$self" requires explicit package name at /usr/home/eserte/.cpan/build/2018060500/IO-Termios-0.06-5/blib/lib/IO/Termios.pm line 229.
Global symbol "$val" requires explicit package name at /usr/home/eserte/.cpan/build/2018060500/IO-Termios-0.06-5/blib/lib/IO/Termios.pm line 229.
Global symbol "$attrs" requires explicit package name at /usr/home/eserte/.cpan/build/2018060500/IO-Termios-0.06-5/blib/lib/IO/Termios.pm line 229.
Global symbol "$self" requires explicit package name at /usr/home/eserte/.cpan/build/2018060500/IO-Termios-0.06-5/blib/lib/IO/Termios.pm line 229.
Global symbol "$attrs" requires explicit package name at /usr/home/eserte/.cpan/build/2018060500/IO-Termios-0.06-5/blib/lib/IO/Termios.pm line 229.
Global symbol "$setmethod" requires explicit package name at /usr/home/eserte/.cpan/build/2018060500/IO-Termios-0.06-5/blib/lib/IO/Termios.pm line 229.
Global symbol "$val" requires explicit package name at /usr/home/eserte/.cpan/build/2018060500/IO-Termios-0.06-5/blib/lib/IO/Termios.pm line 229.
Global symbol "$self" requires explicit package name at /usr/home/eserte/.cpan/build/2018060500/IO-Termios-0.06-5/blib/lib/IO/Termios.pm line 229.
Global symbol "$attrs" requires explicit package name at /usr/home/eserte/.cpan/build/2018060500/IO-Termios-0.06-5/blib/lib/IO/Termios.pm line 229.
Global symbol "$self" requires explicit package name at /usr/home/eserte/.cpan/build/2018060500/IO-Termios-0.06-5/blib/lib/IO/Termios.pm line 229.
Global symbol "$val" requires explicit package name at /usr/home/eserte/.cpan/build/2018060500/IO-Termios-0.06-5/blib/lib/IO/Termios.pm line 229.
Global symbol "$attrs" requires explicit package name at /usr/home/eserte/.cpan/build/2018060500/IO-Termios-0.06-5/blib/lib/IO/Termios.pm line 229.
Global symbol "$self" requires explicit package name at /usr/home/eserte/.cpan/build/2018060500/IO-Termios-0.06-5/blib/lib/IO/Termios.pm line 229.
Global symbol "$attrs" requires explicit package name at /usr/home/eserte/.cpan/build/2018060500/IO-Termios-0.06-5/blib/lib/IO/Termios.pm line 229.
Global symbol "$val" requires explicit package name at /usr/home/eserte/.cpan/build/2018060500/IO-Termios-0.06-5/blib/lib/IO/Termios.pm line 229.
Global symbol "$self" requires explicit package name at /usr/home/eserte/.cpan/build/2018060500/IO-Termios-0.06-5/blib/lib/IO/Termios.pm line 229.
Global symbol "$attrs" requires explicit package name at /usr/home/eserte/.cpan/build/2018060500/IO-Termios-0.06-5/blib/lib/IO/Termios.pm line 229.
Global symbol "$mode" requires explicit package name at /usr/home/eserte/.cpan/build/2018060500/IO-Termios-0.06-5/blib/lib/IO/Termios.pm line 229.
Global symbol "$term" requires explicit package name at /usr/home/eserte/.cpan/build/2018060500/IO-Termios-0.06-5/blib/lib/IO/Termios.pm line 229.
Global symbol "$term" requires explicit package name at /usr/home/eserte/.cpan/build/2018060500/IO-Termios-0.06-5/blib/lib/IO/Termios.pm line 229.
Global symbol "$mode" requires explicit package name at /usr/home/eserte/.cpan/build/2018060500/IO-Termios-0.06-5/blib/lib/IO/Termios.pm line 229.
Global symbol "$mode" requires explicit package name at /usr/home/eserte/.cpan/build/2018060500/IO-Termios-0.06-5/blib/lib/IO/Termios.pm line 229.
Global symbol "$term" requires explicit package name at /usr/home/eserte/.cpan/build/2018060500/IO-Termios-0.06-5/blib/lib/IO/Termios.pm line 229.
Global symbol "$term" requires explicit package name at /usr/home/eserte/.cpan/build/2018060500/IO-Termios-0.06-5/blib/lib/IO/Termios.pm line 229.
Global symbol "$mode" requires explicit package name at /usr/home/eserte/.cpan/build/2018060500/IO-Termios-0.06-5/blib/lib/IO/Termios.pm line 229.
Global symbol "$mode" requires explicit package name at /usr/home/eserte/.cpan/build/2018060500/IO-Termios-0.06-5/blib/lib/IO/Termios.pm line 229.
Global symbol "$term" requires explicit package name at /usr/home/eserte/.cpan/build/2018060500/IO-Termios-0.06-5/blib/lib/IO/Termios.pm line 229.
Global symbol "$term" requires explicit package name at /usr/home/eserte/.cpan/build/2018060500/IO-Termios-0.06-5/blib/lib/IO/Termios.pm line 229.
Global symbol "$mode" requires explicit package name at /usr/home/eserte/.cpan/build/2018060500/IO-Termios-0.06-5/blib/lib/IO/Termios.pm line 229.
Global symbol "$mode" requires explicit package name at /usr/home/eserte/.cpan/build/2018060500/IO-Termios-0.06-5/blib/lib/IO/Termios.pm line 229.
Global symbol "$term" requires explicit package name at /usr/home/eserte/.cpan/build/2018060500/IO-Termios-0.06-5/blib/lib/IO/Termios.pm line 229.
Global symbol "$term" requires explicit package name at /usr/home/eserte/.cpan/build/2018060500/IO-Termios-0.06-5/blib/lib/IO/Termios.pm line 229.
Global symbol "$mode" requires explicit package name at /usr/home/eserte/.cpan/build/2018060500/IO-Termios-0.06-5/blib/lib/IO/Termios.pm line 229.
Global symbol "$mode" requires explicit package name at /usr/home/eserte/.cpan/build/2018060500/IO-Termios-0.06-5/blib/lib/IO/Termios.pm line 229.
Global symbol "$term" requires explicit package name at /usr/home/eserte/.cpan/build/2018060500/IO-Termios-0.06-5/blib/lib/IO/Termios.pm line 229.
Global symbol "$term" requires explicit package name at /usr/home/eserte/.cpan/build/2018060500/IO-Termios-0.06-5/blib/lib/IO/Termios.pm line 229.
Global symbol "$mode" requires explicit package name at /usr/home/eserte/.cpan/build/2018060500/IO-Termios-0.06-5/blib/lib/IO/Termios.pm line 229.
Global symbol "@flags" requires explicit package name at /usr/home/eserte/.cpan/build/2018060500/IO-Termios-0.06-5/blib/lib/IO/Termios.pm line 229.
Global symbol "@flags" requires explicit package name at /usr/home/eserte/.cpan/build/2018060500/IO-Termios-0.06-5/blib/lib/IO/Termios.pm line 229.
Global symbol "$name" requires explicit package name at /usr/home/eserte/.cpan/build/2018060500/IO-Termios-0.06-5/blib/lib/IO/Termios.pm line 229.
Global symbol "$getmethod" requires explicit package name at /usr/home/eserte/.cpan/build/2018060500/IO-Termios-0.06-5/blib/lib/IO/Termios.pm line 229.
Global symbol "$name" requires explicit package name at /usr/home/eserte/.cpan/build/2018060500/IO-Termios-0.06-5/blib/lib/IO/Termios.pm line 229.
Global symbol "$setmethod" requires explicit package name at /usr/home/eserte/.cpan/build/2018060500/IO-Termios-0.06-5/blib/lib/IO/Termios.pm line 229.
Global symbol "$name" requires explicit package name at /usr/home/eserte/.cpan/build/2018060500/IO-Termios-0.06-5/blib/lib/IO/Termios.pm line 229.
Global symbol "$getmethod" requires explicit package name at /usr/home/eserte/.cpan/build/2018060500/IO-Termios-0.06-5/blib/lib/IO/Termios.pm line 229.
Global symbol "$self" requires explicit package name at /usr/home/eserte/.cpan/build/2018060500/IO-Termios-0.06-5/blib/lib/IO/Termios.pm line 229.
Global symbol "$attrs" requires explicit package name at /usr/home/eserte/.cpan/build/2018060500/IO-Termios-0.06-5/blib/lib/IO/Termios.pm line 229.
Global symbol "$self" requires explicit package name at /usr/home/eserte/.cpan/build/2018060500/IO-Termios-0.06-5/blib/lib/IO/Termios.pm line 229.
Global symbol "$attrs" requires explicit package name at /usr/home/eserte/.cpan/build/2018060500/IO-Termios-0.06-5/blib/lib/IO/Termios.pm line 229.
Global symbol "$getmethod" requires explicit package name at /usr/home/eserte/.cpan/build/2018060500/IO-Termios-0.06-5/blib/lib/IO/Termios.pm line 229.
Global symbol "$setmethod" requires explicit package name at /usr/home/eserte/.cpan/build/2018060500/IO-Termios-0.06-5/blib/lib/IO/Termios.pm line 229.
Global symbol "$self" requires explicit package name at /usr/home/eserte/.cpan/build/2018060500/IO-Termios-0.06-5/blib/lib/IO/Termios.pm line 229.
Global symbol "$set" requires explicit package name at /usr/home/eserte/.cpan/build/2018060500/IO-Termios-0.06-5/blib/lib/IO/Termios.pm line 229.
Global symbol "$attrs" requires explicit package name at /usr/home/eserte/.cpan/build/2018060500/IO-Termios-0.06-5/blib/lib/IO/Termios.pm line 229.
Global symbol "$self" requires explicit package name at /usr/home/eserte/.cpan/build/2018060500/IO-Termios-0.06-5/blib/lib/IO/Termios.pm line 229.
Global symbol "$attrs" requires explicit package name at /usr/home/eserte/.cpan/build/2018060500/IO-Termios-0.06-5/blib/lib/IO/Termios.pm line 229.
Global symbol "$setmethod" requires explicit package name at /usr/home/eserte/.cpan/build/2018060500/IO-Termios-0.06-5/blib/lib/IO/Termios.pm line 229.
Global symbol "$set" requires explicit package name at /usr/home/eserte/.cpan/build/2018060500/IO-Termios-0.06-5/blib/lib/IO/Termios.pm line 229.
Global symbol "$self" requires explicit package name at /usr/home/eserte/.cpan/build/2018060500/IO-Termios-0.06-5/blib/lib/IO/Termios.pm line 229.
Global symbol "$attrs" requires explicit package name at /usr/home/eserte/.cpan/build/2018060500/IO-Termios-0.06-5/blib/lib/IO/Termios.pm line 229.
Global symbol "$self" requires explicit package name at /usr/home/eserte/.cpan/build/2018060500/IO-Termios-0.06-5/blib/lib/IO/Termios.pm line 229.
Global symbol "$self" requires explicit package name at /usr/home/eserte/.cpan/build/2018060500/IO-Termios-0.06-5/blib/lib/IO/Termios.pm line 229.
Global symbol "$self" requires explicit package name at /usr/home/eserte/.cpan/build/2018060500/IO-Termios-0.06-5/blib/lib/IO/Termios.pm line 229.
Global symbol "@ISA" requires explicit package name at /usr/home/eserte/.cpan/build/2018060500/IO-Termios-0.06-5/blib/lib/IO/Termios.pm line 229.
Global symbol "@ISA" requires explicit package name at /usr/home/eserte/.cpan/build/2018060500/IO-Termios-0.06-5/blib/lib/IO/Termios.pm line 229.
/usr/home/eserte/.cpan/build/2018060500/IO-Termios-0.06-5/blib/lib/IO/Termios.pm has too many errors.
Compilation failed in require at t/01flags.t line 9.
BEGIN failed--compilation aborted at t/01flags.t line 9.
t/01flags.t .. 
Dubious, test returned 2 (wstat 512, 0x200)
No subtests run 
t/99pod.t .... ok

Test Summary Report
-------------------
t/00use.t  (Wstat: 256 Tests: 1 Failed: 1)
  Failed test:  1
  Non-zero exit status: 1
t/01flags.t (Wstat: 512 Tests: 0 Failed: 0)
  Non-zero exit status: 2
  Parse errors: No plan found in TAP output
Files=3, Tests=2,  1 wallclock secs ( 0.00 usr  0.02 sys +  0.12 cusr  0.05 csys =  0.20 CPU)
Result: FAIL
Failed 2/3 test programs. 1/2 subtests failed.

------------------------------
PREREQUISITES
------------------------------

Prerequisite modules loaded:

requires:

    Module           Need   Have    
    ---------------- ------ --------
    IO::Tty          0      1.12    

build_requires:

    Module           Need   Have    
    ---------------- ------ --------
    IO::Pty          0      1.12    
    IO::Tty          0      1.12    
    Test::LongString 0      0.17    
    Test::More       0.88   1.302136

configure_requires:

    Module           Need   Have    
    ---------------- ------ --------
    Module::Build    0.4004 0.4224  


------------------------------
ENVIRONMENT AND OTHER CONTEXT
------------------------------

Environment variables:

    LC_ALL = de_DE.ISO8859-1
    PATH = /usr/local/bin:/usr/bin:/bin:/usr/local/sbin:/usr/sbin:/sbin:/home/cpansand/bin/freebsd9.3:/home/cpansand/bin/sh:/home/cpansand/bin:/usr/games:/home/cpansand/devel:/usr/home/eserte/src/srezic-misc/scripts
    PERL5LIB = 
    PERL5OPT = 
    PERL5_CPANPLUS_IS_RUNNING = 68248
    PERL5_CPAN_IS_RUNNING = 68248
    PERL5_CPAN_IS_RUNNING_IN_RECURSION = 68201,68248
    PERLDOC = -MPod::Perldoc::ToTextOverstrike
    PERL_BATCH = yes
    PERL_CANARY_STABILITY_NOPROMPT = 1
    PERL_CPAN_REPORTER_CONFIG = /var/tmp/cpansmoker-1023/2018060500/cpanreporter_000_config.ini
    PERL_EXTUTILS_AUTOINSTALL = --defaultdeps
    SHELL = /usr/local/bin/zsh
    TERM = screen
    TMPDIR = /var/tmp/cpansmoker-1023/2018060500

Perl special variables (and OS-specific diagnostics, for MSWin32):

    $^X = /usr/perl5.8.9/bin/perl
    $UID/$EUID = 1023 / 1023
    $GID = 1023 1023
    $EGID = 1023 1023

Perl module toolchain versions installed:

    Module              Have    
    ------------------- --------
    CPAN                2.16    
    CPAN::Meta          2.150010
    Cwd                 3.74    
    ExtUtils::CBuilder  0.280230
    ExtUtils::Command   7.34    
    ExtUtils::Install   2.12    
    ExtUtils::MakeMaker 7.34    
    ExtUtils::Manifest  1.71    
    ExtUtils::ParseXS   3.35    
    File::Spec          3.74    
    JSON                2.97001 
    JSON::PP            2.97001 
    Module::Build       0.4224  
    Module::Signature   0.81    
    Parse::CPAN::Meta   2.150010
    Test::Harness       3.41    
    Test::More          1.302136
    YAML                1.23    
    YAML::Syck          1.30    
    version             0.9924  


--

Summary of my perl5 (revision 5 version 8 subversion 9) configuration:
  Platform:
    osname=freebsd, osvers=9.2-release-p4, archname=amd64-freebsd
    uname='freebsd cvrsnica-freebsd-92 9.2-release-p4 freebsd 9.2-release-p4 #0: tue apr 8 18:08:22 utc 2014 root@amd64-builder.daemonology.net:usrobjusrsrcsysgeneric amd64 '
    config_args='-ds -e -Dprefix=/usr/perl5.8.9'
    hint=recommended, useposix=true, d_sigaction=define
    usethreads=undef use5005threads=undef useithreads=undef usemultiplicity=undef
    useperlio=define d_sfio=undef uselargefiles=define usesocks=undef
    use64bitint=define use64bitall=define uselongdouble=undef
    usemymalloc=n, bincompat5005=undef
  Compiler:
    cc='cc', ccflags ='-DHAS_FPSETMASK -DHAS_FLOATINGPOINT_H -fno-strict-aliasing -pipe -I/usr/local/include',
    optimize='-O',
    cppflags='-DHAS_FPSETMASK -DHAS_FLOATINGPOINT_H -fno-strict-aliasing -pipe -I/usr/local/include'
    ccversion='', gccversion='4.2.1 20070831 patched [FreeBSD]', gccosandvers=''
    intsize=4, longsize=8, ptrsize=8, doublesize=8, byteorder=12345678
    d_longlong=define, longlongsize=8, d_longdbl=define, longdblsize=16
    ivtype='long', ivsize=8, nvtype='double', nvsize=8, Off_t='off_t', lseeksize=8
    alignbytes=8, prototype=define
  Linker and Libraries:
    ld='cc', ldflags ='-Wl,-E  -L/usr/local/lib'
    libpth=/usr/lib /usr/local/lib
    libs=-lgdbm -lm -lcrypt -lutil -lc
    perllibs=-lm -lcrypt -lutil -lc
    libc=, so=so, useshrplib=false, libperl=libperl.a
    gnulibc_version=''
  Dynamic Linking:
    dlsrc=dl_dlopen.xs, dlext=so, d_dlsymun=undef, ccdlflags=' '
    cccdlflags='-DPIC -fPIC', lddlflags='-shared  -L/usr/local/lib'


Characteristics of this binary (from libperl): 
  Compile-time options: PERL_MALLOC_WRAP USE_64_BIT_ALL USE_64_BIT_INT
                        USE_FAST_STDIO USE_LARGE_FILES USE_PERLIO
  Built under freebsd
  Compiled at May 15 2014 22:27:57
  %ENV:
    PERL5LIB=""
    PERL5OPT=""
    PERL5_CPANPLUS_IS_RUNNING="68248"
    PERL5_CPAN_IS_RUNNING="68248"
    PERL5_CPAN_IS_RUNNING_IN_RECURSION="68201,68248"
    PERLDOC="-MPod::Perldoc::ToTextOverstrike"
    PERL_BATCH="yes"
    PERL_CANARY_STABILITY_NOPROMPT="1"
    PERL_CPAN_REPORTER_CONFIG="/var/tmp/cpansmoker-1023/2018060500/cpanreporter_000_config.ini"
    PERL_EXTUTILS_AUTOINSTALL="--defaultdeps"
  @INC:
    /usr/perl5.8.9/lib/5.8.9/amd64-freebsd
    /usr/perl5.8.9/lib/5.8.9
    /usr/perl5.8.9/lib/site_perl/5.8.9/amd64-freebsd
    /usr/perl5.8.9/lib/site_perl/5.8.9
    .