Report for Business-RO-CNP-0.03

Back
From: metabase:user:320bfe00-2aae-11df-837a-5e0a49663a4f
Subject: FAIL Business-RO-CNP-0.03 v5.17.6 GNU/Linux
Date: 2012-11-18T23:27:52Z

This distribution has been tested as part of the CPAN Testers
project, supporting the Perl programming language.  See
http://wiki.cpantesters.org/ for more information or email
questions to cpan-testers-discuss@perl.org


--
Dear Octavian Rasnita,

This is a computer-generated report for Business-RO-CNP-0.03
on perl 5.17.6, created by CPAN-Reporter-1.2006.

Thank you for uploading your work to CPAN.  However, there was a problem
testing your distribution.

If you think this report is invalid, please consult the CPAN Testers Wiki
for suggestions on how to avoid getting FAIL reports for missing library
or binary dependencies, unsupported operating systems, and so on:

http://wiki.cpantesters.org/wiki/CPANAuthorNotes

Sections of this report:

    * Tester comments
    * Program output
    * Prerequisites
    * Environment and other context

------------------------------
TESTER COMMENTS
------------------------------

Additional comments from tester:

this report is from an automated smoke testing program
and was not reviewed by a human for accuracy

------------------------------
PROGRAM OUTPUT
------------------------------

Output from '/usr/bin/make test':

PERL_DL_NONLAZY=1 /tmp/basesmoker-reloperl-6dU6/bin/perl "-MExtUtils::Command::MM" "-e" "test_harness(0, 'blib/lib', 'blib/arch')" t/*.t
# Testing Business::RO::CNP 0.03, Perl 5.017006, /tmp/basesmoker-reloperl-6dU6/bin/perl
t/00-load.t ....... ok
t/boilerplate.t ... ok
Use of uninitialized value in substr at /tmp/loop_over_bdir-ro6O3s/Business-RO-CNP-0.03-e0UHOL/blib/lib/Business/RO/CNP.pm line 89.
substr outside of string at /tmp/loop_over_bdir-ro6O3s/Business-RO-CNP-0.03-e0UHOL/blib/lib/Business/RO/CNP.pm line 89.
Attribute (county_id) does not pass the type constraint because: Validation failed for 'Int' with value undef at /home/src/perl/repoperls/installed-perls/perl/v5.17.5-522-g10ffaf9/165a/lib/site_perl/5.17.6/x86_64-linux/Moose/Meta/Attribute.pm line 1274.
	Moose::Meta::Attribute::verify_against_type_constraint('Moose::Meta::Attribute=HASH(0x293cb40)', undef, 'instance', 'Business::RO::CNP=HASH(0x1401a10)') called at /home/src/perl/repoperls/installed-perls/perl/v5.17.5-522-g10ffaf9/165a/lib/site_perl/5.17.6/x86_64-linux/Moose/Meta/Attribute.pm line 1261
	Moose::Meta::Attribute::_coerce_and_verify('Moose::Meta::Attribute=HASH(0x293cb40)', undef, 'Business::RO::CNP=HASH(0x1401a10)') called at /home/src/perl/repoperls/installed-perls/perl/v5.17.5-522-g10ffaf9/165a/lib/site_perl/5.17.6/x86_64-linux/Moose/Meta/Attribute.pm line 531
	Moose::Meta::Attribute::initialize_instance_slot('Moose::Meta::Attribute=HASH(0x293cb40)', 'Moose::Meta::Instance=HASH(0x295a458)', 'Business::RO::CNP=HASH(0x1401a10)', 'HASH(0x13ee1a8)') called at /home/src/perl/repoperls/installed-perls/perl/v5.17.5-522-g10ffaf9/165a/lib/site_perl/5.17.6/x86_64-linux/Class/MOP/Class.pm line 525
	Class::MOP::Class::_construct_instance('Moose::Meta::Class=HASH(0x226cc20)', 'HASH(0x13ee1a8)') called at /home/src/perl/repoperls/installed-perls/perl/v5.17.5-522-g10ffaf9/165a/lib/site_perl/5.17.6/x86_64-linux/Class/MOP/Class.pm line 498
	Class::MOP::Class::new_object('Moose::Meta::Class=HASH(0x226cc20)', 'HASH(0x13ee1a8)') called at /home/src/perl/repoperls/installed-perls/perl/v5.17.5-522-g10ffaf9/165a/lib/site_perl/5.17.6/x86_64-linux/Moose/Meta/Class.pm line 274
	Moose::Meta::Class::new_object('Moose::Meta::Class=HASH(0x226cc20)', 'HASH(0x13ee1a8)') called at /home/src/perl/repoperls/installed-perls/perl/v5.17.5-522-g10ffaf9/165a/lib/site_perl/5.17.6/x86_64-linux/Moose/Object.pm line 28
	Moose::Object::new('Business::RO::CNP', 1920229319996) called at t/invalid.t line 10
t/invalid.t ....... 
Dubious, test returned 255 (wstat 65280, 0xff00)
No subtests run 
t/manifest.t ...... skipped: Author tests not required for installation
t/pod-coverage.t .. ok
t/pod.t ........... ok
Use of uninitialized value in substr at /tmp/loop_over_bdir-ro6O3s/Business-RO-CNP-0.03-e0UHOL/blib/lib/Business/RO/CNP.pm line 29.
Attribute (sex_id) does not pass the type constraint because: Validation failed for 'Int' with value "" at /home/src/perl/repoperls/installed-perls/perl/v5.17.5-522-g10ffaf9/165a/lib/site_perl/5.17.6/x86_64-linux/Moose/Meta/Attribute.pm line 1274.
	Moose::Meta::Attribute::verify_against_type_constraint('Moose::Meta::Attribute=HASH(0x33659f8)', '', 'instance', 'Business::RO::CNP=HASH(0x1f359c0)') called at /home/src/perl/repoperls/installed-perls/perl/v5.17.5-522-g10ffaf9/165a/lib/site_perl/5.17.6/x86_64-linux/Moose/Meta/Attribute.pm line 1261
	Moose::Meta::Attribute::_coerce_and_verify('Moose::Meta::Attribute=HASH(0x33659f8)', '', 'Business::RO::CNP=HASH(0x1f359c0)') called at /home/src/perl/repoperls/installed-perls/perl/v5.17.5-522-g10ffaf9/165a/lib/site_perl/5.17.6/x86_64-linux/Moose/Meta/Attribute.pm line 531
	Moose::Meta::Attribute::initialize_instance_slot('Moose::Meta::Attribute=HASH(0x33659f8)', 'Moose::Meta::Instance=HASH(0x348e3d8)', 'Business::RO::CNP=HASH(0x1f359c0)', 'HASH(0x1f221a8)') called at /home/src/perl/repoperls/installed-perls/perl/v5.17.5-522-g10ffaf9/165a/lib/site_perl/5.17.6/x86_64-linux/Class/MOP/Class.pm line 525
	Class::MOP::Class::_construct_instance('Moose::Meta::Class=HASH(0x2da0fd0)', 'HASH(0x1f221a8)') called at /home/src/perl/repoperls/installed-perls/perl/v5.17.5-522-g10ffaf9/165a/lib/site_perl/5.17.6/x86_64-linux/Class/MOP/Class.pm line 498
	Class::MOP::Class::new_object('Moose::Meta::Class=HASH(0x2da0fd0)', 'HASH(0x1f221a8)') called at /home/src/perl/repoperls/installed-perls/perl/v5.17.5-522-g10ffaf9/165a/lib/site_perl/5.17.6/x86_64-linux/Moose/Meta/Class.pm line 274
	Moose::Meta::Class::new_object('Moose::Meta::Class=HASH(0x2da0fd0)', 'HASH(0x1f221a8)') called at /home/src/perl/repoperls/installed-perls/perl/v5.17.5-522-g10ffaf9/165a/lib/site_perl/5.17.6/x86_64-linux/Moose/Object.pm line 28
	Moose::Object::new('Business::RO::CNP', 1040229319996) called at t/valid.t line 10
t/valid.t ......... 
Dubious, test returned 255 (wstat 65280, 0xff00)
No subtests run 

Test Summary Report
-------------------
t/boilerplate.t (Wstat: 0 Tests: 3 Failed: 0)
  TODO passed:   1-3
t/invalid.t     (Wstat: 65280 Tests: 0 Failed: 0)
  Non-zero exit status: 255
  Parse errors: No plan found in TAP output
t/valid.t       (Wstat: 65280 Tests: 0 Failed: 0)
  Non-zero exit status: 255
  Parse errors: No plan found in TAP output
Files=7, Tests=6,  1 wallclock secs ( 0.04 usr  0.01 sys +  0.95 cusr  0.05 csys =  1.05 CPU)
Result: FAIL
Failed 2/7 test programs. 0/6 subtests failed.
make: *** [test_dynamic] Error 255

------------------------------
PREREQUISITES
------------------------------

Prerequisite modules loaded:

requires:

    Module                     Need Have   
    -------------------------- ---- -------
    Carp                       0    1.28   
    DateTime::Format::Strptime 0    1.52   
    Moose                      0    2.0604 
    utf8                       0    1.10   

build_requires:

    Module                     Need Have   
    -------------------------- ---- -------
    Test::More                 0    0.98   

configure_requires:

    Module                     Need Have   
    -------------------------- ---- -------
    ExtUtils::MakeMaker        6.31 6.63_02


------------------------------
ENVIRONMENT AND OTHER CONTEXT
------------------------------

Environment variables:

    AUTOMATED_TESTING = 1
    LANG = en_US.UTF-8
    LANGUAGE = en_US:en
    PATH = /home/sand/bin:/usr/local/bin:/usr/bin:/bin:/usr/bin/X11:/usr/games:/usr/local/perl/bin:/usr/X11/bin:/sbin:/usr/sbin
    PERL5LIB = 
    PERL5OPT = 
    PERL5_CPANPLUS_IS_RUNNING = 8397
    PERL5_CPAN_IS_RUNNING = 8397
    PERL_MM_USE_DEFAULT = 1
    SHELL = /usr/bin/zsh
    TERM = screen

Perl special variables (and OS-specific diagnostics, for MSWin32):

    $^X = /tmp/basesmoker-reloperl-6dU6/bin/perl
    $UID/$EUID = 1005 / 1005
    $GID = 1005 1005
    $EGID = 1005 1005

Perl module toolchain versions installed:

    Module              Have    
    ------------------- --------
    CPAN                1.9800  
    CPAN::Meta          2.120921
    Cwd                 3.39_02 
    ExtUtils::CBuilder  0.280209
    ExtUtils::Command   1.17    
    ExtUtils::Install   1.58    
    ExtUtils::MakeMaker 6.63_02 
    ExtUtils::Manifest  1.62    
    ExtUtils::ParseXS   3.18    
    File::Spec          3.39_02 
    JSON                2.53    
    JSON::PP            2.27200 
    Module::Build       0.4003  
    Module::Signature   0.69    
    Parse::CPAN::Meta   1.4404  
    Test::Harness       3.25_01 
    Test::More          0.98    
    YAML                0.84    
    YAML::Syck          1.21    
    version             0.9901  


--

Summary of my perl5 (revision 5 version 17 subversion 6) configuration:
  Commit id: 10ffaf90349dac17b6050fa36821c8d99f5dfb87
  Platform:
    osname=linux, osvers=3.2.0-4-amd64, archname=x86_64-linux
    uname='linux k83 3.2.0-4-amd64 #1 smp debian 3.2.32-1 x86_64 gnulinux '
    config_args='-Dprefix=/home/src/perl/repoperls/installed-perls/perl/v5.17.5-522-g10ffaf9/165a -Dmyhostname=k83 -Dinstallusrbinperl=n -Uversiononly -Dusedevel -des -Ui_db -Uuseithreads -Uuselongdouble -DDEBUGGING=-g'
    hint=recommended, useposix=true, d_sigaction=define
    useithreads=undef, usemultiplicity=undef
    useperlio=define, d_sfio=undef, uselargefiles=define, usesocks=undef
    use64bitint=define, use64bitall=define, uselongdouble=undef
    usemymalloc=n, bincompat5005=undef
  Compiler:
    cc='cc', ccflags ='-fno-strict-aliasing -pipe -fstack-protector -I/usr/local/include -D_LARGEFILE_SOURCE -D_FILE_OFFSET_BITS=64',
    optimize='-O2 -g',
    cppflags='-fno-strict-aliasing -pipe -fstack-protector -I/usr/local/include'
    ccversion='', gccversion='4.7.2', gccosandvers=''
    intsize=4, longsize=8, ptrsize=8, doublesize=8, byteorder=12345678
    d_longlong=define, longlongsize=8, d_longdbl=define, longdblsize=16
    ivtype='long', ivsize=8, nvtype='double', nvsize=8, Off_t='off_t', lseeksize=8
    alignbytes=8, prototype=define
  Linker and Libraries:
    ld='cc', ldflags =' -fstack-protector -L/usr/local/lib'
    libpth=/usr/local/lib /lib/x86_64-linux-gnu /lib/../lib /usr/lib/x86_64-linux-gnu /usr/lib/../lib /lib /usr/lib
    libs=-lnsl -ldb -ldl -lm -lcrypt -lutil -lc
    perllibs=-lnsl -ldl -lm -lcrypt -lutil -lc
    libc=, so=so, useshrplib=false, libperl=libperl.a
    gnulibc_version='2.13'
  Dynamic Linking:
    dlsrc=dl_dlopen.xs, dlext=so, d_dlsymun=undef, ccdlflags='-Wl,-E'
    cccdlflags='-fPIC', lddlflags='-shared -O2 -g -L/usr/local/lib -fstack-protector'


Characteristics of this binary (from libperl): 
  Compile-time options: HAS_TIMES PERLIO_LAYERS PERL_DONT_CREATE_GVSV
                        PERL_MALLOC_WRAP PERL_PRESERVE_IVUV PERL_USE_DEVEL
                        USE_64_BIT_ALL USE_64_BIT_INT USE_LARGE_FILES
                        USE_LOCALE USE_LOCALE_COLLATE USE_LOCALE_CTYPE
                        USE_LOCALE_NUMERIC USE_PERLIO USE_PERL_ATOF
  Built under linux
  Compiled at Nov 17 2012 23:05:01
  %ENV:
    PERL5LIB=""
    PERL5OPT=""
    PERL5_CPANPLUS_IS_RUNNING="8397"
    PERL5_CPAN_IS_RUNNING="8397"
    PERL_MM_USE_DEFAULT="1"
  @INC:
    /home/src/perl/repoperls/installed-perls/perl/v5.17.5-522-g10ffaf9/165a/lib/site_perl/5.17.6/x86_64-linux
    /home/src/perl/repoperls/installed-perls/perl/v5.17.5-522-g10ffaf9/165a/lib/site_perl/5.17.6
    /home/src/perl/repoperls/installed-perls/perl/v5.17.5-522-g10ffaf9/165a/lib/5.17.6/x86_64-linux
    /home/src/perl/repoperls/installed-perls/perl/v5.17.5-522-g10ffaf9/165a/lib/5.17.6
    .