Report for POE-Declare-0.58

Back
From: metabase:user:320bfe00-2aae-11df-837a-5e0a49663a4f
Subject: FAIL POE-Declare-0.58 v5.15.6 GNU/Linux
Date: 2012-01-16T23:12:33Z

This distribution has been tested as part of the CPAN Testers
project, supporting the Perl programming language.  See
http://wiki.cpantesters.org/ for more information or email
questions to cpan-testers-discuss@perl.org


--
Dear Adam Kennedy,

This is a computer-generated report for POE-Declare-0.58
on perl 5.15.6, created by CPAN-Reporter-1.2003.

Thank you for uploading your work to CPAN.  However, there was a problem
testing your distribution.

If you think this report is invalid, please consult the CPAN Testers Wiki
for suggestions on how to avoid getting FAIL reports for missing library
or binary dependencies, unsupported operating systems, and so on:

http://wiki.cpantesters.org/wiki/CPANAuthorNotes

Sections of this report:

    * Tester comments
    * Program output
    * Prerequisites
    * Environment and other context

------------------------------
TESTER COMMENTS
------------------------------

Additional comments from tester:

this report is from an automated smoke testing program
and was not reviewed by a human for accuracy

------------------------------
PROGRAM OUTPUT
------------------------------

Output from '/usr/bin/make test':

PERL_DL_NONLAZY=1 /home/sand/src/perl/repoperls/installed-perls/perl/v5.15.6-568-g5637ef5/a2da/bin/perl "-MExtUtils::Command::MM" "-e" "test_harness(0, 'inc', 'blib/lib', 'blib/arch')" t/*.t

#   Failed test 'no warnings'
#   at /home/src/perl/repoperls/installed-perls/perl/v5.15.6-568-g5637ef5/a2da/lib/site_perl/5.15.6/Test/NoWarnings.pm line 45.
# There were 4 warning(s)
# 	Previous test 1 'Your perl is new enough'
# 	defined(@array) is deprecated at /home/src/perl/repoperls/installed-perls/perl/v5.15.6-568-g5637ef5/a2da/lib/site_perl/5.15.6/Class/Inspector.pm line 127.
#  at /home/src/perl/repoperls/installed-perls/perl/v5.15.6-568-g5637ef5/a2da/lib/site_perl/5.15.6/Class/Inspector.pm line 127
# 	require Class/Inspector.pm called at /tmp/loop_over_bdir-VPZV2h/POE-Declare-0.58-TTDram/blib/lib/POE/Declare/Meta.pm line 30
# 	POE::Declare::Meta::BEGIN() called at /home/src/perl/repoperls/installed-perls/perl/v5.15.6-568-g5637ef5/a2da/lib/site_perl/5.15.6/Class/Inspector.pm line 127
# 	eval {...} called at /home/src/perl/repoperls/installed-perls/perl/v5.15.6-568-g5637ef5/a2da/lib/site_perl/5.15.6/Class/Inspector.pm line 127
# 	require POE/Declare/Meta.pm called at /tmp/loop_over_bdir-VPZV2h/POE-Declare-0.58-TTDram/blib/lib/POE/Declare.pm line 248
# 	POE::Declare::BEGIN() called at /home/src/perl/repoperls/installed-perls/perl/v5.15.6-568-g5637ef5/a2da/lib/site_perl/5.15.6/Class/Inspector.pm line 127
# 	eval {...} called at /home/src/perl/repoperls/installed-perls/perl/v5.15.6-568-g5637ef5/a2da/lib/site_perl/5.15.6/Class/Inspector.pm line 127
# 	require POE/Declare.pm called at (eval 5) line 2
# 	eval 'package main;
# require POE::Declare;
# 1;
# 
# ;' called at /home/src/perl/repoperls/installed-perls/perl/v5.15.6-568-g5637ef5/a2da/lib/5.15.6/Test/More.pm line 885
# 	Test::More::_eval('package main;\x{a}require POE::Declare;\x{a}1;\x{a}') called at /home/src/perl/repoperls/installed-perls/perl/v5.15.6-568-g5637ef5/a2da/lib/5.15.6/Test/More.pm line 920
# 	Test::More::require_ok('POE::Declare') called at t/01_compile.t line 17
# 
# ----------
# 	Previous test 1 'Your perl is new enough'
# 		(Maybe you should just omit the defined()?)
#  at /home/src/perl/repoperls/installed-perls/perl/v5.15.6-568-g5637ef5/a2da/lib/site_perl/5.15.6/Class/Inspector.pm line 127
# 	require Class/Inspector.pm called at /tmp/loop_over_bdir-VPZV2h/POE-Declare-0.58-TTDram/blib/lib/POE/Declare/Meta.pm line 30
# 	POE::Declare::Meta::BEGIN() called at /home/src/perl/repoperls/installed-perls/perl/v5.15.6-568-g5637ef5/a2da/lib/site_perl/5.15.6/Class/Inspector.pm line 127
# 	eval {...} called at /home/src/perl/repoperls/installed-perls/perl/v5.15.6-568-g5637ef5/a2da/lib/site_perl/5.15.6/Class/Inspector.pm line 127
# 	require POE/Declare/Meta.pm called at /tmp/loop_over_bdir-VPZV2h/POE-Declare-0.58-TTDram/blib/lib/POE/Declare.pm line 248
# 	POE::Declare::BEGIN() called at /home/src/perl/repoperls/installed-perls/perl/v5.15.6-568-g5637ef5/a2da/lib/site_perl/5.15.6/Class/Inspector.pm line 127
# 	eval {...} called at /home/src/perl/repoperls/installed-perls/perl/v5.15.6-568-g5637ef5/a2da/lib/site_perl/5.15.6/Class/Inspector.pm line 127
# 	require POE/Declare.pm called at (eval 5) line 2
# 	eval 'package main;
# require POE::Declare;
# 1;
# 
# ;' called at /home/src/perl/repoperls/installed-perls/perl/v5.15.6-568-g5637ef5/a2da/lib/5.15.6/Test/More.pm line 885
# 	Test::More::_eval('package main;\x{a}require POE::Declare;\x{a}1;\x{a}') called at /home/src/perl/repoperls/installed-perls/perl/v5.15.6-568-g5637ef5/a2da/lib/5.15.6/Test/More.pm line 920
# 	Test::More::require_ok('POE::Declare') called at t/01_compile.t line 17
# 
# ----------
# 	Previous test 1 'Your perl is new enough'
# 	defined(@array) is deprecated at /tmp/loop_over_bdir-VPZV2h/POE-Declare-0.58-TTDram/blib/lib/POE/Declare.pm line 288.
#  at /tmp/loop_over_bdir-VPZV2h/POE-Declare-0.58-TTDram/blib/lib/POE/Declare.pm line 288
# 	require POE/Declare.pm called at (eval 5) line 2
# 	eval 'package main;
# require POE::Declare;
# 1;
# 
# ;' called at /home/src/perl/repoperls/installed-perls/perl/v5.15.6-568-g5637ef5/a2da/lib/5.15.6/Test/More.pm line 885
# 	Test::More::_eval('package main;\x{a}require POE::Declare;\x{a}1;\x{a}') called at /home/src/perl/repoperls/installed-perls/perl/v5.15.6-568-g5637ef5/a2da/lib/5.15.6/Test/More.pm line 920
# 	Test::More::require_ok('POE::Declare') called at t/01_compile.t line 17
# 
# ----------
# 	Previous test 1 'Your perl is new enough'
# 		(Maybe you should just omit the defined()?)
#  at /tmp/loop_over_bdir-VPZV2h/POE-Declare-0.58-TTDram/blib/lib/POE/Declare.pm line 288
# 	require POE/Declare.pm called at (eval 5) line 2
# 	eval 'package main;
# require POE::Declare;
# 1;
# 
# ;' called at /home/src/perl/repoperls/installed-perls/perl/v5.15.6-568-g5637ef5/a2da/lib/5.15.6/Test/More.pm line 885
# 	Test::More::_eval('package main;\x{a}require POE::Declare;\x{a}1;\x{a}') called at /home/src/perl/repoperls/installed-perls/perl/v5.15.6-568-g5637ef5/a2da/lib/5.15.6/Test/More.pm line 920
# 	Test::More::require_ok('POE::Declare') called at t/01_compile.t line 17
# 
# Looks like you failed 1 test of 23.
t/01_compile.t ... 
Dubious, test returned 1 (wstat 256, 0x100)
Failed 1/23 subtests 

#   Failed test 'no warnings'
#   at /home/src/perl/repoperls/installed-perls/perl/v5.15.6-568-g5637ef5/a2da/lib/site_perl/5.15.6/Test/NoWarnings.pm line 45.
# There were 4 warning(s)
# 	Previous test 1 'ARG0 is not defined before "use POE::Declare"'
# 	defined(@array) is deprecated at /home/src/perl/repoperls/installed-perls/perl/v5.15.6-568-g5637ef5/a2da/lib/site_perl/5.15.6/Class/Inspector.pm line 127.
#  at /home/src/perl/repoperls/installed-perls/perl/v5.15.6-568-g5637ef5/a2da/lib/site_perl/5.15.6/Class/Inspector.pm line 127
# 	require Class/Inspector.pm called at /tmp/loop_over_bdir-VPZV2h/POE-Declare-0.58-TTDram/blib/lib/POE/Declare/Meta.pm line 30
# 	POE::Declare::Meta::BEGIN() called at /home/src/perl/repoperls/installed-perls/perl/v5.15.6-568-g5637ef5/a2da/lib/site_perl/5.15.6/Class/Inspector.pm line 127
# 	eval {...} called at /home/src/perl/repoperls/installed-perls/perl/v5.15.6-568-g5637ef5/a2da/lib/site_perl/5.15.6/Class/Inspector.pm line 127
# 	require POE/Declare/Meta.pm called at /tmp/loop_over_bdir-VPZV2h/POE-Declare-0.58-TTDram/blib/lib/POE/Declare.pm line 248
# 	POE::Declare::BEGIN() called at /home/src/perl/repoperls/installed-perls/perl/v5.15.6-568-g5637ef5/a2da/lib/site_perl/5.15.6/Class/Inspector.pm line 127
# 	eval {...} called at /home/src/perl/repoperls/installed-perls/perl/v5.15.6-568-g5637ef5/a2da/lib/site_perl/5.15.6/Class/Inspector.pm line 127
# 	require POE/Declare.pm called at (eval 6) line 2
# 	main::BEGIN() called at /home/src/perl/repoperls/installed-perls/perl/v5.15.6-568-g5637ef5/a2da/lib/site_perl/5.15.6/Class/Inspector.pm line 127
# 	eval {...} called at /home/src/perl/repoperls/installed-perls/perl/v5.15.6-568-g5637ef5/a2da/lib/site_perl/5.15.6/Class/Inspector.pm line 127
# 	eval 'package main;
# use POE::Declare @{$args[0]};
# 1;
# 
# ;' called at /home/src/perl/repoperls/installed-perls/perl/v5.15.6-568-g5637ef5/a2da/lib/5.15.6/Test/More.pm line 885
# 	Test::More::_eval('package main;\x{a}use POE::Declare @{$args[0]};\x{a}1;\x{a}', 'ARRAY(0x1651c28)') called at /home/src/perl/repoperls/installed-perls/perl/v5.15.6-568-g5637ef5/a2da/lib/5.15.6/Test/More.pm line 860
# 	Test::More::use_ok('POE::Declare') called at t/02_export.t line 16
# 
# ----------
# 	Previous test 1 'ARG0 is not defined before "use POE::Declare"'
# 		(Maybe you should just omit the defined()?)
#  at /home/src/perl/repoperls/installed-perls/perl/v5.15.6-568-g5637ef5/a2da/lib/site_perl/5.15.6/Class/Inspector.pm line 127
# 	require Class/Inspector.pm called at /tmp/loop_over_bdir-VPZV2h/POE-Declare-0.58-TTDram/blib/lib/POE/Declare/Meta.pm line 30
# 	POE::Declare::Meta::BEGIN() called at /home/src/perl/repoperls/installed-perls/perl/v5.15.6-568-g5637ef5/a2da/lib/site_perl/5.15.6/Class/Inspector.pm line 127
# 	eval {...} called at /home/src/perl/repoperls/installed-perls/perl/v5.15.6-568-g5637ef5/a2da/lib/site_perl/5.15.6/Class/Inspector.pm line 127
# 	require POE/Declare/Meta.pm called at /tmp/loop_over_bdir-VPZV2h/POE-Declare-0.58-TTDram/blib/lib/POE/Declare.pm line 248
# 	POE::Declare::BEGIN() called at /home/src/perl/repoperls/installed-perls/perl/v5.15.6-568-g5637ef5/a2da/lib/site_perl/5.15.6/Class/Inspector.pm line 127
# 	eval {...} called at /home/src/perl/repoperls/installed-perls/perl/v5.15.6-568-g5637ef5/a2da/lib/site_perl/5.15.6/Class/Inspector.pm line 127
# 	require POE/Declare.pm called at (eval 6) line 2
# 	main::BEGIN() called at /home/src/perl/repoperls/installed-perls/perl/v5.15.6-568-g5637ef5/a2da/lib/site_perl/5.15.6/Class/Inspector.pm line 127
# 	eval {...} called at /home/src/perl/repoperls/installed-perls/perl/v5.15.6-568-g5637ef5/a2da/lib/site_perl/5.15.6/Class/Inspector.pm line 127
# 	eval 'package main;
# use POE::Declare @{$args[0]};
# 1;
# 
# ;' called at /home/src/perl/repoperls/installed-perls/perl/v5.15.6-568-g5637ef5/a2da/lib/5.15.6/Test/More.pm line 885
# 	Test::More::_eval('package main;\x{a}use POE::Declare @{$args[0]};\x{a}1;\x{a}', 'ARRAY(0x1651c28)') called at /home/src/perl/repoperls/installed-perls/perl/v5.15.6-568-g5637ef5/a2da/lib/5.15.6/Test/More.pm line 860
# 	Test::More::use_ok('POE::Declare') called at t/02_export.t line 16
# 
# ----------
# 	Previous test 1 'ARG0 is not defined before "use POE::Declare"'
# 	defined(@array) is deprecated at /tmp/loop_over_bdir-VPZV2h/POE-Declare-0.58-TTDram/blib/lib/POE/Declare.pm line 288.
#  at /tmp/loop_over_bdir-VPZV2h/POE-Declare-0.58-TTDram/blib/lib/POE/Declare.pm line 288
# 	require POE/Declare.pm called at (eval 6) line 2
# 	main::BEGIN() called at /tmp/loop_over_bdir-VPZV2h/POE-Declare-0.58-TTDram/blib/lib/POE/Declare.pm line 288
# 	eval {...} called at /tmp/loop_over_bdir-VPZV2h/POE-Declare-0.58-TTDram/blib/lib/POE/Declare.pm line 288
# 	eval 'package main;
# use POE::Declare @{$args[0]};
# 1;
# 
# ;' called at /home/src/perl/repoperls/installed-perls/perl/v5.15.6-568-g5637ef5/a2da/lib/5.15.6/Test/More.pm line 885
# 	Test::More::_eval('package main;\x{a}use POE::Declare @{$args[0]};\x{a}1;\x{a}', 'ARRAY(0x1651c28)') called at /home/src/perl/repoperls/installed-perls/perl/v5.15.6-568-g5637ef5/a2da/lib/5.15.6/Test/More.pm line 860
# 	Test::More::use_ok('POE::Declare') called at t/02_export.t line 16
# 
# ----------
# 	Previous test 1 'ARG0 is not defined before "use POE::Declare"'
# 		(Maybe you should just omit the defined()?)
#  at /tmp/loop_over_bdir-VPZV2h/POE-Declare-0.58-TTDram/blib/lib/POE/Declare.pm line 288
# 	require POE/Declare.pm called at (eval 6) line 2
# 	main::BEGIN() called at /tmp/loop_over_bdir-VPZV2h/POE-Declare-0.58-TTDram/blib/lib/POE/Declare.pm line 288
# 	eval {...} called at /tmp/loop_over_bdir-VPZV2h/POE-Declare-0.58-TTDram/blib/lib/POE/Declare.pm line 288
# 	eval 'package main;
# use POE::Declare @{$args[0]};
# 1;
# 
# ;' called at /home/src/perl/repoperls/installed-perls/perl/v5.15.6-568-g5637ef5/a2da/lib/5.15.6/Test/More.pm line 885
# 	Test::More::_eval('package main;\x{a}use POE::Declare @{$args[0]};\x{a}1;\x{a}', 'ARRAY(0x1651c28)') called at /home/src/perl/repoperls/installed-perls/perl/v5.15.6-568-g5637ef5/a2da/lib/5.15.6/Test/More.pm line 860
# 	Test::More::use_ok('POE::Declare') called at t/02_export.t line 16
# 
# Looks like you failed 1 test of 7.
t/02_export.t .... 
Dubious, test returned 1 (wstat 256, 0x100)
Failed 1/7 subtests 

#   Failed test 'no warnings'
#   at /home/src/perl/repoperls/installed-perls/perl/v5.15.6-568-g5637ef5/a2da/lib/site_perl/5.15.6/Test/NoWarnings.pm line 45.
# There were 4 warning(s)
# 	Previous test 0 ''
# 	defined(@array) is deprecated at /home/src/perl/repoperls/installed-perls/perl/v5.15.6-568-g5637ef5/a2da/lib/site_perl/5.15.6/Class/Inspector.pm line 127.
#  at /home/src/perl/repoperls/installed-perls/perl/v5.15.6-568-g5637ef5/a2da/lib/site_perl/5.15.6/Class/Inspector.pm line 127
# 	require Class/Inspector.pm called at /tmp/loop_over_bdir-VPZV2h/POE-Declare-0.58-TTDram/blib/lib/POE/Declare/Meta.pm line 30
# 	POE::Declare::Meta::BEGIN() called at /home/src/perl/repoperls/installed-perls/perl/v5.15.6-568-g5637ef5/a2da/lib/site_perl/5.15.6/Class/Inspector.pm line 127
# 	eval {...} called at /home/src/perl/repoperls/installed-perls/perl/v5.15.6-568-g5637ef5/a2da/lib/site_perl/5.15.6/Class/Inspector.pm line 127
# 	require POE/Declare/Meta.pm called at /tmp/loop_over_bdir-VPZV2h/POE-Declare-0.58-TTDram/blib/lib/POE/Declare.pm line 248
# 	POE::Declare::BEGIN() called at /home/src/perl/repoperls/installed-perls/perl/v5.15.6-568-g5637ef5/a2da/lib/site_perl/5.15.6/Class/Inspector.pm line 127
# 	eval {...} called at /home/src/perl/repoperls/installed-perls/perl/v5.15.6-568-g5637ef5/a2da/lib/site_perl/5.15.6/Class/Inspector.pm line 127
# 	require POE/Declare.pm called at t/03_simple.t line 26
# 	Foo::BEGIN() called at /home/src/perl/repoperls/installed-perls/perl/v5.15.6-568-g5637ef5/a2da/lib/site_perl/5.15.6/Class/Inspector.pm line 127
# 	eval {...} called at /home/src/perl/repoperls/installed-perls/perl/v5.15.6-568-g5637ef5/a2da/lib/site_perl/5.15.6/Class/Inspector.pm line 127
# 
# ----------
# 	Previous test 0 ''
# 		(Maybe you should just omit the defined()?)
#  at /home/src/perl/repoperls/installed-perls/perl/v5.15.6-568-g5637ef5/a2da/lib/site_perl/5.15.6/Class/Inspector.pm line 127
# 	require Class/Inspector.pm called at /tmp/loop_over_bdir-VPZV2h/POE-Declare-0.58-TTDram/blib/lib/POE/Declare/Meta.pm line 30
# 	POE::Declare::Meta::BEGIN() called at /home/src/perl/repoperls/installed-perls/perl/v5.15.6-568-g5637ef5/a2da/lib/site_perl/5.15.6/Class/Inspector.pm line 127
# 	eval {...} called at /home/src/perl/repoperls/installed-perls/perl/v5.15.6-568-g5637ef5/a2da/lib/site_perl/5.15.6/Class/Inspector.pm line 127
# 	require POE/Declare/Meta.pm called at /tmp/loop_over_bdir-VPZV2h/POE-Declare-0.58-TTDram/blib/lib/POE/Declare.pm line 248
# 	POE::Declare::BEGIN() called at /home/src/perl/repoperls/installed-perls/perl/v5.15.6-568-g5637ef5/a2da/lib/site_perl/5.15.6/Class/Inspector.pm line 127
# 	eval {...} called at /home/src/perl/repoperls/installed-perls/perl/v5.15.6-568-g5637ef5/a2da/lib/site_perl/5.15.6/Class/Inspector.pm line 127
# 	require POE/Declare.pm called at t/03_simple.t line 26
# 	Foo::BEGIN() called at /home/src/perl/repoperls/installed-perls/perl/v5.15.6-568-g5637ef5/a2da/lib/site_perl/5.15.6/Class/Inspector.pm line 127
# 	eval {...} called at /home/src/perl/repoperls/installed-perls/perl/v5.15.6-568-g5637ef5/a2da/lib/site_perl/5.15.6/Class/Inspector.pm line 127
# 
# ----------
# 	Previous test 0 ''
# 	defined(@array) is deprecated at /tmp/loop_over_bdir-VPZV2h/POE-Declare-0.58-TTDram/blib/lib/POE/Declare.pm line 288.
#  at /tmp/loop_over_bdir-VPZV2h/POE-Declare-0.58-TTDram/blib/lib/POE/Declare.pm line 288
# 	require POE/Declare.pm called at t/03_simple.t line 26
# 	Foo::BEGIN() called at /tmp/loop_over_bdir-VPZV2h/POE-Declare-0.58-TTDram/blib/lib/POE/Declare.pm line 288
# 	eval {...} called at /tmp/loop_over_bdir-VPZV2h/POE-Declare-0.58-TTDram/blib/lib/POE/Declare.pm line 288
# 
# ----------
# 	Previous test 0 ''
# 		(Maybe you should just omit the defined()?)
#  at /tmp/loop_over_bdir-VPZV2h/POE-Declare-0.58-TTDram/blib/lib/POE/Declare.pm line 288
# 	require POE/Declare.pm called at t/03_simple.t line 26
# 	Foo::BEGIN() called at /tmp/loop_over_bdir-VPZV2h/POE-Declare-0.58-TTDram/blib/lib/POE/Declare.pm line 288
# 	eval {...} called at /tmp/loop_over_bdir-VPZV2h/POE-Declare-0.58-TTDram/blib/lib/POE/Declare.pm line 288
# 
# Looks like you failed 1 test of 61.
t/03_simple.t .... 
Dubious, test returned 1 (wstat 256, 0x100)
Failed 1/61 subtests 
defined(@array) is deprecated at /home/src/perl/repoperls/installed-perls/perl/v5.15.6-568-g5637ef5/a2da/lib/site_perl/5.15.6/Class/Inspector.pm line 127.
	(Maybe you should just omit the defined()?)
defined(@array) is deprecated at /tmp/loop_over_bdir-VPZV2h/POE-Declare-0.58-TTDram/blib/lib/POE/Declare.pm line 288.
	(Maybe you should just omit the defined()?)
t/04_stop.t ...... ok
defined(@array) is deprecated at /home/src/perl/repoperls/installed-perls/perl/v5.15.6-568-g5637ef5/a2da/lib/site_perl/5.15.6/Class/Inspector.pm line 127.
	(Maybe you should just omit the defined()?)
defined(@array) is deprecated at /tmp/loop_over_bdir-VPZV2h/POE-Declare-0.58-TTDram/blib/lib/POE/Declare.pm line 288.
	(Maybe you should just omit the defined()?)
t/05_timeout.t ... ok

#   Failed test 'no warnings'
#   at /home/src/perl/repoperls/installed-perls/perl/v5.15.6-568-g5637ef5/a2da/lib/site_perl/5.15.6/Test/NoWarnings.pm line 45.
# There were 4 warning(s)
# 	Previous test 0 ''
# 	defined(@array) is deprecated at /home/src/perl/repoperls/installed-perls/perl/v5.15.6-568-g5637ef5/a2da/lib/site_perl/5.15.6/Class/Inspector.pm line 127.
#  at /home/src/perl/repoperls/installed-perls/perl/v5.15.6-568-g5637ef5/a2da/lib/site_perl/5.15.6/Class/Inspector.pm line 127
# 	require Class/Inspector.pm called at /tmp/loop_over_bdir-VPZV2h/POE-Declare-0.58-TTDram/blib/lib/POE/Declare/Meta.pm line 30
# 	POE::Declare::Meta::BEGIN() called at /home/src/perl/repoperls/installed-perls/perl/v5.15.6-568-g5637ef5/a2da/lib/site_perl/5.15.6/Class/Inspector.pm line 127
# 	eval {...} called at /home/src/perl/repoperls/installed-perls/perl/v5.15.6-568-g5637ef5/a2da/lib/site_perl/5.15.6/Class/Inspector.pm line 127
# 	require POE/Declare/Meta.pm called at /tmp/loop_over_bdir-VPZV2h/POE-Declare-0.58-TTDram/blib/lib/POE/Declare.pm line 248
# 	POE::Declare::BEGIN() called at /home/src/perl/repoperls/installed-perls/perl/v5.15.6-568-g5637ef5/a2da/lib/site_perl/5.15.6/Class/Inspector.pm line 127
# 	eval {...} called at /home/src/perl/repoperls/installed-perls/perl/v5.15.6-568-g5637ef5/a2da/lib/site_perl/5.15.6/Class/Inspector.pm line 127
# 	require POE/Declare.pm called at t/06_message.t line 39
# 	Test1::BEGIN() called at /home/src/perl/repoperls/installed-perls/perl/v5.15.6-568-g5637ef5/a2da/lib/site_perl/5.15.6/Class/Inspector.pm line 127
# 	eval {...} called at /home/src/perl/repoperls/installed-perls/perl/v5.15.6-568-g5637ef5/a2da/lib/site_perl/5.15.6/Class/Inspector.pm line 127
# 
# ----------
# 	Previous test 0 ''
# 		(Maybe you should just omit the defined()?)
#  at /home/src/perl/repoperls/installed-perls/perl/v5.15.6-568-g5637ef5/a2da/lib/site_perl/5.15.6/Class/Inspector.pm line 127
# 	require Class/Inspector.pm called at /tmp/loop_over_bdir-VPZV2h/POE-Declare-0.58-TTDram/blib/lib/POE/Declare/Meta.pm line 30
# 	POE::Declare::Meta::BEGIN() called at /home/src/perl/repoperls/installed-perls/perl/v5.15.6-568-g5637ef5/a2da/lib/site_perl/5.15.6/Class/Inspector.pm line 127
# 	eval {...} called at /home/src/perl/repoperls/installed-perls/perl/v5.15.6-568-g5637ef5/a2da/lib/site_perl/5.15.6/Class/Inspector.pm line 127
# 	require POE/Declare/Meta.pm called at /tmp/loop_over_bdir-VPZV2h/POE-Declare-0.58-TTDram/blib/lib/POE/Declare.pm line 248
# 	POE::Declare::BEGIN() called at /home/src/perl/repoperls/installed-perls/perl/v5.15.6-568-g5637ef5/a2da/lib/site_perl/5.15.6/Class/Inspector.pm line 127
# 	eval {...} called at /home/src/perl/repoperls/installed-perls/perl/v5.15.6-568-g5637ef5/a2da/lib/site_perl/5.15.6/Class/Inspector.pm line 127
# 	require POE/Declare.pm called at t/06_message.t line 39
# 	Test1::BEGIN() called at /home/src/perl/repoperls/installed-perls/perl/v5.15.6-568-g5637ef5/a2da/lib/site_perl/5.15.6/Class/Inspector.pm line 127
# 	eval {...} called at /home/src/perl/repoperls/installed-perls/perl/v5.15.6-568-g5637ef5/a2da/lib/site_perl/5.15.6/Class/Inspector.pm line 127
# 
# ----------
# 	Previous test 0 ''
# 	defined(@array) is deprecated at /tmp/loop_over_bdir-VPZV2h/POE-Declare-0.58-TTDram/blib/lib/POE/Declare.pm line 288.
#  at /tmp/loop_over_bdir-VPZV2h/POE-Declare-0.58-TTDram/blib/lib/POE/Declare.pm line 288
# 	require POE/Declare.pm called at t/06_message.t line 39
# 	Test1::BEGIN() called at /tmp/loop_over_bdir-VPZV2h/POE-Declare-0.58-TTDram/blib/lib/POE/Declare.pm line 288
# 	eval {...} called at /tmp/loop_over_bdir-VPZV2h/POE-Declare-0.58-TTDram/blib/lib/POE/Declare.pm line 288
# 
# ----------
# 	Previous test 0 ''
# 		(Maybe you should just omit the defined()?)
#  at /tmp/loop_over_bdir-VPZV2h/POE-Declare-0.58-TTDram/blib/lib/POE/Declare.pm line 288
# 	require POE/Declare.pm called at t/06_message.t line 39
# 	Test1::BEGIN() called at /tmp/loop_over_bdir-VPZV2h/POE-Declare-0.58-TTDram/blib/lib/POE/Declare.pm line 288
# 	eval {...} called at /tmp/loop_over_bdir-VPZV2h/POE-Declare-0.58-TTDram/blib/lib/POE/Declare.pm line 288
# 
# Looks like you failed 1 test of 19.
t/06_message.t ... 
Dubious, test returned 1 (wstat 256, 0x100)
Failed 1/19 subtests 

#   Failed test 'no warnings'
#   at /home/src/perl/repoperls/installed-perls/perl/v5.15.6-568-g5637ef5/a2da/lib/site_perl/5.15.6/Test/NoWarnings.pm line 45.
# There were 4 warning(s)
# 	Previous test 0 ''
# 	defined(@array) is deprecated at /home/src/perl/repoperls/installed-perls/perl/v5.15.6-568-g5637ef5/a2da/lib/site_perl/5.15.6/Class/Inspector.pm line 127.
#  at /home/src/perl/repoperls/installed-perls/perl/v5.15.6-568-g5637ef5/a2da/lib/site_perl/5.15.6/Class/Inspector.pm line 127
# 	require Class/Inspector.pm called at /tmp/loop_over_bdir-VPZV2h/POE-Declare-0.58-TTDram/blib/lib/POE/Declare/Meta.pm line 30
# 	POE::Declare::Meta::BEGIN() called at /home/src/perl/repoperls/installed-perls/perl/v5.15.6-568-g5637ef5/a2da/lib/site_perl/5.15.6/Class/Inspector.pm line 127
# 	eval {...} called at /home/src/perl/repoperls/installed-perls/perl/v5.15.6-568-g5637ef5/a2da/lib/site_perl/5.15.6/Class/Inspector.pm line 127
# 	require POE/Declare/Meta.pm called at /tmp/loop_over_bdir-VPZV2h/POE-Declare-0.58-TTDram/blib/lib/POE/Declare.pm line 248
# 	POE::Declare::BEGIN() called at /home/src/perl/repoperls/installed-perls/perl/v5.15.6-568-g5637ef5/a2da/lib/site_perl/5.15.6/Class/Inspector.pm line 127
# 	eval {...} called at /home/src/perl/repoperls/installed-perls/perl/v5.15.6-568-g5637ef5/a2da/lib/site_perl/5.15.6/Class/Inspector.pm line 127
# 	require POE/Declare.pm called at t/07_nested.t line 40
# 	Test1::BEGIN() called at /home/src/perl/repoperls/installed-perls/perl/v5.15.6-568-g5637ef5/a2da/lib/site_perl/5.15.6/Class/Inspector.pm line 127
# 	eval {...} called at /home/src/perl/repoperls/installed-perls/perl/v5.15.6-568-g5637ef5/a2da/lib/site_perl/5.15.6/Class/Inspector.pm line 127
# 
# ----------
# 	Previous test 0 ''
# 		(Maybe you should just omit the defined()?)
#  at /home/src/perl/repoperls/installed-perls/perl/v5.15.6-568-g5637ef5/a2da/lib/site_perl/5.15.6/Class/Inspector.pm line 127
# 	require Class/Inspector.pm called at /tmp/loop_over_bdir-VPZV2h/POE-Declare-0.58-TTDram/blib/lib/POE/Declare/Meta.pm line 30
# 	POE::Declare::Meta::BEGIN() called at /home/src/perl/repoperls/installed-perls/perl/v5.15.6-568-g5637ef5/a2da/lib/site_perl/5.15.6/Class/Inspector.pm line 127
# 	eval {...} called at /home/src/perl/repoperls/installed-perls/perl/v5.15.6-568-g5637ef5/a2da/lib/site_perl/5.15.6/Class/Inspector.pm line 127
# 	require POE/Declare/Meta.pm called at /tmp/loop_over_bdir-VPZV2h/POE-Declare-0.58-TTDram/blib/lib/POE/Declare.pm line 248
# 	POE::Declare::BEGIN() called at /home/src/perl/repoperls/installed-perls/perl/v5.15.6-568-g5637ef5/a2da/lib/site_perl/5.15.6/Class/Inspector.pm line 127
# 	eval {...} called at /home/src/perl/repoperls/installed-perls/perl/v5.15.6-568-g5637ef5/a2da/lib/site_perl/5.15.6/Class/Inspector.pm line 127
# 	require POE/Declare.pm called at t/07_nested.t line 40
# 	Test1::BEGIN() called at /home/src/perl/repoperls/installed-perls/perl/v5.15.6-568-g5637ef5/a2da/lib/site_perl/5.15.6/Class/Inspector.pm line 127
# 	eval {...} called at /home/src/perl/repoperls/installed-perls/perl/v5.15.6-568-g5637ef5/a2da/lib/site_perl/5.15.6/Class/Inspector.pm line 127
# 
# ----------
# 	Previous test 0 ''
# 	defined(@array) is deprecated at /tmp/loop_over_bdir-VPZV2h/POE-Declare-0.58-TTDram/blib/lib/POE/Declare.pm line 288.
#  at /tmp/loop_over_bdir-VPZV2h/POE-Declare-0.58-TTDram/blib/lib/POE/Declare.pm line 288
# 	require POE/Declare.pm called at t/07_nested.t line 40
# 	Test1::BEGIN() called at /tmp/loop_over_bdir-VPZV2h/POE-Declare-0.58-TTDram/blib/lib/POE/Declare.pm line 288
# 	eval {...} called at /tmp/loop_over_bdir-VPZV2h/POE-Declare-0.58-TTDram/blib/lib/POE/Declare.pm line 288
# 
# ----------
# 	Previous test 0 ''
# 		(Maybe you should just omit the defined()?)
#  at /tmp/loop_over_bdir-VPZV2h/POE-Declare-0.58-TTDram/blib/lib/POE/Declare.pm line 288
# 	require POE/Declare.pm called at t/07_nested.t line 40
# 	Test1::BEGIN() called at /tmp/loop_over_bdir-VPZV2h/POE-Declare-0.58-TTDram/blib/lib/POE/Declare.pm line 288
# 	eval {...} called at /tmp/loop_over_bdir-VPZV2h/POE-Declare-0.58-TTDram/blib/lib/POE/Declare.pm line 288
# 
# Looks like you failed 1 test of 33.
t/07_nested.t .... 
Dubious, test returned 1 (wstat 256, 0x100)
Failed 1/33 subtests 

#   Failed test 'no warnings'
#   at /home/src/perl/repoperls/installed-perls/perl/v5.15.6-568-g5637ef5/a2da/lib/site_perl/5.15.6/Test/NoWarnings.pm line 45.
# There were 4 warning(s)
# 	Previous test 0 ''
# 	defined(@array) is deprecated at /home/src/perl/repoperls/installed-perls/perl/v5.15.6-568-g5637ef5/a2da/lib/site_perl/5.15.6/Class/Inspector.pm line 127.
#  at /home/src/perl/repoperls/installed-perls/perl/v5.15.6-568-g5637ef5/a2da/lib/site_perl/5.15.6/Class/Inspector.pm line 127
# 	require Class/Inspector.pm called at /tmp/loop_over_bdir-VPZV2h/POE-Declare-0.58-TTDram/blib/lib/POE/Declare/Meta.pm line 30
# 	POE::Declare::Meta::BEGIN() called at /home/src/perl/repoperls/installed-perls/perl/v5.15.6-568-g5637ef5/a2da/lib/site_perl/5.15.6/Class/Inspector.pm line 127
# 	eval {...} called at /home/src/perl/repoperls/installed-perls/perl/v5.15.6-568-g5637ef5/a2da/lib/site_perl/5.15.6/Class/Inspector.pm line 127
# 	require POE/Declare/Meta.pm called at /tmp/loop_over_bdir-VPZV2h/POE-Declare-0.58-TTDram/blib/lib/POE/Declare.pm line 248
# 	POE::Declare::BEGIN() called at /home/src/perl/repoperls/installed-perls/perl/v5.15.6-568-g5637ef5/a2da/lib/site_perl/5.15.6/Class/Inspector.pm line 127
# 	eval {...} called at /home/src/perl/repoperls/installed-perls/perl/v5.15.6-568-g5637ef5/a2da/lib/site_perl/5.15.6/Class/Inspector.pm line 127
# 	require POE/Declare.pm called at t/08_use_hash.t line 32
# 	Foo::BEGIN() called at /home/src/perl/repoperls/installed-perls/perl/v5.15.6-568-g5637ef5/a2da/lib/site_perl/5.15.6/Class/Inspector.pm line 127
# 	eval {...} called at /home/src/perl/repoperls/installed-perls/perl/v5.15.6-568-g5637ef5/a2da/lib/site_perl/5.15.6/Class/Inspector.pm line 127
# 
# ----------
# 	Previous test 0 ''
# 		(Maybe you should just omit the defined()?)
#  at /home/src/perl/repoperls/installed-perls/perl/v5.15.6-568-g5637ef5/a2da/lib/site_perl/5.15.6/Class/Inspector.pm line 127
# 	require Class/Inspector.pm called at /tmp/loop_over_bdir-VPZV2h/POE-Declare-0.58-TTDram/blib/lib/POE/Declare/Meta.pm line 30
# 	POE::Declare::Meta::BEGIN() called at /home/src/perl/repoperls/installed-perls/perl/v5.15.6-568-g5637ef5/a2da/lib/site_perl/5.15.6/Class/Inspector.pm line 127
# 	eval {...} called at /home/src/perl/repoperls/installed-perls/perl/v5.15.6-568-g5637ef5/a2da/lib/site_perl/5.15.6/Class/Inspector.pm line 127
# 	require POE/Declare/Meta.pm called at /tmp/loop_over_bdir-VPZV2h/POE-Declare-0.58-TTDram/blib/lib/POE/Declare.pm line 248
# 	POE::Declare::BEGIN() called at /home/src/perl/repoperls/installed-perls/perl/v5.15.6-568-g5637ef5/a2da/lib/site_perl/5.15.6/Class/Inspector.pm line 127
# 	eval {...} called at /home/src/perl/repoperls/installed-perls/perl/v5.15.6-568-g5637ef5/a2da/lib/site_perl/5.15.6/Class/Inspector.pm line 127
# 	require POE/Declare.pm called at t/08_use_hash.t line 32
# 	Foo::BEGIN() called at /home/src/perl/repoperls/installed-perls/perl/v5.15.6-568-g5637ef5/a2da/lib/site_perl/5.15.6/Class/Inspector.pm line 127
# 	eval {...} called at /home/src/perl/repoperls/installed-perls/perl/v5.15.6-568-g5637ef5/a2da/lib/site_perl/5.15.6/Class/Inspector.pm line 127
# 
# ----------
# 	Previous test 0 ''
# 	defined(@array) is deprecated at /tmp/loop_over_bdir-VPZV2h/POE-Declare-0.58-TTDram/blib/lib/POE/Declare.pm line 288.
#  at /tmp/loop_over_bdir-VPZV2h/POE-Declare-0.58-TTDram/blib/lib/POE/Declare.pm line 288
# 	require POE/Declare.pm called at t/08_use_hash.t line 32
# 	Foo::BEGIN() called at /tmp/loop_over_bdir-VPZV2h/POE-Declare-0.58-TTDram/blib/lib/POE/Declare.pm line 288
# 	eval {...} called at /tmp/loop_over_bdir-VPZV2h/POE-Declare-0.58-TTDram/blib/lib/POE/Declare.pm line 288
# 
# ----------
# 	Previous test 0 ''
# 		(Maybe you should just omit the defined()?)
#  at /tmp/loop_over_bdir-VPZV2h/POE-Declare-0.58-TTDram/blib/lib/POE/Declare.pm line 288
# 	require POE/Declare.pm called at t/08_use_hash.t line 32
# 	Foo::BEGIN() called at /tmp/loop_over_bdir-VPZV2h/POE-Declare-0.58-TTDram/blib/lib/POE/Declare.pm line 288
# 	eval {...} called at /tmp/loop_over_bdir-VPZV2h/POE-Declare-0.58-TTDram/blib/lib/POE/Declare.pm line 288
# 
# Looks like you failed 1 test of 57.
t/08_use_hash.t .. 
Dubious, test returned 1 (wstat 256, 0x100)
Failed 1/57 subtests 

Test Summary Report
-------------------
t/01_compile.t (Wstat: 256 Tests: 23 Failed: 1)
  Failed test:  23
  Non-zero exit status: 1
t/02_export.t  (Wstat: 256 Tests: 7 Failed: 1)
  Failed test:  7
  Non-zero exit status: 1
t/03_simple.t  (Wstat: 256 Tests: 61 Failed: 1)
  Failed test:  61
  Non-zero exit status: 1
t/06_message.t (Wstat: 256 Tests: 19 Failed: 1)
  Failed test:  19
  Non-zero exit status: 1
t/07_nested.t  (Wstat: 256 Tests: 33 Failed: 1)
  Failed test:  33
  Non-zero exit status: 1
t/08_use_hash.t (Wstat: 256 Tests: 57 Failed: 1)
  Failed test:  57
  Non-zero exit status: 1
Files=8, Tests=223,  5 wallclock secs ( 0.06 usr  0.02 sys +  1.04 cusr  0.17 csys =  1.29 CPU)
Result: FAIL
Failed 6/8 test programs. 6/223 subtests failed.
make: *** [test_dynamic] Error 1

------------------------------
PREREQUISITES
------------------------------

Prerequisite modules loaded:

requires:

    Module              Need     Have    
    ------------------- -------- --------
    Class::Inspector    1.22     1.25    
    Class::ISA          0.33     0.36    
    Class::XSAccessor   1.10     1.13    
    List::Util          1.19     1.23    
    Params::Util        1.00     1.04    
    perl                5.008007 5.015006
    POE                 1.310    1.350   
    Scalar::Util        1.19     1.23    

build_requires:

    Module              Need     Have    
    ------------------- -------- --------
    ExtUtils::MakeMaker 6.42     6.63_02 
    Test::Exception     0.27     0.31    
    Test::More          0.80     0.98    
    Test::NoWarnings    0.084    1.04    
    Test::POE::Stopping 1.09     1.09    

configure_requires:

    Module              Need     Have    
    ------------------- -------- --------
    ExtUtils::MakeMaker 6.42     6.63_02 


------------------------------
ENVIRONMENT AND OTHER CONTEXT
------------------------------

Environment variables:

    AUTOMATED_TESTING = 1
    LANG = en_US.UTF-8
    LANGUAGE = en_US:en
    PATH = /home/sand/bin:/usr/local/bin:/usr/bin:/bin:/usr/bin/X11:/usr/games:/usr/local/perl/bin:/usr/X11/bin:/sbin:/usr/sbin
    PERL5LIB = 
    PERL5OPT = 
    PERL5_CPANPLUS_IS_RUNNING = 22679
    PERL5_CPAN_IS_RUNNING = 22679
    PERL_MM_USE_DEFAULT = 1
    SHELL = /usr/bin/zsh
    TERM = screen

Perl special variables (and OS-specific diagnostics, for MSWin32):

    $^X = /home/sand/src/perl/repoperls/installed-perls/perl/v5.15.6-568-g5637ef5/a2da/bin/perl
    $UID/$EUID = 1005 / 1005
    $GID = 1005 1005
    $EGID = 1005 1005

Perl module toolchain versions installed:

    Module              Have    
    ------------------- --------
    CPAN                1.9800  
    CPAN::Meta          2.113640
    Cwd                 3.39_01 
    ExtUtils::CBuilder  0.280205
    ExtUtils::Command   1.17    
    ExtUtils::Install   1.57    
    ExtUtils::MakeMaker 6.63_02 
    ExtUtils::Manifest  1.61    
    ExtUtils::ParseXS   3.11    
    File::Spec          3.39_01 
    JSON                2.53    
    JSON::PP            2.27200 
    Module::Build       0.39_01 
    Module::Signature   0.68    
    Parse::CPAN::Meta   1.4401  
    Test::Harness       3.23    
    Test::More          0.98    
    YAML                0.78    
    YAML::Syck          1.19    
    version             0.96    


--

Summary of my perl5 (revision 5 version 15 subversion 6) configuration:
  Commit id: 5637ef5b34a3e8caf72080387a15ea8d81b61baf
  Platform:
    osname=linux, osvers=2.6.32-5-amd64, archname=x86_64-linux-thread-multi-ld
    uname='linux k83 2.6.32-5-amd64 #1 smp thu nov 3 03:41:26 utc 2011 x86_64 gnulinux '
    config_args='-Dprefix=/home/src/perl/repoperls/installed-perls/perl/v5.15.6-568-g5637ef5/a2da -Dmyhostname=k83 -Dinstallusrbinperl=n -Uversiononly -Dusedevel -des -Ui_db -Duseithreads -Duselongdouble -DDEBUGGING=-g'
    hint=recommended, useposix=true, d_sigaction=define
    useithreads=define, usemultiplicity=define
    useperlio=define, d_sfio=undef, uselargefiles=define, usesocks=undef
    use64bitint=define, use64bitall=define, uselongdouble=define
    usemymalloc=n, bincompat5005=undef
  Compiler:
    cc='cc', ccflags ='-D_REENTRANT -D_GNU_SOURCE -fno-strict-aliasing -pipe -fstack-protector -I/usr/local/include -D_LARGEFILE_SOURCE -D_FILE_OFFSET_BITS=64',
    optimize='-O2 -g',
    cppflags='-D_REENTRANT -D_GNU_SOURCE -fno-strict-aliasing -pipe -fstack-protector -I/usr/local/include'
    ccversion='', gccversion='4.4.5', gccosandvers=''
    intsize=4, longsize=8, ptrsize=8, doublesize=8, byteorder=12345678
    d_longlong=define, longlongsize=8, d_longdbl=define, longdblsize=16
    ivtype='long', ivsize=8, nvtype='long double', nvsize=16, Off_t='off_t', lseeksize=8
    alignbytes=16, prototype=define
  Linker and Libraries:
    ld='cc', ldflags =' -fstack-protector -L/usr/local/lib'
    libpth=/usr/local/lib /lib/../lib /usr/lib/../lib /lib /usr/lib /lib64 /usr/lib64
    libs=-lnsl -ldb -ldl -lm -lcrypt -lutil -lpthread -lc
    perllibs=-lnsl -ldl -lm -lcrypt -lutil -lpthread -lc
    libc=/lib/libc-2.11.2.so, so=so, useshrplib=false, libperl=libperl.a
    gnulibc_version='2.11.2'
  Dynamic Linking:
    dlsrc=dl_dlopen.xs, dlext=so, d_dlsymun=undef, ccdlflags='-Wl,-E'
    cccdlflags='-fPIC', lddlflags='-shared -O2 -g -L/usr/local/lib -fstack-protector'


Characteristics of this binary (from libperl): 
  Compile-time options: HAS_TIMES MULTIPLICITY PERLIO_LAYERS
                        PERL_DONT_CREATE_GVSV PERL_IMPLICIT_CONTEXT
                        PERL_MALLOC_WRAP PERL_PRESERVE_IVUV PERL_USE_DEVEL
                        USE_64_BIT_ALL USE_64_BIT_INT USE_ITHREADS
                        USE_LARGE_FILES USE_LOCALE USE_LOCALE_COLLATE
                        USE_LOCALE_CTYPE USE_LOCALE_NUMERIC USE_LONG_DOUBLE
                        USE_PERLIO USE_PERL_ATOF USE_REENTRANT_API
  Built under linux
  Compiled at Jan 16 2012 23:49:01
  %ENV:
    PERL5LIB=""
    PERL5OPT=""
    PERL5_CPANPLUS_IS_RUNNING="22679"
    PERL5_CPAN_IS_RUNNING="22679"
    PERL_MM_USE_DEFAULT="1"
  @INC:
    /home/src/perl/repoperls/installed-perls/perl/v5.15.6-568-g5637ef5/a2da/lib/site_perl/5.15.6/x86_64-linux-thread-multi-ld
    /home/src/perl/repoperls/installed-perls/perl/v5.15.6-568-g5637ef5/a2da/lib/site_perl/5.15.6
    /home/src/perl/repoperls/installed-perls/perl/v5.15.6-568-g5637ef5/a2da/lib/5.15.6/x86_64-linux-thread-multi-ld
    /home/src/perl/repoperls/installed-perls/perl/v5.15.6-568-g5637ef5/a2da/lib/5.15.6
    .