Report for LWP-UserAgent-Throttled-0.08

Back
From: metabase:user:30ae4450-2aae-11df-837a-5e0a49663a4f
Subject: FAIL LWP-UserAgent-Throttled-0.08 5.12.2 
Date: 2021-05-14T21:25:54Z

This distribution has been tested as part of the CPAN Testers
project, supporting the Perl programming language.  See
http://wiki.cpantesters.org/ for more information or email
questions to cpan-testers-discuss@perl.org


--
Dear Nigel Horne,

This is a computer-generated report for LWP-UserAgent-Throttled-0.08
on perl 5.12.2, created by CPAN-Reporter-1.2018.

Thank you for uploading your work to CPAN.  However, there was a problem
testing your distribution.

If you think this report is invalid, please consult the CPAN Testers Wiki
for suggestions on how to avoid getting FAIL reports for missing library
or binary dependencies, unsupported operating systems, and so on:

http://wiki.cpantesters.org/wiki/CPANAuthorNotes

Sections of this report:

    * Tester comments
    * Program output
    * Prerequisites
    * Environment and other context

------------------------------
TESTER COMMENTS
------------------------------

Additional comments from tester:

this report is from an automated smoke testing program
and was not reviewed by a human for accuracy

------------------------------
PROGRAM OUTPUT
------------------------------

Output from 'C:\strawberry\c\bin\dmake.EXE test':

C:\strawberry\perl\bin\perl.exe "-MExtUtils::Command::MM" "-MTest::Harness" "-e" "undef *Test::Harness::Switches; test_harness(0, 'blib\lib', 'blib\arch')" t/*.t
# Testing LWP::UserAgent::Throttled 0.08, Perl 5.012002, C:\strawberry\perl\bin\perl.exe
t/00-load.t ........... ok
t/apoc.t .............. skipped: Test::Apocalypse required for testing the distribution
t/boiler.t ............ ok
t/changes.t ........... skipped: Author tests not required for installation
t/comment-spelling.t .. skipped: Author tests not required for installation
t/coverage.t .......... ok
t/cv.t ................ skipped: Author tests not required for installation
t/dist.t .............. skipped: Author tests not required for installation
t/eof.t ............... skipped: Author tests not required for installation
t/eol.t ............... skipped: Author tests not required for installation
t/gv.t ................ skipped: Author tests not required for installation
t/links.t ............. skipped: Author tests not required for installation
t/manifest.t .......... skipped: Author tests not required for installation
t/metrics.t ........... skipped: Author tests not required for installation
t/no404s.t ............ skipped: Author tests not required for installation
# Author tests not required for installation
t/noopentickets.t ..... ok
t/noplan.t ............ skipped: Author tests not required for installation
t/pod-cm.t ............ ok
t/pod-spelling.t ...... skipped: Author tests not required for installation
t/pod.t ............... skipped: Author tests not required for installation
t/port.t .............. ok
# This will take some time because of sleeps
# Some tests will fail on slower machines and connections

#   Failed test at t/request.t line 48.

#   Failed test at t/request.t line 54.

#   Failed test at t/request.t line 66.

#   Failed test at t/request.t line 69.
# Looks like you failed 4 tests of 14.

You have loaded versions of test modules known to have problems with Test2.
This could explain some test failures.
 * Module 'Test::Exception' is outdated, we recommed updating above 0.42. error was: 'Test::Exception version 0.42 required--this is only version 0.32 at C:\strawberry\cpan\build\Test-Simple-1.302183-4/blib/lib/Test2/API/Breakage.pm line 75.'; INC is C:/strawberry/perl/site/lib/Test/Exception.pm

t/request.t ........... 
Dubious, test returned 4 (wstat 1024, 0x400)
Failed 4/14 subtests 
t/snippets.t .......... skipped: Author tests not required for installation
t/strict.t ............ skipped: Author tests not required for installation
t/ua.t ................ ok
t/used.t .............. skipped: Author tests not required for installation
t/vars.t .............. skipped: Author tests not required for installation

Test Summary Report
-------------------
t/boiler.t          (Wstat: 0 Tests: 3 Failed: 0)
  TODO passed:   1-3
t/request.t         (Wstat: 1024 Tests: 14 Failed: 4)
  Failed tests:  8, 10, 12, 14
  Non-zero exit status: 4
Files=27, Tests=30, 33 wallclock secs ( 0.09 usr +  0.07 sys =  0.16 CPU)
Result: FAIL
Failed 1/27 test programs. 4/30 subtests failed.
dmake.EXE:  Error code 255, while making 'test_dynamic'

------------------------------
PREREQUISITES
------------------------------

Prerequisite modules loaded:

requires:

    Module               Need     Have    
    -------------------- -------- --------
    LWP                  0        6.08    
    LWP::UserAgent       0        6.06    
    perl                 5.006002 5.012002
    Time::HiRes          0        1.9721  

build_requires:

    Module               Need     Have    
    -------------------- -------- --------
    IO::Socket::INET     0        1.31    
    LWP::Protocol::https 0        6.04    
    Test::Most           0        0.34    
    Test::NoWarnings     0        1.04    
    Test::Timer          2.01     2.11    
    Test::URI            0        1.083   

configure_requires:

    Module               Need     Have    
    -------------------- -------- --------
    ExtUtils::MakeMaker  0        6.98    


------------------------------
ENVIRONMENT AND OTHER CONTEXT
------------------------------

Environment variables:

    AUTOMATED_TESTING = 1
    COMSPEC = C:\WINDOWS\system32\cmd.exe
    NUMBER_OF_PROCESSORS = 1
    PATH = c:\Windows\system32;c:\Windows\System32\Wbem;C:\Git\cmd;C:\strawberry\c\bin;C:\strawberry\perl\site\bin;C:\strawberry\perl\bin
    PERL5LIB = C:\strawberry\cpan\build\Test-URI-1.083-0/blib/arch;C:\strawberry\cpan\build\Test-URI-1.083-0/blib/lib;C:\strawberry\cpan\build\Test-Timer-2.11-0/blib/arch;C:\strawberry\cpan\build\Test-Timer-2.11-0/blib/lib;C:\strawberry\cpan\build\Test-Simple-1.302183-4/blib/arch;C:\strawberry\cpan\build\Test-Simple-1.302183-4/blib/lib;C:\strawberry\cpan\build\Test-Kwalitee-1.28-0/blib/arch;C:\strawberry\cpan\build\Test-Kwalitee-1.28-0/blib/lib;C:\strawberry\cpan\build\CPAN-Meta-Check-0.014-0/blib/arch;C:\strawberry\cpan\build\CPAN-Meta-Check-0.014-0/blib/lib
    PERL5OPT = 
    PERL5_CPANPLUS_IS_RUNNING = 1812
    PERL5_CPAN_IS_RUNNING = 1812
    PERL5_CPAN_IS_RUNNING_IN_RECURSION = 112,1812
    PERL_CR_SMOKER_CURRENT = LWP-UserAgent-Throttled-0.08
    PERL_CR_SMOKER_RUNONCE = 1
    PERL_EXTUTILS_AUTOINSTALL = --defaultdeps
    PERL_MM_USE_DEFAULT = 1
    PROCESSOR_IDENTIFIER = x86 Family 18 Model 1 Stepping 0, AuthenticAMD
    TEMP = C:\DOCUME~1\c\LOCALS~1\Temp
    TERM = dumb

Perl special variables (and OS-specific diagnostics, for MSWin32):

    $^X = C:\strawberry\perl\bin\perl.exe
    $UID/$EUID = 0 / 0
    $GID = 0
    $EGID = 0
    Win32::GetOSName = WinXP/.Net
    Win32::GetOSVersion = Service Pack 3, 5, 1, 2600, 2, 3, 0, 256, 1
    Win32::FsType = NTFS
    Win32::IsAdminUser = 1

Perl module toolchain versions installed:

    Module              Have    
    ------------------- --------
    CPAN                2.16    
    CPAN::Meta          2.141520
    Cwd                 3.47    
    ExtUtils::CBuilder  0.280216
    ExtUtils::Command   1.16    
    ExtUtils::Install   1.55    
    ExtUtils::MakeMaker 6.98    
    ExtUtils::Manifest  1.60    
    ExtUtils::ParseXS   3.24    
    File::Spec          3.47    
    JSON                2.90    
    JSON::PP            2.27203 
    Module::Build       0.4206  
    Module::Signature   0.66    
    Parse::CPAN::Meta   1.4414  
    Test::Harness       3.32    
    Test::More          1.302183
    YAML                0.98    
    YAML::Syck          1.27    
    version             0.9908  


--

Summary of my perl5 (revision 5 version 12 subversion 2) configuration:
   
  Platform:
    osname=MSWin32, osvers=5.1, archname=MSWin32-x86-multi-thread
    uname='Win32 strawberryperl 5.12.2.0 #1 Fri Nov  5 05:17:27 2010 i386'
    config_args='undef'
    hint=recommended, useposix=true, d_sigaction=undef
    useithreads=define, usemultiplicity=define
    useperlio=define, d_sfio=undef, uselargefiles=define, usesocks=undef
    use64bitint=undef, use64bitall=undef, uselongdouble=undef
    usemymalloc=n, bincompat5005=undef
  Compiler:
    cc='gcc', ccflags =' -s -O2 -DWIN32 -DHAVE_DES_FCRYPT  -DUSE_SITECUSTOMIZE -DPERL_IMPLICIT_CONTEXT -DPERL_IMPLICIT_SYS -fno-strict-aliasing -mms-bitfields -DPERL_MSVCRT_READFIX',
    optimize='-s -O2',
    cppflags='-DWIN32'
    ccversion='', gccversion='4.4.3', gccosandvers=''
    intsize=4, longsize=4, ptrsize=4, doublesize=8, byteorder=1234
    d_longlong=undef, longlongsize=8, d_longdbl=define, longdblsize=12
    ivtype='long', ivsize=4, nvtype='double', nvsize=8, Off_t='long long', lseeksize=8
    alignbytes=8, prototype=define
  Linker and Libraries:
    ld='g++', ldflags ='-s -L"C:\strawberry\perl\lib\CORE" -L"C:\strawberry\c\lib"'
    libpth=C:\strawberry\c\lib C:\strawberry\c\i686-w64-mingw32\lib
    libs=-lmoldname -lkernel32 -luser32 -lgdi32 -lwinspool -lcomdlg32 -ladvapi32 -lshell32 -lole32 -loleaut32 -lnetapi32 -luuid -lws2_32 -lmpr -lwinmm -lversion -lodbc32 -lodbccp32 -lcomctl32
    perllibs=-lmoldname -lkernel32 -luser32 -lgdi32 -lwinspool -lcomdlg32 -ladvapi32 -lshell32 -lole32 -loleaut32 -lnetapi32 -luuid -lws2_32 -lmpr -lwinmm -lversion -lodbc32 -lodbccp32 -lcomctl32
    libc=, so=dll, useshrplib=true, libperl=libperl512.a
    gnulibc_version=''
  Dynamic Linking:
    dlsrc=dl_win32.xs, dlext=dll, d_dlsymun=undef, ccdlflags=' '
    cccdlflags=' ', lddlflags='-mdll -s -L"C:\strawberry\perl\lib\CORE" -L"C:\strawberry\c\lib"'


Characteristics of this binary (from libperl): 
  Compile-time options: MULTIPLICITY PERL_DONT_CREATE_GVSV
                        PERL_IMPLICIT_CONTEXT PERL_IMPLICIT_SYS
                        PERL_MALLOC_WRAP PL_OP_SLAB_ALLOC USE_ITHREADS
                        USE_LARGE_FILES USE_PERLIO USE_PERL_ATOF
                        USE_SITECUSTOMIZE
  Built under MSWin32
  Compiled at Nov  5 2010 08:39:08
  %ENV:
    PERL5LIB="C:\strawberry\cpan\build\Test-URI-1.083-0/blib/arch;C:\strawberry\cpan\build\Test-URI-1.083-0/blib/lib;C:\strawberry\cpan\build\Test-Timer-2.11-0/blib/arch;C:\strawberry\cpan\build\Test-Timer-2.11-0/blib/lib;C:\strawberry\cpan\build\Test-Simple-1.302183-4/blib/arch;C:\strawberry\cpan\build\Test-Simple-1.302183-4/blib/lib;C:\strawberry\cpan\build\Test-Kwalitee-1.28-0/blib/arch;C:\strawberry\cpan\build\Test-Kwalitee-1.28-0/blib/lib;C:\strawberry\cpan\build\CPAN-Meta-Check-0.014-0/blib/arch;C:\strawberry\cpan\build\CPAN-Meta-Check-0.014-0/blib/lib"
    PERL5_CPANPLUS_IS_RUNNING="1812"
    PERL5_CPAN_IS_RUNNING="1812"
    PERL5_CPAN_IS_RUNNING_IN_RECURSION="112,1812"
    PERL_CR_SMOKER_CURRENT="LWP-UserAgent-Throttled-0.08"
    PERL_CR_SMOKER_RUNONCE="1"
    PERL_EXTUTILS_AUTOINSTALL="--defaultdeps"
    PERL_MM_USE_DEFAULT="1"
  @INC:
    C:\strawberry\cpan\build\Test-URI-1.083-0/blib/arch
    C:\strawberry\cpan\build\Test-URI-1.083-0/blib/lib
    C:\strawberry\cpan\build\Test-Timer-2.11-0/blib/arch
    C:\strawberry\cpan\build\Test-Timer-2.11-0/blib/lib
    C:\strawberry\cpan\build\Test-Simple-1.302183-4/blib/arch
    C:\strawberry\cpan\build\Test-Simple-1.302183-4/blib/lib
    C:\strawberry\cpan\build\Test-Kwalitee-1.28-0/blib/arch
    C:\strawberry\cpan\build\Test-Kwalitee-1.28-0/blib/lib
    C:\strawberry\cpan\build\CPAN-Meta-Check-0.014-0/blib/arch
    C:\strawberry\cpan\build\CPAN-Meta-Check-0.014-0/blib/lib
    C:/strawberry/perl/site/lib
    C:/strawberry/perl/vendor/lib
    C:/strawberry/perl/lib
    .