Report for Geo-GDAL-2.00012

Back
From: metabase:user:320bfe00-2aae-11df-837a-5e0a49663a4f
Subject: FAIL Geo-GDAL-2.00012 v5.23.4 GNU/Linux
Date: 2015-10-29T22:29:48Z

This distribution has been tested as part of the CPAN Testers
project, supporting the Perl programming language.  See
http://wiki.cpantesters.org/ for more information or email
questions to cpan-testers-discuss@perl.org


--
Dear Ari Jolma,

This is a computer-generated report for Geo-GDAL-2.00012
on perl 5.23.4, created by CPAN-Reporter-1.2015.

Thank you for uploading your work to CPAN.  However, there was a problem
testing your distribution.

If you think this report is invalid, please consult the CPAN Testers Wiki
for suggestions on how to avoid getting FAIL reports for missing library
or binary dependencies, unsupported operating systems, and so on:

http://wiki.cpantesters.org/wiki/CPANAuthorNotes

Sections of this report:

    * Tester comments
    * Program output
    * Prerequisites
    * Environment and other context

------------------------------
TESTER COMMENTS
------------------------------

Additional comments from tester:

this report is from an automated smoke testing program
and was not reviewed by a human for accuracy

------------------------------
PROGRAM OUTPUT
------------------------------

Output from '/usr/bin/make test':

/usr/bin/make -f Makefile_Geo__GDAL
make[1]: Entering directory '/tmp/loop_over_bdir-3402-t6RQTk/Geo-GDAL-2.00012-sywF1_'
Running Mkbootstrap for Geo::GDAL ()
chmod 644 "GDAL.bs"
Manifying 1 pod document
make[1]: Leaving directory '/tmp/loop_over_bdir-3402-t6RQTk/Geo-GDAL-2.00012-sywF1_'
/usr/bin/make -f Makefile_Geo__GDAL__Const
make[1]: Entering directory '/tmp/loop_over_bdir-3402-t6RQTk/Geo-GDAL-2.00012-sywF1_'
Running Mkbootstrap for Geo::GDAL::Const ()
chmod 644 "Const.bs"
Manifying 1 pod document
make[1]: Leaving directory '/tmp/loop_over_bdir-3402-t6RQTk/Geo-GDAL-2.00012-sywF1_'
/usr/bin/make -f Makefile_Geo__OGR
make[1]: Entering directory '/tmp/loop_over_bdir-3402-t6RQTk/Geo-GDAL-2.00012-sywF1_'
Running Mkbootstrap for Geo::OGR ()
chmod 644 "OGR.bs"
Manifying 1 pod document
make[1]: Leaving directory '/tmp/loop_over_bdir-3402-t6RQTk/Geo-GDAL-2.00012-sywF1_'
/usr/bin/make -f Makefile_Geo__OSR
make[1]: Entering directory '/tmp/loop_over_bdir-3402-t6RQTk/Geo-GDAL-2.00012-sywF1_'
Running Mkbootstrap for Geo::OSR ()
chmod 644 "OSR.bs"
Manifying 1 pod document
make[1]: Leaving directory '/tmp/loop_over_bdir-3402-t6RQTk/Geo-GDAL-2.00012-sywF1_'
/usr/bin/make -f Makefile_Geo__GDAL test
make[1]: Entering directory '/tmp/loop_over_bdir-3402-t6RQTk/Geo-GDAL-2.00012-sywF1_'
PERL_DL_NONLAZY=1 "/home/sand/src/perl/repoperls/installed-perls/perl/v5.23.4/a2da/bin/perl" "-MExtUtils::Command::MM" "-MTest::Harness" "-e" "undef *Test::Harness::Switches; test_harness(0, 'blib/lib', 'blib/arch')" t/*.t

#   Failed test 'DecToPackedDMS and PackedDMSToDec, got 62.1499999999999986'
#   at t/00.t line 16.
Can't find GDAL support files. Please set GDAL_DATA.
# Looks like you failed 1 test of 158.
t/00.t .... 
Dubious, test returned 1 (wstat 256, 0x100)
Failed 1/158 subtests 
t/01.t .... ok
t/02.t .... ok

#   Failed test 'ScaleAndOffset'
#   at t/03.t line 30.

#   Failed test 'Fill with real'
#   at t/03.t line 73.
# Looks like you failed 2 tests of 45.
t/03.t .... 
Dubious, test returned 2 (wstat 512, 0x200)
Failed 2/45 subtests 

#   Failed test at t/gdal.t line 145.
#     Structures begin differing at:
#          $got->[1] = '0.100000000000000006 Generating Histogram 1'
#     $expected->[1] = '0.1 Generating Histogram 1'

#   Failed test 'callback without callback_data'
#   at t/gdal.t line 145.

#   Failed test at t/gdal.t line 157.
#     Structures begin differing at:
#          $got->[1] = '0.100000000000000006 Generating Histogram 6'
#     $expected->[1] = '0.1 Generating Histogram 6'

#   Failed test 'callback with callback_data'
#   at t/gdal.t line 157.
# Looks like you failed 4 tests of 409.
t/gdal.t .. 
Dubious, test returned 4 (wstat 1024, 0x400)
Failed 4/409 subtests 
	(less 1 skipped subtest: 404 okay)

#   Failed test 'Points from a point is a simple anonymous array'
#   at t/ogr.t line 123.

#   Failed test at t/ogr.t line 179.
#     Structures begin differing at:
#          $got->[0] = '1.10000000000000009'
#     $expected->[0] = '1.1'

#   Failed test 'double list'
#   at t/ogr.t line 179.
# Looks like you failed 3 tests of 1125.
t/ogr.t ... 
Dubious, test returned 3 (wstat 768, 0x300)
Failed 3/1125 subtests 

Test Summary Report
-------------------
t/00.t  (Wstat: 256 Tests: 158 Failed: 1)
  Failed test:  4
  Non-zero exit status: 1
t/03.t  (Wstat: 512 Tests: 45 Failed: 2)
  Failed tests:  7, 17
  Non-zero exit status: 2
t/gdal.t (Wstat: 1024 Tests: 409 Failed: 4)
  Failed tests:  13-16
  Non-zero exit status: 4
t/ogr.t (Wstat: 768 Tests: 1125 Failed: 3)
  Failed tests:  17, 25-26
  Non-zero exit status: 3
Files=6, Tests=1824,  2 wallclock secs ( 0.13 usr  0.08 sys +  1.12 cusr  0.21 csys =  1.54 CPU)
Result: FAIL
Failed 4/6 test programs. 10/1824 subtests failed.
Makefile_Geo__GDAL:1058: recipe for target 'test_dynamic' failed
make[1]: *** [test_dynamic] Error 3
make[1]: Leaving directory '/tmp/loop_over_bdir-3402-t6RQTk/Geo-GDAL-2.00012-sywF1_'
Makefile:13: recipe for target 'test' failed
make: *** [test] Error 2

------------------------------
PREREQUISITES
------------------------------

Prerequisite modules loaded:

requires:

    Module              Need Have    
    ------------------- ---- --------
    Carp                0    1.37    
    Encode              0    2.78    
    POSIX               0    1.58    
    Scalar::Util        0    1.42_01 

build_requires:

    Module              Need Have    
    ------------------- ---- --------
    Config              0    5.023004
    ExtUtils::MakeMaker 0    7.10    
    File::Basename      0    2.85    
    File::Fetch         0    0.48    
    Scalar::Util        0    1.42_01 
    Test::More          0    1.001014

configure_requires:

    Module              Need Have    
    ------------------- ---- --------
    ExtUtils::MakeMaker 0    7.10    


------------------------------
ENVIRONMENT AND OTHER CONTEXT
------------------------------

Environment variables:

    AUTOMATED_TESTING = 1
    LANG = en_US.UTF-8
    LANGUAGE = en_US:en
    PATH = /home/sand/bin:/usr/local/bin:/usr/bin:/bin:/usr/games:/usr/local/perl/bin:/usr/X11/bin:/sbin:/usr/sbin
    PERL5LIB = 
    PERL5OPT = 
    PERL5_CPANPLUS_IS_RUNNING = 3403
    PERL5_CPAN_IS_RUNNING = 3403
    PERL_MM_USE_DEFAULT = 1
    SHELL = /usr/bin/zsh
    TERM = screen

Perl special variables (and OS-specific diagnostics, for MSWin32):

    $^X = /home/sand/src/perl/repoperls/installed-perls/perl/v5.23.4/a2da/bin/perl
    $UID/$EUID = 1005 / 1005
    $GID = 1005 1005
    $EGID = 1005 1005

Perl module toolchain versions installed:

    Module              Have    
    ------------------- --------
    CPAN                2.11    
    CPAN::Meta          2.150005
    Cwd                 3.58    
    ExtUtils::CBuilder  0.280224
    ExtUtils::Command   7.10    
    ExtUtils::Install   2.04    
    ExtUtils::MakeMaker 7.10    
    ExtUtils::Manifest  1.70    
    ExtUtils::ParseXS   3.30    
    File::Spec          3.58    
    JSON                2.90    
    JSON::PP            2.27300 
    Module::Build       0.4214  
    Module::Signature   0.79    
    Parse::CPAN::Meta   1.4417  
    Test::Harness       3.35    
    Test::More          1.001014
    YAML                1.15    
    YAML::Syck          1.29    
    version             0.9909  


--

Summary of my perl5 (revision 5 version 23 subversion 4) configuration:
  Commit id: 1cf73f2dc97c9b2aa2be7f58276fa9879f0bb2fb
  Platform:
    osname=linux, osvers=4.1.0-2-amd64, archname=x86_64-linux-thread-multi-ld
    uname='linux k83 4.1.0-2-amd64 #1 smp debian 4.1.6-1 (2015-08-23) x86_64 gnulinux '
    config_args='-Dprefix=/home/sand/src/perl/repoperls/installed-perls/perl/v5.23.4/a2da -Dmyhostname=k83 -Dinstallusrbinperl=n -Uversiononly -Dusedevel -des -Ui_db -Duseithreads -Duselongdouble -DDEBUGGING=-g'
    hint=recommended, useposix=true, d_sigaction=define
    useithreads=define, usemultiplicity=define
    use64bitint=define, use64bitall=define, uselongdouble=define
    usemymalloc=n, bincompat5005=undef
  Compiler:
    cc='cc', ccflags ='-D_REENTRANT -D_GNU_SOURCE -fwrapv -fno-strict-aliasing -pipe -fstack-protector-strong -I/usr/local/include -D_LARGEFILE_SOURCE -D_FILE_OFFSET_BITS=64',
    optimize='-O2 -g',
    cppflags='-D_REENTRANT -D_GNU_SOURCE -fwrapv -fno-strict-aliasing -pipe -fstack-protector-strong -I/usr/local/include'
    ccversion='', gccversion='5.2.1 20150911', gccosandvers=''
    intsize=4, longsize=8, ptrsize=8, doublesize=8, byteorder=12345678, doublekind=3
    d_longlong=define, longlongsize=8, d_longdbl=define, longdblsize=16, longdblkind=3
    ivtype='long', ivsize=8, nvtype='long double', nvsize=16, Off_t='off_t', lseeksize=8
    alignbytes=16, prototype=define
  Linker and Libraries:
    ld='cc', ldflags =' -fstack-protector-strong -L/usr/local/lib'
    libpth=/usr/local/lib /usr/lib/gcc/x86_64-linux-gnu/5/include-fixed /usr/include/x86_64-linux-gnu /usr/lib /lib/x86_64-linux-gnu /lib/../lib /usr/lib/x86_64-linux-gnu /usr/lib/../lib /lib
    libs=-lpthread -lnsl -lgdbm -ldb -ldl -lm -lcrypt -lutil -lc -lgdbm_compat
    perllibs=-lpthread -lnsl -ldl -lm -lcrypt -lutil -lc
    libc=libc-2.19.so, so=so, useshrplib=false, libperl=libperl.a
    gnulibc_version='2.19'
  Dynamic Linking:
    dlsrc=dl_dlopen.xs, dlext=so, d_dlsymun=undef, ccdlflags='-Wl,-E'
    cccdlflags='-fPIC', lddlflags='-shared -O2 -g -L/usr/local/lib -fstack-protector-strong'


Characteristics of this binary (from libperl): 
  Compile-time options: HAS_TIMES MULTIPLICITY PERLIO_LAYERS
                        PERL_COPY_ON_WRITE PERL_DONT_CREATE_GVSV
                        PERL_HASH_FUNC_ONE_AT_A_TIME_HARD
                        PERL_IMPLICIT_CONTEXT PERL_MALLOC_WRAP
                        PERL_PRESERVE_IVUV PERL_USE_DEVEL USE_64_BIT_ALL
                        USE_64_BIT_INT USE_ITHREADS USE_LARGE_FILES
                        USE_LOCALE USE_LOCALE_COLLATE USE_LOCALE_CTYPE
                        USE_LOCALE_NUMERIC USE_LOCALE_TIME USE_LONG_DOUBLE
                        USE_PERLIO USE_PERL_ATOF USE_REENTRANT_API
  Built under linux
  Compiled at Oct 21 2015 07:37:57
  %ENV:
    PERL5LIB=""
    PERL5OPT=""
    PERL5_CPANPLUS_IS_RUNNING="3403"
    PERL5_CPAN_IS_RUNNING="3403"
    PERL_MM_USE_DEFAULT="1"
  @INC:
    /home/sand/src/perl/repoperls/installed-perls/perl/v5.23.4/a2da/lib/site_perl/5.23.4/x86_64-linux-thread-multi-ld
    /home/sand/src/perl/repoperls/installed-perls/perl/v5.23.4/a2da/lib/site_perl/5.23.4
    /home/sand/src/perl/repoperls/installed-perls/perl/v5.23.4/a2da/lib/5.23.4/x86_64-linux-thread-multi-ld
    /home/sand/src/perl/repoperls/installed-perls/perl/v5.23.4/a2da/lib/5.23.4
    .