Back
From: metabase:user:320bfe00-2aae-11df-837a-5e0a49663a4f
Subject: FAIL Music-Tag-0.4103 v5.17.3 GNU/Linux
Date: 2012-08-04T03:07:42Z
This distribution has been tested as part of the CPAN Testers
project, supporting the Perl programming language. See
http://wiki.cpantesters.org/ for more information or email
questions to cpan-testers-discuss@perl.org
--
Dear Edward J. Allen III,
This is a computer-generated report for Music-Tag-0.4103
on perl 5.17.3, created by CPAN-Reporter-1.2006.
Thank you for uploading your work to CPAN. However, there was a problem
testing your distribution.
If you think this report is invalid, please consult the CPAN Testers Wiki
for suggestions on how to avoid getting FAIL reports for missing library
or binary dependencies, unsupported operating systems, and so on:
http://wiki.cpantesters.org/wiki/CPANAuthorNotes
Sections of this report:
* Tester comments
* Program output
* Prerequisites
* Environment and other context
------------------------------
TESTER COMMENTS
------------------------------
Additional comments from tester:
this report is from an automated smoke testing program
and was not reviewed by a human for accuracy
------------------------------
PROGRAM OUTPUT
------------------------------
Output from '/usr/bin/make test':
PERL_DL_NONLAZY=1 /mnt/k75/homesand/src/perl/repoperls/installed-perls/perl/v5.17.2-201-g38ab64a/a2da/bin/perl "-MExtUtils::Command::MM" "-e" "test_harness(0, 'blib/lib', 'blib/arch')" t/*.t
t/1-general.t ........ ok
t/2-options.t ........ ok
Music::Tag::Auto Sorry, I can't find a plugin for /tmp/loop_over_bdir-6rkSLJ/Music-Tag-0.4103-L6ymX_/t/fake.music at /tmp/loop_over_bdir-6rkSLJ/Music-Tag-0.4103-L6ymX_/blib/lib/Music/Tag.pm line 146.
t/3-auto.t ........... ok
t/5-generic.t ........ ok
t/6-unaccent.t ....... skipped: Text::Unaccent::PurePerl required for testing accent changes
# Failed test 'POD test for blib/lib/Music/Tag.pm'
# at /home/src/perl/repoperls/installed-perls/perl/v5.17.2-201-g38ab64a/a2da/lib/site_perl/5.17.3/Test/Pod.pm line 182.
# blib/lib/Music/Tag.pm (2085): Non-ASCII character seen before =encoding in '©'. Assuming UTF-8
# Failed test 'POD test for blib/lib/Music/Tag/Auto.pm'
# at /home/src/perl/repoperls/installed-perls/perl/v5.17.2-201-g38ab64a/a2da/lib/site_perl/5.17.3/Test/Pod.pm line 182.
# blib/lib/Music/Tag/Auto.pm (175): Non-ASCII character seen before =encoding in '©'. Assuming UTF-8
# Failed test 'POD test for blib/lib/Music/Tag/Generic.pm'
# at /home/src/perl/repoperls/installed-perls/perl/v5.17.2-201-g38ab64a/a2da/lib/site_perl/5.17.3/Test/Pod.pm line 182.
# blib/lib/Music/Tag/Generic.pm (364): Non-ASCII character seen before =encoding in '©'. Assuming UTF-8
# Failed test 'POD test for blib/lib/Music/Tag/Test.pm'
# at /home/src/perl/repoperls/installed-perls/perl/v5.17.2-201-g38ab64a/a2da/lib/site_perl/5.17.3/Test/Pod.pm line 182.
# blib/lib/Music/Tag/Test.pm (328): Non-ASCII character seen before =encoding in '©'. Assuming UTF-8
# Failed test 'POD test for blib/lib/Music/Tag/Option.pm'
# at /home/src/perl/repoperls/installed-perls/perl/v5.17.2-201-g38ab64a/a2da/lib/site_perl/5.17.3/Test/Pod.pm line 182.
# blib/lib/Music/Tag/Option.pm (131): Non-ASCII character seen before =encoding in '©'. Assuming UTF-8
# Looks like you failed 5 tests of 6.
t/97-pod.t ...........
Dubious, test returned 5 (wstat 1280, 0x500)
Failed 5/6 subtests
t/98-pod-coverage.t .. ok
Test Summary Report
-------------------
t/97-pod.t (Wstat: 1280 Tests: 6 Failed: 5)
Failed tests: 2-6
Non-zero exit status: 5
Files=7, Tests=249, 3 wallclock secs ( 0.05 usr 0.01 sys + 2.12 cusr 0.28 csys = 2.46 CPU)
Result: FAIL
Failed 1/7 test programs. 5/249 subtests failed.
make: *** [test_dynamic] Error 255
------------------------------
PREREQUISITES
------------------------------
Prerequisite modules loaded:
requires:
Module Need Have
------------------- ------ --------
Config::Options 0.07 0.08
Data::Dumper 2 2.135_07
DateTimeX::Easy 0.088 0.089
Digest::SHA1 2.11 2.13
Encode 2.12 2.44
File::Copy 2 2.23
File::Slurp 1 9999.19
File::Spec 3.24 3.39_02
File::stat 1 1.07
IO::Dir 1 1.10
IO::File 1.13 1.16
Locale::Country 2.07 3.22
Readonly 1 1.03
Scalar::Util 1.21 1.25
Test::More 0.1 0.98
Time::Local 1.1901 1.2300
build_requires:
Module Need Have
------------------- ------ --------
ExtUtils::MakeMaker 0 6.63_02
configure_requires:
Module Need Have
------------------- ------ --------
ExtUtils::MakeMaker 0 6.63_02
------------------------------
ENVIRONMENT AND OTHER CONTEXT
------------------------------
Environment variables:
AUTOMATED_TESTING = 1
LANG = en_US.UTF-8
LANGUAGE = en_US:en
PATH = /home/sand/bin:/usr/local/bin:/usr/bin:/bin:/usr/bin/X11:/usr/games:/usr/local/perl/bin:/usr/X11/bin:/sbin:/usr/sbin
PERL5LIB = /tmp/loop_over_bdir-6rkSLJ/Mail-SpamAssassin-2.43-qbAgSs/blib/arch:/tmp/loop_over_bdir-6rkSLJ/Mail-SpamAssassin-2.43-qbAgSs/blib/lib
PERL5OPT =
PERL5_CPANPLUS_IS_RUNNING = 28263
PERL5_CPAN_IS_RUNNING = 28263
PERL_MM_USE_DEFAULT = 1
SHELL = /usr/bin/zsh
TERM = screen
Perl special variables (and OS-specific diagnostics, for MSWin32):
$^X = /mnt/k75/homesand/src/perl/repoperls/installed-perls/perl/v5.17.2-201-g38ab64a/a2da/bin/perl
$UID/$EUID = 1005 / 1005
$GID = 1005 1005
$EGID = 1005 1005
Perl module toolchain versions installed:
Module Have
------------------- --------
CPAN 1.9800
CPAN::Meta 2.120921
Cwd 3.39_02
ExtUtils::CBuilder 0.280208
ExtUtils::Command 1.17
ExtUtils::Install 1.58
ExtUtils::MakeMaker 6.63_02
ExtUtils::Manifest 1.61
ExtUtils::ParseXS 3.17
File::Spec 3.39_02
JSON 2.53
JSON::PP 2.27200
Module::Build 0.4002
Module::Signature 0.68
Parse::CPAN::Meta 1.4404
Test::Harness 3.25_01
Test::More 0.98
YAML 0.84
YAML::Syck 1.20
version 0.99
--
Summary of my perl5 (revision 5 version 17 subversion 3) configuration:
Commit id: 38ab64ac881571a458ca1766a1b81fdec687b76b
Platform:
osname=linux, osvers=3.2.0-3-amd64, archname=x86_64-linux-thread-multi-ld
uname='linux k83 3.2.0-3-amd64 #1 smp mon jul 23 02:45:17 utc 2012 x86_64 gnulinux '
config_args='-Dprefix=/home/src/perl/repoperls/installed-perls/perl/v5.17.2-201-g38ab64a/a2da -Dmyhostname=k83 -Dinstallusrbinperl=n -Uversiononly -Dusedevel -des -Ui_db -Duseithreads -Duselongdouble -DDEBUGGING=-g'
hint=recommended, useposix=true, d_sigaction=define
useithreads=define, usemultiplicity=define
useperlio=define, d_sfio=undef, uselargefiles=define, usesocks=undef
use64bitint=define, use64bitall=define, uselongdouble=define
usemymalloc=n, bincompat5005=undef
Compiler:
cc='cc', ccflags ='-D_REENTRANT -D_GNU_SOURCE -fno-strict-aliasing -pipe -fstack-protector -I/usr/local/include -D_LARGEFILE_SOURCE -D_FILE_OFFSET_BITS=64',
optimize='-O2 -g',
cppflags='-D_REENTRANT -D_GNU_SOURCE -fno-strict-aliasing -pipe -fstack-protector -I/usr/local/include'
ccversion='', gccversion='4.7.1', gccosandvers=''
intsize=4, longsize=8, ptrsize=8, doublesize=8, byteorder=12345678
d_longlong=define, longlongsize=8, d_longdbl=define, longdblsize=16
ivtype='long', ivsize=8, nvtype='long double', nvsize=16, Off_t='off_t', lseeksize=8
alignbytes=16, prototype=define
Linker and Libraries:
ld='cc', ldflags =' -fstack-protector -L/usr/local/lib'
libpth=/usr/local/lib /lib/x86_64-linux-gnu /lib/../lib /usr/lib/x86_64-linux-gnu /usr/lib/../lib /lib /usr/lib
libs=-lnsl -ldb -ldl -lm -lcrypt -lutil -lpthread -lc
perllibs=-lnsl -ldl -lm -lcrypt -lutil -lpthread -lc
libc=, so=so, useshrplib=false, libperl=libperl.a
gnulibc_version='2.13'
Dynamic Linking:
dlsrc=dl_dlopen.xs, dlext=so, d_dlsymun=undef, ccdlflags='-Wl,-E'
cccdlflags='-fPIC', lddlflags='-shared -O2 -g -L/usr/local/lib -fstack-protector'
Characteristics of this binary (from libperl):
Compile-time options: HAS_TIMES MULTIPLICITY PERLIO_LAYERS
PERL_DONT_CREATE_GVSV PERL_IMPLICIT_CONTEXT
PERL_MALLOC_WRAP PERL_PRESERVE_IVUV PERL_USE_DEVEL
USE_64_BIT_ALL USE_64_BIT_INT USE_ITHREADS
USE_LARGE_FILES USE_LOCALE USE_LOCALE_COLLATE
USE_LOCALE_CTYPE USE_LOCALE_NUMERIC USE_LONG_DOUBLE
USE_PERLIO USE_PERL_ATOF USE_REENTRANT_API
Built under linux
Compiled at Aug 2 2012 21:22:27
%ENV:
PERL5LIB="/tmp/loop_over_bdir-6rkSLJ/Mail-SpamAssassin-2.43-qbAgSs/blib/arch:/tmp/loop_over_bdir-6rkSLJ/Mail-SpamAssassin-2.43-qbAgSs/blib/lib"
PERL5OPT=""
PERL5_CPANPLUS_IS_RUNNING="28263"
PERL5_CPAN_IS_RUNNING="28263"
PERL_MM_USE_DEFAULT="1"
@INC:
/tmp/loop_over_bdir-6rkSLJ/Mail-SpamAssassin-2.43-qbAgSs/blib/arch
/tmp/loop_over_bdir-6rkSLJ/Mail-SpamAssassin-2.43-qbAgSs/blib/lib
/home/src/perl/repoperls/installed-perls/perl/v5.17.2-201-g38ab64a/a2da/lib/site_perl/5.17.3/x86_64-linux-thread-multi-ld
/home/src/perl/repoperls/installed-perls/perl/v5.17.2-201-g38ab64a/a2da/lib/site_perl/5.17.3
/home/src/perl/repoperls/installed-perls/perl/v5.17.2-201-g38ab64a/a2da/lib/5.17.3/x86_64-linux-thread-multi-ld
/home/src/perl/repoperls/installed-perls/perl/v5.17.2-201-g38ab64a/a2da/lib/5.17.3
.