Back
From: metabase:user:30f4dfbe-2aae-11df-837a-5e0a49663a4f
Subject: FAIL Imager-0.87 v5.6.2 GNU/Linux
Date: 2012-01-21T13:05:13Z
This distribution has been tested as part of the CPAN Testers
project, supporting the Perl programming language. See
http://wiki.cpantesters.org/ for more information or email
questions to cpan-testers-discuss@perl.org
--
Dear Tony Cook,
This is a computer-generated report for Imager-0.87
on perl 5.6.2, created by CPAN-Reporter-1.2003.
Thank you for uploading your work to CPAN. However, there was a problem
testing your distribution.
If you think this report is invalid, please consult the CPAN Testers Wiki
for suggestions on how to avoid getting FAIL reports for missing library
or binary dependencies, unsupported operating systems, and so on:
http://wiki.cpantesters.org/wiki/CPANAuthorNotes
Sections of this report:
* Tester comments
* Program output
* Prerequisites
* Environment and other context
------------------------------
TESTER COMMENTS
------------------------------
Additional comments from tester:
none provided
------------------------------
PROGRAM OUTPUT
------------------------------
Output from '/usr/bin/make test':
make[1]: Entering directory `/root/.cpan/build/Imager-0.87-oZsNoR/CountColor'
make[1]: Leaving directory `/root/.cpan/build/Imager-0.87-oZsNoR/CountColor'
make[1]: Entering directory `/root/.cpan/build/Imager-0.87-oZsNoR/DynTest'
make[1]: Leaving directory `/root/.cpan/build/Imager-0.87-oZsNoR/DynTest'
make[1]: Entering directory `/root/.cpan/build/Imager-0.87-oZsNoR/FT2'
make[1]: Leaving directory `/root/.cpan/build/Imager-0.87-oZsNoR/FT2'
make[1]: Entering directory `/root/.cpan/build/Imager-0.87-oZsNoR/Flines'
make[1]: Leaving directory `/root/.cpan/build/Imager-0.87-oZsNoR/Flines'
make[1]: Entering directory `/root/.cpan/build/Imager-0.87-oZsNoR/GIF'
make[1]: Nothing to be done for `all'.
make[1]: Leaving directory `/root/.cpan/build/Imager-0.87-oZsNoR/GIF'
make[1]: Entering directory `/root/.cpan/build/Imager-0.87-oZsNoR/ICO'
make[1]: Leaving directory `/root/.cpan/build/Imager-0.87-oZsNoR/ICO'
make[1]: Entering directory `/root/.cpan/build/Imager-0.87-oZsNoR/JPEG'
make[1]: Leaving directory `/root/.cpan/build/Imager-0.87-oZsNoR/JPEG'
make[1]: Entering directory `/root/.cpan/build/Imager-0.87-oZsNoR/Mandelbrot'
make[1]: Leaving directory `/root/.cpan/build/Imager-0.87-oZsNoR/Mandelbrot'
make[1]: Entering directory `/root/.cpan/build/Imager-0.87-oZsNoR/PNG'
make[1]: Leaving directory `/root/.cpan/build/Imager-0.87-oZsNoR/PNG'
make[1]: Entering directory `/root/.cpan/build/Imager-0.87-oZsNoR/SGI'
make[1]: Leaving directory `/root/.cpan/build/Imager-0.87-oZsNoR/SGI'
make[1]: Entering directory `/root/.cpan/build/Imager-0.87-oZsNoR/T1'
make[1]: Nothing to be done for `all'.
make[1]: Leaving directory `/root/.cpan/build/Imager-0.87-oZsNoR/T1'
make[1]: Entering directory `/root/.cpan/build/Imager-0.87-oZsNoR/TIFF'
make[1]: Nothing to be done for `all'.
make[1]: Leaving directory `/root/.cpan/build/Imager-0.87-oZsNoR/TIFF'
make[1]: Entering directory `/root/.cpan/build/Imager-0.87-oZsNoR/W32'
make[1]: Nothing to be done for `all'.
make[1]: Leaving directory `/root/.cpan/build/Imager-0.87-oZsNoR/W32'
make[1]: Entering directory `/root/.cpan/build/Imager-0.87-oZsNoR/dynfilt'
make[1]: Nothing to be done for `all'.
make[1]: Leaving directory `/root/.cpan/build/Imager-0.87-oZsNoR/dynfilt'
PERL_DL_NONLAZY=1 /usr/local/bin/perl5.6.2 "-MExtUtils::Command::MM" "-e" "test_harness(0, 'blib/lib', 'blib/arch')" t/*.t
t/t00basic.t ...... ok
t/t01introvert.t .. ok
t/t020masked.t .... ok
t/t021sixteen.t ... ok
t/t022double.t .... ok
quant_hv is not of type HVPtr at /root/.cpan/build/Imager-0.87-oZsNoR/blib/lib/Imager.pm line 1006, <DATA> line 821.
# Looks like you planned 154 tests but ran 136.
# Looks like your test exited with 255 just after 136.
t/t023palette.t ...
Dubious, test returned 255 (wstat 65280, 0xff00)
Failed 18/154 subtests
(less 10 skipped subtests: 126 okay)
t/t03test.t ....... ok
t/t05error.t ...... ok
t/t07iolayer.t .... ok
Using /root/.cpan/build/Imager-0.87-oZsNoR/blib
t/t1000files.t .... ok
t/t101nojpeg.t .... skipped: have jpeg support - this tests the lack of it
t/t102nopng.t ..... ok
t/t103raw.t ....... ok
t/t104ppm.t ....... ok
t/t105nogif.t ..... ok
t/t106notiff.t .... ok
t/t107bmp.t ....... ok
t/t108tga.t ....... ok
t/t15color.t ...... ok
t/t16matrix.t ..... ok
t/t20fill.t ....... ok
t/t21draw.t ....... ok
t/t22flood.t ...... ok
t/t31font.t ....... ok
t/t35ttfont.t ..... ok
t/t36oofont.t ..... ok
t/t40scale.t ...... ok
t/t50basicoo.t .... ok
t/t55trans.t ...... skipped: No Affix::Infix2Postfix
t/t56postfix.t .... ok
t/t57infix.t ...... ok
t/t58trans2.t ..... ok
t/t59assem.t ...... ok
t/t61filters.t .... ok
t/t62compose.t .... ok
t/t63combine.t .... ok
t/t64copyflip.t ... ok
t/t65crop.t ....... ok
t/t66paste.t ...... ok
t/t67convert.t .... ok
t/t68map.t ........ ok
t/t69rubthru.t .... ok
t/t75polyaa.t ..... ok
t/t80texttools.t .. ok
t/t81hlines.t ..... ok
t/t82inline.t ..... skipped: Inline required for testing API
t/t83extutil.t .... ok
t/t90cc.t ......... ok
t/t91pod.t ........ skipped: Test::Pod 1.00 required for testing POD
t/t92samples.t .... ok
t/t93podcover.t ... ok
t/t94kwalitee.t ... ok
t/t95log.t ........ ok
t/t98meta.t ....... skipped: Only if automated or author testing
t/t99thread.t ..... skipped: can't test Imager's lack of threads support with no threads
t/tr18561.t ....... ok
t/tr18561b.t ...... ok
Test Summary Report
-------------------
t/t023palette.t (Wstat: 65280 Tests: 136 Failed: 0)
Non-zero exit status: 255
Parse errors: Bad plan. You planned 154 tests but ran 136.
Files=57, Tests=3504, 7 wallclock secs ( 0.46 usr 0.13 sys + 4.98 cusr 1.07 csys = 6.64 CPU)
Result: FAIL
Failed 1/57 test programs. 0/3504 subtests failed.
make: *** [test_dynamic] Error 11
------------------------------
PREREQUISITES
------------------------------
Prerequisite modules loaded:
requires:
Module Need Have
------------------- ---- ----
Scalar::Util 1 1.23
Test::More 0.47 0.98
build_requires:
Module Need Have
------------------- ---- ----
ExtUtils::MakeMaker 0 6.62
configure_requires:
Module Need Have
------------------- ---- ----
ExtUtils::MakeMaker 0 6.62
------------------------------
ENVIRONMENT AND OTHER CONTEXT
------------------------------
Environment variables:
LANG = en_GB.UTF-8
MANPATH_WITHOUT_PERLBREW =
PATH = /usr/local/sbin:/usr/local/bin:/usr/sbin:/usr/bin:/sbin:/bin
PATH_WITHOUT_PERLBREW = /home/njh/bin:/usr/local/bin:/usr/bin:/bin:/usr/games
PERL5LIB =
PERL5OPT =
PERL5_CPANPLUS_IS_RUNNING = 4748
PERL5_CPAN_IS_RUNNING = 4748
PERLBREW_BASHRC_VERSION = 0.39
PERLBREW_HOME = /home/njh/.perlbrew
PERLBREW_MANPATH = /home/njh/perl5/perlbrew/perls/perl-5.12.3/man
PERLBREW_PATH = /home/njh/perl5/perlbrew/bin:/home/njh/perl5/perlbrew/perls/perl-5.12.3/bin
PERLBREW_PERL = perl-5.12.3
PERLBREW_ROOT = /home/njh/perl5/perlbrew
PERLBREW_VERSION = 0.39
SHELL = /bin/bash
TERM = xterm
Perl special variables (and OS-specific diagnostics, for MSWin32):
$^X = /usr/local/bin/perl5.6.2
$UID/$EUID = 0 / 0
$GID = 0 0
$EGID = 0 0
Perl module toolchain versions installed:
Module Have
------------------- --------
CPAN 1.9800
CPAN::Meta 2.112150
Cwd 3.33
ExtUtils::CBuilder n/a
ExtUtils::Command 1.16
ExtUtils::Install 1.52
ExtUtils::MakeMaker 6.62
ExtUtils::Manifest 1.58
ExtUtils::ParseXS n/a
File::Spec 3.33
JSON 2.27
JSON::PP 2.27200
Module::Build n/a
Module::Signature n/a
Parse::CPAN::Meta 1.4401
Test::Harness 3.23
Test::More 0.98
YAML n/a
YAML::Syck 1.19
version 0.88
--
Summary of my perl5 (revision 5.0 version 6 subversion 2) configuration:
Platform:
osname=linux, osvers=2.6.32-5-amd64, archname=x86_64-linux
uname='linux packard 2.6.32-5-amd64 #1 smp fri dec 10 15:35:08 utc 2010 x86_64 gnulinux '
config_args='-de'
hint=previous, useposix=true, d_sigaction=define
usethreads=undef use5005threads=undef useithreads=undef usemultiplicity=undef
useperlio=undef d_sfio=undef uselargefiles=define usesocks=undef
use64bitint=define use64bitall=define uselongdouble=undef
Compiler:
cc='cc', ccflags ='-DDEBUGGING -O2 -W -Wformat=2 -Wall -pipe -mtune=native -march=native -fomit-frame-pointer -ffast-math -msse2 -msse -mmmx -mfpmath=sse -D_FORTIFY_SOURCE=2 -fstack-protector -Wstack-protector -Wfloat-equal -fno-strict-aliasing -I/usr/local/include -D_LARGEFILE_SOURCE -D_FILE_OFFSET_BITS=64',
optimize='-O2',
cppflags='-DDEBUGGING -O2 -W -Wformat=2 -Wall -pipe -mtune=native -march=native -fomit-frame-pointer -ffast-math -msse2 -msse -mmmx -mfpmath=sse -D_FORTIFY_SOURCE=2 -fstack-protector -Wstack-protector -Wfloat-equal -fno-strict-aliasing -I/usr/local/include -D_LARGEFILE_SOURCE -D_FILE_OFFSET_BITS=64'
ccversion='', gccversion='4.4.5', gccosandvers=''
intsize=4, longsize=8, ptrsize=8, doublesize=8, byteorder=12345678
d_longlong=define, longlongsize=8, d_longdbl=define, longdblsize=16
ivtype='long', ivsize=8, nvtype='double', nvsize=8, Off_t='off_t', lseeksize=8
alignbytes=8, usemymalloc=n, prototype=define
Linker and Libraries:
ld='cc', ldflags =' -L/usr/local/lib'
libpth=/usr/local/lib /lib /usr/lib
libs=-lnsl -lgdbm -ldb -ldl -lm -lc -lcrypt -lutil
perllibs=-lnsl -ldl -lm -lc -lcrypt -lutil
libc=/lib/libc-2.11.2.so, so=so, useshrplib=false, libperl=libperl.a
Dynamic Linking:
dlsrc=dl_dlopen.xs, dlext=so, d_dlsymun=undef, ccdlflags='-rdynamic'
cccdlflags='-fpic', lddlflags='-shared -L/usr/local/lib'
Characteristics of this binary (from libperl):
Compile-time options: DEBUGGING USE_64_BIT_INT USE_64_BIT_ALL USE_LARGE_FILES
Locally applied patches:
SMOKE2bce2321552345ccb985b6a4b87542c3eaefbac5
Built under linux
Compiled at Dec 18 2010 17:23:28
%ENV:
PERL5LIB=""
PERL5OPT=""
PERL5_CPANPLUS_IS_RUNNING="4748"
PERL5_CPAN_IS_RUNNING="4748"
PERLBREW_BASHRC_VERSION="0.39"
PERLBREW_HOME="/home/njh/.perlbrew"
PERLBREW_MANPATH="/home/njh/perl5/perlbrew/perls/perl-5.12.3/man"
PERLBREW_PATH="/home/njh/perl5/perlbrew/bin:/home/njh/perl5/perlbrew/perls/perl-5.12.3/bin"
PERLBREW_PERL="perl-5.12.3"
PERLBREW_ROOT="/home/njh/perl5/perlbrew"
PERLBREW_VERSION="0.39"
@INC:
/usr/local/lib/perl5/5.6.2/x86_64-linux
/usr/local/lib/perl5/5.6.2
/usr/local/lib/perl5/site_perl/5.6.2/x86_64-linux
/usr/local/lib/perl5/site_perl/5.6.2
/usr/local/lib/perl5/site_perl
.