Report for Audio-1.029

Back
From: metabase:user:30977d10-2aae-11df-837a-5e0a49663a4f
Subject: FAIL Audio-1.029 v5.14.3 GNU/Linux
Date: 2012-10-30T12:30:14Z

This distribution has been tested as part of the CPAN Testers
project, supporting the Perl programming language.  See
http://wiki.cpantesters.org/ for more information or email
questions to cpan-testers-discuss@perl.org


--
Dear Nick Ing-Simmons (PAUSE Custodial Account),

This is a computer-generated report for Audio-1.029
on perl 5.14.3, created by CPAN-Reporter-1.2006.

Thank you for uploading your work to CPAN.  However, there was a problem
testing your distribution.

If you think this report is invalid, please consult the CPAN Testers Wiki
for suggestions on how to avoid getting FAIL reports for missing library
or binary dependencies, unsupported operating systems, and so on:

http://wiki.cpantesters.org/wiki/CPANAuthorNotes

Sections of this report:

    * Tester comments
    * Program output
    * Prerequisites
    * Environment and other context

------------------------------
TESTER COMMENTS
------------------------------

Additional comments from tester:

this report is from an automated smoke testing program
and was not reviewed by a human for accuracy

------------------------------
PROGRAM OUTPUT
------------------------------

Output from '/usr/bin/make test':

make[1]: Entering directory `/home/stro/cpan/build/5.14.3-m/Audio-1.029-DyH5rg/Data'
make[1]: Leaving directory `/home/stro/cpan/build/5.14.3-m/Audio-1.029-DyH5rg/Data'
make[1]: Entering directory `/home/stro/cpan/build/5.14.3-m/Audio-1.029-DyH5rg/Play'
true
true
make[2]: Entering directory `/home/stro/cpan/build/5.14.3-m/Audio-1.029-DyH5rg/Play/Net'
make[2]: Nothing to be done for `all'.
make[2]: Leaving directory `/home/stro/cpan/build/5.14.3-m/Audio-1.029-DyH5rg/Play/Net'
make[2]: Entering directory `/home/stro/cpan/build/5.14.3-m/Audio-1.029-DyH5rg/Play/linux'
make[2]: Leaving directory `/home/stro/cpan/build/5.14.3-m/Audio-1.029-DyH5rg/Play/linux'
make[1]: Leaving directory `/home/stro/cpan/build/5.14.3-m/Audio-1.029-DyH5rg/Play'
make[1]: Entering directory `/home/stro/cpan/build/5.14.3-m/Audio-1.029-DyH5rg/Data'
PERL_DL_NONLAZY=1 /home/stro/perl/perl5143m/bin/perl "-MExtUtils::Command::MM" "-e" "test_harness(0, '../blib/lib', '../blib/arch')" t/*.t
Name "Audio::Data::AudioVtab" used only once: possible typo at /home/stro/perl/perl5143m/lib/5.14.3/i686-linux-multi/DynaLoader.pm line 213.
t/init.t ...... ok
Name "Audio::Data::AudioVtab" used only once: possible typo at /home/stro/perl/perl5143m/lib/5.14.3/i686-linux-multi/DynaLoader.pm line 213.
t/load.t ...... ok
Name "Audio::Data::AudioVtab" used only once: possible typo at /home/stro/perl/perl5143m/lib/5.14.3/i686-linux-multi/DynaLoader.pm line 213.
t/overload.t .. ok
Name "Audio::Data::AudioVtab" used only once: possible typo at /home/stro/perl/perl5143m/lib/5.14.3/i686-linux-multi/DynaLoader.pm line 213.
t/poly.t ...... ok
All tests successful.
Files=4, Tests=44,  0 wallclock secs ( 0.05 usr  0.05 sys +  0.14 cusr  0.16 csys =  0.40 CPU)
Result: PASS
make[1]: Leaving directory `/home/stro/cpan/build/5.14.3-m/Audio-1.029-DyH5rg/Data'
make[1]: Entering directory `/home/stro/cpan/build/5.14.3-m/Audio-1.029-DyH5rg/Play'
true
true
make[2]: Entering directory `/home/stro/cpan/build/5.14.3-m/Audio-1.029-DyH5rg/Play/Net'
make[2]: Nothing to be done for `all'.
make[2]: Leaving directory `/home/stro/cpan/build/5.14.3-m/Audio-1.029-DyH5rg/Play/Net'
make[2]: Entering directory `/home/stro/cpan/build/5.14.3-m/Audio-1.029-DyH5rg/Play/linux'
make[2]: Leaving directory `/home/stro/cpan/build/5.14.3-m/Audio-1.029-DyH5rg/Play/linux'
PERL_DL_NONLAZY=1 /home/stro/perl/perl5143m/bin/perl "-MExtUtils::Command::MM" "-e" "test_harness(0, '../blib/lib', '../blib/arch')" t/*.t
/dev/dspW: No such file or directory
Can't call method "rate" without a package or object reference at t/tone.t line 19.
t/tone.t .. 
Dubious, test returned 22 (wstat 5632, 0x1600)
Failed 4/6 subtests 

Test Summary Report
-------------------
t/tone.t (Wstat: 5632 Tests: 4 Failed: 2)
  Failed tests:  2-3
  Non-zero exit status: 22
  Parse errors: Bad plan.  You planned 6 tests but ran 4.
Files=1, Tests=4,  0 wallclock secs ( 0.04 usr  0.02 sys +  0.01 cusr  0.05 csys =  0.12 CPU)
Result: FAIL
Failed 1/1 test programs. 2/4 subtests failed.
make[1]: *** [test_dynamic] Error 22
make[1]: Leaving directory `/home/stro/cpan/build/5.14.3-m/Audio-1.029-DyH5rg/Play'
make: *** [subdirs-test] Error 2

------------------------------
PREREQUISITES
------------------------------

Prerequisite modules loaded:

build_requires:

    Module              Need Have
    ------------------- ---- ----
    ExtUtils::MakeMaker 0    6.62


------------------------------
ENVIRONMENT AND OTHER CONTEXT
------------------------------

Environment variables:

    AUTOMATED_TESTING = 1
    LANG = en_US.UTF-8
    PATH = /usr/local/bin:/usr/bin:/bin:/usr/local/games:/usr/games
    PERL5LIB = 
    PERL5OPT = 
    PERL5_CPANPLUS_IS_RUNNING = 3202
    PERL5_CPAN_IS_RUNNING = 3202
    PERL5_CPAN_IS_RUNNING_IN_RECURSION = 27271,3202
    PERL_CR_SMOKER_CURRENT = Audio-1.029
    PERL_EXTUTILS_AUTOINSTALL = --defaultdeps
    PERL_MM_USE_DEFAULT = 1
    SHELL = /bin/bash
    TERM = xterm

Perl special variables (and OS-specific diagnostics, for MSWin32):

    $^X = /home/stro/perl/perl5143m/bin/perl
    $UID/$EUID = 1000 / 1000
    $GID = 1000 24 25 29 30 44 46 1000
    $EGID = 1000 24 25 29 30 44 46 1000

Perl module toolchain versions installed:

    Module              Have     
    ------------------- ---------
    CPAN                1.9600_01
    CPAN::Meta          2.112150 
    Cwd                 3.36     
    ExtUtils::CBuilder  0.280203 
    ExtUtils::Command   1.17     
    ExtUtils::Install   1.56     
    ExtUtils::MakeMaker 6.62     
    ExtUtils::Manifest  1.58     
    ExtUtils::ParseXS   2.2210   
    File::Spec          3.33     
    JSON                n/a      
    JSON::PP            2.27105  
    Module::Build       0.4003   
    Module::Signature   n/a      
    Parse::CPAN::Meta   1.4401   
    Test::Harness       3.23     
    Test::More          0.98     
    YAML                0.84     
    YAML::Syck          1.21     
    version             0.88     


--

Summary of my perl5 (revision 5 version 14 subversion 3) configuration:
   
  Platform:
    osname=linux, osvers=2.6.32-5-686, archname=i686-linux-multi
    uname='linux vm-debian001 2.6.32-5-686 #1 smp sun sep 23 09:49:36 utc 2012 i686 gnulinux '
    config_args=''
    hint=recommended, useposix=true, d_sigaction=define
    useithreads=undef, usemultiplicity=define
    useperlio=define, d_sfio=undef, uselargefiles=define, usesocks=undef
    use64bitint=undef, use64bitall=undef, uselongdouble=undef
    usemymalloc=n, bincompat5005=undef
  Compiler:
    cc='cc', ccflags ='-fno-strict-aliasing -pipe -fstack-protector -I/usr/local/include -D_LARGEFILE_SOURCE -D_FILE_OFFSET_BITS=64',
    optimize='-O2',
    cppflags='-fno-strict-aliasing -pipe -fstack-protector -I/usr/local/include'
    ccversion='', gccversion='4.4.5', gccosandvers=''
    intsize=4, longsize=4, ptrsize=4, doublesize=8, byteorder=1234
    d_longlong=define, longlongsize=8, d_longdbl=define, longdblsize=12
    ivtype='long', ivsize=4, nvtype='double', nvsize=8, Off_t='off_t', lseeksize=8
    alignbytes=4, prototype=define
  Linker and Libraries:
    ld='cc', ldflags =' -fstack-protector -L/usr/local/lib'
    libpth=/usr/local/lib /lib/../lib /usr/lib/../lib /lib /usr/lib
    libs=-lnsl -ldl -lm -lcrypt -lutil -lc
    perllibs=-lnsl -ldl -lm -lcrypt -lutil -lc
    libc=/lib/libc-2.11.3.so, so=so, useshrplib=false, libperl=libperl.a
    gnulibc_version='2.11.3'
  Dynamic Linking:
    dlsrc=dl_dlopen.xs, dlext=so, d_dlsymun=undef, ccdlflags='-Wl,-E'
    cccdlflags='-fPIC', lddlflags='-shared -O2 -L/usr/local/lib -fstack-protector'


Characteristics of this binary (from libperl): 
  Compile-time options: MULTIPLICITY PERL_DONT_CREATE_GVSV
                        PERL_IMPLICIT_CONTEXT PERL_MALLOC_WRAP
                        PERL_PRESERVE_IVUV USE_LARGE_FILES USE_PERLIO
                        USE_PERL_ATOF
  Built under linux
  Compiled at Oct 27 2012 21:29:22
  %ENV:
    PERL5LIB=""
    PERL5OPT=""
    PERL5_CPANPLUS_IS_RUNNING="3202"
    PERL5_CPAN_IS_RUNNING="3202"
    PERL5_CPAN_IS_RUNNING_IN_RECURSION="27271,3202"
    PERL_CR_SMOKER_CURRENT="Audio-1.029"
    PERL_EXTUTILS_AUTOINSTALL="--defaultdeps"
    PERL_MM_USE_DEFAULT="1"
  @INC:
    /home/stro/perl/perl5143m/lib/site_perl/5.14.3/i686-linux-multi
    /home/stro/perl/perl5143m/lib/site_perl/5.14.3
    /home/stro/perl/perl5143m/lib/5.14.3/i686-linux-multi
    /home/stro/perl/perl5143m/lib/5.14.3
    .