Report for Imager-0.96_01

Back
From: metabase:user:314402c4-2aae-11df-837a-5e0a49663a4f
Subject: FAIL Imager-0.96_01 v5.12.3 FreeBSD
Date: 2013-07-01T16:30:34Z

This distribution has been tested as part of the CPAN Testers
project, supporting the Perl programming language.  See
http://wiki.cpantesters.org/ for more information or email
questions to cpan-testers-discuss@perl.org


--
Dear Tony Cook,

This is a computer-generated report for Imager-0.96_01
on perl 5.12.3, created by CPAN-Reporter-1.2007.

Thank you for uploading your work to CPAN.  However, there was a problem
testing your distribution.

If you think this report is invalid, please consult the CPAN Testers Wiki
for suggestions on how to avoid getting FAIL reports for missing library
or binary dependencies, unsupported operating systems, and so on:

http://wiki.cpantesters.org/wiki/CPANAuthorNotes

Sections of this report:

    * Tester comments
    * Program output
    * Prerequisites
    * Environment and other context

------------------------------
TESTER COMMENTS
------------------------------

Additional comments from tester:

none provided

------------------------------
PROGRAM OUTPUT
------------------------------

Output from '/usr/bin/make test':

PERL_DL_NONLAZY=1 /usr/perl5.12.3/bin/perl5.12.3 "-MExtUtils::Command::MM" "-e" "test_harness(0, 'blib/lib', 'blib/arch')" t/*.t t/*/*.t
t/000-load.t .................... ok
t/100-base/010-introvert.t ...... ok
t/100-base/020-color.t .......... ok
t/100-base/030-countc.t ......... ok
t/100-base/800-tr18561.t ........ ok
t/100-base/801-tr18561b.t ....... ok
t/150-type/020-sixteen.t ........ ok
t/150-type/030-double.t ......... ok
t/150-type/040-palette.t ........ ok
t/150-type/100-masked.t ......... ok
t/200-file/010-iolayer.t ........ ok
t/200-file/100-files.t .......... ok
t/200-file/200-nojpeg.t ......... skipped: have jpeg support - this tests the lack of it
t/200-file/210-nopng.t .......... ok
t/200-file/220-nogif.t .......... ok
t/200-file/230-notiff.t ......... skipped: tiff support available - this tests the lack of it
t/200-file/300-raw.t ............ ok
t/200-file/310-pnm.t ............ ok
t/200-file/320-bmp.t ............ ok
t/200-file/330-tga.t ............ ok
t/200-file/400-basic.t .......... ok
t/250-draw/010-draw.t ........... ok
t/250-draw/020-flood.t .......... ok
t/250-draw/030-paste.t .......... ok
t/250-draw/040-rubthru.t ........ ok
t/250-draw/050-polyaa.t ......... ok
t/250-draw/100-fill.t ........... ok
t/250-draw/200-compose.t ........ ok
t/300-transform/010-scale.t ..... ok
t/300-transform/020-combine.t ... ok
t/300-transform/030-copyflip.t .. ok
t/300-transform/040-crop.t ...... ok
t/300-transform/050-convert.t ... ok
t/300-transform/060-map.t ....... ok
t/300-transform/500-trans.t ..... skipped: No Affix::Infix2Postfix
t/300-transform/600-trans2.t .... ok
t/300-transform/610-postfix.t ... ok
t/300-transform/620-infix.t ..... ok
t/300-transform/630-assem.t ..... ok
t/350-font/010-font.t ........... ok
t/350-font/020-tt.t ............. ok
t/350-font/030-ttoo.t ........... ok
t/350-font/040-ttstd.t .......... skipped: No tt available
t/350-font/100-texttools.t ...... ok
t/400-filter/010-filters.t ...... ok
Inline version 0.51
t/450-api/100-inline.t .......... ok
t/450-api/110-inlinectx.t ....... ok
t/850-thread/010-base.t ......... skipped: can't test Imager's threads support with no threads
t/850-thread/100-error.t ........ skipped: can't test Imager's threads support with no threads
t/850-thread/110-log.t .......... skipped: can't test Imager's threads support with no threads
t/900-util/010-test.t ........... ok
t/900-util/020-error.t .......... ok
t/900-util/030-log.t ............ ok
t/900-util/040-limit.t .......... skipped: can't test Imager's threads support with no threads
t/900-util/050-matrix.t ......... ok
t/900-util/060-extutil.t ........ ok
t/900-util/060-hlines.t ......... ok
t/950-kwalitee/010-pod.t ........ skipped: POD only tested under automated or author testing
t/950-kwalitee/020-samples.t .... ok
t/950-kwalitee/030-podcover.t ... ok
t/950-kwalitee/040-strict.t ..... ok
t/950-kwalitee/050-meta.t ....... skipped: Only if automated or author testing
t/950-kwalitee/060-podstruct.t .. skipped: POD only tested under automated or author testing
All tests successful.
Files=63, Tests=4328, 18 wallclock secs ( 0.81 usr  0.21 sys + 12.84 cusr  3.47 csys = 17.33 CPU)
Result: PASS
PERL_DL_NONLAZY=1 /usr/perl5.12.3/bin/perl5.12.3 "-MExtUtils::Command::MM" "-e" "test_harness(0, '../blib/lib', '../blib/arch')" t/*.t
t/t00countcolor.t .. ok
All tests successful.
Files=1, Tests=9,  0 wallclock secs ( 0.02 usr  0.02 sys +  0.06 cusr  0.02 csys =  0.11 CPU)
Result: PASS
PERL_DL_NONLAZY=1 /usr/perl5.12.3/bin/perl5.12.3 "-MExtUtils::Command::MM" "-e" "test_harness(0, '../blib/lib', '../blib/arch')" t/*.t
t/t00dyntest.t .. ok
All tests successful.
Files=1, Tests=4,  0 wallclock secs ( 0.02 usr  0.00 sys +  0.09 cusr  0.00 csys =  0.11 CPU)
Result: PASS
PERL_DL_NONLAZY=1 /usr/perl5.12.3/bin/perl5.12.3 "-MExtUtils::Command::MM" "-e" "test_harness(0, '../blib/lib', '../blib/arch')" t/*.t
FreeType2 runtime 2.3.9 compile-time 2.3.9
t/t10ft2.t ..... ok
t/t20thread.t .. skipped: can't test Imager's lack of threads support with no threads
t/t90std.t ..... ok
All tests successful.
Files=3, Tests=225,  1 wallclock secs ( 0.06 usr  0.02 sys +  0.39 cusr  0.16 csys =  0.62 CPU)
Result: PASS
PERL_DL_NONLAZY=1 /usr/perl5.12.3/bin/perl5.12.3 "-MExtUtils::Command::MM" "-e" "test_harness(0, '../blib/lib', '../blib/arch')" t/*.t
t/t00flines.t .. ok
All tests successful.
Files=1, Tests=3,  0 wallclock secs ( 0.03 usr  0.00 sys +  0.10 cusr  0.00 csys =  0.13 CPU)
Result: PASS
PERL_DL_NONLAZY=1 /usr/perl5.12.3/bin/perl5.12.3 "-MExtUtils::Command::MM" "-e" "test_harness(0, '../blib/lib', '../blib/arch')" t/*.t
t/t10icon.t ......... ok
t/t20readone.t ...... ok
t/t21readmult.t ..... ok
t/t30cursor.t ....... ok
t/t40readcurone.t ... ok
t/t41curmultread.t .. ok
t/t50readfail.t ..... ok
t/t60writefail.t .... ok
t/t70icosing.t ...... ok
t/t71icomult.t ...... ok
t/t72cursing.t ...... ok
t/t73curmult.t ...... ok
All tests successful.
Files=12, Tests=248,  2 wallclock secs ( 0.09 usr  0.05 sys +  1.02 cusr  0.23 csys =  1.38 CPU)
Result: PASS
PERL_DL_NONLAZY=1 /usr/perl5.12.3/bin/perl5.12.3 "-MExtUtils::Command::MM" "-e" "test_harness(0, '../blib/lib', '../blib/arch')" t/*.t
t/t00load.t ... ok
libjpeg version: libjpeg 80
t/t10jpeg.t ... ok
t/t20limit.t .. ok
All tests successful.
Files=3, Tests=116,  1 wallclock secs ( 0.04 usr  0.02 sys +  0.82 cusr  0.65 csys =  1.52 CPU)
Result: PASS
PERL_DL_NONLAZY=1 /usr/perl5.12.3/bin/perl5.12.3 "-MExtUtils::Command::MM" "-e" "test_harness(0, '../blib/lib', '../blib/arch')" t/*.t
t/t00mandel.t .. ok
All tests successful.
Files=1, Tests=3,  1 wallclock secs ( 0.02 usr  0.01 sys +  0.08 cusr  0.00 csys =  0.11 CPU)
Result: PASS
PERL_DL_NONLAZY=1 /usr/perl5.12.3/bin/perl5.12.3 "-MExtUtils::Command::MM" "-e" "test_harness(0, '../blib/lib', '../blib/arch')" t/*.t

#   Failed test 'use Imager::File::PNG;'
#   at t/00load.t line 5.
#     Tried to use 'Imager::File::PNG'.
#     Error:  Can't load '/var/tmp/CPAN-build/Imager-0.96_01-MrlVhF/PNG/../blib/arch/auto/Imager/File/PNG/PNG.so' for module Imager::File::PNG: /var/tmp/CPAN-build/Imager-0.96_01-MrlVhF/PNG/../blib/arch/auto/Imager/File/PNG/PNG.so: Undefined symbol "png_set_benign_errors" at /usr/perl5.12.3/lib/5.12.3/i386-freebsd/DynaLoader.pm line 200.
#  at /var/tmp/CPAN-build/Imager-0.96_01-MrlVhF/PNG/../blib/lib/Imager/File/PNG.pm line 11.
# BEGIN failed--compilation aborted at /var/tmp/CPAN-build/Imager-0.96_01-MrlVhF/PNG/../blib/lib/Imager/File/PNG.pm line 11.
# Compilation failed in require at (eval 4) line 2.
# BEGIN failed--compilation aborted at (eval 4) line 2.
# Looks like you failed 1 test of 1.
t/00load.t .. 
Dubious, test returned 1 (wstat 256, 0x100)
Failed 1/1 subtests 

#   Failed test 'must have png format'
#   at t/10png.t line 16.
Undefined subroutine &Imager::File::PNG::i_png_lib_version called at t/10png.t line 18.
# Looks like you planned 249 tests but ran 1.
# Looks like you failed 1 test of 1 run.
# Looks like your test exited with 2 just after 1.
t/10png.t ... 
Dubious, test returned 2 (wstat 512, 0x200)
Failed 249/249 subtests 

Test Summary Report
-------------------
t/00load.t (Wstat: 256 Tests: 1 Failed: 1)
  Failed test:  1
  Non-zero exit status: 1
t/10png.t (Wstat: 512 Tests: 1 Failed: 1)
  Failed test:  1
  Non-zero exit status: 2
  Parse errors: Bad plan.  You planned 249 tests but ran 1.
Files=2, Tests=2,  0 wallclock secs ( 0.03 usr  0.00 sys +  0.14 cusr  0.02 csys =  0.19 CPU)
Result: FAIL
Failed 2/2 test programs. 2/2 subtests failed.
*** Error code 2

Stop in /var/tmp/CPAN-build/Imager-0.96_01-MrlVhF/PNG.
*** Error code 1

Stop in /var/tmp/CPAN-build/Imager-0.96_01-MrlVhF.

------------------------------
PREREQUISITES
------------------------------

Prerequisite modules loaded:

requires:

    Module              Need Have
    ------------------- ---- ----
    Scalar::Util        1    1.27
    Test::More          0.47 0.98
    XSLoader            0    0.16

build_requires:

    Module              Need Have
    ------------------- ---- ----
    ExtUtils::MakeMaker 0    6.64

configure_requires:

    Module              Need Have
    ------------------- ---- ----
    ExtUtils::MakeMaker 0    6.64


------------------------------
ENVIRONMENT AND OTHER CONTEXT
------------------------------

Environment variables:

    DBIC_NO_WARN_BAD_PERL = 1
    PATH = /usr/local/bin:/usr/X11R6/bin:/usr/X11/bin:/usr/perl5.8.0/bin:/usr/bin:/bin:/usr/local/sbin:/usr/sbin:/sbin:/usr/local/pilot/bin:/home/cpansand/bin/freebsd8.0:/home/cpansand/bin/sh:/home/cpansand/bin:/usr/X386/bin:/usr/games:/home/cpansand/devel:/usr/home/e/eserte/work/srezic-misc/scripts
    PERL5LIB = 
    PERL5OPT = 
    PERL5_CPANPLUS_IS_RUNNING = 87383
    PERL5_CPAN_IS_RUNNING = 87383
    PERL5_CPAN_IS_RUNNING_IN_RECURSION = 87362,87383
    PERL_BATCH = yes
    PERL_CPAN_REPORTER_CONFIG = /var/tmp/cpansmoker-1023/jgXmb88jVr_config.ini
    PERL_EXTUTILS_AUTOINSTALL = --defaultdeps
    PERL_HTML_DISPLAY_CLASS = HTML::Display::Mozilla
    SHELL = /usr/local/bin/zsh
    TERM = screen
    TMPDIR = /var/tmp/cpansmoker-1023

Perl special variables (and OS-specific diagnostics, for MSWin32):

    $^X = /usr/perl5.12.3/bin/perl5.12.3
    $UID/$EUID = 1023 / 1023
    $GID = 1023 1023
    $EGID = 1023 1023

Perl module toolchain versions installed:

    Module              Have    
    ------------------- --------
    CPAN                2.00    
    CPAN::Meta          2.131560
    Cwd                 3.40    
    ExtUtils::CBuilder  0.280205
    ExtUtils::Command   1.17    
    ExtUtils::Install   1.55    
    ExtUtils::MakeMaker 6.64    
    ExtUtils::Manifest  1.60    
    ExtUtils::ParseXS   3.18    
    File::Spec          3.40    
    JSON                2.59    
    JSON::PP            2.27200 
    Module::Build       0.4005  
    Module::Signature   0.73    
    Parse::CPAN::Meta   1.4404  
    Test::Harness       3.23    
    Test::More          0.98    
    YAML                0.84    
    YAML::Syck          1.27    
    version             0.9901  


--

Summary of my perl5 (revision 5 version 12 subversion 3) configuration:
   
  Platform:
    osname=freebsd, osvers=8.0-release, archname=i386-freebsd
    uname='freebsd biokovo.herceg.de 8.0-release freebsd 8.0-release #0: sat nov 21 15:48:17 utc 2009 root@almeida.cse.buffalo.edu:usrobjusrsrcsysgeneric i386 '
    config_args='-Dprefix=/usr/perl5.12.3 -Dusemymalloc=n -D cc=ccache cc -Dgccansipedantic -Duse64bit -de -D hintfile=myfreebsd'
    hint=recommended, useposix=true, d_sigaction=define
    useithreads=undef, usemultiplicity=undef
    useperlio=define, d_sfio=undef, uselargefiles=define, usesocks=undef
    use64bitint=undef, use64bitall=undef, uselongdouble=undef
    usemymalloc=n, bincompat5005=undef
  Compiler:
    cc='ccache cc', ccflags ='-DHAS_FPSETMASK -DHAS_FLOATINGPOINT_H -fno-strict-aliasing -pipe -fstack-protector -I/usr/local/include',
    optimize='-O2 -mtune=athlon64 -pipe',
    cppflags='-DHAS_FPSETMASK -DHAS_FLOATINGPOINT_H -fno-strict-aliasing -pipe -fstack-protector -I/usr/local/include'
    ccversion='', gccversion='4.2.1 20070719  [FreeBSD]', gccosandvers=''
    intsize=4, longsize=4, ptrsize=4, doublesize=8, byteorder=1234
    d_longlong=define, longlongsize=8, d_longdbl=define, longdblsize=12
    ivtype='long', ivsize=4, nvtype='double', nvsize=8, Off_t='off_t', lseeksize=8
    alignbytes=4, prototype=define
  Linker and Libraries:
    ld='ccache cc', ldflags ='-Wl,-E  -fstack-protector -L/usr/local/lib'
    libpth=/usr/lib /usr/local/lib
    libs=-lgdbm -lm -lcrypt -lutil -lc
    perllibs=-lm -lcrypt -lutil -lc
    libc=, so=so, useshrplib=false, libperl=libperl.a
    gnulibc_version=''
  Dynamic Linking:
    dlsrc=dl_dlopen.xs, dlext=so, d_dlsymun=undef, ccdlflags=' '
    cccdlflags='-DPIC -fPIC', lddlflags='-shared  -L/usr/local/lib -fstack-protector'


Characteristics of this binary (from libperl): 
  Compile-time options: PERL_DONT_CREATE_GVSV PERL_MALLOC_WRAP PERL_USE_DEVEL
                        USE_LARGE_FILES USE_PERLIO USE_PERL_ATOF
  Built under freebsd
  Compiled at Jan 25 2011 22:50:03
  %ENV:
    PERL5LIB=""
    PERL5OPT=""
    PERL5_CPANPLUS_IS_RUNNING="87383"
    PERL5_CPAN_IS_RUNNING="87383"
    PERL5_CPAN_IS_RUNNING_IN_RECURSION="87362,87383"
    PERL_BATCH="yes"
    PERL_CPAN_REPORTER_CONFIG="/var/tmp/cpansmoker-1023/jgXmb88jVr_config.ini"
    PERL_EXTUTILS_AUTOINSTALL="--defaultdeps"
    PERL_HTML_DISPLAY_CLASS="HTML::Display::Mozilla"
  @INC:
    /usr/perl5.12.3/lib/site_perl/5.12.3/i386-freebsd
    /usr/perl5.12.3/lib/site_perl/5.12.3
    /usr/perl5.12.3/lib/5.12.3/i386-freebsd
    /usr/perl5.12.3/lib/5.12.3
    .