Back
From: metabase:user:cd035d39-6d5b-1014-ab3a-39c0c09612a1
Subject: FAIL DR-Tnt-0.24 5.28.0 GNU/Linux
Date: 2018-08-22T20:32:57Z
This distribution has been tested as part of the CPAN Testers
project, supporting the Perl programming language. See
http://wiki.cpantesters.org/ for more information or email
questions to cpan-testers-discuss@perl.org
--
Dear Dmitry E. Oboukhov,
This is a computer-generated report for DR-Tnt-0.24
on perl 5.28.0, created by CPAN-Reporter-1.2018.
Thank you for uploading your work to CPAN. However, there was a problem
testing your distribution.
If you think this report is invalid, please consult the CPAN Testers Wiki
for suggestions on how to avoid getting FAIL reports for missing library
or binary dependencies, unsupported operating systems, and so on:
http://wiki.cpantesters.org/wiki/CPANAuthorNotes
Sections of this report:
* Tester comments
* Program output
* Prerequisites
* Environment and other context
------------------------------
TESTER COMMENTS
------------------------------
Additional comments from tester:
this report is from an automated smoke testing program
and was not reviewed by a human for accuracy
------------------------------
PROGRAM OUTPUT
------------------------------
Output from '/usr/bin/make test':
PERL_DL_NONLAZY=1 "/srv/smoker/perl5/perlbrew/perls/perl-5.28.0/bin/perl" "-MExtUtils::Command::MM" "-MTest::Harness" "-e" "undef *Test::Harness::Switches; test_harness(0, 'blib/lib', 'blib/arch')" t/*/*.t t/*/*/*.t
t/010-comon/010-find-free-port.t .................... ok
t/010-comon/020-tarantool-version.t ................. ok
t/010-comon/030-version-check.t ..................... ok
t/010-comon/040-start-tnt.t ......................... ok
t/010-comon/050-run-at-port.t ....................... ok
Invalid type 'Q' in pack at t/010-comon/msgpack/010-pack.t line 35.
# Looks like your test exited with 255 just after 16.
t/010-comon/msgpack/010-pack.t ......................
Dubious, test returned 255 (wstat 65280, 0xff00)
Failed 74/90 subtests
Invalid type 'q' in pack at lib/DR/Tnt/Msgpack.pm line 394.
# Looks like your test exited with 255 just after 25.
t/010-comon/msgpack/020-unpack.t ....................
Dubious, test returned 255 (wstat 65280, 0xff00)
Failed 32/57 subtests
Invalid type 'q' in pack at lib/DR/Tnt/Msgpack/Types/Int.pm line 36.
# Looks like your test exited with 255 just after 48.
t/010-comon/msgpack/030-types.t .....................
Dubious, test returned 255 (wstat 65280, 0xff00)
Failed 28/76 subtests
t/020-proto/010-tnt-proto.t ......................... ok
t/020-proto/020-connect.t ........................... ok
t/025-tnt-specific/010-ll-async-schema-collision.t .. ok
t/025-tnt-specific/020-ll-sync-schema-collision.t ... ok
t/030-low-level/010-sync.t .......................... ok
t/030-low-level/015-sync-errors.t ................... ok
t/030-low-level/020-ae.t ............................ ok
t/030-low-level/030-ae-no-reconnect.t ............... ok
t/040-full/010-ae.t ................................. ok
t/040-full/020-sync.t ............................... ok
t/040-full/030-ae-sch-collision.t ................... ok
t/040-full/040-sync-sch-collision.t ................. ok
t/040-full/045-sync-sch-noauth.t .................... ok
t/040-full/050-ae-reconnect.t ....................... ok
t/040-full/060-sync-reconnect.t ..................... ok
t/040-full/070-sync-wrongpassowrd.t ................. ok
t/040-full/hashify/010-ae.t ......................... ok
t/100-connector/010-coro/010-base.t ................. ok
t/100-connector/010-coro/020-utf8.t ................. ok
t/100-connector/010-coro/030-parallel.t ............. ok
t/100-connector/010-coro/040-require.t .............. ok
t/100-connector/020-sync/010-base.t ................. ok
t/100-connector/020-sync/020-utf8.t ................. ok
t/100-connector/020-sync/030-require.t .............. ok
t/100-connector/030-ae/010-base.t ................... ok
t/100-connector/030-ae/020-utf8.t ................... ok
t/100-connector/030-ae/030-require.t ................ ok
Test Summary Report
-------------------
t/010-comon/msgpack/010-pack.t (Wstat: 65280 Tests: 16 Failed: 0)
Non-zero exit status: 255
Parse errors: Bad plan. You planned 90 tests but ran 16.
t/010-comon/msgpack/020-unpack.t (Wstat: 65280 Tests: 25 Failed: 0)
Non-zero exit status: 255
Parse errors: Bad plan. You planned 57 tests but ran 25.
t/010-comon/msgpack/030-types.t (Wstat: 65280 Tests: 48 Failed: 0)
Non-zero exit status: 255
Parse errors: Bad plan. You planned 76 tests but ran 48.
Files=35, Tests=1484, 240 wallclock secs ( 5.17 usr 0.47 sys + 135.67 cusr 9.20 csys = 150.51 CPU)
Result: FAIL
Failed 3/35 test programs. 0/1484 subtests failed.
make: *** [Makefile:917: test_dynamic] Error 255
------------------------------
PREREQUISITES
------------------------------
Prerequisite modules loaded:
requires:
Module Need Have
--------------------- ---- ------
AnyEvent 0 7.14
Carp 0 1.50
Coro 0 6.52
Data::Dumper 0 2.170
Digest::SHA 0 6.02
File::Spec::Functions 0 3.74
File::Temp 0 0.2308
IO::Socket::INET 0 1.39
IO::Socket::UNIX 0 1.39
JSON::XS 0 3.04
List::MoreUtils 0 0.428
MIME::Base64 0 3.15
Mouse 0 v2.5.6
Scalar::Util 0 1.50
Time::HiRes 0 1.9759
build_requires:
Module Need Have
--------------------- ---- ------
ExtUtils::MakeMaker 0 7.34
configure_requires:
Module Need Have
--------------------- ---- ------
ExtUtils::MakeMaker 0 7.34
------------------------------
ENVIRONMENT AND OTHER CONTEXT
------------------------------
Environment variables:
AUTOMATED_TESTING = 1
LC_CTYPE = de_AT.utf8
LD_LIBRARY_PATH = /usr/lib/libeatmydata
NONINTERACTIVE_TESTING = 1
PATH = /srv/smoker/bin:/usr/lib/ccache:/srv/smoker/perl5/perlbrew/bin:/srv/smoker/perl5/perlbrew/perls/perl-5.28.0/bin:/usr/local/bin:/usr/bin:/bin:/usr/local/games:/usr/games
PERL5LIB = /srv/smoker/cpan/build/Mouse-v2.5.6-0/blib/arch:/srv/smoker/cpan/build/Mouse-v2.5.6-0/blib/lib:/srv/smoker/cpan/build/Test-Output-1.031-0/blib/arch:/srv/smoker/cpan/build/Test-Output-1.031-0/blib/lib:/srv/smoker/cpan/build/Module-Build-XSUtil-0.19-0/blib/arch:/srv/smoker/cpan/build/Module-Build-XSUtil-0.19-0/blib/lib:/srv/smoker/cpan/build/File-Copy-Recursive-Reduced-0.006-0/blib/arch:/srv/smoker/cpan/build/File-Copy-Recursive-Reduced-0.006-0/blib/lib:/srv/smoker/cpan/build/Devel-CheckCompiler-0.07-0/blib/arch:/srv/smoker/cpan/build/Devel-CheckCompiler-0.07-0/blib/lib:/srv/smoker/cpan/build/Cwd-Guard-0.05-0/blib/arch:/srv/smoker/cpan/build/Cwd-Guard-0.05-0/blib/lib:/srv/smoker/cpan/build/Coro-6.52-0/blib/arch:/srv/smoker/cpan/build/Coro-6.52-0/blib/lib:/srv/smoker/cpan/build/Guard-1.023-0/blib/arch:/srv/smoker/cpan/build/Guard-1.023-0/blib/lib:/srv/smoker/cpan/build/AnyEvent-7.14-0/blib/arch:/srv/smoker/cpan/build/AnyEvent-7.14-0/blib/lib
PERL5OPT =
PERL5_CPANPLUS_IS_RUNNING = 29797
PERL5_CPAN_IS_RUNNING = 29797
PERL5_CPAN_IS_RUNNING_IN_RECURSION = 21604,29797
PERLBREW_HOME = /srv/smoker/.perlbrew
PERLBREW_MANPATH = /srv/smoker/perl5/perlbrew/perls/perl-5.28.0/man
PERLBREW_PATH = /srv/smoker/perl5/perlbrew/bin:/srv/smoker/perl5/perlbrew/perls/perl-5.28.0/bin
PERLBREW_PERL = perl-5.28.0
PERLBREW_ROOT = /srv/smoker/perl5/perlbrew
PERLBREW_SHELLRC_VERSION = 0.84
PERLBREW_VERSION = 0.84
PERL_CR_SMOKER_CURRENT = DR-Tnt-0.24
PERL_EXTUTILS_AUTOINSTALL = --defaultdeps
PERL_MM_USE_DEFAULT = 1
PERL_USE_UNSAFE_INC = 1
SHELL = /bin/bash
TERM = screen-256color
Perl special variables (and OS-specific diagnostics, for MSWin32):
$^X = /srv/smoker/perl5/perlbrew/perls/perl-5.28.0/bin/perl
$UID/$EUID = 1111 / 1111
$GID = 65534 65534
$EGID = 65534 65534
Perl module toolchain versions installed:
Module Have
------------------- --------
CPAN 2.20
CPAN::Meta 2.150010
Cwd 3.74
ExtUtils::CBuilder 0.280230
ExtUtils::Command 7.34
ExtUtils::Install 2.14
ExtUtils::MakeMaker 7.34
ExtUtils::Manifest 1.71
ExtUtils::ParseXS 3.39
File::Spec 3.74
JSON 2.97001
JSON::PP 2.97001
Module::Build 0.4224
Module::Signature n/a
Parse::CPAN::Meta 2.150010
Test::Harness 3.42
Test::More 1.302138
YAML 1.26
YAML::Syck n/a
version 0.9924
--
Summary of my perl5 (revision 5 version 28 subversion 0) configuration:
Platform:
osname=linux
osvers=4.9.0-6-rpi
archname=armv6l-linux
uname='linux smoker 4.9.0-6-rpi #1 debian 4.9.82-1+deb9u3+rpi1 (2018-03-31) armv6l gnulinux '
config_args='-de -Dprefix=/srv/smoker/perl5/perlbrew/perls/perl-5.28.0 -Aeval:scriptdir=/srv/smoker/perl5/perlbrew/perls/perl-5.28.0/bin'
hint=recommended
useposix=true
d_sigaction=define
useithreads=undef
usemultiplicity=undef
use64bitint=undef
use64bitall=undef
uselongdouble=undef
usemymalloc=n
default_inc_excludes_dot=define
bincompat5005=undef
Compiler:
cc='cc'
ccflags ='-fwrapv -fno-strict-aliasing -pipe -fstack-protector-strong -I/usr/local/include -D_LARGEFILE_SOURCE -D_FILE_OFFSET_BITS=64 -D_FORTIFY_SOURCE=2'
optimize='-O2'
cppflags='-fwrapv -fno-strict-aliasing -pipe -fstack-protector-strong -I/usr/local/include'
ccversion=''
gccversion='7.3.0'
gccosandvers=''
intsize=4
longsize=4
ptrsize=4
doublesize=8
byteorder=1234
doublekind=3
d_longlong=define
longlongsize=8
d_longdbl=define
longdblsize=8
longdblkind=0
ivtype='long'
ivsize=4
nvtype='double'
nvsize=8
Off_t='off_t'
lseeksize=8
alignbytes=8
prototype=define
Linker and Libraries:
ld='cc'
ldflags =' -fstack-protector-strong -L/usr/local/lib'
libpth=/usr/local/lib /usr/lib/gcc/arm-linux-gnueabihf/7/include-fixed /usr/include/arm-linux-gnueabihf /usr/lib /lib/arm-linux-gnueabihf /lib /usr/lib/arm-linux-gnueabihf
libs=-lpthread -lnsl -ldl -lm -lcrypt -lutil -lc
perllibs=-lpthread -lnsl -ldl -lm -lcrypt -lutil -lc
libc=libc-2.27.so
so=so
useshrplib=false
libperl=libperl.a
gnulibc_version='2.27'
Dynamic Linking:
dlsrc=dl_dlopen.xs
dlext=so
d_dlsymun=undef
ccdlflags='-Wl,-E'
cccdlflags='-fPIC'
lddlflags='-shared -O2 -L/usr/local/lib -fstack-protector-strong'
Characteristics of this binary (from libperl):
Compile-time options:
HAS_TIMES
PERLIO_LAYERS
PERL_COPY_ON_WRITE
PERL_DONT_CREATE_GVSV
PERL_MALLOC_WRAP
PERL_OP_PARENT
PERL_PRESERVE_IVUV
USE_LARGE_FILES
USE_LOCALE
USE_LOCALE_COLLATE
USE_LOCALE_CTYPE
USE_LOCALE_NUMERIC
USE_LOCALE_TIME
USE_PERLIO
USE_PERL_ATOF
Locally applied patches:
Devel::PatchPerl 1.38
Built under linux
Compiled at Jun 23 2018 22:02:53
%ENV:
PERL5LIB="/srv/smoker/cpan/build/Mouse-v2.5.6-0/blib/arch:/srv/smoker/cpan/build/Mouse-v2.5.6-0/blib/lib:/srv/smoker/cpan/build/Test-Output-1.031-0/blib/arch:/srv/smoker/cpan/build/Test-Output-1.031-0/blib/lib:/srv/smoker/cpan/build/Module-Build-XSUtil-0.19-0/blib/arch:/srv/smoker/cpan/build/Module-Build-XSUtil-0.19-0/blib/lib:/srv/smoker/cpan/build/File-Copy-Recursive-Reduced-0.006-0/blib/arch:/srv/smoker/cpan/build/File-Copy-Recursive-Reduced-0.006-0/blib/lib:/srv/smoker/cpan/build/Devel-CheckCompiler-0.07-0/blib/arch:/srv/smoker/cpan/build/Devel-CheckCompiler-0.07-0/blib/lib:/srv/smoker/cpan/build/Cwd-Guard-0.05-0/blib/arch:/srv/smoker/cpan/build/Cwd-Guard-0.05-0/blib/lib:/srv/smoker/cpan/build/Coro-6.52-0/blib/arch:/srv/smoker/cpan/build/Coro-6.52-0/blib/lib:/srv/smoker/cpan/build/Guard-1.023-0/blib/arch:/srv/smoker/cpan/build/Guard-1.023-0/blib/lib:/srv/smoker/cpan/build/AnyEvent-7.14-0/blib/arch:/srv/smoker/cpan/build/AnyEvent-7.14-0/blib/lib"
PERL5OPT=""
PERL5_CPANPLUS_IS_RUNNING="29797"
PERL5_CPAN_IS_RUNNING="29797"
PERL5_CPAN_IS_RUNNING_IN_RECURSION="21604,29797"
PERLBREW_HOME="/srv/smoker/.perlbrew"
PERLBREW_MANPATH="/srv/smoker/perl5/perlbrew/perls/perl-5.28.0/man"
PERLBREW_PATH="/srv/smoker/perl5/perlbrew/bin:/srv/smoker/perl5/perlbrew/perls/perl-5.28.0/bin"
PERLBREW_PERL="perl-5.28.0"
PERLBREW_ROOT="/srv/smoker/perl5/perlbrew"
PERLBREW_SHELLRC_VERSION="0.84"
PERLBREW_VERSION="0.84"
PERL_CR_SMOKER_CURRENT="DR-Tnt-0.24"
PERL_EXTUTILS_AUTOINSTALL="--defaultdeps"
PERL_MM_USE_DEFAULT="1"
PERL_USE_UNSAFE_INC="1"
@INC:
/srv/smoker/cpan/build/Mouse-v2.5.6-0/blib/arch
/srv/smoker/cpan/build/Mouse-v2.5.6-0/blib/lib
/srv/smoker/cpan/build/Test-Output-1.031-0/blib/arch
/srv/smoker/cpan/build/Test-Output-1.031-0/blib/lib
/srv/smoker/cpan/build/Module-Build-XSUtil-0.19-0/blib/arch
/srv/smoker/cpan/build/Module-Build-XSUtil-0.19-0/blib/lib
/srv/smoker/cpan/build/File-Copy-Recursive-Reduced-0.006-0/blib/arch
/srv/smoker/cpan/build/File-Copy-Recursive-Reduced-0.006-0/blib/lib
/srv/smoker/cpan/build/Devel-CheckCompiler-0.07-0/blib/arch
/srv/smoker/cpan/build/Devel-CheckCompiler-0.07-0/blib/lib
/srv/smoker/cpan/build/Cwd-Guard-0.05-0/blib/arch
/srv/smoker/cpan/build/Cwd-Guard-0.05-0/blib/lib
/srv/smoker/cpan/build/Coro-6.52-0/blib/arch
/srv/smoker/cpan/build/Coro-6.52-0/blib/lib
/srv/smoker/cpan/build/Guard-1.023-0/blib/arch
/srv/smoker/cpan/build/Guard-1.023-0/blib/lib
/srv/smoker/cpan/build/AnyEvent-7.14-0/blib/arch
/srv/smoker/cpan/build/AnyEvent-7.14-0/blib/lib
/srv/smoker/perl5/perlbrew/perls/perl-5.28.0/lib/site_perl/5.28.0/armv6l-linux
/srv/smoker/perl5/perlbrew/perls/perl-5.28.0/lib/site_perl/5.28.0
/srv/smoker/perl5/perlbrew/perls/perl-5.28.0/lib/5.28.0/armv6l-linux
/srv/smoker/perl5/perlbrew/perls/perl-5.28.0/lib/5.28.0
.