Report for Imager-0.89

Back
From: metabase:user:320bfe00-2aae-11df-837a-5e0a49663a4f
Subject: FAIL Imager-0.89 v5.15.5 GNU/Linux
Date: 2012-03-18T01:56:17Z

This distribution has been tested as part of the CPAN Testers
project, supporting the Perl programming language.  See
http://wiki.cpantesters.org/ for more information or email
questions to cpan-testers-discuss@perl.org


--
Dear Tony Cook,

This is a computer-generated report for Imager-0.89
on perl 5.15.5, created by CPAN-Reporter-1.2003.

Thank you for uploading your work to CPAN.  However, there was a problem
testing your distribution.

If you think this report is invalid, please consult the CPAN Testers Wiki
for suggestions on how to avoid getting FAIL reports for missing library
or binary dependencies, unsupported operating systems, and so on:

http://wiki.cpantesters.org/wiki/CPANAuthorNotes

Sections of this report:

    * Tester comments
    * Program output
    * Prerequisites
    * Environment and other context

------------------------------
TESTER COMMENTS
------------------------------

Additional comments from tester:

this report is from an automated smoke testing program
and was not reviewed by a human for accuracy

------------------------------
PROGRAM OUTPUT
------------------------------

Output from '/usr/bin/make test':

make[1]: Entering directory `/tmp/loop_over_bdir-ctolfr/Imager-0.89-GJVslt/CountColor'
make[1]: Leaving directory `/tmp/loop_over_bdir-ctolfr/Imager-0.89-GJVslt/CountColor'
make[1]: Entering directory `/tmp/loop_over_bdir-ctolfr/Imager-0.89-GJVslt/DynTest'
make[1]: Leaving directory `/tmp/loop_over_bdir-ctolfr/Imager-0.89-GJVslt/DynTest'
make[1]: Entering directory `/tmp/loop_over_bdir-ctolfr/Imager-0.89-GJVslt/FT2'
make[1]: Leaving directory `/tmp/loop_over_bdir-ctolfr/Imager-0.89-GJVslt/FT2'
make[1]: Entering directory `/tmp/loop_over_bdir-ctolfr/Imager-0.89-GJVslt/Flines'
make[1]: Leaving directory `/tmp/loop_over_bdir-ctolfr/Imager-0.89-GJVslt/Flines'
make[1]: Entering directory `/tmp/loop_over_bdir-ctolfr/Imager-0.89-GJVslt/GIF'
make[1]: Nothing to be done for `all'.
make[1]: Leaving directory `/tmp/loop_over_bdir-ctolfr/Imager-0.89-GJVslt/GIF'
make[1]: Entering directory `/tmp/loop_over_bdir-ctolfr/Imager-0.89-GJVslt/ICO'
make[1]: Leaving directory `/tmp/loop_over_bdir-ctolfr/Imager-0.89-GJVslt/ICO'
make[1]: Entering directory `/tmp/loop_over_bdir-ctolfr/Imager-0.89-GJVslt/JPEG'
make[1]: Leaving directory `/tmp/loop_over_bdir-ctolfr/Imager-0.89-GJVslt/JPEG'
make[1]: Entering directory `/tmp/loop_over_bdir-ctolfr/Imager-0.89-GJVslt/Mandelbrot'
make[1]: Leaving directory `/tmp/loop_over_bdir-ctolfr/Imager-0.89-GJVslt/Mandelbrot'
make[1]: Entering directory `/tmp/loop_over_bdir-ctolfr/Imager-0.89-GJVslt/PNG'
make[1]: Leaving directory `/tmp/loop_over_bdir-ctolfr/Imager-0.89-GJVslt/PNG'
make[1]: Entering directory `/tmp/loop_over_bdir-ctolfr/Imager-0.89-GJVslt/SGI'
make[1]: Leaving directory `/tmp/loop_over_bdir-ctolfr/Imager-0.89-GJVslt/SGI'
make[1]: Entering directory `/tmp/loop_over_bdir-ctolfr/Imager-0.89-GJVslt/T1'
make[1]: Nothing to be done for `all'.
make[1]: Leaving directory `/tmp/loop_over_bdir-ctolfr/Imager-0.89-GJVslt/T1'
make[1]: Entering directory `/tmp/loop_over_bdir-ctolfr/Imager-0.89-GJVslt/TIFF'
make[1]: Nothing to be done for `all'.
make[1]: Leaving directory `/tmp/loop_over_bdir-ctolfr/Imager-0.89-GJVslt/TIFF'
make[1]: Entering directory `/tmp/loop_over_bdir-ctolfr/Imager-0.89-GJVslt/W32'
make[1]: Nothing to be done for `all'.
make[1]: Leaving directory `/tmp/loop_over_bdir-ctolfr/Imager-0.89-GJVslt/W32'
make[1]: Entering directory `/tmp/loop_over_bdir-ctolfr/Imager-0.89-GJVslt/dynfilt'
make[1]: Nothing to be done for `all'.
make[1]: Leaving directory `/tmp/loop_over_bdir-ctolfr/Imager-0.89-GJVslt/dynfilt'
PERL_DL_NONLAZY=1 /home/sand/src/perl/repoperls/installed-perls/perl/v5.15.5-305-g0c9fdf2/165a/bin/perl "-MExtUtils::Command::MM" "-e" "test_harness(0, 'blib/lib', 'blib/arch')" t/*.t
t/t00basic.t ...... ok
t/t01introvert.t .. ok
t/t020masked.t .... ok
t/t021sixteen.t ... ok
t/t022double.t .... ok
t/t023palette.t ... ok
t/t03test.t ....... ok
t/t05error.t ...... ok
t/t07iolayer.t .... ok
t/t1000files.t .... ok
t/t101nojpeg.t .... skipped: have jpeg support - this tests the lack of it
t/t102nopng.t ..... ok
t/t103raw.t ....... ok
t/t104ppm.t ....... ok
t/t105nogif.t ..... ok
t/t106notiff.t .... ok
t/t107bmp.t ....... ok
t/t108tga.t ....... ok
t/t15color.t ...... ok
t/t16matrix.t ..... ok
t/t20fill.t ....... ok
t/t21draw.t ....... ok
t/t22flood.t ...... ok
t/t31font.t ....... ok
t/t35ttfont.t ..... ok
t/t36oofont.t ..... ok
t/t40scale.t ...... ok
t/t50basicoo.t .... ok
t/t55trans.t ...... skipped: No Affix::Infix2Postfix
t/t56postfix.t .... ok
t/t57infix.t ...... ok
t/t58trans2.t ..... ok
t/t59assem.t ...... ok
t/t61filters.t .... ok
t/t62compose.t .... ok
t/t63combine.t .... ok
t/t64copyflip.t ... ok
t/t65crop.t ....... ok
t/t66paste.t ...... ok
t/t67convert.t .... ok
t/t68map.t ........ ok
t/t69rubthru.t .... ok
t/t75polyaa.t ..... ok
t/t80texttools.t .. ok
t/t81hlines.t ..... ok
t/t82inline.t ..... ok
t/t83extutil.t .... ok
t/t90cc.t ......... ok
t/t91pod.t ........ ok
t/t92samples.t .... ok
t/t93podcover.t ... ok
t/t94kwalitee.t ... ok
t/t95log.t ........ ok
t/t98meta.t ....... ok
t/t99thread.t ..... skipped: can't test Imager's lack of threads support with no threads
t/tr18561.t ....... ok
t/tr18561b.t ...... ok
All tests successful.
Files=57, Tests=4180,  9 wallclock secs ( 0.46 usr  0.08 sys +  6.48 cusr  0.76 csys =  7.78 CPU)
Result: PASS
make[1]: Entering directory `/tmp/loop_over_bdir-ctolfr/Imager-0.89-GJVslt/CountColor'
PERL_DL_NONLAZY=1 /home/sand/src/perl/repoperls/installed-perls/perl/v5.15.5-305-g0c9fdf2/165a/bin/perl "-MExtUtils::Command::MM" "-e" "test_harness(0, '../blib/lib', '../blib/arch')" t/*.t
t/t00countcolor.t .. ok
All tests successful.
Files=1, Tests=9,  0 wallclock secs ( 0.02 usr  0.00 sys +  0.06 cusr  0.00 csys =  0.08 CPU)
Result: PASS
make[1]: Leaving directory `/tmp/loop_over_bdir-ctolfr/Imager-0.89-GJVslt/CountColor'
make[1]: Entering directory `/tmp/loop_over_bdir-ctolfr/Imager-0.89-GJVslt/DynTest'
PERL_DL_NONLAZY=1 /home/sand/src/perl/repoperls/installed-perls/perl/v5.15.5-305-g0c9fdf2/165a/bin/perl "-MExtUtils::Command::MM" "-e" "test_harness(0, '../blib/lib', '../blib/arch')" t/*.t
t/t00dyntest.t .. ok
All tests successful.
Files=1, Tests=4,  0 wallclock secs ( 0.03 usr  0.00 sys +  0.06 cusr  0.00 csys =  0.09 CPU)
Result: PASS
make[1]: Leaving directory `/tmp/loop_over_bdir-ctolfr/Imager-0.89-GJVslt/DynTest'
make[1]: Entering directory `/tmp/loop_over_bdir-ctolfr/Imager-0.89-GJVslt/FT2'
PERL_DL_NONLAZY=1 /home/sand/src/perl/repoperls/installed-perls/perl/v5.15.5-305-g0c9fdf2/165a/bin/perl "-MExtUtils::Command::MM" "-e" "test_harness(0, '../blib/lib', '../blib/arch')" t/*.t
t/t10ft2.t .. ok
All tests successful.
Files=1, Tests=193,  1 wallclock secs ( 0.04 usr  0.01 sys +  0.13 cusr  0.00 csys =  0.18 CPU)
Result: PASS
make[1]: Leaving directory `/tmp/loop_over_bdir-ctolfr/Imager-0.89-GJVslt/FT2'
make[1]: Entering directory `/tmp/loop_over_bdir-ctolfr/Imager-0.89-GJVslt/Flines'
PERL_DL_NONLAZY=1 /home/sand/src/perl/repoperls/installed-perls/perl/v5.15.5-305-g0c9fdf2/165a/bin/perl "-MExtUtils::Command::MM" "-e" "test_harness(0, '../blib/lib', '../blib/arch')" t/*.t
t/t00flines.t .. ok
All tests successful.
Files=1, Tests=3,  0 wallclock secs ( 0.02 usr  0.01 sys +  0.05 cusr  0.01 csys =  0.09 CPU)
Result: PASS
make[1]: Leaving directory `/tmp/loop_over_bdir-ctolfr/Imager-0.89-GJVslt/Flines'
make[1]: Entering directory `/tmp/loop_over_bdir-ctolfr/Imager-0.89-GJVslt/GIF'
make[1]: Nothing to be done for `test'.
make[1]: Leaving directory `/tmp/loop_over_bdir-ctolfr/Imager-0.89-GJVslt/GIF'
make[1]: Entering directory `/tmp/loop_over_bdir-ctolfr/Imager-0.89-GJVslt/ICO'
PERL_DL_NONLAZY=1 /home/sand/src/perl/repoperls/installed-perls/perl/v5.15.5-305-g0c9fdf2/165a/bin/perl "-MExtUtils::Command::MM" "-e" "test_harness(0, '../blib/lib', '../blib/arch')" t/*.t
t/t10icon.t ......... ok
t/t20readone.t ...... ok
t/t21readmult.t ..... ok
t/t30cursor.t ....... ok
t/t40readcurone.t ... ok
t/t41curmultread.t .. ok
t/t50readfail.t ..... ok
t/t60writefail.t .... ok
t/t70icosing.t ...... ok
t/t71icomult.t ...... ok
t/t72cursing.t ...... ok
t/t73curmult.t ...... ok
All tests successful.
Files=12, Tests=248,  1 wallclock secs ( 0.06 usr  0.02 sys +  0.73 cusr  0.10 csys =  0.91 CPU)
Result: PASS
make[1]: Leaving directory `/tmp/loop_over_bdir-ctolfr/Imager-0.89-GJVslt/ICO'
make[1]: Entering directory `/tmp/loop_over_bdir-ctolfr/Imager-0.89-GJVslt/JPEG'
PERL_DL_NONLAZY=1 /home/sand/src/perl/repoperls/installed-perls/perl/v5.15.5-305-g0c9fdf2/165a/bin/perl "-MExtUtils::Command::MM" "-e" "test_harness(0, '../blib/lib', '../blib/arch')" t/*.t
t/t00load.t ... ok
t/t10jpeg.t ... ok
t/t20limit.t .. ok
All tests successful.
Files=3, Tests=116,  0 wallclock secs ( 0.03 usr  0.01 sys +  0.30 cusr  0.08 csys =  0.42 CPU)
Result: PASS
make[1]: Leaving directory `/tmp/loop_over_bdir-ctolfr/Imager-0.89-GJVslt/JPEG'
make[1]: Entering directory `/tmp/loop_over_bdir-ctolfr/Imager-0.89-GJVslt/Mandelbrot'
PERL_DL_NONLAZY=1 /home/sand/src/perl/repoperls/installed-perls/perl/v5.15.5-305-g0c9fdf2/165a/bin/perl "-MExtUtils::Command::MM" "-e" "test_harness(0, '../blib/lib', '../blib/arch')" t/*.t
t/t00mandel.t .. ok
All tests successful.
Files=1, Tests=3,  0 wallclock secs ( 0.02 usr  0.00 sys +  0.06 cusr  0.00 csys =  0.08 CPU)
Result: PASS
make[1]: Leaving directory `/tmp/loop_over_bdir-ctolfr/Imager-0.89-GJVslt/Mandelbrot'
make[1]: Entering directory `/tmp/loop_over_bdir-ctolfr/Imager-0.89-GJVslt/PNG'
PERL_DL_NONLAZY=1 /home/sand/src/perl/repoperls/installed-perls/perl/v5.15.5-305-g0c9fdf2/165a/bin/perl "-MExtUtils::Command::MM" "-e" "test_harness(0, '../blib/lib', '../blib/arch')" t/*.t

#   Failed test 'use Imager::File::PNG;'
#   at t/00load.t line 5.
#     Tried to use 'Imager::File::PNG'.
#     Error:  Can't load '/tmp/loop_over_bdir-ctolfr/Imager-0.89-GJVslt/PNG/../blib/arch/auto/Imager/File/PNG/PNG.so' for module Imager::File::PNG: /tmp/loop_over_bdir-ctolfr/Imager-0.89-GJVslt/PNG/../blib/arch/auto/Imager/File/PNG/PNG.so: undefined symbol: png_read_update_info at /home/src/perl/repoperls/installed-perls/perl/v5.15.5-305-g0c9fdf2/165a/lib/5.15.5/x86_64-linux/DynaLoader.pm line 190.
#  at /tmp/loop_over_bdir-ctolfr/Imager-0.89-GJVslt/PNG/../blib/lib/Imager/File/PNG.pm line 11.
# BEGIN failed--compilation aborted at /tmp/loop_over_bdir-ctolfr/Imager-0.89-GJVslt/PNG/../blib/lib/Imager/File/PNG.pm line 11.
# Compilation failed in require at (eval 4) line 2.
# BEGIN failed--compilation aborted at (eval 4) line 2.
# Looks like you failed 1 test of 1.
t/00load.t .. 
Dubious, test returned 1 (wstat 256, 0x100)
Failed 1/1 subtests 
t/10png.t ... skipped: No png support

Test Summary Report
-------------------
t/00load.t (Wstat: 256 Tests: 1 Failed: 1)
  Failed test:  1
  Non-zero exit status: 1
Files=2, Tests=1,  0 wallclock secs ( 0.01 usr  0.01 sys +  0.11 cusr  0.02 csys =  0.15 CPU)
Result: FAIL
Failed 1/2 test programs. 1/1 subtests failed.
make[1]: *** [test_dynamic] Error 255
make[1]: Leaving directory `/tmp/loop_over_bdir-ctolfr/Imager-0.89-GJVslt/PNG'
make: *** [subdirs-test] Error 2

------------------------------
PREREQUISITES
------------------------------

Prerequisite modules loaded:

requires:

    Module              Need Have   
    ------------------- ---- -------
    Scalar::Util        1    1.23_04
    Test::More          0.47 0.98   
    XSLoader            0    0.16   

build_requires:

    Module              Need Have   
    ------------------- ---- -------
    ExtUtils::MakeMaker 0    6.63_02

configure_requires:

    Module              Need Have   
    ------------------- ---- -------
    ExtUtils::MakeMaker 0    6.63_02


------------------------------
ENVIRONMENT AND OTHER CONTEXT
------------------------------

Environment variables:

    AUTOMATED_TESTING = 1
    LANG = en_US.UTF-8
    LANGUAGE = en_US:en
    PATH = /home/sand/bin:/usr/local/bin:/usr/bin:/bin:/usr/bin/X11:/usr/games:/usr/local/perl/bin:/usr/X11/bin:/sbin:/usr/sbin
    PERL5LIB = 
    PERL5OPT = 
    PERL5_CPANPLUS_IS_RUNNING = 21128
    PERL5_CPAN_IS_RUNNING = 21128
    PERL_MM_USE_DEFAULT = 1
    SHELL = /usr/bin/zsh
    TERM = screen

Perl special variables (and OS-specific diagnostics, for MSWin32):

    $^X = /home/sand/src/perl/repoperls/installed-perls/perl/v5.15.5-305-g0c9fdf2/165a/bin/perl
    $UID/$EUID = 1005 / 1005
    $GID = 1005 123 1005
    $EGID = 1005 123 1005

Perl module toolchain versions installed:

    Module              Have    
    ------------------- --------
    CPAN                1.9800  
    CPAN::Meta          2.120630
    Cwd                 3.38    
    ExtUtils::CBuilder  0.280205
    ExtUtils::Command   1.17    
    ExtUtils::Install   1.57    
    ExtUtils::MakeMaker 6.63_02 
    ExtUtils::Manifest  1.60    
    ExtUtils::ParseXS   3.15    
    File::Spec          3.34    
    JSON                2.53    
    JSON::PP            2.27200 
    Module::Build       0.40    
    Module::Signature   0.68    
    Parse::CPAN::Meta   1.4401  
    Test::Harness       3.23    
    Test::More          0.98    
    YAML                0.80    
    YAML::Syck          1.20    
    version             0.96    


--

Summary of my perl5 (revision 5 version 15 subversion 5) configuration:
  Commit id: 0c9fdf2c6b80bede18dc1c30b17e9c1379e379d8
  Platform:
    osname=linux, osvers=2.6.32-5-amd64, archname=x86_64-linux
    uname='linux k83 2.6.32-5-amd64 #1 smp thu nov 3 03:41:26 utc 2011 x86_64 gnulinux '
    config_args='-Dprefix=/home/src/perl/repoperls/installed-perls/perl/v5.15.5-305-g0c9fdf2/165a -Dmyhostname=k83 -Dinstallusrbinperl=n -Uversiononly -Dusedevel -des -Ui_db -Uuseithreads -Uuselongdouble -DDEBUGGING=-g'
    hint=recommended, useposix=true, d_sigaction=define
    useithreads=undef, usemultiplicity=undef
    useperlio=define, d_sfio=undef, uselargefiles=define, usesocks=undef
    use64bitint=define, use64bitall=define, uselongdouble=undef
    usemymalloc=n, bincompat5005=undef
  Compiler:
    cc='cc', ccflags ='-fno-strict-aliasing -pipe -fstack-protector -I/usr/local/include -D_LARGEFILE_SOURCE -D_FILE_OFFSET_BITS=64',
    optimize='-O2 -g',
    cppflags='-fno-strict-aliasing -pipe -fstack-protector -I/usr/local/include'
    ccversion='', gccversion='4.4.5', gccosandvers=''
    intsize=4, longsize=8, ptrsize=8, doublesize=8, byteorder=12345678
    d_longlong=define, longlongsize=8, d_longdbl=define, longdblsize=16
    ivtype='long', ivsize=8, nvtype='double', nvsize=8, Off_t='off_t', lseeksize=8
    alignbytes=8, prototype=define
  Linker and Libraries:
    ld='cc', ldflags =' -fstack-protector -L/usr/local/lib'
    libpth=/usr/local/lib /lib/../lib /usr/lib/../lib /lib /usr/lib /lib64 /usr/lib64
    libs=-lnsl -ldb -ldl -lm -lcrypt -lutil -lc
    perllibs=-lnsl -ldl -lm -lcrypt -lutil -lc
    libc=/lib/libc-2.11.2.so, so=so, useshrplib=false, libperl=libperl.a
    gnulibc_version='2.11.2'
  Dynamic Linking:
    dlsrc=dl_dlopen.xs, dlext=so, d_dlsymun=undef, ccdlflags='-Wl,-E'
    cccdlflags='-fPIC', lddlflags='-shared -O2 -g -L/usr/local/lib -fstack-protector'


Characteristics of this binary (from libperl): 
  Compile-time options: HAS_TIMES PERLIO_LAYERS PERL_DONT_CREATE_GVSV
                        PERL_MALLOC_WRAP PERL_PRESERVE_IVUV PERL_USE_DEVEL
                        USE_64_BIT_ALL USE_64_BIT_INT USE_LARGE_FILES
                        USE_LOCALE USE_LOCALE_COLLATE USE_LOCALE_CTYPE
                        USE_LOCALE_NUMERIC USE_PERLIO USE_PERL_ATOF
  Built under linux
  Compiled at Dec 15 2011 07:35:51
  %ENV:
    PERL5LIB=""
    PERL5OPT=""
    PERL5_CPANPLUS_IS_RUNNING="21128"
    PERL5_CPAN_IS_RUNNING="21128"
    PERL_MM_USE_DEFAULT="1"
  @INC:
    /home/src/perl/repoperls/installed-perls/perl/v5.15.5-305-g0c9fdf2/165a/lib/site_perl/5.15.5/x86_64-linux
    /home/src/perl/repoperls/installed-perls/perl/v5.15.5-305-g0c9fdf2/165a/lib/site_perl/5.15.5
    /home/src/perl/repoperls/installed-perls/perl/v5.15.5-305-g0c9fdf2/165a/lib/5.15.5/x86_64-linux
    /home/src/perl/repoperls/installed-perls/perl/v5.15.5-305-g0c9fdf2/165a/lib/5.15.5
    .