Report for Devel-TraceUse-2.06

Back
From: metabase:user:320bfe00-2aae-11df-837a-5e0a49663a4f
Subject: FAIL Devel-TraceUse-2.06 v5.17.2 GNU/Linux
Date: 2012-06-21T21:39:16Z

This distribution has been tested as part of the CPAN Testers
project, supporting the Perl programming language.  See
http://wiki.cpantesters.org/ for more information or email
questions to cpan-testers-discuss@perl.org


--
Dear Philippe Bruhat (BooK),

This is a computer-generated report for Devel-TraceUse-2.06
on perl 5.17.2, created by CPAN-Reporter-1.2006.

Thank you for uploading your work to CPAN.  However, there was a problem
testing your distribution.

If you think this report is invalid, please consult the CPAN Testers Wiki
for suggestions on how to avoid getting FAIL reports for missing library
or binary dependencies, unsupported operating systems, and so on:

http://wiki.cpantesters.org/wiki/CPANAuthorNotes

Sections of this report:

    * Tester comments
    * Program output
    * Prerequisites
    * Environment and other context

------------------------------
TESTER COMMENTS
------------------------------

Additional comments from tester:

this report is from an automated smoke testing program
and was not reviewed by a human for accuracy

------------------------------
PROGRAM OUTPUT
------------------------------

Output from './Build test':

# Testing Devel::TraceUse 2.06, Perl 5.017002, /mnt/k75/homesand/src/perl/repoperls/installed-perls/perl/v5.17.1-23-ga73ef99/a2da/bin/perl
t/00-load.t ... ok
t/numify.t .... ok
# Module::CoreList 2.68 installed

#   Failed test 'Trace for: perl -d:TraceUse=hidecore -Mstrict -e1'
#   at t/traceuse.t line 307.
#     Structures begin differing at:
#          $got->[2] = '   1.  strict %%%, -e line 0 [main]'
#     $expected->[2] = Does not exist
# --- Got ---
# Module::CoreList 2.68 doesn't know about Perl 5.017002
# Modules used from -e:
#    1.  strict %%%, -e line 0 [main]
# --- Expected ---
# Modules used from -e:

#   Failed test 'Trace for: perl -MDevel::TraceUse=hidecore -Mstrict -e1'
#   at t/traceuse.t line 307.
#     Structures begin differing at:
#          $got->[3] = '   1.  strict %%%, -e line 0 [main]'
#     $expected->[3] = Does not exist
# --- Got ---
# Use -d:TraceUse for more accurate information.
# Module::CoreList 2.68 doesn't know about Perl 5.017002
# Modules used from -e:
#    1.  strict %%%, -e line 0 [main]
# --- Expected ---
# Modules used from -e:

#   Failed test 'Trace for: perl -d:TraceUse=hidecore,output:out.txt -Mstrict -e1'
#   at t/traceuse.t line 307.
#     Structures begin differing at:
#          $got->[2] = '   1.  strict %%%, -e line 0 [main]'
#     $expected->[2] = Does not exist
# --- Got ---
# Module::CoreList 2.68 doesn't know about Perl 5.017002
# Modules used from -e:
#    1.  strict %%%, -e line 0 [main]
# --- Expected ---
# Modules used from -e:

#   Failed test 'Trace for: perl -MDevel::TraceUse=hidecore,output:out.txt -Mstrict -e1'
#   at t/traceuse.t line 307.
#     Structures begin differing at:
#          $got->[3] = '   1.  strict %%%, -e line 0 [main]'
#     $expected->[3] = Does not exist
# --- Got ---
# Use -d:TraceUse for more accurate information.
# Module::CoreList 2.68 doesn't know about Perl 5.017002
# Modules used from -e:
#    1.  strict %%%, -e line 0 [main]
# --- Expected ---
# Modules used from -e:

#   Failed test 'Trace for: perl -d:TraceUse=hidecore,output:/tmp/loop_over_bdir-J8P2Us/Devel-TraceUse-2.06-0Nmt0m/out.txt -Mstrict -e1'
#   at t/traceuse.t line 307.
#     Structures begin differing at:
#          $got->[2] = '   1.  strict %%%, -e line 0 [main]'
#     $expected->[2] = Does not exist
# --- Got ---
# Module::CoreList 2.68 doesn't know about Perl 5.017002
# Modules used from -e:
#    1.  strict %%%, -e line 0 [main]
# --- Expected ---
# Modules used from -e:

#   Failed test 'Trace for: perl -MDevel::TraceUse=hidecore,output:/tmp/loop_over_bdir-J8P2Us/Devel-TraceUse-2.06-0Nmt0m/out.txt -Mstrict -e1'
#   at t/traceuse.t line 307.
#     Structures begin differing at:
#          $got->[3] = '   1.  strict %%%, -e line 0 [main]'
#     $expected->[3] = Does not exist
# --- Got ---
# Use -d:TraceUse for more accurate information.
# Module::CoreList 2.68 doesn't know about Perl 5.017002
# Modules used from -e:
#    1.  strict %%%, -e line 0 [main]
# --- Expected ---
# Modules used from -e:
# Looks like you failed 6 tests of 120.
t/traceuse.t .. 
Dubious, test returned 6 (wstat 1536, 0x600)
Failed 6/120 subtests 

Test Summary Report
-------------------
t/traceuse.t (Wstat: 1536 Tests: 120 Failed: 6)
  Failed tests:  18, 36, 58, 76, 98, 116
  Non-zero exit status: 6
Files=3, Tests=148,  2 wallclock secs ( 0.05 usr  0.00 sys +  1.51 cusr  0.39 csys =  1.95 CPU)
Result: FAIL
Failed 1/3 test programs. 6/148 subtests failed.

------------------------------
PREREQUISITES
------------------------------

Prerequisite modules loaded:

build_requires:

    Module        Need Have
    ------------- ---- ----
    Test::More    0    0.98

configure_requires:

    Module        Need Have
    ------------- ---- ----
    Module::Build 0.36 0.40


------------------------------
ENVIRONMENT AND OTHER CONTEXT
------------------------------

Environment variables:

    AUTOMATED_TESTING = 1
    LANG = en_US.UTF-8
    LANGUAGE = en_US:en
    PATH = /home/sand/bin:/usr/local/bin:/usr/bin:/bin:/usr/bin/X11:/usr/games:/usr/local/perl/bin:/usr/X11/bin:/sbin:/usr/sbin
    PERL5LIB = 
    PERL5OPT = 
    PERL5_CPANPLUS_IS_RUNNING = 32598
    PERL5_CPAN_IS_RUNNING = 32598
    PERL_MM_USE_DEFAULT = 1
    SHELL = /usr/bin/zsh
    TERM = screen

Perl special variables (and OS-specific diagnostics, for MSWin32):

    $^X = /mnt/k75/homesand/src/perl/repoperls/installed-perls/perl/v5.17.1-23-ga73ef99/a2da/bin/perl
    $UID/$EUID = 1005 / 1005
    $GID = 1005 1005
    $EGID = 1005 1005

Perl module toolchain versions installed:

    Module              Have    
    ------------------- --------
    CPAN                1.9800  
    CPAN::Meta          2.120921
    Cwd                 3.39_02 
    ExtUtils::CBuilder  0.280208
    ExtUtils::Command   1.17    
    ExtUtils::Install   1.58    
    ExtUtils::MakeMaker 6.63_02 
    ExtUtils::Manifest  1.61    
    ExtUtils::ParseXS   3.17    
    File::Spec          3.39_02 
    JSON                2.53    
    JSON::PP            2.27200 
    Module::Build       0.40    
    Module::Signature   0.68    
    Parse::CPAN::Meta   1.4404  
    Test::Harness       3.25    
    Test::More          0.98    
    YAML                0.81    
    YAML::Syck          1.20    
    version             0.99    


--

Summary of my perl5 (revision 5 version 17 subversion 2) configuration:
  Commit id: a73ef99b394ac4c717d671b78792af7d844bbee1
  Platform:
    osname=linux, osvers=3.2.0-2-amd64, archname=x86_64-linux-thread-multi-ld
    uname='linux k83 3.2.0-2-amd64 #1 smp mon may 21 17:45:41 utc 2012 x86_64 gnulinux '
    config_args='-Dprefix=/home/src/perl/repoperls/installed-perls/perl/v5.17.1-23-ga73ef99/a2da -Dmyhostname=k83 -Dinstallusrbinperl=n -Uversiononly -Dusedevel -des -Ui_db -Duseithreads -Duselongdouble -DDEBUGGING=-g'
    hint=recommended, useposix=true, d_sigaction=define
    useithreads=define, usemultiplicity=define
    useperlio=define, d_sfio=undef, uselargefiles=define, usesocks=undef
    use64bitint=define, use64bitall=define, uselongdouble=define
    usemymalloc=n, bincompat5005=undef
  Compiler:
    cc='cc', ccflags ='-D_REENTRANT -D_GNU_SOURCE -fno-strict-aliasing -pipe -fstack-protector -I/usr/local/include -D_LARGEFILE_SOURCE -D_FILE_OFFSET_BITS=64',
    optimize='-O2 -g',
    cppflags='-D_REENTRANT -D_GNU_SOURCE -fno-strict-aliasing -pipe -fstack-protector -I/usr/local/include'
    ccversion='', gccversion='4.7.0', gccosandvers=''
    intsize=4, longsize=8, ptrsize=8, doublesize=8, byteorder=12345678
    d_longlong=define, longlongsize=8, d_longdbl=define, longdblsize=16
    ivtype='long', ivsize=8, nvtype='long double', nvsize=16, Off_t='off_t', lseeksize=8
    alignbytes=16, prototype=define
  Linker and Libraries:
    ld='cc', ldflags =' -fstack-protector -L/usr/local/lib'
    libpth=/usr/local/lib /lib/x86_64-linux-gnu /lib/../lib /usr/lib/x86_64-linux-gnu /usr/lib/../lib /lib /usr/lib
    libs=-lnsl -ldb -ldl -lm -lcrypt -lutil -lpthread -lc
    perllibs=-lnsl -ldl -lm -lcrypt -lutil -lpthread -lc
    libc=, so=so, useshrplib=false, libperl=libperl.a
    gnulibc_version='2.13'
  Dynamic Linking:
    dlsrc=dl_dlopen.xs, dlext=so, d_dlsymun=undef, ccdlflags='-Wl,-E'
    cccdlflags='-fPIC', lddlflags='-shared -O2 -g -L/usr/local/lib -fstack-protector'


Characteristics of this binary (from libperl): 
  Compile-time options: HAS_TIMES MULTIPLICITY PERLIO_LAYERS
                        PERL_DONT_CREATE_GVSV PERL_IMPLICIT_CONTEXT
                        PERL_MALLOC_WRAP PERL_PRESERVE_IVUV PERL_USE_DEVEL
                        USE_64_BIT_ALL USE_64_BIT_INT USE_ITHREADS
                        USE_LARGE_FILES USE_LOCALE USE_LOCALE_COLLATE
                        USE_LOCALE_CTYPE USE_LOCALE_NUMERIC USE_LONG_DOUBLE
                        USE_PERLIO USE_PERL_ATOF USE_REENTRANT_API
  Built under linux
  Compiled at Jun 20 2012 23:33:08
  %ENV:
    PERL5LIB=""
    PERL5OPT=""
    PERL5_CPANPLUS_IS_RUNNING="32598"
    PERL5_CPAN_IS_RUNNING="32598"
    PERL_MM_USE_DEFAULT="1"
  @INC:
    /home/src/perl/repoperls/installed-perls/perl/v5.17.1-23-ga73ef99/a2da/lib/site_perl/5.17.2/x86_64-linux-thread-multi-ld
    /home/src/perl/repoperls/installed-perls/perl/v5.17.1-23-ga73ef99/a2da/lib/site_perl/5.17.2
    /home/src/perl/repoperls/installed-perls/perl/v5.17.1-23-ga73ef99/a2da/lib/5.17.2/x86_64-linux-thread-multi-ld
    /home/src/perl/repoperls/installed-perls/perl/v5.17.1-23-ga73ef99/a2da/lib/5.17.2
    .