Report for Object-Remote-0.003003

Back
From: metabase:user:314402c4-2aae-11df-837a-5e0a49663a4f
Subject: FAIL Object-Remote-0.003003 v5.21.2 GNU/Linux
Date: 2014-08-11T18:44:39Z

This distribution has been tested as part of the CPAN Testers
project, supporting the Perl programming language.  See
http://wiki.cpantesters.org/ for more information or email
questions to cpan-testers-discuss@perl.org


--
Dear Matt S Trout,

This is a computer-generated report for Object-Remote-0.003003
on perl 5.21.2, created by CPAN-Reporter-1.2011.

Thank you for uploading your work to CPAN.  However, there was a problem
testing your distribution.

If you think this report is invalid, please consult the CPAN Testers Wiki
for suggestions on how to avoid getting FAIL reports for missing library
or binary dependencies, unsupported operating systems, and so on:

http://wiki.cpantesters.org/wiki/CPANAuthorNotes

Sections of this report:

    * Tester comments
    * Program output
    * Prerequisites
    * Environment and other context

------------------------------
TESTER COMMENTS
------------------------------

Additional comments from tester:

none provided

------------------------------
PROGRAM OUTPUT
------------------------------

Output from '/usr/bin/make test':

PERL_DL_NONLAZY=1 /opt/perl-5.21.2/bin/perl5.21.2 "-MExtUtils::Command::MM" "-MTest::Harness" "-e" "undef *Test::Harness::Switches; test_harness(0, 'blib/lib', 'blib/arch')" t/*.t
Can't locate Moo/HandleMoose/_TypeMap.pm in @INC (@INC contains: CODE(0x1eb4fd0) /tmpfs/.cpan-build/Object-Remote-0.003003-r8z9dF/blib/lib /tmpfs/.cpan-build/Object-Remote-0.003003-r8z9dF/blib/arch /etc/perl /usr/local/lib/perl/5.14.2 /usr/local/share/perl/5.14.2 /usr/lib/perl5 /usr/share/perl5 /usr/lib/perl/5.14 /usr/share/perl/5.14 /usr/local/lib/site_perl . CODE(0x1eb5060)) at /loader/0x1eb4fd0/Moo/_Utils.pm line 121.
Compilation failed in require at /loader/0x1eb4fd0/Moo.pm line 4.
BEGIN failed--compilation aborted at /loader/0x1eb4fd0/Moo.pm line 4.
Compilation failed in require at /loader/0x1eb4fd0/Object/Remote/Logging.pm line 3.
BEGIN failed--compilation aborted at /loader/0x1eb4fd0/Object/Remote/Logging.pm line 3.
Compilation failed in require at /loader/0x1eb4fd0/Object/Remote/Connection.pm line 3.
BEGIN failed--compilation aborted at /loader/0x1eb4fd0/Object/Remote/Connection.pm line 3.
Compilation failed in require at /loader/0x1eb4fd0/Object/Remote/Connector/STDIO.pm line 5.
BEGIN failed--compilation aborted at /loader/0x1eb4fd0/Object/Remote/Connector/STDIO.pm line 5.
Compilation failed in require at /loader/0x1eb4fd0/Object/Remote/Node.pm line 4.
BEGIN failed--compilation aborted at /loader/0x1eb4fd0/Object/Remote/Node.pm line 4.
Compilation failed in require at (eval 1) line 37763.
BEGIN failed--compilation aborted at (eval 1) line 37763.
Channel closed without seeing Shere: eof at /tmpfs/.cpan-build/Object-Remote-0.003003-r8z9dF/blib/lib/Object/Remote/Future.pm line 46.
    # Child (proxy kept) exited without calling finalize()

#   Failed test 'proxy kept'
#   at /opt/perl-5.21.2/lib/5.21.2/Test/Builder.pm line 276.
# Tests were run but no plan was declared and done_testing() was not seen.
# Looks like your test exited with 255 just after 1.
t/await.t ............. 
Dubious, test returned 255 (wstat 65280, 0xff00)
Failed 1/1 subtests 
Can't locate Moo/HandleMoose/_TypeMap.pm in @INC (@INC contains: CODE(0x1e4a910) /tmpfs/.cpan-build/Object-Remote-0.003003-r8z9dF/blib/lib /tmpfs/.cpan-build/Object-Remote-0.003003-r8z9dF/blib/arch lib t/lib /etc/perl /usr/local/lib/perl/5.14.2 /usr/local/share/perl/5.14.2 /usr/lib/perl5 /usr/share/perl5 /usr/lib/perl/5.14 /usr/share/perl/5.14 /usr/local/lib/site_perl . CODE(0x1e4a9a0)) at /loader/0x1e4a910/Moo/_Utils.pm line 121.
Compilation failed in require at /loader/0x1e4a910/Moo.pm line 4.
BEGIN failed--compilation aborted at /loader/0x1e4a910/Moo.pm line 4.
Compilation failed in require at /loader/0x1e4a910/Object/Remote/Logging.pm line 3.
BEGIN failed--compilation aborted at /loader/0x1e4a910/Object/Remote/Logging.pm line 3.
Compilation failed in require at /loader/0x1e4a910/Object/Remote/Connection.pm line 3.
BEGIN failed--compilation aborted at /loader/0x1e4a910/Object/Remote/Connection.pm line 3.
Compilation failed in require at /loader/0x1e4a910/Object/Remote/Connector/STDIO.pm line 5.
BEGIN failed--compilation aborted at /loader/0x1e4a910/Object/Remote/Connector/STDIO.pm line 5.
Compilation failed in require at /loader/0x1e4a910/Object/Remote/Node.pm line 4.
BEGIN failed--compilation aborted at /loader/0x1e4a910/Object/Remote/Node.pm line 4.
Compilation failed in require at (eval 1) line 37763.
BEGIN failed--compilation aborted at (eval 1) line 37763.
Channel closed without seeing Shere: eof at /tmpfs/.cpan-build/Object-Remote-0.003003-r8z9dF/blib/lib/Object/Remote/Future.pm line 46.
t/basic.t ............. 
Dubious, test returned 255 (wstat 65280, 0xff00)
No subtests run 
Can't locate Moo/HandleMoose/_TypeMap.pm in @INC (@INC contains: CODE(0x15e2fc0) /tmpfs/.cpan-build/Object-Remote-0.003003-r8z9dF/blib/lib /tmpfs/.cpan-build/Object-Remote-0.003003-r8z9dF/blib/arch /etc/perl /usr/local/lib/perl/5.14.2 /usr/local/share/perl/5.14.2 /usr/lib/perl5 /usr/share/perl5 /usr/lib/perl/5.14 /usr/share/perl/5.14 /usr/local/lib/site_perl . CODE(0x15e3050)) at /loader/0x15e2fc0/Moo/_Utils.pm line 121.
Compilation failed in require at /loader/0x15e2fc0/Moo.pm line 4.
BEGIN failed--compilation aborted at /loader/0x15e2fc0/Moo.pm line 4.
Compilation failed in require at /loader/0x15e2fc0/Object/Remote/Logging.pm line 3.
BEGIN failed--compilation aborted at /loader/0x15e2fc0/Object/Remote/Logging.pm line 3.
Compilation failed in require at /loader/0x15e2fc0/Object/Remote/Connection.pm line 3.
BEGIN failed--compilation aborted at /loader/0x15e2fc0/Object/Remote/Connection.pm line 3.
Compilation failed in require at /loader/0x15e2fc0/Object/Remote/Connector/STDIO.pm line 5.
BEGIN failed--compilation aborted at /loader/0x15e2fc0/Object/Remote/Connector/STDIO.pm line 5.
Compilation failed in require at /loader/0x15e2fc0/Object/Remote/Node.pm line 4.
BEGIN failed--compilation aborted at /loader/0x15e2fc0/Object/Remote/Node.pm line 4.
Compilation failed in require at (eval 1) line 37763.
BEGIN failed--compilation aborted at (eval 1) line 37763.
Channel closed without seeing Shere: eof at /tmpfs/.cpan-build/Object-Remote-0.003003-r8z9dF/blib/lib/Object/Remote/Future.pm line 46.
t/basic_data.t ........ 
Dubious, test returned 255 (wstat 65280, 0xff00)
No subtests run 
Can't locate Moo/HandleMoose/_TypeMap.pm in @INC (@INC contains: CODE(0x1948fc0) /tmpfs/.cpan-build/Object-Remote-0.003003-r8z9dF/blib/lib /tmpfs/.cpan-build/Object-Remote-0.003003-r8z9dF/blib/arch /etc/perl /usr/local/lib/perl/5.14.2 /usr/local/share/perl/5.14.2 /usr/lib/perl5 /usr/share/perl5 /usr/lib/perl/5.14 /usr/share/perl/5.14 /usr/local/lib/site_perl . CODE(0x1949050)) at /loader/0x1948fc0/Moo/_Utils.pm line 121.
Compilation failed in require at /loader/0x1948fc0/Moo.pm line 4.
BEGIN failed--compilation aborted at /loader/0x1948fc0/Moo.pm line 4.
Compilation failed in require at /loader/0x1948fc0/Object/Remote/Logging.pm line 3.
BEGIN failed--compilation aborted at /loader/0x1948fc0/Object/Remote/Logging.pm line 3.
Compilation failed in require at /loader/0x1948fc0/Object/Remote/Connection.pm line 3.
BEGIN failed--compilation aborted at /loader/0x1948fc0/Object/Remote/Connection.pm line 3.
Compilation failed in require at /loader/0x1948fc0/Object/Remote/Connector/STDIO.pm line 5.
BEGIN failed--compilation aborted at /loader/0x1948fc0/Object/Remote/Connector/STDIO.pm line 5.
Compilation failed in require at /loader/0x1948fc0/Object/Remote/Node.pm line 4.
BEGIN failed--compilation aborted at /loader/0x1948fc0/Object/Remote/Node.pm line 4.
Compilation failed in require at (eval 1) line 37763.
BEGIN failed--compilation aborted at (eval 1) line 37763.

#   Failed test 'no error during bridge access'
#   at t/bridged.t line 17.
#          got: 'Channel closed without seeing Shere: eof at /tmpfs/.cpan-build/Object-Remote-0.003003-r8z9dF/blib/lib/Object/Remote/Future.pm line 46.
# '
#     expected: undef
# Looks like you failed 1 test of 1.
t/bridged.t ........... 
Dubious, test returned 1 (wstat 256, 0x100)
Failed 1/1 subtests 
Can't locate Moo/HandleMoose/_TypeMap.pm in @INC (@INC contains: CODE(0xe46fc0) /tmpfs/.cpan-build/Object-Remote-0.003003-r8z9dF/blib/lib /tmpfs/.cpan-build/Object-Remote-0.003003-r8z9dF/blib/arch /etc/perl /usr/local/lib/perl/5.14.2 /usr/local/share/perl/5.14.2 /usr/lib/perl5 /usr/share/perl5 /usr/lib/perl/5.14 /usr/share/perl/5.14 /usr/local/lib/site_perl . CODE(0xe47050)) at /loader/0xe46fc0/Moo/_Utils.pm line 121.
Compilation failed in require at /loader/0xe46fc0/Moo.pm line 4.
BEGIN failed--compilation aborted at /loader/0xe46fc0/Moo.pm line 4.
Compilation failed in require at /loader/0xe46fc0/Object/Remote/Logging.pm line 3.
BEGIN failed--compilation aborted at /loader/0xe46fc0/Object/Remote/Logging.pm line 3.
Compilation failed in require at /loader/0xe46fc0/Object/Remote/Connection.pm line 3.
BEGIN failed--compilation aborted at /loader/0xe46fc0/Object/Remote/Connection.pm line 3.
Compilation failed in require at /loader/0xe46fc0/Object/Remote/Connector/STDIO.pm line 5.
BEGIN failed--compilation aborted at /loader/0xe46fc0/Object/Remote/Connector/STDIO.pm line 5.
Compilation failed in require at /loader/0xe46fc0/Object/Remote/Node.pm line 4.
BEGIN failed--compilation aborted at /loader/0xe46fc0/Object/Remote/Node.pm line 4.
Compilation failed in require at (eval 1) line 37763.
BEGIN failed--compilation aborted at (eval 1) line 37763.
Channel closed without seeing Shere: eof at /tmpfs/.cpan-build/Object-Remote-0.003003-r8z9dF/blib/lib/Object/Remote/Future.pm line 46.
t/chained.t ........... 
Dubious, test returned 255 (wstat 65280, 0xff00)
No subtests run 
t/logger.t ............ ok
t/logging.t ........... ok
t/logrouter.t ......... ok
Can't locate Moo/HandleMoose/_TypeMap.pm in @INC (@INC contains: CODE(0x25efe50) /tmpfs/.cpan-build/Object-Remote-0.003003-r8z9dF/blib/lib /tmpfs/.cpan-build/Object-Remote-0.003003-r8z9dF/blib/arch lib t/lib /etc/perl /usr/local/lib/perl/5.14.2 /usr/local/share/perl/5.14.2 /usr/lib/perl5 /usr/share/perl5 /usr/lib/perl/5.14 /usr/share/perl/5.14 /usr/local/lib/site_perl . CODE(0x25efee0)) at /loader/0x25efe50/Moo/_Utils.pm line 121.
Compilation failed in require at /loader/0x25efe50/Moo.pm line 4.
BEGIN failed--compilation aborted at /loader/0x25efe50/Moo.pm line 4.
Compilation failed in require at /loader/0x25efe50/Object/Remote/Logging.pm line 3.
BEGIN failed--compilation aborted at /loader/0x25efe50/Object/Remote/Logging.pm line 3.
Compilation failed in require at /loader/0x25efe50/Object/Remote/Connection.pm line 3.
BEGIN failed--compilation aborted at /loader/0x25efe50/Object/Remote/Connection.pm line 3.
Compilation failed in require at /loader/0x25efe50/Object/Remote/Connector/STDIO.pm line 5.
BEGIN failed--compilation aborted at /loader/0x25efe50/Object/Remote/Connector/STDIO.pm line 5.
Compilation failed in require at /loader/0x25efe50/Object/Remote/Node.pm line 4.
BEGIN failed--compilation aborted at /loader/0x25efe50/Object/Remote/Node.pm line 4.
Compilation failed in require at (eval 1) line 37747.
BEGIN failed--compilation aborted at (eval 1) line 37747.
Channel closed without seeing Shere: eof at /tmpfs/.cpan-build/Object-Remote-0.003003-r8z9dF/blib/lib/Object/Remote/Future.pm line 46.
t/objects.t ........... 
Dubious, test returned 255 (wstat 65280, 0xff00)
No subtests run 
t/perl_execute.t ...... ok
Can't locate Moo/HandleMoose/_TypeMap.pm in @INC (@INC contains: CODE(0x2719218) /tmpfs/.cpan-build/Object-Remote-0.003003-r8z9dF/blib/lib /tmpfs/.cpan-build/Object-Remote-0.003003-r8z9dF/blib/arch lib /etc/perl /usr/local/lib/perl/5.14.2 /usr/local/share/perl/5.14.2 /usr/lib/perl5 /usr/share/perl5 /usr/lib/perl/5.14 /usr/share/perl/5.14 /usr/local/lib/site_perl . CODE(0x27192a8)) at /loader/0x2719218/Moo/_Utils.pm line 121.
Compilation failed in require at /loader/0x2719218/Moo.pm line 4.
BEGIN failed--compilation aborted at /loader/0x2719218/Moo.pm line 4.
Compilation failed in require at /loader/0x2719218/Object/Remote/Logging.pm line 3.
BEGIN failed--compilation aborted at /loader/0x2719218/Object/Remote/Logging.pm line 3.
Compilation failed in require at /loader/0x2719218/Object/Remote/Connection.pm line 3.
BEGIN failed--compilation aborted at /loader/0x2719218/Object/Remote/Connection.pm line 3.
Compilation failed in require at /loader/0x2719218/Object/Remote/Connector/STDIO.pm line 5.
BEGIN failed--compilation aborted at /loader/0x2719218/Object/Remote/Connector/STDIO.pm line 5.
Compilation failed in require at /loader/0x2719218/Object/Remote/Node.pm line 4.
BEGIN failed--compilation aborted at /loader/0x2719218/Object/Remote/Node.pm line 4.
Compilation failed in require at (eval 1) line 37763.
BEGIN failed--compilation aborted at (eval 1) line 37763.
Channel closed without seeing Shere: eof at /tmpfs/.cpan-build/Object-Remote-0.003003-r8z9dF/blib/lib/Object/Remote/Future.pm line 46.
t/sender.t ............ 
Dubious, test returned 255 (wstat 65280, 0xff00)
No subtests run 
t/start_core.t ........ ok
Can't locate Moo/HandleMoose/_TypeMap.pm in @INC (@INC contains: CODE(0x1718fd0) /tmpfs/.cpan-build/Object-Remote-0.003003-r8z9dF/blib/lib /tmpfs/.cpan-build/Object-Remote-0.003003-r8z9dF/blib/arch /etc/perl /usr/local/lib/perl/5.14.2 /usr/local/share/perl/5.14.2 /usr/lib/perl5 /usr/share/perl5 /usr/lib/perl/5.14 /usr/share/perl/5.14 /usr/local/lib/site_perl . CODE(0x1719060)) at /loader/0x1718fd0/Moo/_Utils.pm line 121.
Compilation failed in require at /loader/0x1718fd0/Moo.pm line 4.
BEGIN failed--compilation aborted at /loader/0x1718fd0/Moo.pm line 4.
Compilation failed in require at /loader/0x1718fd0/Object/Remote/Logging.pm line 3.
BEGIN failed--compilation aborted at /loader/0x1718fd0/Object/Remote/Logging.pm line 3.
Compilation failed in require at /loader/0x1718fd0/Object/Remote/Connection.pm line 3.
BEGIN failed--compilation aborted at /loader/0x1718fd0/Object/Remote/Connection.pm line 3.
Compilation failed in require at /loader/0x1718fd0/Object/Remote/Connector/STDIO.pm line 5.
BEGIN failed--compilation aborted at /loader/0x1718fd0/Object/Remote/Connector/STDIO.pm line 5.
Compilation failed in require at /loader/0x1718fd0/Object/Remote/Node.pm line 4.
BEGIN failed--compilation aborted at /loader/0x1718fd0/Object/Remote/Node.pm line 4.
Compilation failed in require at (eval 1) line 37763.
BEGIN failed--compilation aborted at (eval 1) line 37763.
Channel closed without seeing Shere: eof at /tmpfs/.cpan-build/Object-Remote-0.003003-r8z9dF/blib/lib/Object/Remote/Future.pm line 46.
t/tied.t .............. 
Dubious, test returned 255 (wstat 65280, 0xff00)
No subtests run 
t/timeout.t ........... ok
Can't locate Moo/HandleMoose/_TypeMap.pm in @INC (@INC contains: CODE(0x1f4d900) /tmpfs/.cpan-build/Object-Remote-0.003003-r8z9dF/blib/lib /tmpfs/.cpan-build/Object-Remote-0.003003-r8z9dF/blib/arch lib t/lib /etc/perl /usr/local/lib/perl/5.14.2 /usr/local/share/perl/5.14.2 /usr/lib/perl5 /usr/share/perl5 /usr/lib/perl/5.14 /usr/share/perl/5.14 /usr/local/lib/site_perl . CODE(0x1f4d990)) at /loader/0x1f4d900/Moo/_Utils.pm line 121.
Compilation failed in require at /loader/0x1f4d900/Moo.pm line 4.
BEGIN failed--compilation aborted at /loader/0x1f4d900/Moo.pm line 4.
Compilation failed in require at /loader/0x1f4d900/Object/Remote/Logging.pm line 3.
BEGIN failed--compilation aborted at /loader/0x1f4d900/Object/Remote/Logging.pm line 3.
Compilation failed in require at /loader/0x1f4d900/Object/Remote/Connection.pm line 3.
BEGIN failed--compilation aborted at /loader/0x1f4d900/Object/Remote/Connection.pm line 3.
Compilation failed in require at /loader/0x1f4d900/Object/Remote/Connector/STDIO.pm line 5.
BEGIN failed--compilation aborted at /loader/0x1f4d900/Object/Remote/Connector/STDIO.pm line 5.
Compilation failed in require at /loader/0x1f4d900/Object/Remote/Node.pm line 4.
BEGIN failed--compilation aborted at /loader/0x1f4d900/Object/Remote/Node.pm line 4.
Compilation failed in require at (eval 1) line 37763.
BEGIN failed--compilation aborted at (eval 1) line 37763.

#   Failed test 'scalar refs - no errors during construction'
#   at t/transfer.t line 20.
#          got: 'Channel closed without seeing Shere: eof at /tmpfs/.cpan-build/Object-Remote-0.003003-r8z9dF/blib/lib/Object/Remote/Future.pm line 46.
# '
#     expected: undef
Can't locate Moo/HandleMoose/_TypeMap.pm in @INC (@INC contains: CODE(0x26e8900) /tmpfs/.cpan-build/Object-Remote-0.003003-r8z9dF/blib/lib /tmpfs/.cpan-build/Object-Remote-0.003003-r8z9dF/blib/arch lib t/lib /etc/perl /usr/local/lib/perl/5.14.2 /usr/local/share/perl/5.14.2 /usr/lib/perl5 /usr/share/perl5 /usr/lib/perl/5.14 /usr/share/perl/5.14 /usr/local/lib/site_perl . CODE(0x26e8990)) at /loader/0x26e8900/Moo/_Utils.pm line 121.
Compilation failed in require at /loader/0x26e8900/Moo.pm line 4.
BEGIN failed--compilation aborted at /loader/0x26e8900/Moo.pm line 4.
Compilation failed in require at /loader/0x26e8900/Object/Remote/Logging.pm line 3.
BEGIN failed--compilation aborted at /loader/0x26e8900/Object/Remote/Logging.pm line 3.
Compilation failed in require at /loader/0x26e8900/Object/Remote/Connection.pm line 3.
BEGIN failed--compilation aborted at /loader/0x26e8900/Object/Remote/Connection.pm line 3.
Compilation failed in require at /loader/0x26e8900/Object/Remote/Connector/STDIO.pm line 5.
BEGIN failed--compilation aborted at /loader/0x26e8900/Object/Remote/Connector/STDIO.pm line 5.
Compilation failed in require at /loader/0x26e8900/Object/Remote/Node.pm line 4.
BEGIN failed--compilation aborted at /loader/0x26e8900/Object/Remote/Node.pm line 4.
Compilation failed in require at (eval 1) line 37763.
BEGIN failed--compilation aborted at (eval 1) line 37763.

#   Failed test 'scalar refs - no errors during attribute set'
#   at t/transfer.t line 26.
#          got: 'Channel closed without seeing Shere: eof at /tmpfs/.cpan-build/Object-Remote-0.003003-r8z9dF/blib/lib/Object/Remote/Future.pm line 46.
# '
#     expected: undef
Can't locate Moo/HandleMoose/_TypeMap.pm in @INC (@INC contains: CODE(0x26f3900) /tmpfs/.cpan-build/Object-Remote-0.003003-r8z9dF/blib/lib /tmpfs/.cpan-build/Object-Remote-0.003003-r8z9dF/blib/arch lib t/lib /etc/perl /usr/local/lib/perl/5.14.2 /usr/local/share/perl/5.14.2 /usr/lib/perl5 /usr/share/perl5 /usr/lib/perl/5.14 /usr/share/perl/5.14 /usr/local/lib/site_perl . CODE(0x26f3990)) at /loader/0x26f3900/Moo/_Utils.pm line 121.
Compilation failed in require at /loader/0x26f3900/Moo.pm line 4.
BEGIN failed--compilation aborted at /loader/0x26f3900/Moo.pm line 4.
Compilation failed in require at /loader/0x26f3900/Object/Remote/Logging.pm line 3.
BEGIN failed--compilation aborted at /loader/0x26f3900/Object/Remote/Logging.pm line 3.
Compilation failed in require at /loader/0x26f3900/Object/Remote/Connection.pm line 3.
BEGIN failed--compilation aborted at /loader/0x26f3900/Object/Remote/Connection.pm line 3.
Compilation failed in require at /loader/0x26f3900/Object/Remote/Connector/STDIO.pm line 5.
BEGIN failed--compilation aborted at /loader/0x26f3900/Object/Remote/Connector/STDIO.pm line 5.
Compilation failed in require at /loader/0x26f3900/Object/Remote/Node.pm line 4.
BEGIN failed--compilation aborted at /loader/0x26f3900/Object/Remote/Node.pm line 4.
Compilation failed in require at (eval 1) line 37763.
BEGIN failed--compilation aborted at (eval 1) line 37763.

#   Failed test 'filehandles - no error during construction'
#   at t/transfer.t line 37.
#          got: 'Channel closed without seeing Shere: eof at /tmpfs/.cpan-build/Object-Remote-0.003003-r8z9dF/blib/lib/Object/Remote/Future.pm line 46.
# '
#     expected: undef
Can't locate Moo/HandleMoose/_TypeMap.pm in @INC (@INC contains: CODE(0x16e0900) /tmpfs/.cpan-build/Object-Remote-0.003003-r8z9dF/blib/lib /tmpfs/.cpan-build/Object-Remote-0.003003-r8z9dF/blib/arch lib t/lib /etc/perl /usr/local/lib/perl/5.14.2 /usr/local/share/perl/5.14.2 /usr/lib/perl5 /usr/share/perl5 /usr/lib/perl/5.14 /usr/share/perl/5.14 /usr/local/lib/site_perl . CODE(0x16e0990)) at /loader/0x16e0900/Moo/_Utils.pm line 121.
Compilation failed in require at /loader/0x16e0900/Moo.pm line 4.
BEGIN failed--compilation aborted at /loader/0x16e0900/Moo.pm line 4.
Compilation failed in require at /loader/0x16e0900/Object/Remote/Logging.pm line 3.
BEGIN failed--compilation aborted at /loader/0x16e0900/Object/Remote/Logging.pm line 3.
Compilation failed in require at /loader/0x16e0900/Object/Remote/Connection.pm line 3.
BEGIN failed--compilation aborted at /loader/0x16e0900/Object/Remote/Connection.pm line 3.
Compilation failed in require at /loader/0x16e0900/Object/Remote/Connector/STDIO.pm line 5.
BEGIN failed--compilation aborted at /loader/0x16e0900/Object/Remote/Connector/STDIO.pm line 5.
Compilation failed in require at /loader/0x16e0900/Object/Remote/Node.pm line 4.
BEGIN failed--compilation aborted at /loader/0x16e0900/Object/Remote/Node.pm line 4.
Compilation failed in require at (eval 1) line 37763.
BEGIN failed--compilation aborted at (eval 1) line 37763.

#   Failed test 'filehandles - no error during remote handle'
#   at t/transfer.t line 45.
#          got: 'Channel closed without seeing Shere: eof at /tmpfs/.cpan-build/Object-Remote-0.003003-r8z9dF/blib/lib/Object/Remote/Future.pm line 46.
# '
#     expected: undef
Can't locate Moo/HandleMoose/_TypeMap.pm in @INC (@INC contains: CODE(0x1577900) /tmpfs/.cpan-build/Object-Remote-0.003003-r8z9dF/blib/lib /tmpfs/.cpan-build/Object-Remote-0.003003-r8z9dF/blib/arch lib t/lib /etc/perl /usr/local/lib/perl/5.14.2 /usr/local/share/perl/5.14.2 /usr/lib/perl5 /usr/share/perl5 /usr/lib/perl/5.14 /usr/share/perl/5.14 /usr/local/lib/site_perl . CODE(0x1577990)) at /loader/0x1577900/Moo/_Utils.pm line 121.
Compilation failed in require at /loader/0x1577900/Moo.pm line 4.
BEGIN failed--compilation aborted at /loader/0x1577900/Moo.pm line 4.
Compilation failed in require at /loader/0x1577900/Object/Remote/Logging.pm line 3.
BEGIN failed--compilation aborted at /loader/0x1577900/Object/Remote/Logging.pm line 3.
Compilation failed in require at /loader/0x1577900/Object/Remote/Connection.pm line 3.
BEGIN failed--compilation aborted at /loader/0x1577900/Object/Remote/Connection.pm line 3.
Compilation failed in require at /loader/0x1577900/Object/Remote/Connector/STDIO.pm line 5.
BEGIN failed--compilation aborted at /loader/0x1577900/Object/Remote/Connector/STDIO.pm line 5.
Compilation failed in require at /loader/0x1577900/Object/Remote/Node.pm line 4.
BEGIN failed--compilation aborted at /loader/0x1577900/Object/Remote/Node.pm line 4.
Compilation failed in require at (eval 1) line 37763.
BEGIN failed--compilation aborted at (eval 1) line 37763.

#   Failed test 'filehandles - no error during remote read'
#   at t/transfer.t line 53.
#          got: 'Channel closed without seeing Shere: eof at /tmpfs/.cpan-build/Object-Remote-0.003003-r8z9dF/blib/lib/Object/Remote/Future.pm line 46.
# '
#     expected: undef
Can't locate Moo/HandleMoose/_TypeMap.pm in @INC (@INC contains: CODE(0x22be900) /tmpfs/.cpan-build/Object-Remote-0.003003-r8z9dF/blib/lib /tmpfs/.cpan-build/Object-Remote-0.003003-r8z9dF/blib/arch lib t/lib /etc/perl /usr/local/lib/perl/5.14.2 /usr/local/share/perl/5.14.2 /usr/lib/perl5 /usr/share/perl5 /usr/lib/perl/5.14 /usr/share/perl/5.14 /usr/local/lib/site_perl . CODE(0x22be990)) at /loader/0x22be900/Moo/_Utils.pm line 121.
Compilation failed in require at /loader/0x22be900/Moo.pm line 4.
BEGIN failed--compilation aborted at /loader/0x22be900/Moo.pm line 4.
Compilation failed in require at /loader/0x22be900/Object/Remote/Logging.pm line 3.
BEGIN failed--compilation aborted at /loader/0x22be900/Object/Remote/Logging.pm line 3.
Compilation failed in require at /loader/0x22be900/Object/Remote/Connection.pm line 3.
BEGIN failed--compilation aborted at /loader/0x22be900/Object/Remote/Connection.pm line 3.
Compilation failed in require at /loader/0x22be900/Object/Remote/Connector/STDIO.pm line 5.
BEGIN failed--compilation aborted at /loader/0x22be900/Object/Remote/Connector/STDIO.pm line 5.
Compilation failed in require at /loader/0x22be900/Object/Remote/Node.pm line 4.
BEGIN failed--compilation aborted at /loader/0x22be900/Object/Remote/Node.pm line 4.
Compilation failed in require at (eval 1) line 37763.
BEGIN failed--compilation aborted at (eval 1) line 37763.

#   Failed test 'filehandles - no errors during binmode'
#   at t/transfer.t line 59.
#          got: 'Channel closed without seeing Shere: eof at /tmpfs/.cpan-build/Object-Remote-0.003003-r8z9dF/blib/lib/Object/Remote/Future.pm line 46.
# '
#     expected: undef
# Looks like you failed 6 tests of 6.
t/transfer.t .......... 
Dubious, test returned 6 (wstat 1536, 0x600)
Failed 6/6 subtests 
Can't locate Moo/HandleMoose/_TypeMap.pm in @INC (@INC contains: CODE(0x11ec1e8) /tmpfs/.cpan-build/Object-Remote-0.003003-r8z9dF/blib/lib /tmpfs/.cpan-build/Object-Remote-0.003003-r8z9dF/blib/arch /etc/perl /usr/local/lib/perl/5.14.2 /usr/local/share/perl/5.14.2 /usr/lib/perl5 /usr/share/perl5 /usr/lib/perl/5.14 /usr/share/perl/5.14 /usr/local/lib/site_perl . CODE(0x11ec278)) at /loader/0x11ec1e8/Moo/_Utils.pm line 121.
Compilation failed in require at /loader/0x11ec1e8/Moo.pm line 4.
BEGIN failed--compilation aborted at /loader/0x11ec1e8/Moo.pm line 4.
Compilation failed in require at /loader/0x11ec1e8/Object/Remote/Logging.pm line 3.
BEGIN failed--compilation aborted at /loader/0x11ec1e8/Object/Remote/Logging.pm line 3.
Compilation failed in require at /loader/0x11ec1e8/Object/Remote/Connection.pm line 3.
BEGIN failed--compilation aborted at /loader/0x11ec1e8/Object/Remote/Connection.pm line 3.
Compilation failed in require at /loader/0x11ec1e8/Object/Remote/Connector/STDIO.pm line 5.
BEGIN failed--compilation aborted at /loader/0x11ec1e8/Object/Remote/Connector/STDIO.pm line 5.
Compilation failed in require at /loader/0x11ec1e8/Object/Remote/Node.pm line 4.
BEGIN failed--compilation aborted at /loader/0x11ec1e8/Object/Remote/Node.pm line 4.
Compilation failed in require at (eval 1) line 37763.
BEGIN failed--compilation aborted at (eval 1) line 37763.
Channel closed without seeing Shere: eof at /tmpfs/.cpan-build/Object-Remote-0.003003-r8z9dF/blib/lib/Object/Remote/Future.pm line 46.
t/watchdog.t .......... 
Dubious, test returned 255 (wstat 65280, 0xff00)
No subtests run 
t/watchdog_fatnode.t .. ok

Test Summary Report
-------------------
t/await.t           (Wstat: 65280 Tests: 1 Failed: 1)
  Failed test:  1
  Non-zero exit status: 255
  Parse errors: No plan found in TAP output
t/basic.t           (Wstat: 65280 Tests: 0 Failed: 0)
  Non-zero exit status: 255
  Parse errors: No plan found in TAP output
t/basic_data.t      (Wstat: 65280 Tests: 0 Failed: 0)
  Non-zero exit status: 255
  Parse errors: No plan found in TAP output
t/bridged.t         (Wstat: 256 Tests: 1 Failed: 1)
  Failed test:  1
  Non-zero exit status: 1
t/chained.t         (Wstat: 65280 Tests: 0 Failed: 0)
  Non-zero exit status: 255
  Parse errors: No plan found in TAP output
t/objects.t         (Wstat: 65280 Tests: 0 Failed: 0)
  Non-zero exit status: 255
  Parse errors: No plan found in TAP output
t/sender.t          (Wstat: 65280 Tests: 0 Failed: 0)
  Non-zero exit status: 255
  Parse errors: No plan found in TAP output
t/tied.t            (Wstat: 65280 Tests: 0 Failed: 0)
  Non-zero exit status: 255
  Parse errors: No plan found in TAP output
t/transfer.t        (Wstat: 1536 Tests: 6 Failed: 6)
  Failed tests:  1-6
  Non-zero exit status: 6
t/watchdog.t        (Wstat: 65280 Tests: 0 Failed: 0)
  Non-zero exit status: 255
  Parse errors: No plan found in TAP output
Files=17, Tests=77, 10 wallclock secs ( 0.05 usr  0.06 sys +  3.65 cusr  1.00 csys =  4.76 CPU)
Result: FAIL
Failed 10/17 test programs. 8/77 subtests failed.
make: *** [test_dynamic] Fehler 255

------------------------------
PREREQUISITES
------------------------------

Prerequisite modules loaded:

requires:

    Module              Need  Have    
    ------------------- ----- --------
    Class::C3           0     0.26    
    Future              0.29  0.29    
    JSON::PP            0     2.27203 
    Log::Contextual     0.005 0.006004
    Module::Runtime     0     0.014   
    Moo                 1.001 1.005000
    MRO::Compat         0     0.12    
    String::ShellQuote  0     1.04    

build_requires:

    Module              Need  Have    
    ------------------- ----- --------
    ExtUtils::MakeMaker 0     6.98    

configure_requires:

    Module              Need  Have    
    ------------------- ----- --------
    ExtUtils::MakeMaker 0     6.98    


------------------------------
ENVIRONMENT AND OTHER CONTEXT
------------------------------

Environment variables:

    DBIC_NO_WARN_BAD_PERL = 1
    LANG = C
    LC_ALL = de_DE.UTF-8
    PATH = /usr/local/bin:/usr/bin:/bin:/usr/local/sbin:/usr/sbin:/sbin:/home/eserte/bin/linux-gnu:/home/eserte/bin/sh:/home/eserte/bin:/usr/games:/home/eserte/devel:/home/eserte/src/srezic-misc/scripts
    PERL5LIB = 
    PERL5OPT = 
    PERL5_CPANPLUS_IS_RUNNING = 2800
    PERL5_CPAN_IS_RUNNING = 2800
    PERL5_CPAN_IS_RUNNING_IN_RECURSION = 2717,2800
    PERLDOC = -MPod::Perldoc::ToTextOverstrike
    PERL_BATCH = yes
    PERL_CPAN_REPORTER_CONFIG = /var/tmp/cpansmoker-1001/wCNp39JMtH_config.ini
    PERL_EXTUTILS_AUTOINSTALL = --defaultdeps
    PERL_HTML_DISPLAY_CLASS = HTML::Display::Mozilla
    PERL_PARALLEL_SMOKER = yes
    SHELL = /bin/zsh
    TERM = screen
    TMPDIR = /var/tmp/cpansmoker-1001

Perl special variables (and OS-specific diagnostics, for MSWin32):

    $^X = /opt/perl-5.21.2/bin/perl5.21.2
    $UID/$EUID = 1001 / 1001
    $GID = 1001 109 1001
    $EGID = 1001 109 1001

Perl module toolchain versions installed:

    Module              Have    
    ------------------- --------
    CPAN                2.05    
    CPAN::Meta          2.141520
    Cwd                 3.49    
    ExtUtils::CBuilder  0.280216
    ExtUtils::Command   1.18    
    ExtUtils::Install   1.68    
    ExtUtils::MakeMaker 6.98    
    ExtUtils::Manifest  1.65    
    ExtUtils::ParseXS   3.25    
    File::Spec          3.49    
    JSON                2.90    
    JSON::PP            2.27203 
    Module::Build       0.4206  
    Module::Signature   0.73    
    Parse::CPAN::Meta   1.4414  
    Test::Harness       3.32    
    Test::More          1.001003
    YAML                1.00    
    YAML::Syck          1.27    
    version             0.9908  


--

Summary of my perl5 (revision 5 version 21 subversion 2) configuration:
   
  Platform:
    osname=linux, osvers=3.2.0-4-amd64, archname=x86_64-linux
    uname='linux eserte 3.2.0-4-amd64 #1 smp debian 3.2.57-3+deb7u2 x86_64 gnulinux '
    config_args='-ds -e -Dprefix=/opt/perl-5.21.2 -Dusedevel -Dusemallocwrap=no'
    hint=recommended, useposix=true, d_sigaction=define
    useithreads=undef, usemultiplicity=undef
    use64bitint=define, use64bitall=define, uselongdouble=undef
    usemymalloc=n, bincompat5005=undef
  Compiler:
    cc='cc', ccflags ='-fwrapv -fno-strict-aliasing -pipe -fstack-protector -I/usr/local/include -D_LARGEFILE_SOURCE -D_FILE_OFFSET_BITS=64 -D_FORTIFY_SOURCE=2',
    optimize='-O2',
    cppflags='-fwrapv -fno-strict-aliasing -pipe -fstack-protector -I/usr/local/include'
    ccversion='', gccversion='4.7.2', gccosandvers=''
    intsize=4, longsize=8, ptrsize=8, doublesize=8, byteorder=12345678
    d_longlong=define, longlongsize=8, d_longdbl=define, longdblsize=16
    ivtype='long', ivsize=8, nvtype='double', nvsize=8, Off_t='off_t', lseeksize=8
    alignbytes=8, prototype=define
  Linker and Libraries:
    ld='cc', ldflags =' -fstack-protector -L/usr/local/lib'
    libpth=/usr/local/lib /usr/lib/gcc/x86_64-linux-gnu/4.7/include-fixed /usr/include/x86_64-linux-gnu /usr/lib /lib/x86_64-linux-gnu /lib/../lib /usr/lib/x86_64-linux-gnu /usr/lib/../lib /lib
    libs=-lnsl -ldb -ldl -lm -lcrypt -lutil -lc
    perllibs=-lnsl -ldl -lm -lcrypt -lutil -lc
    libc=libc-2.13.so, so=so, useshrplib=false, libperl=libperl.a
    gnulibc_version='2.13'
  Dynamic Linking:
    dlsrc=dl_dlopen.xs, dlext=so, d_dlsymun=undef, ccdlflags='-Wl,-E'
    cccdlflags='-fPIC', lddlflags='-shared -O2 -L/usr/local/lib -fstack-protector'


Characteristics of this binary (from libperl): 
  Compile-time options: HAS_TIMES PERLIO_LAYERS PERL_DONT_CREATE_GVSV
                        PERL_HASH_FUNC_ONE_AT_A_TIME_HARD
                        PERL_NEW_COPY_ON_WRITE PERL_PRESERVE_IVUV
                        PERL_USE_DEVEL USE_64_BIT_ALL USE_64_BIT_INT
                        USE_LARGE_FILES USE_LOCALE USE_LOCALE_COLLATE
                        USE_LOCALE_CTYPE USE_LOCALE_NUMERIC USE_LOCALE_TIME
                        USE_PERLIO USE_PERL_ATOF
  Built under linux
  Compiled at Jul 21 2014 05:22:36
  %ENV:
    PERL5LIB=""
    PERL5OPT=""
    PERL5_CPANPLUS_IS_RUNNING="2800"
    PERL5_CPAN_IS_RUNNING="2800"
    PERL5_CPAN_IS_RUNNING_IN_RECURSION="2717,2800"
    PERLDOC="-MPod::Perldoc::ToTextOverstrike"
    PERL_BATCH="yes"
    PERL_CPAN_REPORTER_CONFIG="/var/tmp/cpansmoker-1001/wCNp39JMtH_config.ini"
    PERL_EXTUTILS_AUTOINSTALL="--defaultdeps"
    PERL_HTML_DISPLAY_CLASS="HTML::Display::Mozilla"
    PERL_PARALLEL_SMOKER="yes"
  @INC:
    /opt/perl-5.21.2/lib/site_perl/5.21.2/x86_64-linux
    /opt/perl-5.21.2/lib/site_perl/5.21.2
    /opt/perl-5.21.2/lib/5.21.2/x86_64-linux
    /opt/perl-5.21.2/lib/5.21.2
    .