Report for Tcl-1.10

Back
From: metabase:user:563fd340-b22d-11e3-901f-2334a8943fc1
Subject: FAIL Tcl-1.10 5.26.2 Mac OS X
Date: 2018-07-01T22:17:31Z

This distribution has been tested as part of the CPAN Testers
project, supporting the Perl programming language.  See
http://wiki.cpantesters.org/ for more information or email
questions to cpan-testers-discuss@perl.org


--
Dear Vadim Konovalov,

This is a computer-generated report for Tcl-1.10
on perl 5.26.2, created by CPAN-Reporter-1.2018.

Thank you for uploading your work to CPAN.  However, there was a problem
testing your distribution.

If you think this report is invalid, please consult the CPAN Testers Wiki
for suggestions on how to avoid getting FAIL reports for missing library
or binary dependencies, unsupported operating systems, and so on:

http://wiki.cpantesters.org/wiki/CPANAuthorNotes

Sections of this report:

    * Tester comments
    * Program output
    * Prerequisites
    * Environment and other context

------------------------------
TESTER COMMENTS
------------------------------

Additional comments from tester:

none provided

------------------------------
PROGRAM OUTPUT
------------------------------

Output from '/usr/bin/make test':

"/Users/psharman/perl5/perlbrew/perls/perl-5.26.2/bin/perl" -MExtUtils::Command::MM -e 'cp_nonempty' -- Tcl.bs blib/arch/auto/Tcl/Tcl.bs 644
PERL_DL_NONLAZY=1 "/Users/psharman/perl5/perlbrew/perls/perl-5.26.2/bin/perl" "-MExtUtils::Command::MM" "-MTest::Harness" "-e" "undef *Test::Harness::Switches; test_harness(0, 'blib/lib', 'blib/arch')" t/*.t
Can't load '/Users/psharman/.cpan/build/Tcl-1.10-0/blib/arch/auto/Tcl/Tcl.bundle' for module Tcl: dlopen(/Users/psharman/.cpan/build/Tcl-1.10-0/blib/arch/auto/Tcl/Tcl.bundle, 2): Symbol not found: _Tcl_Init
  Referenced from: /Users/psharman/.cpan/build/Tcl-1.10-0/blib/arch/auto/Tcl/Tcl.bundle
  Expected in: flat namespace
 in /Users/psharman/.cpan/build/Tcl-1.10-0/blib/arch/auto/Tcl/Tcl.bundle at /Users/psharman/perl5/perlbrew/perls/perl-5.26.2/lib/5.26.2/darwin-2level/DynaLoader.pm line 197.
 at t/call.t line 6.
Compilation failed in require at t/call.t line 6.
BEGIN failed--compilation aborted at t/call.t line 6.
Undefined subroutine &Tcl::_Finalize called at /Users/psharman/.cpan/build/Tcl-1.10-0/blib/lib/Tcl.pm line 586.
END failed--call queue aborted at t/call.t line 6.
t/call.t ........... 
Dubious, test returned 22 (wstat 5632, 0x1600)
No subtests run 
Can't load '/Users/psharman/.cpan/build/Tcl-1.10-0/blib/arch/auto/Tcl/Tcl.bundle' for module Tcl: dlopen(/Users/psharman/.cpan/build/Tcl-1.10-0/blib/arch/auto/Tcl/Tcl.bundle, 2): Symbol not found: _Tcl_Init
  Referenced from: /Users/psharman/.cpan/build/Tcl-1.10-0/blib/arch/auto/Tcl/Tcl.bundle
  Expected in: flat namespace
 in /Users/psharman/.cpan/build/Tcl-1.10-0/blib/arch/auto/Tcl/Tcl.bundle at /Users/psharman/perl5/perlbrew/perls/perl-5.26.2/lib/5.26.2/darwin-2level/DynaLoader.pm line 197.
 at t/constants.t line 8.
Compilation failed in require at t/constants.t line 8.
BEGIN failed--compilation aborted at t/constants.t line 8.
Undefined subroutine &Tcl::_Finalize called at /Users/psharman/.cpan/build/Tcl-1.10-0/blib/lib/Tcl.pm line 586.
END failed--call queue aborted at t/constants.t line 8.
t/constants.t ...... 
Dubious, test returned 22 (wstat 5632, 0x1600)
No subtests run 
Can't load '/Users/psharman/.cpan/build/Tcl-1.10-0/blib/arch/auto/Tcl/Tcl.bundle' for module Tcl: dlopen(/Users/psharman/.cpan/build/Tcl-1.10-0/blib/arch/auto/Tcl/Tcl.bundle, 2): Symbol not found: _Tcl_Init
  Referenced from: /Users/psharman/.cpan/build/Tcl-1.10-0/blib/arch/auto/Tcl/Tcl.bundle
  Expected in: flat namespace
 in /Users/psharman/.cpan/build/Tcl-1.10-0/blib/arch/auto/Tcl/Tcl.bundle at /Users/psharman/perl5/perlbrew/perls/perl-5.26.2/lib/5.26.2/darwin-2level/DynaLoader.pm line 197.
 at t/createcmd.t line 1.
Compilation failed in require at t/createcmd.t line 1.
BEGIN failed--compilation aborted at t/createcmd.t line 1.
Undefined subroutine &Tcl::_Finalize called at /Users/psharman/.cpan/build/Tcl-1.10-0/blib/lib/Tcl.pm line 586.
END failed--call queue aborted at t/createcmd.t line 1.
t/createcmd.t ...... 
Dubious, test returned 22 (wstat 5632, 0x1600)
No subtests run 
Can't load '/Users/psharman/.cpan/build/Tcl-1.10-0/blib/arch/auto/Tcl/Tcl.bundle' for module Tcl: dlopen(/Users/psharman/.cpan/build/Tcl-1.10-0/blib/arch/auto/Tcl/Tcl.bundle, 2): Symbol not found: _Tcl_Init
  Referenced from: /Users/psharman/.cpan/build/Tcl-1.10-0/blib/arch/auto/Tcl/Tcl.bundle
  Expected in: flat namespace
 in /Users/psharman/.cpan/build/Tcl-1.10-0/blib/arch/auto/Tcl/Tcl.bundle at /Users/psharman/perl5/perlbrew/perls/perl-5.26.2/lib/5.26.2/darwin-2level/DynaLoader.pm line 197.
 at t/disposal-subs.t line 3.
Compilation failed in require at t/disposal-subs.t line 3.
BEGIN failed--compilation aborted at t/disposal-subs.t line 3.
Undefined subroutine &Tcl::_Finalize called at /Users/psharman/.cpan/build/Tcl-1.10-0/blib/lib/Tcl.pm line 586.
END failed--call queue aborted at t/disposal-subs.t line 3.
t/disposal-subs.t .. 
Dubious, test returned 22 (wstat 5632, 0x1600)
No subtests run 
Can't load '/Users/psharman/.cpan/build/Tcl-1.10-0/blib/arch/auto/Tcl/Tcl.bundle' for module Tcl: dlopen(/Users/psharman/.cpan/build/Tcl-1.10-0/blib/arch/auto/Tcl/Tcl.bundle, 2): Symbol not found: _Tcl_Init
  Referenced from: /Users/psharman/.cpan/build/Tcl-1.10-0/blib/arch/auto/Tcl/Tcl.bundle
  Expected in: flat namespace
 in /Users/psharman/.cpan/build/Tcl-1.10-0/blib/arch/auto/Tcl/Tcl.bundle at /Users/psharman/perl5/perlbrew/perls/perl-5.26.2/lib/5.26.2/darwin-2level/DynaLoader.pm line 197.
 at t/eval.t line 1.
Compilation failed in require at t/eval.t line 1.
BEGIN failed--compilation aborted at t/eval.t line 1.
Undefined subroutine &Tcl::_Finalize called at /Users/psharman/.cpan/build/Tcl-1.10-0/blib/lib/Tcl.pm line 586.
END failed--call queue aborted at t/eval.t line 1.
t/eval.t ........... 
Dubious, test returned 22 (wstat 5632, 0x1600)
No subtests run 
Can't load '/Users/psharman/.cpan/build/Tcl-1.10-0/blib/arch/auto/Tcl/Tcl.bundle' for module Tcl: dlopen(/Users/psharman/.cpan/build/Tcl-1.10-0/blib/arch/auto/Tcl/Tcl.bundle, 2): Symbol not found: _Tcl_Init
  Referenced from: /Users/psharman/.cpan/build/Tcl-1.10-0/blib/arch/auto/Tcl/Tcl.bundle
  Expected in: flat namespace
 in /Users/psharman/.cpan/build/Tcl-1.10-0/blib/arch/auto/Tcl/Tcl.bundle at /Users/psharman/perl5/perlbrew/perls/perl-5.26.2/lib/5.26.2/darwin-2level/DynaLoader.pm line 197.
 at t/export_to_tcl.t line 5.
Compilation failed in require at t/export_to_tcl.t line 5.
BEGIN failed--compilation aborted at t/export_to_tcl.t line 5.
Undefined subroutine &Tcl::_Finalize called at /Users/psharman/.cpan/build/Tcl-1.10-0/blib/lib/Tcl.pm line 586.
END failed--call queue aborted at t/export_to_tcl.t line 5.
t/export_to_tcl.t .. 
Dubious, test returned 22 (wstat 5632, 0x1600)
Failed 4/4 subtests 
Can't load '/Users/psharman/.cpan/build/Tcl-1.10-0/blib/arch/auto/Tcl/Tcl.bundle' for module Tcl: dlopen(/Users/psharman/.cpan/build/Tcl-1.10-0/blib/arch/auto/Tcl/Tcl.bundle, 2): Symbol not found: _Tcl_Init
  Referenced from: /Users/psharman/.cpan/build/Tcl-1.10-0/blib/arch/auto/Tcl/Tcl.bundle
  Expected in: flat namespace
 in /Users/psharman/.cpan/build/Tcl-1.10-0/blib/arch/auto/Tcl/Tcl.bundle at /Users/psharman/perl5/perlbrew/perls/perl-5.26.2/lib/5.26.2/darwin-2level/DynaLoader.pm line 197.
 at t/info.t line 8.
Compilation failed in require at t/info.t line 8.
BEGIN failed--compilation aborted at t/info.t line 8.
Undefined subroutine &Tcl::_Finalize called at /Users/psharman/.cpan/build/Tcl-1.10-0/blib/lib/Tcl.pm line 586.
END failed--call queue aborted at t/info.t line 8.
t/info.t ........... 
Dubious, test returned 22 (wstat 5632, 0x1600)
No subtests run 
Can't load '/Users/psharman/.cpan/build/Tcl-1.10-0/blib/arch/auto/Tcl/Tcl.bundle' for module Tcl: dlopen(/Users/psharman/.cpan/build/Tcl-1.10-0/blib/arch/auto/Tcl/Tcl.bundle, 2): Symbol not found: _Tcl_Init
  Referenced from: /Users/psharman/.cpan/build/Tcl-1.10-0/blib/arch/auto/Tcl/Tcl.bundle
  Expected in: flat namespace
 in /Users/psharman/.cpan/build/Tcl-1.10-0/blib/arch/auto/Tcl/Tcl.bundle at /Users/psharman/perl5/perlbrew/perls/perl-5.26.2/lib/5.26.2/darwin-2level/DynaLoader.pm line 197.
 at t/result.t line 1.
Compilation failed in require at t/result.t line 1.
BEGIN failed--compilation aborted at t/result.t line 1.
Undefined subroutine &Tcl::_Finalize called at /Users/psharman/.cpan/build/Tcl-1.10-0/blib/lib/Tcl.pm line 586.
END failed--call queue aborted at t/result.t line 1.
t/result.t ......... 
Dubious, test returned 22 (wstat 5632, 0x1600)
No subtests run 
Can't load '/Users/psharman/.cpan/build/Tcl-1.10-0/blib/arch/auto/Tcl/Tcl.bundle' for module Tcl: dlopen(/Users/psharman/.cpan/build/Tcl-1.10-0/blib/arch/auto/Tcl/Tcl.bundle, 2): Symbol not found: _Tcl_Init
  Referenced from: /Users/psharman/.cpan/build/Tcl-1.10-0/blib/arch/auto/Tcl/Tcl.bundle
  Expected in: flat namespace
 in /Users/psharman/.cpan/build/Tcl-1.10-0/blib/arch/auto/Tcl/Tcl.bundle at /Users/psharman/perl5/perlbrew/perls/perl-5.26.2/lib/5.26.2/darwin-2level/DynaLoader.pm line 197.
 at t/subclass.t line 10.
Compilation failed in require at t/subclass.t line 10.
Undefined subroutine &Tcl::_Finalize called at /Users/psharman/.cpan/build/Tcl-1.10-0/blib/lib/Tcl.pm line 586.
END failed--call queue aborted.
t/subclass.t ....... 
Dubious, test returned 22 (wstat 5632, 0x1600)
Failed 4/4 subtests 
Can't load '/Users/psharman/.cpan/build/Tcl-1.10-0/blib/arch/auto/Tcl/Tcl.bundle' for module Tcl: dlopen(/Users/psharman/.cpan/build/Tcl-1.10-0/blib/arch/auto/Tcl/Tcl.bundle, 2): Symbol not found: _Tcl_Init
  Referenced from: /Users/psharman/.cpan/build/Tcl-1.10-0/blib/arch/auto/Tcl/Tcl.bundle
  Expected in: flat namespace
 in /Users/psharman/.cpan/build/Tcl-1.10-0/blib/arch/auto/Tcl/Tcl.bundle at /Users/psharman/perl5/perlbrew/perls/perl-5.26.2/lib/5.26.2/darwin-2level/DynaLoader.pm line 197.
 at t/trace.t line 1.
Compilation failed in require at t/trace.t line 1.
BEGIN failed--compilation aborted at t/trace.t line 1.
Undefined subroutine &Tcl::_Finalize called at /Users/psharman/.cpan/build/Tcl-1.10-0/blib/lib/Tcl.pm line 586.
END failed--call queue aborted at t/trace.t line 1.
t/trace.t .......... 
Dubious, test returned 22 (wstat 5632, 0x1600)
No subtests run 
Can't load '/Users/psharman/.cpan/build/Tcl-1.10-0/blib/arch/auto/Tcl/Tcl.bundle' for module Tcl: dlopen(/Users/psharman/.cpan/build/Tcl-1.10-0/blib/arch/auto/Tcl/Tcl.bundle, 2): Symbol not found: _Tcl_Init
  Referenced from: /Users/psharman/.cpan/build/Tcl-1.10-0/blib/arch/auto/Tcl/Tcl.bundle
  Expected in: flat namespace
 in /Users/psharman/.cpan/build/Tcl-1.10-0/blib/arch/auto/Tcl/Tcl.bundle at /Users/psharman/perl5/perlbrew/perls/perl-5.26.2/lib/5.26.2/darwin-2level/DynaLoader.pm line 197.
 at t/unicode.t line 14.
Compilation failed in require at t/unicode.t line 14.
BEGIN failed--compilation aborted at t/unicode.t line 14.
Undefined subroutine &Tcl::_Finalize called at /Users/psharman/.cpan/build/Tcl-1.10-0/blib/lib/Tcl.pm line 586.
END failed--call queue aborted at t/unicode.t line 14.
t/unicode.t ........ 
Dubious, test returned 22 (wstat 5632, 0x1600)
No subtests run 
Can't load '/Users/psharman/.cpan/build/Tcl-1.10-0/blib/arch/auto/Tcl/Tcl.bundle' for module Tcl: dlopen(/Users/psharman/.cpan/build/Tcl-1.10-0/blib/arch/auto/Tcl/Tcl.bundle, 2): Symbol not found: _Tcl_Init
  Referenced from: /Users/psharman/.cpan/build/Tcl-1.10-0/blib/arch/auto/Tcl/Tcl.bundle
  Expected in: flat namespace
 in /Users/psharman/.cpan/build/Tcl-1.10-0/blib/arch/auto/Tcl/Tcl.bundle at /Users/psharman/perl5/perlbrew/perls/perl-5.26.2/lib/5.26.2/darwin-2level/DynaLoader.pm line 197.
 at t/var.t line 1.
Compilation failed in require at t/var.t line 1.
BEGIN failed--compilation aborted at t/var.t line 1.
Undefined subroutine &Tcl::_Finalize called at /Users/psharman/.cpan/build/Tcl-1.10-0/blib/lib/Tcl.pm line 586.
END failed--call queue aborted at t/var.t line 1.
t/var.t ............ 
Dubious, test returned 22 (wstat 5632, 0x1600)
No subtests run 

Test Summary Report
-------------------
t/call.t         (Wstat: 5632 Tests: 0 Failed: 0)
  Non-zero exit status: 22
  Parse errors: No plan found in TAP output
t/constants.t    (Wstat: 5632 Tests: 0 Failed: 0)
  Non-zero exit status: 22
  Parse errors: No plan found in TAP output
t/createcmd.t    (Wstat: 5632 Tests: 0 Failed: 0)
  Non-zero exit status: 22
  Parse errors: No plan found in TAP output
t/disposal-subs.t (Wstat: 5632 Tests: 0 Failed: 0)
  Non-zero exit status: 22
  Parse errors: No plan found in TAP output
t/eval.t         (Wstat: 5632 Tests: 0 Failed: 0)
  Non-zero exit status: 22
  Parse errors: No plan found in TAP output
t/export_to_tcl.t (Wstat: 5632 Tests: 0 Failed: 0)
  Non-zero exit status: 22
  Parse errors: Bad plan.  You planned 4 tests but ran 0.
t/info.t         (Wstat: 5632 Tests: 0 Failed: 0)
  Non-zero exit status: 22
  Parse errors: No plan found in TAP output
t/result.t       (Wstat: 5632 Tests: 0 Failed: 0)
  Non-zero exit status: 22
  Parse errors: No plan found in TAP output
t/subclass.t     (Wstat: 5632 Tests: 0 Failed: 0)
  Non-zero exit status: 22
  Parse errors: Bad plan.  You planned 4 tests but ran 0.
t/trace.t        (Wstat: 5632 Tests: 0 Failed: 0)
  Non-zero exit status: 22
  Parse errors: No plan found in TAP output
t/unicode.t      (Wstat: 5632 Tests: 0 Failed: 0)
  Non-zero exit status: 22
  Parse errors: No plan found in TAP output
t/var.t          (Wstat: 5632 Tests: 0 Failed: 0)
  Non-zero exit status: 22
  Parse errors: No plan found in TAP output
Files=12, Tests=0,  0 wallclock secs ( 0.04 usr  0.02 sys +  0.24 cusr  0.08 csys =  0.38 CPU)
Result: FAIL
Failed 12/12 test programs. 0/0 subtests failed.
make: *** [test_dynamic] Error 22

------------------------------
PREREQUISITES
------------------------------

Prerequisite modules loaded:

requires:

    Module              Need  Have    
    ------------------- ----- --------
    perl                5.006 5.026002

build_requires:

    Module              Need  Have    
    ------------------- ----- --------
    ExtUtils::MakeMaker 0     7.34    

configure_requires:

    Module              Need  Have    
    ------------------- ----- --------
    ExtUtils::MakeMaker 0     7.34    


------------------------------
ENVIRONMENT AND OTHER CONTEXT
------------------------------

Environment variables:

    LANG = en_CA.UTF-8
    PATH = /Library/Frameworks/Python.framework/Versions/3.6/bin:/Applications/Postgres.app/Contents/Versions/latest/bin:/Users/psharman/perl5/perlbrew/bin:/Users/psharman/perl5/perlbrew/perls/perl-5.26.2/bin:/usr/local/bin:/usr/bin:/bin:/usr/sbin:/sbin
    PERL5LIB = 
    PERL5OPT = 
    PERL5_CPANPLUS_IS_RUNNING = 55510
    PERL5_CPAN_IS_RUNNING = 55510
    PERL_USE_UNSAFE_INC = 1
    SHELL = /bin/sh
    TERM = xterm-256color

Perl special variables (and OS-specific diagnostics, for MSWin32):

    $^X = /Users/psharman/perl5/perlbrew/perls/perl-5.26.2/bin/perl
    $UID/$EUID = 0 / 0
    $GID = 0 0 1 2 3 4 5 8 9 12 20 29 61 80 33 98 100
    $EGID = 0 0 1 2 3 4 5 8 9 12 20 29 61 80 33 98 100

Perl module toolchain versions installed:

    Module              Have    
    ------------------- --------
    CPAN                2.18    
    CPAN::Meta          2.150010
    Cwd                 3.74    
    ExtUtils::CBuilder  0.280230
    ExtUtils::Command   7.34    
    ExtUtils::Install   2.14    
    ExtUtils::MakeMaker 7.34    
    ExtUtils::Manifest  1.71    
    ExtUtils::ParseXS   3.35    
    File::Spec          3.74    
    JSON                2.97001 
    JSON::PP            2.97001 
    Module::Build       0.4224  
    Module::Signature   n/a     
    Parse::CPAN::Meta   2.150010
    Test::Harness       3.42    
    Test::More          1.302136
    YAML                1.26    
    YAML::Syck          n/a     
    version             0.9924  


--

Summary of my perl5 (revision 5 version 26 subversion 2) configuration:
   
  Platform:
    osname=darwin
    osvers=17.5.0
    archname=darwin-2level
    uname='darwin psharman-wsm.internal.salesforce.com 17.5.0 darwin kernel version 17.5.0: fri apr 13 19:32:32 pdt 2018; root:xnu-4570.51.2~1release_x86_64 x86_64 '
    config_args='-de -Dprefix=/Users/psharman/perl5/perlbrew/perls/perl-5.26.2 -Aeval:scriptdir=/Users/psharman/perl5/perlbrew/perls/perl-5.26.2/bin'
    hint=recommended
    useposix=true
    d_sigaction=define
    useithreads=undef
    usemultiplicity=undef
    use64bitint=define
    use64bitall=define
    uselongdouble=undef
    usemymalloc=n
    default_inc_excludes_dot=define
    bincompat5005=undef
  Compiler:
    cc='cc'
    ccflags ='-fno-common -DPERL_DARWIN -mmacosx-version-min=10.13 -fno-strict-aliasing -pipe -fstack-protector-strong -I/usr/local/include -DPERL_USE_SAFE_PUTENV'
    optimize='-O3'
    cppflags='-fno-common -DPERL_DARWIN -mmacosx-version-min=10.13 -fno-strict-aliasing -pipe -fstack-protector-strong -I/usr/local/include'
    ccversion=''
    gccversion='4.2.1 Compatible Apple LLVM 9.1.0 (clang-902.0.39.1)'
    gccosandvers=''
    intsize=4
    longsize=8
    ptrsize=8
    doublesize=8
    byteorder=12345678
    doublekind=3
    d_longlong=define
    longlongsize=8
    d_longdbl=define
    longdblsize=16
    longdblkind=3
    ivtype='long'
    ivsize=8
    nvtype='double'
    nvsize=8
    Off_t='off_t'
    lseeksize=8
    alignbytes=8
    prototype=define
  Linker and Libraries:
    ld='cc'
    ldflags =' -mmacosx-version-min=10.13 -fstack-protector-strong -L/usr/local/lib'
    libpth=/usr/local/lib /Applications/Xcode.app/Contents/Developer/Toolchains/XcodeDefault.xctoolchain/usr/lib/clang/9.1.0/lib /Applications/Xcode.app/Contents/Developer/Toolchains/XcodeDefault.xctoolchain/usr/lib /usr/lib
    libs=-lpthread -ldbm -ldl -lm -lutil -lc
    perllibs=-lpthread -ldl -lm -lutil -lc
    libc=
    so=dylib
    useshrplib=false
    libperl=libperl.a
    gnulibc_version=''
  Dynamic Linking:
    dlsrc=dl_dlopen.xs
    dlext=bundle
    d_dlsymun=undef
    ccdlflags=' '
    cccdlflags=' '
    lddlflags=' -mmacosx-version-min=10.13 -bundle -undefined dynamic_lookup -L/usr/local/lib -fstack-protector-strong'


Characteristics of this binary (from libperl): 
  Compile-time options:
    HAS_TIMES
    PERLIO_LAYERS
    PERL_COPY_ON_WRITE
    PERL_DONT_CREATE_GVSV
    PERL_MALLOC_WRAP
    PERL_OP_PARENT
    PERL_PRESERVE_IVUV
    PERL_USE_SAFE_PUTENV
    USE_64_BIT_ALL
    USE_64_BIT_INT
    USE_LARGE_FILES
    USE_LOCALE
    USE_LOCALE_COLLATE
    USE_LOCALE_CTYPE
    USE_LOCALE_NUMERIC
    USE_LOCALE_TIME
    USE_PERLIO
    USE_PERL_ATOF
  Locally applied patches:
    Devel::PatchPerl 1.48
  Built under darwin
  Compiled at May 28 2018 14:48:37
  %ENV:
    PERL5LIB=""
    PERL5OPT=""
    PERL5_CPANPLUS_IS_RUNNING="55510"
    PERL5_CPAN_IS_RUNNING="55510"
    PERL_USE_UNSAFE_INC="1"
  @INC:
    /Users/psharman/perl5/perlbrew/perls/perl-5.26.2/lib/site_perl/5.26.2/darwin-2level
    /Users/psharman/perl5/perlbrew/perls/perl-5.26.2/lib/site_perl/5.26.2
    /Users/psharman/perl5/perlbrew/perls/perl-5.26.2/lib/5.26.2/darwin-2level
    /Users/psharman/perl5/perlbrew/perls/perl-5.26.2/lib/5.26.2
    .