Report for Crypt-Perl-0.19

Back
From: Slaven Rezić (SREZIC) 
Subject: FAIL Crypt-Perl-0.19 5.18.4 GNU/Linux
Date: 2018-06-19T05:06:33Z

This distribution has been tested as part of the CPAN Testers
project, supporting the Perl programming language.  See
http://wiki.cpantesters.org/ for more information or email
questions to cpan-testers-discuss@perl.org


--
Dear Felipe Gasper,

This is a computer-generated report for Crypt-Perl-0.19
on perl 5.18.4, created by CPAN-Reporter-1.2018.

Thank you for uploading your work to CPAN.  However, there was a problem
testing your distribution.

If you think this report is invalid, please consult the CPAN Testers Wiki
for suggestions on how to avoid getting FAIL reports for missing library
or binary dependencies, unsupported operating systems, and so on:

http://wiki.cpantesters.org/wiki/CPANAuthorNotes

Sections of this report:

    * Tester comments
    * Program output
    * Prerequisites
    * Environment and other context

------------------------------
TESTER COMMENTS
------------------------------

Additional comments from tester:

none provided

------------------------------
PROGRAM OUTPUT
------------------------------

Output from 'make test':

PERL_DL_NONLAZY=1 "/opt/perl-5.18.4/bin/perl" "-MExtUtils::Command::MM" "-MTest::Harness" "-e" "undef *Test::Harness::Switches; test_harness(0, 'blib/lib', 'blib/arch')" t/*.t
# OpenSSL 1.0.1e-fips 11 Feb 2013
# options:  bn(64,64) md2(int) rc4(16x,int) des(idx,cisc,16,int) idea(int) blowfish(idx) 
# compiler: gcc -fPIC -DOPENSSL_PIC -DZLIB -DOPENSSL_THREADS -D_REENTRANT -DDSO_DLFCN -DHAVE_DLFCN_H -DKRB5_MIT -m64 -DL_ENDIAN -DTERMIO -Wall -O2 -g -pipe -Wall -Wp,-D_FORTIFY_SOURCE=2 -fexceptions -fstack-protector --param=ssp-buffer-size=4 -m64 -mtune=generic -Wa,--noexecstack -DPURIFY -DOPENSSL_IA32_SSE2 -DOPENSSL_BN_ASM_MONT -DOPENSSL_BN_ASM_MONT5 -DOPENSSL_BN_ASM_GF2m -DSHA1_ASM -DSHA256_ASM -DSHA512_ASM -DMD5_ASM -DAES_ASM -DVPAES_ASM -DBSAES_ASM -DWHIRLPOOL_ASM -DGHASH_ASM
t/Crypt-Perl-ASN1-BitString.t ..................... ok
t/Crypt-Perl-BigInt.t ............................. ok
# OpenSSL 1.0.1e-fips 11 Feb 2013
# options:  bn(64,64) md2(int) rc4(16x,int) des(idx,cisc,16,int) idea(int) blowfish(idx) 
# compiler: gcc -fPIC -DOPENSSL_PIC -DZLIB -DOPENSSL_THREADS -D_REENTRANT -DDSO_DLFCN -DHAVE_DLFCN_H -DKRB5_MIT -m64 -DL_ENDIAN -DTERMIO -Wall -O2 -g -pipe -Wall -Wp,-D_FORTIFY_SOURCE=2 -fexceptions -fstack-protector --param=ssp-buffer-size=4 -m64 -mtune=generic -Wa,--noexecstack -DPURIFY -DOPENSSL_IA32_SSE2 -DOPENSSL_BN_ASM_MONT -DOPENSSL_BN_ASM_MONT5 -DOPENSSL_BN_ASM_GF2m -DSHA1_ASM -DSHA256_ASM -DSHA512_ASM -DMD5_ASM -DAES_ASM -DVPAES_ASM -DBSAES_ASM -DWHIRLPOOL_ASM -DGHASH_ASM
# Skipping “c2pnb163v1” (Crypt::Perl::X::ECDSA::NoCurveForOID) …
# Skipping “c2pnb163v2” (Crypt::Perl::X::ECDSA::NoCurveForOID) …
# Skipping “c2pnb163v3” (Crypt::Perl::X::ECDSA::NoCurveForOID) …
# Skipping “c2pnb176v1” (Crypt::Perl::X::ECDSA::NoCurveForOID) …
# Skipping “c2pnb208w1” (Crypt::Perl::X::ECDSA::NoCurveForOID) …
# Skipping “c2pnb272w1” (Crypt::Perl::X::ECDSA::NoCurveForOID) …
# Skipping “c2pnb304w1” (Crypt::Perl::X::ECDSA::NoCurveForOID) …
# Skipping “c2pnb368w1” (Crypt::Perl::X::ECDSA::NoCurveForOID) …
# Skipping “c2tnb191v1” (Crypt::Perl::X::ECDSA::NoCurveForOID) …
# Skipping “c2tnb191v2” (Crypt::Perl::X::ECDSA::NoCurveForOID) …
# Skipping “c2tnb191v3” (Crypt::Perl::X::ECDSA::NoCurveForOID) …
# Skipping “c2tnb239v1” (Crypt::Perl::X::ECDSA::NoCurveForOID) …
# Skipping “c2tnb239v2” (Crypt::Perl::X::ECDSA::NoCurveForOID) …
# Skipping “c2tnb239v3” (Crypt::Perl::X::ECDSA::NoCurveForOID) …
# Skipping “c2tnb359v1” (Crypt::Perl::X::ECDSA::NoCurveForOID) …
# Skipping “c2tnb431r1” (Crypt::Perl::X::ECDSA::NoCurveForOID) …
# Skipping “sect113r1” (Crypt::Perl::X::ECDSA::NoCurveForOID) …
# Skipping “sect113r2” (Crypt::Perl::X::ECDSA::NoCurveForOID) …
# Skipping “sect131r1” (Crypt::Perl::X::ECDSA::NoCurveForOID) …
# Skipping “sect131r2” (Crypt::Perl::X::ECDSA::NoCurveForOID) …
# Skipping “sect163k1” (Crypt::Perl::X::ECDSA::NoCurveForOID) …
# Skipping “sect163r1” (Crypt::Perl::X::ECDSA::NoCurveForOID) …
# Skipping “sect163r2” (Crypt::Perl::X::ECDSA::NoCurveForOID) …
# Skipping “sect193r1” (Crypt::Perl::X::ECDSA::NoCurveForOID) …
# Skipping “sect193r2” (Crypt::Perl::X::ECDSA::NoCurveForOID) …
# Skipping “sect233k1” (Crypt::Perl::X::ECDSA::NoCurveForOID) …
# Skipping “sect233r1” (Crypt::Perl::X::ECDSA::NoCurveForOID) …
# Skipping “sect239k1” (Crypt::Perl::X::ECDSA::NoCurveForOID) …
# Skipping “sect283k1” (Crypt::Perl::X::ECDSA::NoCurveForOID) …
# Skipping “sect283r1” (Crypt::Perl::X::ECDSA::NoCurveForOID) …
# Skipping “sect409k1” (Crypt::Perl::X::ECDSA::NoCurveForOID) …
# Skipping “sect409r1” (Crypt::Perl::X::ECDSA::NoCurveForOID) …
# Skipping “sect571k1” (Crypt::Perl::X::ECDSA::NoCurveForOID) …
# Skipping “sect571r1” (Crypt::Perl::X::ECDSA::NoCurveForOID) …
# Skipping “wap_wsg_idm_ecid_wtls1” (Crypt::Perl::X::ECDSA::NoCurveForOID) …
# Skipping “wap_wsg_idm_ecid_wtls10” (Crypt::Perl::X::ECDSA::NoCurveForOID) …
# Skipping “wap_wsg_idm_ecid_wtls11” (Crypt::Perl::X::ECDSA::NoCurveForOID) …
# Skipping “wap_wsg_idm_ecid_wtls3” (Crypt::Perl::X::ECDSA::NoCurveForOID) …
# Skipping “wap_wsg_idm_ecid_wtls4” (Crypt::Perl::X::ECDSA::NoCurveForOID) …
# Skipping “wap_wsg_idm_ecid_wtls5” (Crypt::Perl::X::ECDSA::NoCurveForOID) …
# XXX NOTE: This test can take a while and/or spew a lot of text.
# Skipping “c2pnb163v1” (Crypt::Perl::X::ECDSA::NoCurveForOID) …
# Skipping “c2pnb163v2” (Crypt::Perl::X::ECDSA::NoCurveForOID) …
# Skipping “c2pnb163v3” (Crypt::Perl::X::ECDSA::NoCurveForOID) …
# Skipping “c2pnb176v1” (Crypt::Perl::X::ECDSA::NoCurveForOID) …
# Skipping “c2pnb208w1” (Crypt::Perl::X::ECDSA::NoCurveForOID) …
# Skipping “c2pnb272w1” (Crypt::Perl::X::ECDSA::NoCurveForOID) …
# Skipping “c2pnb304w1” (Crypt::Perl::X::ECDSA::NoCurveForOID) …
# Skipping “c2pnb368w1” (Crypt::Perl::X::ECDSA::NoCurveForOID) …
# Skipping “c2tnb191v1” (Crypt::Perl::X::ECDSA::NoCurveForOID) …
# Skipping “c2tnb191v2” (Crypt::Perl::X::ECDSA::NoCurveForOID) …
# Skipping “c2tnb191v3” (Crypt::Perl::X::ECDSA::NoCurveForOID) …
# Skipping “c2tnb239v1” (Crypt::Perl::X::ECDSA::NoCurveForOID) …
# Skipping “c2tnb239v2” (Crypt::Perl::X::ECDSA::NoCurveForOID) …
# Skipping “c2tnb239v3” (Crypt::Perl::X::ECDSA::NoCurveForOID) …
# Skipping “c2tnb359v1” (Crypt::Perl::X::ECDSA::NoCurveForOID) …
# Skipping “c2tnb431r1” (Crypt::Perl::X::ECDSA::NoCurveForOID) …
# Skipping “sect113r1” (Crypt::Perl::X::ECDSA::NoCurveForOID) …
# Skipping “sect113r2” (Crypt::Perl::X::ECDSA::NoCurveForOID) …
# Skipping “sect131r1” (Crypt::Perl::X::ECDSA::NoCurveForOID) …
# Skipping “sect131r2” (Crypt::Perl::X::ECDSA::NoCurveForOID) …
# Skipping “sect163k1” (Crypt::Perl::X::ECDSA::NoCurveForOID) …
# Skipping “sect163r1” (Crypt::Perl::X::ECDSA::NoCurveForOID) …
# Skipping “sect163r2” (Crypt::Perl::X::ECDSA::NoCurveForOID) …
# Skipping “sect193r1” (Crypt::Perl::X::ECDSA::NoCurveForOID) …
# Skipping “sect193r2” (Crypt::Perl::X::ECDSA::NoCurveForOID) …
# Skipping “sect233k1” (Crypt::Perl::X::ECDSA::NoCurveForOID) …
# Skipping “sect233r1” (Crypt::Perl::X::ECDSA::NoCurveForOID) …
# Skipping “sect239k1” (Crypt::Perl::X::ECDSA::NoCurveForOID) …
# Skipping “sect283k1” (Crypt::Perl::X::ECDSA::NoCurveForOID) …
# Skipping “sect283r1” (Crypt::Perl::X::ECDSA::NoCurveForOID) …
# Skipping “sect409k1” (Crypt::Perl::X::ECDSA::NoCurveForOID) …
# Skipping “sect409r1” (Crypt::Perl::X::ECDSA::NoCurveForOID) …
# Skipping “sect571k1” (Crypt::Perl::X::ECDSA::NoCurveForOID) …
# Skipping “sect571r1” (Crypt::Perl::X::ECDSA::NoCurveForOID) …
# Skipping “wap_wsg_idm_ecid_wtls1” (Crypt::Perl::X::ECDSA::NoCurveForOID) …
# Skipping “wap_wsg_idm_ecid_wtls10” (Crypt::Perl::X::ECDSA::NoCurveForOID) …
# Skipping “wap_wsg_idm_ecid_wtls11” (Crypt::Perl::X::ECDSA::NoCurveForOID) …
# Skipping “wap_wsg_idm_ecid_wtls3” (Crypt::Perl::X::ECDSA::NoCurveForOID) …
# Skipping “wap_wsg_idm_ecid_wtls4” (Crypt::Perl::X::ECDSA::NoCurveForOID) …
# Skipping “wap_wsg_idm_ecid_wtls5” (Crypt::Perl::X::ECDSA::NoCurveForOID) …
read EC key
unable to load Key
140350503122760:error:100A6083:elliptic curve routines:ec_GFp_simple_group_set_curve:unsupported field:ecp_smpl.c:183:
140350503122760:error:1009D010:elliptic curve routines:EC_ASN1_PARAMETERS2GROUP:EC lib:ec_asn1.c:918:
140350503122760:error:1009E010:elliptic curve routines:EC_ASN1_PKPARAMETERS2GROUP:EC lib:ec_asn1.c:1046:
140350503122760:error:10092010:elliptic curve routines:d2i_ECPrivateKey:EC lib:ec_asn1.c:1156:
140350503122760:error:100DE08E:elliptic curve routines:OLD_EC_PRIV_DECODE:decode error:ec_ameth.c:565:
140350503122760:error:0D0680A8:asn1 encoding routines:ASN1_CHECK_TLEN:wrong tag:tasn_dec.c:1343:
140350503122760:error:0D07803A:asn1 encoding routines:ASN1_ITEM_EX_D2I:nested asn1 error:tasn_dec.c:393:Type=PKCS8_PRIV_KEY_INFO
140350503122760:error:0907B00D:PEM routines:PEM_READ_BIO_PRIVATEKEY:ASN1 lib:pem_pkey.c:132:

#   Failed test 'test_generate died (read_file '/var/tmp/cpansmoker-1023/2018061904/hnd1KaleRz.out' - sysopen: No such file or directory at t/Crypt-Perl-ECDSA-Generate.t line 126.)'
#   at t/Crypt-Perl-ECDSA-Generate.t line 45.
#   (in t::Crypt::Perl::ECDSA::Generate->test_generate)

#   Failed test '(t::Crypt::Perl::ECDSA::Generate::test_generate returned before plan complete)'
#   at /opt/perl-5.18.4/lib/site_perl/5.18.4/Test/Class.pm line 395.
#   (in t::Crypt::Perl::ECDSA::Generate->test_generate)

#   Failed test '(t::Crypt::Perl::ECDSA::Generate::test_generate returned before plan complete)'
#   at /opt/perl-5.18.4/lib/site_perl/5.18.4/Test/Class.pm line 395.
#   (in t::Crypt::Perl::ECDSA::Generate->test_generate)

#   Failed test '(t::Crypt::Perl::ECDSA::Generate::test_generate returned before plan complete)'
#   at /opt/perl-5.18.4/lib/site_perl/5.18.4/Test/Class.pm line 395.
#   (in t::Crypt::Perl::ECDSA::Generate->test_generate)

#   Failed test '(t::Crypt::Perl::ECDSA::Generate::test_generate returned before plan complete)'
#   at /opt/perl-5.18.4/lib/site_perl/5.18.4/Test/Class.pm line 395.
#   (in t::Crypt::Perl::ECDSA::Generate->test_generate)

#   Failed test '(t::Crypt::Perl::ECDSA::Generate::test_generate returned before plan complete)'
#   at /opt/perl-5.18.4/lib/site_perl/5.18.4/Test/Class.pm line 395.
#   (in t::Crypt::Perl::ECDSA::Generate->test_generate)

#   Failed test '(t::Crypt::Perl::ECDSA::Generate::test_generate returned before plan complete)'
#   at /opt/perl-5.18.4/lib/site_perl/5.18.4/Test/Class.pm line 395.
#   (in t::Crypt::Perl::ECDSA::Generate->test_generate)

#   Failed test '(t::Crypt::Perl::ECDSA::Generate::test_generate returned before plan complete)'
#   at /opt/perl-5.18.4/lib/site_perl/5.18.4/Test/Class.pm line 395.
#   (in t::Crypt::Perl::ECDSA::Generate->test_generate)

#   Failed test '(t::Crypt::Perl::ECDSA::Generate::test_generate returned before plan complete)'
#   at /opt/perl-5.18.4/lib/site_perl/5.18.4/Test/Class.pm line 395.
#   (in t::Crypt::Perl::ECDSA::Generate->test_generate)

#   Failed test '(t::Crypt::Perl::ECDSA::Generate::test_generate returned before plan complete)'
#   at /opt/perl-5.18.4/lib/site_perl/5.18.4/Test/Class.pm line 395.
#   (in t::Crypt::Perl::ECDSA::Generate->test_generate)

#   Failed test '(t::Crypt::Perl::ECDSA::Generate::test_generate returned before plan complete)'
#   at /opt/perl-5.18.4/lib/site_perl/5.18.4/Test/Class.pm line 395.
#   (in t::Crypt::Perl::ECDSA::Generate->test_generate)

#   Failed test '(t::Crypt::Perl::ECDSA::Generate::test_generate returned before plan complete)'
#   at /opt/perl-5.18.4/lib/site_perl/5.18.4/Test/Class.pm line 395.
#   (in t::Crypt::Perl::ECDSA::Generate->test_generate)

#   Failed test '(t::Crypt::Perl::ECDSA::Generate::test_generate returned before plan complete)'
#   at /opt/perl-5.18.4/lib/site_perl/5.18.4/Test/Class.pm line 395.
#   (in t::Crypt::Perl::ECDSA::Generate->test_generate)

#   Failed test '(t::Crypt::Perl::ECDSA::Generate::test_generate returned before plan complete)'
#   at /opt/perl-5.18.4/lib/site_perl/5.18.4/Test/Class.pm line 395.
#   (in t::Crypt::Perl::ECDSA::Generate->test_generate)

#   Failed test '(t::Crypt::Perl::ECDSA::Generate::test_generate returned before plan complete)'
#   at /opt/perl-5.18.4/lib/site_perl/5.18.4/Test/Class.pm line 395.
#   (in t::Crypt::Perl::ECDSA::Generate->test_generate)

#   Failed test '(t::Crypt::Perl::ECDSA::Generate::test_generate returned before plan complete)'
#   at /opt/perl-5.18.4/lib/site_perl/5.18.4/Test/Class.pm line 395.
#   (in t::Crypt::Perl::ECDSA::Generate->test_generate)

#   Failed test '(t::Crypt::Perl::ECDSA::Generate::test_generate returned before plan complete)'
#   at /opt/perl-5.18.4/lib/site_perl/5.18.4/Test/Class.pm line 395.
#   (in t::Crypt::Perl::ECDSA::Generate->test_generate)

#   Failed test '(t::Crypt::Perl::ECDSA::Generate::test_generate returned before plan complete)'
#   at /opt/perl-5.18.4/lib/site_perl/5.18.4/Test/Class.pm line 395.
#   (in t::Crypt::Perl::ECDSA::Generate->test_generate)

#   Failed test '(t::Crypt::Perl::ECDSA::Generate::test_generate returned before plan complete)'
#   at /opt/perl-5.18.4/lib/site_perl/5.18.4/Test/Class.pm line 395.
#   (in t::Crypt::Perl::ECDSA::Generate->test_generate)

#   Failed test '(t::Crypt::Perl::ECDSA::Generate::test_generate returned before plan complete)'
#   at /opt/perl-5.18.4/lib/site_perl/5.18.4/Test/Class.pm line 395.
#   (in t::Crypt::Perl::ECDSA::Generate->test_generate)

#   Failed test '(t::Crypt::Perl::ECDSA::Generate::test_generate returned before plan complete)'
#   at /opt/perl-5.18.4/lib/site_perl/5.18.4/Test/Class.pm line 395.
#   (in t::Crypt::Perl::ECDSA::Generate->test_generate)

#   Failed test '(t::Crypt::Perl::ECDSA::Generate::test_generate returned before plan complete)'
#   at /opt/perl-5.18.4/lib/site_perl/5.18.4/Test/Class.pm line 395.
#   (in t::Crypt::Perl::ECDSA::Generate->test_generate)

#   Failed test '(t::Crypt::Perl::ECDSA::Generate::test_generate returned before plan complete)'
#   at /opt/perl-5.18.4/lib/site_perl/5.18.4/Test/Class.pm line 395.
#   (in t::Crypt::Perl::ECDSA::Generate->test_generate)

#   Failed test '(t::Crypt::Perl::ECDSA::Generate::test_generate returned before plan complete)'
#   at /opt/perl-5.18.4/lib/site_perl/5.18.4/Test/Class.pm line 395.
#   (in t::Crypt::Perl::ECDSA::Generate->test_generate)

#   Failed test '(t::Crypt::Perl::ECDSA::Generate::test_generate returned before plan complete)'
#   at /opt/perl-5.18.4/lib/site_perl/5.18.4/Test/Class.pm line 395.
#   (in t::Crypt::Perl::ECDSA::Generate->test_generate)

#   Failed test '(t::Crypt::Perl::ECDSA::Generate::test_generate returned before plan complete)'
#   at /opt/perl-5.18.4/lib/site_perl/5.18.4/Test/Class.pm line 395.
#   (in t::Crypt::Perl::ECDSA::Generate->test_generate)

#   Failed test '(t::Crypt::Perl::ECDSA::Generate::test_generate returned before plan complete)'
#   at /opt/perl-5.18.4/lib/site_perl/5.18.4/Test/Class.pm line 395.
#   (in t::Crypt::Perl::ECDSA::Generate->test_generate)

#   Failed test '(t::Crypt::Perl::ECDSA::Generate::test_generate returned before plan complete)'
#   at /opt/perl-5.18.4/lib/site_perl/5.18.4/Test/Class.pm line 395.
#   (in t::Crypt::Perl::ECDSA::Generate->test_generate)

#   Failed test '(t::Crypt::Perl::ECDSA::Generate::test_generate returned before plan complete)'
#   at /opt/perl-5.18.4/lib/site_perl/5.18.4/Test/Class.pm line 395.
#   (in t::Crypt::Perl::ECDSA::Generate->test_generate)

#   Failed test '(t::Crypt::Perl::ECDSA::Generate::test_generate returned before plan complete)'
#   at /opt/perl-5.18.4/lib/site_perl/5.18.4/Test/Class.pm line 395.
#   (in t::Crypt::Perl::ECDSA::Generate->test_generate)

#   Failed test '(t::Crypt::Perl::ECDSA::Generate::test_generate returned before plan complete)'
#   at /opt/perl-5.18.4/lib/site_perl/5.18.4/Test/Class.pm line 395.
#   (in t::Crypt::Perl::ECDSA::Generate->test_generate)

#   Failed test '(t::Crypt::Perl::ECDSA::Generate::test_generate returned before plan complete)'
#   at /opt/perl-5.18.4/lib/site_perl/5.18.4/Test/Class.pm line 395.
#   (in t::Crypt::Perl::ECDSA::Generate->test_generate)

#   Failed test '(t::Crypt::Perl::ECDSA::Generate::test_generate returned before plan complete)'
#   at /opt/perl-5.18.4/lib/site_perl/5.18.4/Test/Class.pm line 395.
#   (in t::Crypt::Perl::ECDSA::Generate->test_generate)

#   Failed test '(t::Crypt::Perl::ECDSA::Generate::test_generate returned before plan complete)'
#   at /opt/perl-5.18.4/lib/site_perl/5.18.4/Test/Class.pm line 395.
#   (in t::Crypt::Perl::ECDSA::Generate->test_generate)

#   Failed test '(t::Crypt::Perl::ECDSA::Generate::test_generate returned before plan complete)'
#   at /opt/perl-5.18.4/lib/site_perl/5.18.4/Test/Class.pm line 395.
#   (in t::Crypt::Perl::ECDSA::Generate->test_generate)

#   Failed test '(t::Crypt::Perl::ECDSA::Generate::test_generate returned before plan complete)'
#   at /opt/perl-5.18.4/lib/site_perl/5.18.4/Test/Class.pm line 395.
#   (in t::Crypt::Perl::ECDSA::Generate->test_generate)

#   Failed test '(t::Crypt::Perl::ECDSA::Generate::test_generate returned before plan complete)'
#   at /opt/perl-5.18.4/lib/site_perl/5.18.4/Test/Class.pm line 395.
#   (in t::Crypt::Perl::ECDSA::Generate->test_generate)

#   Failed test '(t::Crypt::Perl::ECDSA::Generate::test_generate returned before plan complete)'
#   at /opt/perl-5.18.4/lib/site_perl/5.18.4/Test/Class.pm line 395.
#   (in t::Crypt::Perl::ECDSA::Generate->test_generate)

#   Failed test '(t::Crypt::Perl::ECDSA::Generate::test_generate returned before plan complete)'
#   at /opt/perl-5.18.4/lib/site_perl/5.18.4/Test/Class.pm line 395.
#   (in t::Crypt::Perl::ECDSA::Generate->test_generate)

#   Failed test '(t::Crypt::Perl::ECDSA::Generate::test_generate returned before plan complete)'
#   at /opt/perl-5.18.4/lib/site_perl/5.18.4/Test/Class.pm line 395.
#   (in t::Crypt::Perl::ECDSA::Generate->test_generate)

#   Failed test '(t::Crypt::Perl::ECDSA::Generate::test_generate returned before plan complete)'
#   at /opt/perl-5.18.4/lib/site_perl/5.18.4/Test/Class.pm line 395.
#   (in t::Crypt::Perl::ECDSA::Generate->test_generate)

#   Failed test '(t::Crypt::Perl::ECDSA::Generate::test_generate returned before plan complete)'
#   at /opt/perl-5.18.4/lib/site_perl/5.18.4/Test/Class.pm line 395.
#   (in t::Crypt::Perl::ECDSA::Generate->test_generate)

#   Failed test '(t::Crypt::Perl::ECDSA::Generate::test_generate returned before plan complete)'
#   at /opt/perl-5.18.4/lib/site_perl/5.18.4/Test/Class.pm line 395.
#   (in t::Crypt::Perl::ECDSA::Generate->test_generate)

#   Failed test '(t::Crypt::Perl::ECDSA::Generate::test_generate returned before plan complete)'
#   at /opt/perl-5.18.4/lib/site_perl/5.18.4/Test/Class.pm line 395.
#   (in t::Crypt::Perl::ECDSA::Generate->test_generate)

#   Failed test '(t::Crypt::Perl::ECDSA::Generate::test_generate returned before plan complete)'
#   at /opt/perl-5.18.4/lib/site_perl/5.18.4/Test/Class.pm line 395.
#   (in t::Crypt::Perl::ECDSA::Generate->test_generate)

#   Failed test '(t::Crypt::Perl::ECDSA::Generate::test_generate returned before plan complete)'
#   at /opt/perl-5.18.4/lib/site_perl/5.18.4/Test/Class.pm line 395.
#   (in t::Crypt::Perl::ECDSA::Generate->test_generate)

#   Failed test '(t::Crypt::Perl::ECDSA::Generate::test_generate returned before plan complete)'
#   at /opt/perl-5.18.4/lib/site_perl/5.18.4/Test/Class.pm line 395.
#   (in t::Crypt::Perl::ECDSA::Generate->test_generate)

#   Failed test '(t::Crypt::Perl::ECDSA::Generate::test_generate returned before plan complete)'
#   at /opt/perl-5.18.4/lib/site_perl/5.18.4/Test/Class.pm line 395.
#   (in t::Crypt::Perl::ECDSA::Generate->test_generate)

#   Failed test '(t::Crypt::Perl::ECDSA::Generate::test_generate returned before plan complete)'
#   at /opt/perl-5.18.4/lib/site_perl/5.18.4/Test/Class.pm line 395.
#   (in t::Crypt::Perl::ECDSA::Generate->test_generate)

#   Failed test '(t::Crypt::Perl::ECDSA::Generate::test_generate returned before plan complete)'
#   at /opt/perl-5.18.4/lib/site_perl/5.18.4/Test/Class.pm line 395.
#   (in t::Crypt::Perl::ECDSA::Generate->test_generate)

#   Failed test '(t::Crypt::Perl::ECDSA::Generate::test_generate returned before plan complete)'
#   at /opt/perl-5.18.4/lib/site_perl/5.18.4/Test/Class.pm line 395.
#   (in t::Crypt::Perl::ECDSA::Generate->test_generate)

#   Failed test '(t::Crypt::Perl::ECDSA::Generate::test_generate returned before plan complete)'
#   at /opt/perl-5.18.4/lib/site_perl/5.18.4/Test/Class.pm line 395.
#   (in t::Crypt::Perl::ECDSA::Generate->test_generate)

#   Failed test '(t::Crypt::Perl::ECDSA::Generate::test_generate returned before plan complete)'
#   at /opt/perl-5.18.4/lib/site_perl/5.18.4/Test/Class.pm line 395.
#   (in t::Crypt::Perl::ECDSA::Generate->test_generate)

#   Failed test '(t::Crypt::Perl::ECDSA::Generate::test_generate returned before plan complete)'
#   at /opt/perl-5.18.4/lib/site_perl/5.18.4/Test/Class.pm line 395.
#   (in t::Crypt::Perl::ECDSA::Generate->test_generate)

#   Failed test '(t::Crypt::Perl::ECDSA::Generate::test_generate returned before plan complete)'
#   at /opt/perl-5.18.4/lib/site_perl/5.18.4/Test/Class.pm line 395.
#   (in t::Crypt::Perl::ECDSA::Generate->test_generate)

#   Failed test '(t::Crypt::Perl::ECDSA::Generate::test_generate returned before plan complete)'
#   at /opt/perl-5.18.4/lib/site_perl/5.18.4/Test/Class.pm line 395.
#   (in t::Crypt::Perl::ECDSA::Generate->test_generate)

#   Failed test '(t::Crypt::Perl::ECDSA::Generate::test_generate returned before plan complete)'
#   at /opt/perl-5.18.4/lib/site_perl/5.18.4/Test/Class.pm line 395.
#   (in t::Crypt::Perl::ECDSA::Generate->test_generate)

#   Failed test '(t::Crypt::Perl::ECDSA::Generate::test_generate returned before plan complete)'
#   at /opt/perl-5.18.4/lib/site_perl/5.18.4/Test/Class.pm line 395.
#   (in t::Crypt::Perl::ECDSA::Generate->test_generate)

#   Failed test '(t::Crypt::Perl::ECDSA::Generate::test_generate returned before plan complete)'
#   at /opt/perl-5.18.4/lib/site_perl/5.18.4/Test/Class.pm line 395.
#   (in t::Crypt::Perl::ECDSA::Generate->test_generate)

#   Failed test '(t::Crypt::Perl::ECDSA::Generate::test_generate returned before plan complete)'
#   at /opt/perl-5.18.4/lib/site_perl/5.18.4/Test/Class.pm line 395.
#   (in t::Crypt::Perl::ECDSA::Generate->test_generate)

#   Failed test '(t::Crypt::Perl::ECDSA::Generate::test_generate returned before plan complete)'
#   at /opt/perl-5.18.4/lib/site_perl/5.18.4/Test/Class.pm line 395.
#   (in t::Crypt::Perl::ECDSA::Generate->test_generate)

#   Failed test '(t::Crypt::Perl::ECDSA::Generate::test_generate returned before plan complete)'
#   at /opt/perl-5.18.4/lib/site_perl/5.18.4/Test/Class.pm line 395.
#   (in t::Crypt::Perl::ECDSA::Generate->test_generate)

#   Failed test '(t::Crypt::Perl::ECDSA::Generate::test_generate returned before plan complete)'
#   at /opt/perl-5.18.4/lib/site_perl/5.18.4/Test/Class.pm line 395.
#   (in t::Crypt::Perl::ECDSA::Generate->test_generate)

#   Failed test '(t::Crypt::Perl::ECDSA::Generate::test_generate returned before plan complete)'
#   at /opt/perl-5.18.4/lib/site_perl/5.18.4/Test/Class.pm line 395.
#   (in t::Crypt::Perl::ECDSA::Generate->test_generate)

#   Failed test '(t::Crypt::Perl::ECDSA::Generate::test_generate returned before plan complete)'
#   at /opt/perl-5.18.4/lib/site_perl/5.18.4/Test/Class.pm line 395.
#   (in t::Crypt::Perl::ECDSA::Generate->test_generate)

#   Failed test '(t::Crypt::Perl::ECDSA::Generate::test_generate returned before plan complete)'
#   at /opt/perl-5.18.4/lib/site_perl/5.18.4/Test/Class.pm line 395.
#   (in t::Crypt::Perl::ECDSA::Generate->test_generate)

#   Failed test '(t::Crypt::Perl::ECDSA::Generate::test_generate returned before plan complete)'
#   at /opt/perl-5.18.4/lib/site_perl/5.18.4/Test/Class.pm line 395.
#   (in t::Crypt::Perl::ECDSA::Generate->test_generate)

#   Failed test '(t::Crypt::Perl::ECDSA::Generate::test_generate returned before plan complete)'
#   at /opt/perl-5.18.4/lib/site_perl/5.18.4/Test/Class.pm line 395.
#   (in t::Crypt::Perl::ECDSA::Generate->test_generate)

#   Failed test '(t::Crypt::Perl::ECDSA::Generate::test_generate returned before plan complete)'
#   at /opt/perl-5.18.4/lib/site_perl/5.18.4/Test/Class.pm line 395.
#   (in t::Crypt::Perl::ECDSA::Generate->test_generate)

#   Failed test '(t::Crypt::Perl::ECDSA::Generate::test_generate returned before plan complete)'
#   at /opt/perl-5.18.4/lib/site_perl/5.18.4/Test/Class.pm line 395.
#   (in t::Crypt::Perl::ECDSA::Generate->test_generate)

#   Failed test '(t::Crypt::Perl::ECDSA::Generate::test_generate returned before plan complete)'
#   at /opt/perl-5.18.4/lib/site_perl/5.18.4/Test/Class.pm line 395.
#   (in t::Crypt::Perl::ECDSA::Generate->test_generate)

#   Failed test '(t::Crypt::Perl::ECDSA::Generate::test_generate returned before plan complete)'
#   at /opt/perl-5.18.4/lib/site_perl/5.18.4/Test/Class.pm line 395.
#   (in t::Crypt::Perl::ECDSA::Generate->test_generate)

#   Failed test '(t::Crypt::Perl::ECDSA::Generate::test_generate returned before plan complete)'
#   at /opt/perl-5.18.4/lib/site_perl/5.18.4/Test/Class.pm line 395.
#   (in t::Crypt::Perl::ECDSA::Generate->test_generate)

#   Failed test '(t::Crypt::Perl::ECDSA::Generate::test_generate returned before plan complete)'
#   at /opt/perl-5.18.4/lib/site_perl/5.18.4/Test/Class.pm line 395.
#   (in t::Crypt::Perl::ECDSA::Generate->test_generate)

#   Failed test '(t::Crypt::Perl::ECDSA::Generate::test_generate returned before plan complete)'
#   at /opt/perl-5.18.4/lib/site_perl/5.18.4/Test/Class.pm line 395.
#   (in t::Crypt::Perl::ECDSA::Generate->test_generate)

#   Failed test '(t::Crypt::Perl::ECDSA::Generate::test_generate returned before plan complete)'
#   at /opt/perl-5.18.4/lib/site_perl/5.18.4/Test/Class.pm line 395.
#   (in t::Crypt::Perl::ECDSA::Generate->test_generate)

#   Failed test '(t::Crypt::Perl::ECDSA::Generate::test_generate returned before plan complete)'
#   at /opt/perl-5.18.4/lib/site_perl/5.18.4/Test/Class.pm line 395.
#   (in t::Crypt::Perl::ECDSA::Generate->test_generate)

#   Failed test '(t::Crypt::Perl::ECDSA::Generate::test_generate returned before plan complete)'
#   at /opt/perl-5.18.4/lib/site_perl/5.18.4/Test/Class.pm line 395.
#   (in t::Crypt::Perl::ECDSA::Generate->test_generate)

#   Failed test '(t::Crypt::Perl::ECDSA::Generate::test_generate returned before plan complete)'
#   at /opt/perl-5.18.4/lib/site_perl/5.18.4/Test/Class.pm line 395.
#   (in t::Crypt::Perl::ECDSA::Generate->test_generate)

#   Failed test '(t::Crypt::Perl::ECDSA::Generate::test_generate returned before plan complete)'
#   at /opt/perl-5.18.4/lib/site_perl/5.18.4/Test/Class.pm line 395.
#   (in t::Crypt::Perl::ECDSA::Generate->test_generate)

#   Failed test '(t::Crypt::Perl::ECDSA::Generate::test_generate returned before plan complete)'
#   at /opt/perl-5.18.4/lib/site_perl/5.18.4/Test/Class.pm line 395.
#   (in t::Crypt::Perl::ECDSA::Generate->test_generate)

#   Failed test '(t::Crypt::Perl::ECDSA::Generate::test_generate returned before plan complete)'
#   at /opt/perl-5.18.4/lib/site_perl/5.18.4/Test/Class.pm line 395.
#   (in t::Crypt::Perl::ECDSA::Generate->test_generate)

#   Failed test '(t::Crypt::Perl::ECDSA::Generate::test_generate returned before plan complete)'
#   at /opt/perl-5.18.4/lib/site_perl/5.18.4/Test/Class.pm line 395.
#   (in t::Crypt::Perl::ECDSA::Generate->test_generate)

#   Failed test '(t::Crypt::Perl::ECDSA::Generate::test_generate returned before plan complete)'
#   at /opt/perl-5.18.4/lib/site_perl/5.18.4/Test/Class.pm line 395.
#   (in t::Crypt::Perl::ECDSA::Generate->test_generate)

#   Failed test '(t::Crypt::Perl::ECDSA::Generate::test_generate returned before plan complete)'
#   at /opt/perl-5.18.4/lib/site_perl/5.18.4/Test/Class.pm line 395.
#   (in t::Crypt::Perl::ECDSA::Generate->test_generate)

#   Failed test '(t::Crypt::Perl::ECDSA::Generate::test_generate returned before plan complete)'
#   at /opt/perl-5.18.4/lib/site_perl/5.18.4/Test/Class.pm line 395.
#   (in t::Crypt::Perl::ECDSA::Generate->test_generate)

#   Failed test '(t::Crypt::Perl::ECDSA::Generate::test_generate returned before plan complete)'
#   at /opt/perl-5.18.4/lib/site_perl/5.18.4/Test/Class.pm line 395.
#   (in t::Crypt::Perl::ECDSA::Generate->test_generate)

#   Failed test '(t::Crypt::Perl::ECDSA::Generate::test_generate returned before plan complete)'
#   at /opt/perl-5.18.4/lib/site_perl/5.18.4/Test/Class.pm line 395.
#   (in t::Crypt::Perl::ECDSA::Generate->test_generate)

#   Failed test '(t::Crypt::Perl::ECDSA::Generate::test_generate returned before plan complete)'
#   at /opt/perl-5.18.4/lib/site_perl/5.18.4/Test/Class.pm line 395.
#   (in t::Crypt::Perl::ECDSA::Generate->test_generate)

#   Failed test '(t::Crypt::Perl::ECDSA::Generate::test_generate returned before plan complete)'
#   at /opt/perl-5.18.4/lib/site_perl/5.18.4/Test/Class.pm line 395.
#   (in t::Crypt::Perl::ECDSA::Generate->test_generate)

#   Failed test '(t::Crypt::Perl::ECDSA::Generate::test_generate returned before plan complete)'
#   at /opt/perl-5.18.4/lib/site_perl/5.18.4/Test/Class.pm line 395.
#   (in t::Crypt::Perl::ECDSA::Generate->test_generate)

#   Failed test '(t::Crypt::Perl::ECDSA::Generate::test_generate returned before plan complete)'
#   at /opt/perl-5.18.4/lib/site_perl/5.18.4/Test/Class.pm line 395.
#   (in t::Crypt::Perl::ECDSA::Generate->test_generate)

#   Failed test '(t::Crypt::Perl::ECDSA::Generate::test_generate returned before plan complete)'
#   at /opt/perl-5.18.4/lib/site_perl/5.18.4/Test/Class.pm line 395.
#   (in t::Crypt::Perl::ECDSA::Generate->test_generate)

#   Failed test '(t::Crypt::Perl::ECDSA::Generate::test_generate returned before plan complete)'
#   at /opt/perl-5.18.4/lib/site_perl/5.18.4/Test/Class.pm line 395.
#   (in t::Crypt::Perl::ECDSA::Generate->test_generate)

#   Failed test '(t::Crypt::Perl::ECDSA::Generate::test_generate returned before plan complete)'
#   at /opt/perl-5.18.4/lib/site_perl/5.18.4/Test/Class.pm line 395.
#   (in t::Crypt::Perl::ECDSA::Generate->test_generate)

#   Failed test '(t::Crypt::Perl::ECDSA::Generate::test_generate returned before plan complete)'
#   at /opt/perl-5.18.4/lib/site_perl/5.18.4/Test/Class.pm line 395.
#   (in t::Crypt::Perl::ECDSA::Generate->test_generate)

#   Failed test '(t::Crypt::Perl::ECDSA::Generate::test_generate returned before plan complete)'
#   at /opt/perl-5.18.4/lib/site_perl/5.18.4/Test/Class.pm line 395.
#   (in t::Crypt::Perl::ECDSA::Generate->test_generate)

#   Failed test '(t::Crypt::Perl::ECDSA::Generate::test_generate returned before plan complete)'
#   at /opt/perl-5.18.4/lib/site_perl/5.18.4/Test/Class.pm line 395.
#   (in t::Crypt::Perl::ECDSA::Generate->test_generate)

#   Failed test '(t::Crypt::Perl::ECDSA::Generate::test_generate returned before plan complete)'
#   at /opt/perl-5.18.4/lib/site_perl/5.18.4/Test/Class.pm line 395.
#   (in t::Crypt::Perl::ECDSA::Generate->test_generate)

#   Failed test '(t::Crypt::Perl::ECDSA::Generate::test_generate returned before plan complete)'
#   at /opt/perl-5.18.4/lib/site_perl/5.18.4/Test/Class.pm line 395.
#   (in t::Crypt::Perl::ECDSA::Generate->test_generate)

#   Failed test '(t::Crypt::Perl::ECDSA::Generate::test_generate returned before plan complete)'
#   at /opt/perl-5.18.4/lib/site_perl/5.18.4/Test/Class.pm line 395.
#   (in t::Crypt::Perl::ECDSA::Generate->test_generate)

#   Failed test '(t::Crypt::Perl::ECDSA::Generate::test_generate returned before plan complete)'
#   at /opt/perl-5.18.4/lib/site_perl/5.18.4/Test/Class.pm line 395.
#   (in t::Crypt::Perl::ECDSA::Generate->test_generate)

#   Failed test '(t::Crypt::Perl::ECDSA::Generate::test_generate returned before plan complete)'
#   at /opt/perl-5.18.4/lib/site_perl/5.18.4/Test/Class.pm line 395.
#   (in t::Crypt::Perl::ECDSA::Generate->test_generate)

#   Failed test '(t::Crypt::Perl::ECDSA::Generate::test_generate returned before plan complete)'
#   at /opt/perl-5.18.4/lib/site_perl/5.18.4/Test/Class.pm line 395.
#   (in t::Crypt::Perl::ECDSA::Generate->test_generate)

#   Failed test '(t::Crypt::Perl::ECDSA::Generate::test_generate returned before plan complete)'
#   at /opt/perl-5.18.4/lib/site_perl/5.18.4/Test/Class.pm line 395.
#   (in t::Crypt::Perl::ECDSA::Generate->test_generate)

#   Failed test '(t::Crypt::Perl::ECDSA::Generate::test_generate returned before plan complete)'
#   at /opt/perl-5.18.4/lib/site_perl/5.18.4/Test/Class.pm line 395.
#   (in t::Crypt::Perl::ECDSA::Generate->test_generate)

#   Failed test '(t::Crypt::Perl::ECDSA::Generate::test_generate returned before plan complete)'
#   at /opt/perl-5.18.4/lib/site_perl/5.18.4/Test/Class.pm line 395.
#   (in t::Crypt::Perl::ECDSA::Generate->test_generate)

#   Failed test '(t::Crypt::Perl::ECDSA::Generate::test_generate returned before plan complete)'
#   at /opt/perl-5.18.4/lib/site_perl/5.18.4/Test/Class.pm line 395.
#   (in t::Crypt::Perl::ECDSA::Generate->test_generate)

#   Failed test '(t::Crypt::Perl::ECDSA::Generate::test_generate returned before plan complete)'
#   at /opt/perl-5.18.4/lib/site_perl/5.18.4/Test/Class.pm line 395.
#   (in t::Crypt::Perl::ECDSA::Generate->test_generate)

#   Failed test '(t::Crypt::Perl::ECDSA::Generate::test_generate returned before plan complete)'
#   at /opt/perl-5.18.4/lib/site_perl/5.18.4/Test/Class.pm line 395.
#   (in t::Crypt::Perl::ECDSA::Generate->test_generate)

#   Failed test '(t::Crypt::Perl::ECDSA::Generate::test_generate returned before plan complete)'
#   at /opt/perl-5.18.4/lib/site_perl/5.18.4/Test/Class.pm line 395.
#   (in t::Crypt::Perl::ECDSA::Generate->test_generate)

#   Failed test '(t::Crypt::Perl::ECDSA::Generate::test_generate returned before plan complete)'
#   at /opt/perl-5.18.4/lib/site_perl/5.18.4/Test/Class.pm line 395.
#   (in t::Crypt::Perl::ECDSA::Generate->test_generate)

#   Failed test '(t::Crypt::Perl::ECDSA::Generate::test_generate returned before plan complete)'
#   at /opt/perl-5.18.4/lib/site_perl/5.18.4/Test/Class.pm line 395.
#   (in t::Crypt::Perl::ECDSA::Generate->test_generate)

#   Failed test '(t::Crypt::Perl::ECDSA::Generate::test_generate returned before plan complete)'
#   at /opt/perl-5.18.4/lib/site_perl/5.18.4/Test/Class.pm line 395.
#   (in t::Crypt::Perl::ECDSA::Generate->test_generate)

#   Failed test '(t::Crypt::Perl::ECDSA::Generate::test_generate returned before plan complete)'
#   at /opt/perl-5.18.4/lib/site_perl/5.18.4/Test/Class.pm line 395.
#   (in t::Crypt::Perl::ECDSA::Generate->test_generate)

#   Failed test '(t::Crypt::Perl::ECDSA::Generate::test_generate returned before plan complete)'
#   at /opt/perl-5.18.4/lib/site_perl/5.18.4/Test/Class.pm line 395.
#   (in t::Crypt::Perl::ECDSA::Generate->test_generate)

#   Failed test '(t::Crypt::Perl::ECDSA::Generate::test_generate returned before plan complete)'
#   at /opt/perl-5.18.4/lib/site_perl/5.18.4/Test/Class.pm line 395.
#   (in t::Crypt::Perl::ECDSA::Generate->test_generate)

#   Failed test '(t::Crypt::Perl::ECDSA::Generate::test_generate returned before plan complete)'
#   at /opt/perl-5.18.4/lib/site_perl/5.18.4/Test/Class.pm line 395.
#   (in t::Crypt::Perl::ECDSA::Generate->test_generate)

#   Failed test '(t::Crypt::Perl::ECDSA::Generate::test_generate returned before plan complete)'
#   at /opt/perl-5.18.4/lib/site_perl/5.18.4/Test/Class.pm line 395.
#   (in t::Crypt::Perl::ECDSA::Generate->test_generate)

#   Failed test '(t::Crypt::Perl::ECDSA::Generate::test_generate returned before plan complete)'
#   at /opt/perl-5.18.4/lib/site_perl/5.18.4/Test/Class.pm line 395.
#   (in t::Crypt::Perl::ECDSA::Generate->test_generate)

#   Failed test '(t::Crypt::Perl::ECDSA::Generate::test_generate returned before plan complete)'
#   at /opt/perl-5.18.4/lib/site_perl/5.18.4/Test/Class.pm line 395.
#   (in t::Crypt::Perl::ECDSA::Generate->test_generate)

#   Failed test '(t::Crypt::Perl::ECDSA::Generate::test_generate returned before plan complete)'
#   at /opt/perl-5.18.4/lib/site_perl/5.18.4/Test/Class.pm line 395.
#   (in t::Crypt::Perl::ECDSA::Generate->test_generate)

#   Failed test '(t::Crypt::Perl::ECDSA::Generate::test_generate returned before plan complete)'
#   at /opt/perl-5.18.4/lib/site_perl/5.18.4/Test/Class.pm line 395.
#   (in t::Crypt::Perl::ECDSA::Generate->test_generate)

#   Failed test '(t::Crypt::Perl::ECDSA::Generate::test_generate returned before plan complete)'
#   at /opt/perl-5.18.4/lib/site_perl/5.18.4/Test/Class.pm line 395.
#   (in t::Crypt::Perl::ECDSA::Generate->test_generate)

#   Failed test '(t::Crypt::Perl::ECDSA::Generate::test_generate returned before plan complete)'
#   at /opt/perl-5.18.4/lib/site_perl/5.18.4/Test/Class.pm line 395.
#   (in t::Crypt::Perl::ECDSA::Generate->test_generate)

#   Failed test '(t::Crypt::Perl::ECDSA::Generate::test_generate returned before plan complete)'
#   at /opt/perl-5.18.4/lib/site_perl/5.18.4/Test/Class.pm line 395.
#   (in t::Crypt::Perl::ECDSA::Generate->test_generate)

#   Failed test '(t::Crypt::Perl::ECDSA::Generate::test_generate returned before plan complete)'
#   at /opt/perl-5.18.4/lib/site_perl/5.18.4/Test/Class.pm line 395.
#   (in t::Crypt::Perl::ECDSA::Generate->test_generate)

#   Failed test '(t::Crypt::Perl::ECDSA::Generate::test_generate returned before plan complete)'
#   at /opt/perl-5.18.4/lib/site_perl/5.18.4/Test/Class.pm line 395.
#   (in t::Crypt::Perl::ECDSA::Generate->test_generate)

#   Failed test '(t::Crypt::Perl::ECDSA::Generate::test_generate returned before plan complete)'
#   at /opt/perl-5.18.4/lib/site_perl/5.18.4/Test/Class.pm line 395.
#   (in t::Crypt::Perl::ECDSA::Generate->test_generate)

#   Failed test '(t::Crypt::Perl::ECDSA::Generate::test_generate returned before plan complete)'
#   at /opt/perl-5.18.4/lib/site_perl/5.18.4/Test/Class.pm line 395.
#   (in t::Crypt::Perl::ECDSA::Generate->test_generate)

#   Failed test '(t::Crypt::Perl::ECDSA::Generate::test_generate returned before plan complete)'
#   at /opt/perl-5.18.4/lib/site_perl/5.18.4/Test/Class.pm line 395.
#   (in t::Crypt::Perl::ECDSA::Generate->test_generate)

#   Failed test '(t::Crypt::Perl::ECDSA::Generate::test_generate returned before plan complete)'
#   at /opt/perl-5.18.4/lib/site_perl/5.18.4/Test/Class.pm line 395.
#   (in t::Crypt::Perl::ECDSA::Generate->test_generate)

#   Failed test '(t::Crypt::Perl::ECDSA::Generate::test_generate returned before plan complete)'
#   at /opt/perl-5.18.4/lib/site_perl/5.18.4/Test/Class.pm line 395.
#   (in t::Crypt::Perl::ECDSA::Generate->test_generate)

#   Failed test '(t::Crypt::Perl::ECDSA::Generate::test_generate returned before plan complete)'
#   at /opt/perl-5.18.4/lib/site_perl/5.18.4/Test/Class.pm line 395.
#   (in t::Crypt::Perl::ECDSA::Generate->test_generate)

#   Failed test '(t::Crypt::Perl::ECDSA::Generate::test_generate returned before plan complete)'
#   at /opt/perl-5.18.4/lib/site_perl/5.18.4/Test/Class.pm line 395.
#   (in t::Crypt::Perl::ECDSA::Generate->test_generate)

#   Failed test '(t::Crypt::Perl::ECDSA::Generate::test_generate returned before plan complete)'
#   at /opt/perl-5.18.4/lib/site_perl/5.18.4/Test/Class.pm line 395.
#   (in t::Crypt::Perl::ECDSA::Generate->test_generate)

#   Failed test '(t::Crypt::Perl::ECDSA::Generate::test_generate returned before plan complete)'
#   at /opt/perl-5.18.4/lib/site_perl/5.18.4/Test/Class.pm line 395.
#   (in t::Crypt::Perl::ECDSA::Generate->test_generate)

#   Failed test '(t::Crypt::Perl::ECDSA::Generate::test_generate returned before plan complete)'
#   at /opt/perl-5.18.4/lib/site_perl/5.18.4/Test/Class.pm line 395.
#   (in t::Crypt::Perl::ECDSA::Generate->test_generate)

#   Failed test '(t::Crypt::Perl::ECDSA::Generate::test_generate returned before plan complete)'
#   at /opt/perl-5.18.4/lib/site_perl/5.18.4/Test/Class.pm line 395.
#   (in t::Crypt::Perl::ECDSA::Generate->test_generate)

#   Failed test '(t::Crypt::Perl::ECDSA::Generate::test_generate returned before plan complete)'
#   at /opt/perl-5.18.4/lib/site_perl/5.18.4/Test/Class.pm line 395.
#   (in t::Crypt::Perl::ECDSA::Generate->test_generate)

#   Failed test '(t::Crypt::Perl::ECDSA::Generate::test_generate returned before plan complete)'
#   at /opt/perl-5.18.4/lib/site_perl/5.18.4/Test/Class.pm line 395.
#   (in t::Crypt::Perl::ECDSA::Generate->test_generate)

#   Failed test '(t::Crypt::Perl::ECDSA::Generate::test_generate returned before plan complete)'
#   at /opt/perl-5.18.4/lib/site_perl/5.18.4/Test/Class.pm line 395.
#   (in t::Crypt::Perl::ECDSA::Generate->test_generate)

#   Failed test '(t::Crypt::Perl::ECDSA::Generate::test_generate returned before plan complete)'
#   at /opt/perl-5.18.4/lib/site_perl/5.18.4/Test/Class.pm line 395.
#   (in t::Crypt::Perl::ECDSA::Generate->test_generate)

#   Failed test '(t::Crypt::Perl::ECDSA::Generate::test_generate returned before plan complete)'
#   at /opt/perl-5.18.4/lib/site_perl/5.18.4/Test/Class.pm line 395.
#   (in t::Crypt::Perl::ECDSA::Generate->test_generate)

#   Failed test '(t::Crypt::Perl::ECDSA::Generate::test_generate returned before plan complete)'
#   at /opt/perl-5.18.4/lib/site_perl/5.18.4/Test/Class.pm line 395.
#   (in t::Crypt::Perl::ECDSA::Generate->test_generate)

#   Failed test '(t::Crypt::Perl::ECDSA::Generate::test_generate returned before plan complete)'
#   at /opt/perl-5.18.4/lib/site_perl/5.18.4/Test/Class.pm line 395.
#   (in t::Crypt::Perl::ECDSA::Generate->test_generate)

#   Failed test '(t::Crypt::Perl::ECDSA::Generate::test_generate returned before plan complete)'
#   at /opt/perl-5.18.4/lib/site_perl/5.18.4/Test/Class.pm line 395.
#   (in t::Crypt::Perl::ECDSA::Generate->test_generate)

#   Failed test '(t::Crypt::Perl::ECDSA::Generate::test_generate returned before plan complete)'
#   at /opt/perl-5.18.4/lib/site_perl/5.18.4/Test/Class.pm line 395.
#   (in t::Crypt::Perl::ECDSA::Generate->test_generate)

#   Failed test '(t::Crypt::Perl::ECDSA::Generate::test_generate returned before plan complete)'
#   at /opt/perl-5.18.4/lib/site_perl/5.18.4/Test/Class.pm line 395.
#   (in t::Crypt::Perl::ECDSA::Generate->test_generate)

#   Failed test '(t::Crypt::Perl::ECDSA::Generate::test_generate returned before plan complete)'
#   at /opt/perl-5.18.4/lib/site_perl/5.18.4/Test/Class.pm line 395.
#   (in t::Crypt::Perl::ECDSA::Generate->test_generate)

#   Failed test '(t::Crypt::Perl::ECDSA::Generate::test_generate returned before plan complete)'
#   at /opt/perl-5.18.4/lib/site_perl/5.18.4/Test/Class.pm line 395.
#   (in t::Crypt::Perl::ECDSA::Generate->test_generate)

#   Failed test '(t::Crypt::Perl::ECDSA::Generate::test_generate returned before plan complete)'
#   at /opt/perl-5.18.4/lib/site_perl/5.18.4/Test/Class.pm line 395.
#   (in t::Crypt::Perl::ECDSA::Generate->test_generate)

#   Failed test '(t::Crypt::Perl::ECDSA::Generate::test_generate returned before plan complete)'
#   at /opt/perl-5.18.4/lib/site_perl/5.18.4/Test/Class.pm line 395.
#   (in t::Crypt::Perl::ECDSA::Generate->test_generate)

#   Failed test '(t::Crypt::Perl::ECDSA::Generate::test_generate returned before plan complete)'
#   at /opt/perl-5.18.4/lib/site_perl/5.18.4/Test/Class.pm line 395.
#   (in t::Crypt::Perl::ECDSA::Generate->test_generate)

#   Failed test '(t::Crypt::Perl::ECDSA::Generate::test_generate returned before plan complete)'
#   at /opt/perl-5.18.4/lib/site_perl/5.18.4/Test/Class.pm line 395.
#   (in t::Crypt::Perl::ECDSA::Generate->test_generate)
# Looks like you failed 155 tests of 158.
t/Crypt-Perl-ECDSA-Generate.t ..................... 
Dubious, test returned 155 (wstat 39680, 0x9b00)
Failed 155/158 subtests 
t/Crypt-Perl-ECDSA-Math.t ......................... ok
# OpenSSL 1.0.1e-fips 11 Feb 2013
# options:  bn(64,64) md2(int) rc4(16x,int) des(idx,cisc,16,int) idea(int) blowfish(idx) 
# compiler: gcc -fPIC -DOPENSSL_PIC -DZLIB -DOPENSSL_THREADS -D_REENTRANT -DDSO_DLFCN -DHAVE_DLFCN_H -DKRB5_MIT -m64 -DL_ENDIAN -DTERMIO -Wall -O2 -g -pipe -Wall -Wp,-D_FORTIFY_SOURCE=2 -fexceptions -fstack-protector --param=ssp-buffer-size=4 -m64 -mtune=generic -Wa,--noexecstack -DPURIFY -DOPENSSL_IA32_SSE2 -DOPENSSL_BN_ASM_MONT -DOPENSSL_BN_ASM_MONT5 -DOPENSSL_BN_ASM_GF2m -DSHA1_ASM -DSHA256_ASM -DSHA512_ASM -DMD5_ASM -DAES_ASM -DVPAES_ASM -DBSAES_ASM -DWHIRLPOOL_ASM -DGHASH_ASM
t/Crypt-Perl-ECDSA-Parse.t ........................ ok
# OpenSSL 1.0.1e-fips 11 Feb 2013
# options:  bn(64,64) md2(int) rc4(16x,int) des(idx,cisc,16,int) idea(int) blowfish(idx) 
# compiler: gcc -fPIC -DOPENSSL_PIC -DZLIB -DOPENSSL_THREADS -D_REENTRANT -DDSO_DLFCN -DHAVE_DLFCN_H -DKRB5_MIT -m64 -DL_ENDIAN -DTERMIO -Wall -O2 -g -pipe -Wall -Wp,-D_FORTIFY_SOURCE=2 -fexceptions -fstack-protector --param=ssp-buffer-size=4 -m64 -mtune=generic -Wa,--noexecstack -DPURIFY -DOPENSSL_IA32_SSE2 -DOPENSSL_BN_ASM_MONT -DOPENSSL_BN_ASM_MONT5 -DOPENSSL_BN_ASM_GF2m -DSHA1_ASM -DSHA256_ASM -DSHA512_ASM -DMD5_ASM -DAES_ASM -DVPAES_ASM -DBSAES_ASM -DWHIRLPOOL_ASM -DGHASH_ASM
# XXX NOTE: This test can take a while and/or spew a lot of text.
read EC key
unable to load Key
140544597497672:error:100A6083:elliptic curve routines:ec_GFp_simple_group_set_curve:unsupported field:ecp_smpl.c:183:
140544597497672:error:1009D010:elliptic curve routines:EC_ASN1_PARAMETERS2GROUP:EC lib:ec_asn1.c:918:
140544597497672:error:1009E010:elliptic curve routines:EC_ASN1_PKPARAMETERS2GROUP:EC lib:ec_asn1.c:1046:
140544597497672:error:10092010:elliptic curve routines:d2i_ECPrivateKey:EC lib:ec_asn1.c:1156:
140544597497672:error:100DE08E:elliptic curve routines:OLD_EC_PRIV_DECODE:decode error:ec_ameth.c:565:
140544597497672:error:0D0680A8:asn1 encoding routines:ASN1_CHECK_TLEN:wrong tag:tasn_dec.c:1343:
140544597497672:error:0D07803A:asn1 encoding routines:ASN1_ITEM_EX_D2I:nested asn1 error:tasn_dec.c:393:Type=PKCS8_PRIV_KEY_INFO
140544597497672:error:0907B00D:PEM routines:PEM_READ_BIO_PRIVATEKEY:ASN1 lib:pem_pkey.c:132:
read EC key
writing EC key
read EC key
unable to load Key
139849048778568:error:100A6083:elliptic curve routines:ec_GFp_simple_group_set_curve:unsupported field:ecp_smpl.c:183:
139849048778568:error:1009D010:elliptic curve routines:EC_ASN1_PARAMETERS2GROUP:EC lib:ec_asn1.c:918:
139849048778568:error:1009E010:elliptic curve routines:EC_ASN1_PKPARAMETERS2GROUP:EC lib:ec_asn1.c:1046:
139849048778568:error:10092010:elliptic curve routines:d2i_ECPrivateKey:EC lib:ec_asn1.c:1156:
139849048778568:error:100DE08E:elliptic curve routines:OLD_EC_PRIV_DECODE:decode error:ec_ameth.c:565:
139849048778568:error:0D0680A8:asn1 encoding routines:ASN1_CHECK_TLEN:wrong tag:tasn_dec.c:1343:
139849048778568:error:0D07803A:asn1 encoding routines:ASN1_ITEM_EX_D2I:nested asn1 error:tasn_dec.c:393:Type=PKCS8_PRIV_KEY_INFO
139849048778568:error:0907B00D:PEM routines:PEM_READ_BIO_PRIVATEKEY:ASN1 lib:pem_pkey.c:132:
read EC key
unable to load Key
140268288104264:error:100A6083:elliptic curve routines:ec_GFp_simple_group_set_curve:unsupported field:ecp_smpl.c:183:
140268288104264:error:1009D010:elliptic curve routines:EC_ASN1_PARAMETERS2GROUP:EC lib:ec_asn1.c:918:
140268288104264:error:1009E010:elliptic curve routines:EC_ASN1_PKPARAMETERS2GROUP:EC lib:ec_asn1.c:1046:
140268288104264:error:10092010:elliptic curve routines:d2i_ECPrivateKey:EC lib:ec_asn1.c:1156:
140268288104264:error:100DE08E:elliptic curve routines:OLD_EC_PRIV_DECODE:decode error:ec_ameth.c:565:
140268288104264:error:0D0680A8:asn1 encoding routines:ASN1_CHECK_TLEN:wrong tag:tasn_dec.c:1343:
140268288104264:error:0D07803A:asn1 encoding routines:ASN1_ITEM_EX_D2I:nested asn1 error:tasn_dec.c:393:Type=PKCS8_PRIV_KEY_INFO
140268288104264:error:0907B00D:PEM routines:PEM_READ_BIO_PRIVATEKEY:ASN1 lib:pem_pkey.c:132:
read EC key
unable to load Key
139843662595912:error:100A6083:elliptic curve routines:ec_GFp_simple_group_set_curve:unsupported field:ecp_smpl.c:183:
139843662595912:error:1009D010:elliptic curve routines:EC_ASN1_PARAMETERS2GROUP:EC lib:ec_asn1.c:918:
139843662595912:error:1009E010:elliptic curve routines:EC_ASN1_PKPARAMETERS2GROUP:EC lib:ec_asn1.c:1046:
139843662595912:error:10092010:elliptic curve routines:d2i_ECPrivateKey:EC lib:ec_asn1.c:1156:
139843662595912:error:100DE08E:elliptic curve routines:OLD_EC_PRIV_DECODE:decode error:ec_ameth.c:565:
139843662595912:error:0D0680A8:asn1 encoding routines:ASN1_CHECK_TLEN:wrong tag:tasn_dec.c:1343:
139843662595912:error:0D07803A:asn1 encoding routines:ASN1_ITEM_EX_D2I:nested asn1 error:tasn_dec.c:393:Type=PKCS8_PRIV_KEY_INFO
139843662595912:error:0907B00D:PEM routines:PEM_READ_BIO_PRIVATEKEY:ASN1 lib:pem_pkey.c:132:
read EC key
writing EC key
read EC key
unable to load Key
140122116265800:error:100A6083:elliptic curve routines:ec_GFp_simple_group_set_curve:unsupported field:ecp_smpl.c:183:
140122116265800:error:1009D010:elliptic curve routines:EC_ASN1_PARAMETERS2GROUP:EC lib:ec_asn1.c:918:
140122116265800:error:1009E010:elliptic curve routines:EC_ASN1_PKPARAMETERS2GROUP:EC lib:ec_asn1.c:1046:
140122116265800:error:10092010:elliptic curve routines:d2i_ECPrivateKey:EC lib:ec_asn1.c:1156:
140122116265800:error:100DE08E:elliptic curve routines:OLD_EC_PRIV_DECODE:decode error:ec_ameth.c:565:
140122116265800:error:0D0680A8:asn1 encoding routines:ASN1_CHECK_TLEN:wrong tag:tasn_dec.c:1343:
140122116265800:error:0D07803A:asn1 encoding routines:ASN1_ITEM_EX_D2I:nested asn1 error:tasn_dec.c:393:Type=PKCS8_PRIV_KEY_INFO
140122116265800:error:0907B00D:PEM routines:PEM_READ_BIO_PRIVATEKEY:ASN1 lib:pem_pkey.c:132:
read EC key
writing EC key
read EC key
writing EC key
read EC key
unable to load Key
140181706897224:error:100A6083:elliptic curve routines:ec_GFp_simple_group_set_curve:unsupported field:ecp_smpl.c:183:
140181706897224:error:1009D010:elliptic curve routines:EC_ASN1_PARAMETERS2GROUP:EC lib:ec_asn1.c:918:
140181706897224:error:1009E010:elliptic curve routines:EC_ASN1_PKPARAMETERS2GROUP:EC lib:ec_asn1.c:1046:
140181706897224:error:10092010:elliptic curve routines:d2i_ECPrivateKey:EC lib:ec_asn1.c:1156:
140181706897224:error:100DE08E:elliptic curve routines:OLD_EC_PRIV_DECODE:decode error:ec_ameth.c:565:
140181706897224:error:0D0680A8:asn1 encoding routines:ASN1_CHECK_TLEN:wrong tag:tasn_dec.c:1343:
140181706897224:error:0D07803A:asn1 encoding routines:ASN1_ITEM_EX_D2I:nested asn1 error:tasn_dec.c:393:Type=PKCS8_PRIV_KEY_INFO
140181706897224:error:0907B00D:PEM routines:PEM_READ_BIO_PRIVATEKEY:ASN1 lib:pem_pkey.c:132:
read EC key
writing EC key
read EC key
unable to load Key
140028131813192:error:100A6083:elliptic curve routines:ec_GFp_simple_group_set_curve:unsupported field:ecp_smpl.c:183:
140028131813192:error:1009D010:elliptic curve routines:EC_ASN1_PARAMETERS2GROUP:EC lib:ec_asn1.c:918:
140028131813192:error:1009E010:elliptic curve routines:EC_ASN1_PKPARAMETERS2GROUP:EC lib:ec_asn1.c:1046:
140028131813192:error:10092010:elliptic curve routines:d2i_ECPrivateKey:EC lib:ec_asn1.c:1156:
140028131813192:error:100DE08E:elliptic curve routines:OLD_EC_PRIV_DECODE:decode error:ec_ameth.c:565:
140028131813192:error:0D0680A8:asn1 encoding routines:ASN1_CHECK_TLEN:wrong tag:tasn_dec.c:1343:
140028131813192:error:0D07803A:asn1 encoding routines:ASN1_ITEM_EX_D2I:nested asn1 error:tasn_dec.c:393:Type=PKCS8_PRIV_KEY_INFO
140028131813192:error:0907B00D:PEM routines:PEM_READ_BIO_PRIVATEKEY:ASN1 lib:pem_pkey.c:132:
read EC key
unable to load Key
140586458216264:error:100A6083:elliptic curve routines:ec_GFp_simple_group_set_curve:unsupported field:ecp_smpl.c:183:
140586458216264:error:1009D010:elliptic curve routines:EC_ASN1_PARAMETERS2GROUP:EC lib:ec_asn1.c:918:
140586458216264:error:1009E010:elliptic curve routines:EC_ASN1_PKPARAMETERS2GROUP:EC lib:ec_asn1.c:1046:
140586458216264:error:10092010:elliptic curve routines:d2i_ECPrivateKey:EC lib:ec_asn1.c:1156:
140586458216264:error:100DE08E:elliptic curve routines:OLD_EC_PRIV_DECODE:decode error:ec_ameth.c:565:
140586458216264:error:0D0680A8:asn1 encoding routines:ASN1_CHECK_TLEN:wrong tag:tasn_dec.c:1343:
140586458216264:error:0D07803A:asn1 encoding routines:ASN1_ITEM_EX_D2I:nested asn1 error:tasn_dec.c:393:Type=PKCS8_PRIV_KEY_INFO
140586458216264:error:0907B00D:PEM routines:PEM_READ_BIO_PRIVATEKEY:ASN1 lib:pem_pkey.c:132:
read EC key
unable to load Key
140564409612104:error:100A6083:elliptic curve routines:ec_GFp_simple_group_set_curve:unsupported field:ecp_smpl.c:183:
140564409612104:error:1009D010:elliptic curve routines:EC_ASN1_PARAMETERS2GROUP:EC lib:ec_asn1.c:918:
140564409612104:error:1009E010:elliptic curve routines:EC_ASN1_PKPARAMETERS2GROUP:EC lib:ec_asn1.c:1046:
140564409612104:error:10092010:elliptic curve routines:d2i_ECPrivateKey:EC lib:ec_asn1.c:1156:
140564409612104:error:100DE08E:elliptic curve routines:OLD_EC_PRIV_DECODE:decode error:ec_ameth.c:565:
140564409612104:error:0D0680A8:asn1 encoding routines:ASN1_CHECK_TLEN:wrong tag:tasn_dec.c:1343:
140564409612104:error:0D07803A:asn1 encoding routines:ASN1_ITEM_EX_D2I:nested asn1 error:tasn_dec.c:393:Type=PKCS8_PRIV_KEY_INFO
140564409612104:error:0907B00D:PEM routines:PEM_READ_BIO_PRIVATEKEY:ASN1 lib:pem_pkey.c:132:
read EC key
writing EC key
read EC key
unable to load Key
139637765486408:error:100A6083:elliptic curve routines:ec_GFp_simple_group_set_curve:unsupported field:ecp_smpl.c:183:
139637765486408:error:1009D010:elliptic curve routines:EC_ASN1_PARAMETERS2GROUP:EC lib:ec_asn1.c:918:
139637765486408:error:1009E010:elliptic curve routines:EC_ASN1_PKPARAMETERS2GROUP:EC lib:ec_asn1.c:1046:
139637765486408:error:10092010:elliptic curve routines:d2i_ECPrivateKey:EC lib:ec_asn1.c:1156:
139637765486408:error:100DE08E:elliptic curve routines:OLD_EC_PRIV_DECODE:decode error:ec_ameth.c:565:
139637765486408:error:0D0680A8:asn1 encoding routines:ASN1_CHECK_TLEN:wrong tag:tasn_dec.c:1343:
139637765486408:error:0D07803A:asn1 encoding routines:ASN1_ITEM_EX_D2I:nested asn1 error:tasn_dec.c:393:Type=PKCS8_PRIV_KEY_INFO
139637765486408:error:0907B00D:PEM routines:PEM_READ_BIO_PRIVATEKEY:ASN1 lib:pem_pkey.c:132:
read EC key
unable to load Key
140340856112968:error:100A6083:elliptic curve routines:ec_GFp_simple_group_set_curve:unsupported field:ecp_smpl.c:183:
140340856112968:error:1009D010:elliptic curve routines:EC_ASN1_PARAMETERS2GROUP:EC lib:ec_asn1.c:918:
140340856112968:error:1009E010:elliptic curve routines:EC_ASN1_PKPARAMETERS2GROUP:EC lib:ec_asn1.c:1046:
140340856112968:error:10092010:elliptic curve routines:d2i_ECPrivateKey:EC lib:ec_asn1.c:1156:
140340856112968:error:100DE08E:elliptic curve routines:OLD_EC_PRIV_DECODE:decode error:ec_ameth.c:565:
140340856112968:error:0D0680A8:asn1 encoding routines:ASN1_CHECK_TLEN:wrong tag:tasn_dec.c:1343:
140340856112968:error:0D07803A:asn1 encoding routines:ASN1_ITEM_EX_D2I:nested asn1 error:tasn_dec.c:393:Type=PKCS8_PRIV_KEY_INFO
140340856112968:error:0907B00D:PEM routines:PEM_READ_BIO_PRIVATEKEY:ASN1 lib:pem_pkey.c:132:
read EC key
unable to load Key
140010579457864:error:100A6083:elliptic curve routines:ec_GFp_simple_group_set_curve:unsupported field:ecp_smpl.c:183:
140010579457864:error:1009D010:elliptic curve routines:EC_ASN1_PARAMETERS2GROUP:EC lib:ec_asn1.c:918:
140010579457864:error:1009E010:elliptic curve routines:EC_ASN1_PKPARAMETERS2GROUP:EC lib:ec_asn1.c:1046:
140010579457864:error:10092010:elliptic curve routines:d2i_ECPrivateKey:EC lib:ec_asn1.c:1156:
140010579457864:error:100DE08E:elliptic curve routines:OLD_EC_PRIV_DECODE:decode error:ec_ameth.c:565:
140010579457864:error:0D0680A8:asn1 encoding routines:ASN1_CHECK_TLEN:wrong tag:tasn_dec.c:1343:
140010579457864:error:0D07803A:asn1 encoding routines:ASN1_ITEM_EX_D2I:nested asn1 error:tasn_dec.c:393:Type=PKCS8_PRIV_KEY_INFO
140010579457864:error:0907B00D:PEM routines:PEM_READ_BIO_PRIVATEKEY:ASN1 lib:pem_pkey.c:132:
read EC key
unable to load Key
139748258006856:error:100A6083:elliptic curve routines:ec_GFp_simple_group_set_curve:unsupported field:ecp_smpl.c:183:
139748258006856:error:1009D010:elliptic curve routines:EC_ASN1_PARAMETERS2GROUP:EC lib:ec_asn1.c:918:
139748258006856:error:1009E010:elliptic curve routines:EC_ASN1_PKPARAMETERS2GROUP:EC lib:ec_asn1.c:1046:
139748258006856:error:10092010:elliptic curve routines:d2i_ECPrivateKey:EC lib:ec_asn1.c:1156:
139748258006856:error:100DE08E:elliptic curve routines:OLD_EC_PRIV_DECODE:decode error:ec_ameth.c:565:
139748258006856:error:0D0680A8:asn1 encoding routines:ASN1_CHECK_TLEN:wrong tag:tasn_dec.c:1343:
139748258006856:error:0D07803A:asn1 encoding routines:ASN1_ITEM_EX_D2I:nested asn1 error:tasn_dec.c:393:Type=PKCS8_PRIV_KEY_INFO
139748258006856:error:0907B00D:PEM routines:PEM_READ_BIO_PRIVATEKEY:ASN1 lib:pem_pkey.c:132:
read EC key
unable to load Key
140333681944392:error:100A6083:elliptic curve routines:ec_GFp_simple_group_set_curve:unsupported field:ecp_smpl.c:183:
140333681944392:error:1009D010:elliptic curve routines:EC_ASN1_PARAMETERS2GROUP:EC lib:ec_asn1.c:918:
140333681944392:error:1009E010:elliptic curve routines:EC_ASN1_PKPARAMETERS2GROUP:EC lib:ec_asn1.c:1046:
140333681944392:error:10092010:elliptic curve routines:d2i_ECPrivateKey:EC lib:ec_asn1.c:1156:
140333681944392:error:100DE08E:elliptic curve routines:OLD_EC_PRIV_DECODE:decode error:ec_ameth.c:565:
140333681944392:error:0D0680A8:asn1 encoding routines:ASN1_CHECK_TLEN:wrong tag:tasn_dec.c:1343:
140333681944392:error:0D07803A:asn1 encoding routines:ASN1_ITEM_EX_D2I:nested asn1 error:tasn_dec.c:393:Type=PKCS8_PRIV_KEY_INFO
140333681944392:error:0907B00D:PEM routines:PEM_READ_BIO_PRIVATEKEY:ASN1 lib:pem_pkey.c:132:
read EC key
unable to load Key
140063375386440:error:100A6083:elliptic curve routines:ec_GFp_simple_group_set_curve:unsupported field:ecp_smpl.c:183:
140063375386440:error:1009D010:elliptic curve routines:EC_ASN1_PARAMETERS2GROUP:EC lib:ec_asn1.c:918:
140063375386440:error:1009E010:elliptic curve routines:EC_ASN1_PKPARAMETERS2GROUP:EC lib:ec_asn1.c:1046:
140063375386440:error:10092010:elliptic curve routines:d2i_ECPrivateKey:EC lib:ec_asn1.c:1156:
140063375386440:error:100DE08E:elliptic curve routines:OLD_EC_PRIV_DECODE:decode error:ec_ameth.c:565:
140063375386440:error:0D0680A8:asn1 encoding routines:ASN1_CHECK_TLEN:wrong tag:tasn_dec.c:1343:
140063375386440:error:0D07803A:asn1 encoding routines:ASN1_ITEM_EX_D2I:nested asn1 error:tasn_dec.c:393:Type=PKCS8_PRIV_KEY_INFO
140063375386440:error:0907B00D:PEM routines:PEM_READ_BIO_PRIVATEKEY:ASN1 lib:pem_pkey.c:132:
read EC key
unable to load Key
140587616589640:error:100A6083:elliptic curve routines:ec_GFp_simple_group_set_curve:unsupported field:ecp_smpl.c:183:
140587616589640:error:1009D010:elliptic curve routines:EC_ASN1_PARAMETERS2GROUP:EC lib:ec_asn1.c:918:
140587616589640:error:1009E010:elliptic curve routines:EC_ASN1_PKPARAMETERS2GROUP:EC lib:ec_asn1.c:1046:
140587616589640:error:10092010:elliptic curve routines:d2i_ECPrivateKey:EC lib:ec_asn1.c:1156:
140587616589640:error:100DE08E:elliptic curve routines:OLD_EC_PRIV_DECODE:decode error:ec_ameth.c:565:
140587616589640:error:0D0680A8:asn1 encoding routines:ASN1_CHECK_TLEN:wrong tag:tasn_dec.c:1343:
140587616589640:error:0D07803A:asn1 encoding routines:ASN1_ITEM_EX_D2I:nested asn1 error:tasn_dec.c:393:Type=PKCS8_PRIV_KEY_INFO
140587616589640:error:0907B00D:PEM routines:PEM_READ_BIO_PRIVATEKEY:ASN1 lib:pem_pkey.c:132:
read EC key
unable to load Key
139912985057096:error:100A6083:elliptic curve routines:ec_GFp_simple_group_set_curve:unsupported field:ecp_smpl.c:183:
139912985057096:error:1009D010:elliptic curve routines:EC_ASN1_PARAMETERS2GROUP:EC lib:ec_asn1.c:918:
139912985057096:error:1009E010:elliptic curve routines:EC_ASN1_PKPARAMETERS2GROUP:EC lib:ec_asn1.c:1046:
139912985057096:error:10092010:elliptic curve routines:d2i_ECPrivateKey:EC lib:ec_asn1.c:1156:
139912985057096:error:100DE08E:elliptic curve routines:OLD_EC_PRIV_DECODE:decode error:ec_ameth.c:565:
139912985057096:error:0D0680A8:asn1 encoding routines:ASN1_CHECK_TLEN:wrong tag:tasn_dec.c:1343:
139912985057096:error:0D07803A:asn1 encoding routines:ASN1_ITEM_EX_D2I:nested asn1 error:tasn_dec.c:393:Type=PKCS8_PRIV_KEY_INFO
139912985057096:error:0907B00D:PEM routines:PEM_READ_BIO_PRIVATEKEY:ASN1 lib:pem_pkey.c:132:
read EC key
writing EC key
read EC key
unable to load Key
140117615044424:error:100A6083:elliptic curve routines:ec_GFp_simple_group_set_curve:unsupported field:ecp_smpl.c:183:
140117615044424:error:1009D010:elliptic curve routines:EC_ASN1_PARAMETERS2GROUP:EC lib:ec_asn1.c:918:
140117615044424:error:1009E010:elliptic curve routines:EC_ASN1_PKPARAMETERS2GROUP:EC lib:ec_asn1.c:1046:
140117615044424:error:10092010:elliptic curve routines:d2i_ECPrivateKey:EC lib:ec_asn1.c:1156:
140117615044424:error:100DE08E:elliptic curve routines:OLD_EC_PRIV_DECODE:decode error:ec_ameth.c:565:
140117615044424:error:0D0680A8:asn1 encoding routines:ASN1_CHECK_TLEN:wrong tag:tasn_dec.c:1343:
140117615044424:error:0D07803A:asn1 encoding routines:ASN1_ITEM_EX_D2I:nested asn1 error:tasn_dec.c:393:Type=PKCS8_PRIV_KEY_INFO
140117615044424:error:0907B00D:PEM routines:PEM_READ_BIO_PRIVATEKEY:ASN1 lib:pem_pkey.c:132:
read EC key
writing EC key
read EC key
unable to load Key
140629970360136:error:100A6083:elliptic curve routines:ec_GFp_simple_group_set_curve:unsupported field:ecp_smpl.c:183:
140629970360136:error:1009D010:elliptic curve routines:EC_ASN1_PARAMETERS2GROUP:EC lib:ec_asn1.c:918:
140629970360136:error:1009E010:elliptic curve routines:EC_ASN1_PKPARAMETERS2GROUP:EC lib:ec_asn1.c:1046:
140629970360136:error:10092010:elliptic curve routines:d2i_ECPrivateKey:EC lib:ec_asn1.c:1156:
140629970360136:error:100DE08E:elliptic curve routines:OLD_EC_PRIV_DECODE:decode error:ec_ameth.c:565:
140629970360136:error:0D0680A8:asn1 encoding routines:ASN1_CHECK_TLEN:wrong tag:tasn_dec.c:1343:
140629970360136:error:0D07803A:asn1 encoding routines:ASN1_ITEM_EX_D2I:nested asn1 error:tasn_dec.c:393:Type=PKCS8_PRIV_KEY_INFO
140629970360136:error:0907B00D:PEM routines:PEM_READ_BIO_PRIVATEKEY:ASN1 lib:pem_pkey.c:132:
read EC key
unable to load Key
140400371984200:error:100A6083:elliptic curve routines:ec_GFp_simple_group_set_curve:unsupported field:ecp_smpl.c:183:
140400371984200:error:1009D010:elliptic curve routines:EC_ASN1_PARAMETERS2GROUP:EC lib:ec_asn1.c:918:
140400371984200:error:1009E010:elliptic curve routines:EC_ASN1_PKPARAMETERS2GROUP:EC lib:ec_asn1.c:1046:
140400371984200:error:10092010:elliptic curve routines:d2i_ECPrivateKey:EC lib:ec_asn1.c:1156:
140400371984200:error:100DE08E:elliptic curve routines:OLD_EC_PRIV_DECODE:decode error:ec_ameth.c:565:
140400371984200:error:0D0680A8:asn1 encoding routines:ASN1_CHECK_TLEN:wrong tag:tasn_dec.c:1343:
140400371984200:error:0D07803A:asn1 encoding routines:ASN1_ITEM_EX_D2I:nested asn1 error:tasn_dec.c:393:Type=PKCS8_PRIV_KEY_INFO
140400371984200:error:0907B00D:PEM routines:PEM_READ_BIO_PRIVATEKEY:ASN1 lib:pem_pkey.c:132:
read EC key
writing EC key
read EC key
unable to load Key
140165557094216:error:100A6083:elliptic curve routines:ec_GFp_simple_group_set_curve:unsupported field:ecp_smpl.c:183:
140165557094216:error:1009D010:elliptic curve routines:EC_ASN1_PARAMETERS2GROUP:EC lib:ec_asn1.c:918:
140165557094216:error:1009E010:elliptic curve routines:EC_ASN1_PKPARAMETERS2GROUP:EC lib:ec_asn1.c:1046:
140165557094216:error:10092010:elliptic curve routines:d2i_ECPrivateKey:EC lib:ec_asn1.c:1156:
140165557094216:error:100DE08E:elliptic curve routines:OLD_EC_PRIV_DECODE:decode error:ec_ameth.c:565:
140165557094216:error:0D0680A8:asn1 encoding routines:ASN1_CHECK_TLEN:wrong tag:tasn_dec.c:1343:
140165557094216:error:0D07803A:asn1 encoding routines:ASN1_ITEM_EX_D2I:nested asn1 error:tasn_dec.c:393:Type=PKCS8_PRIV_KEY_INFO
140165557094216:error:0907B00D:PEM routines:PEM_READ_BIO_PRIVATEKEY:ASN1 lib:pem_pkey.c:132:
read EC key
writing EC key
read EC key
writing EC key
read EC key
writing EC key
read EC key
unable to load Key
140268380182344:error:100A6083:elliptic curve routines:ec_GFp_simple_group_set_curve:unsupported field:ecp_smpl.c:183:
140268380182344:error:1009D010:elliptic curve routines:EC_ASN1_PARAMETERS2GROUP:EC lib:ec_asn1.c:918:
140268380182344:error:1009E010:elliptic curve routines:EC_ASN1_PKPARAMETERS2GROUP:EC lib:ec_asn1.c:1046:
140268380182344:error:10092010:elliptic curve routines:d2i_ECPrivateKey:EC lib:ec_asn1.c:1156:
140268380182344:error:100DE08E:elliptic curve routines:OLD_EC_PRIV_DECODE:decode error:ec_ameth.c:565:
140268380182344:error:0D0680A8:asn1 encoding routines:ASN1_CHECK_TLEN:wrong tag:tasn_dec.c:1343:
140268380182344:error:0D07803A:asn1 encoding routines:ASN1_ITEM_EX_D2I:nested asn1 error:tasn_dec.c:393:Type=PKCS8_PRIV_KEY_INFO
140268380182344:error:0907B00D:PEM routines:PEM_READ_BIO_PRIVATEKEY:ASN1 lib:pem_pkey.c:132:
read EC key
writing EC key
read EC key
unable to load Key
140456494761800:error:100A6083:elliptic curve routines:ec_GFp_simple_group_set_curve:unsupported field:ecp_smpl.c:183:
140456494761800:error:1009D010:elliptic curve routines:EC_ASN1_PARAMETERS2GROUP:EC lib:ec_asn1.c:918:
140456494761800:error:1009E010:elliptic curve routines:EC_ASN1_PKPARAMETERS2GROUP:EC lib:ec_asn1.c:1046:
140456494761800:error:10092010:elliptic curve routines:d2i_ECPrivateKey:EC lib:ec_asn1.c:1156:
140456494761800:error:100DE08E:elliptic curve routines:OLD_EC_PRIV_DECODE:decode error:ec_ameth.c:565:
140456494761800:error:0D0680A8:asn1 encoding routines:ASN1_CHECK_TLEN:wrong tag:tasn_dec.c:1343:
140456494761800:error:0D07803A:asn1 encoding routines:ASN1_ITEM_EX_D2I:nested asn1 error:tasn_dec.c:393:Type=PKCS8_PRIV_KEY_INFO
140456494761800:error:0907B00D:PEM routines:PEM_READ_BIO_PRIVATEKEY:ASN1 lib:pem_pkey.c:132:
read EC key
unable to load Key
139727230326600:error:100A6083:elliptic curve routines:ec_GFp_simple_group_set_curve:unsupported field:ecp_smpl.c:183:
139727230326600:error:1009D010:elliptic curve routines:EC_ASN1_PARAMETERS2GROUP:EC lib:ec_asn1.c:918:
139727230326600:error:1009E010:elliptic curve routines:EC_ASN1_PKPARAMETERS2GROUP:EC lib:ec_asn1.c:1046:
139727230326600:error:10092010:elliptic curve routines:d2i_ECPrivateKey:EC lib:ec_asn1.c:1156:
139727230326600:error:100DE08E:elliptic curve routines:OLD_EC_PRIV_DECODE:decode error:ec_ameth.c:565:
139727230326600:error:0D0680A8:asn1 encoding routines:ASN1_CHECK_TLEN:wrong tag:tasn_dec.c:1343:
139727230326600:error:0D07803A:asn1 encoding routines:ASN1_ITEM_EX_D2I:nested asn1 error:tasn_dec.c:393:Type=PKCS8_PRIV_KEY_INFO
139727230326600:error:0907B00D:PEM routines:PEM_READ_BIO_PRIVATEKEY:ASN1 lib:pem_pkey.c:132:
read EC key
unable to load Key
139895638812488:error:100A6083:elliptic curve routines:ec_GFp_simple_group_set_curve:unsupported field:ecp_smpl.c:183:
139895638812488:error:1009D010:elliptic curve routines:EC_ASN1_PARAMETERS2GROUP:EC lib:ec_asn1.c:918:
139895638812488:error:1009E010:elliptic curve routines:EC_ASN1_PKPARAMETERS2GROUP:EC lib:ec_asn1.c:1046:
139895638812488:error:10092010:elliptic curve routines:d2i_ECPrivateKey:EC lib:ec_asn1.c:1156:
139895638812488:error:100DE08E:elliptic curve routines:OLD_EC_PRIV_DECODE:decode error:ec_ameth.c:565:
139895638812488:error:0D0680A8:asn1 encoding routines:ASN1_CHECK_TLEN:wrong tag:tasn_dec.c:1343:
139895638812488:error:0D07803A:asn1 encoding routines:ASN1_ITEM_EX_D2I:nested asn1 error:tasn_dec.c:393:Type=PKCS8_PRIV_KEY_INFO
139895638812488:error:0907B00D:PEM routines:PEM_READ_BIO_PRIVATEKEY:ASN1 lib:pem_pkey.c:132:
read EC key
writing EC key
read EC key
unable to load Key
140241882171208:error:100A6083:elliptic curve routines:ec_GFp_simple_group_set_curve:unsupported field:ecp_smpl.c:183:
140241882171208:error:1009D010:elliptic curve routines:EC_ASN1_PARAMETERS2GROUP:EC lib:ec_asn1.c:918:
140241882171208:error:1009E010:elliptic curve routines:EC_ASN1_PKPARAMETERS2GROUP:EC lib:ec_asn1.c:1046:
140241882171208:error:10092010:elliptic curve routines:d2i_ECPrivateKey:EC lib:ec_asn1.c:1156:
140241882171208:error:100DE08E:elliptic curve routines:OLD_EC_PRIV_DECODE:decode error:ec_ameth.c:565:
140241882171208:error:0D0680A8:asn1 encoding routines:ASN1_CHECK_TLEN:wrong tag:tasn_dec.c:1343:
140241882171208:error:0D07803A:asn1 encoding routines:ASN1_ITEM_EX_D2I:nested asn1 error:tasn_dec.c:393:Type=PKCS8_PRIV_KEY_INFO
140241882171208:error:0907B00D:PEM routines:PEM_READ_BIO_PRIVATEKEY:ASN1 lib:pem_pkey.c:132:
read EC key
writing EC key
read EC key
writing EC key
read EC key
unable to load Key
140688063121224:error:100A6083:elliptic curve routines:ec_GFp_simple_group_set_curve:unsupported field:ecp_smpl.c:183:
140688063121224:error:1009D010:elliptic curve routines:EC_ASN1_PARAMETERS2GROUP:EC lib:ec_asn1.c:918:
140688063121224:error:1009E010:elliptic curve routines:EC_ASN1_PKPARAMETERS2GROUP:EC lib:ec_asn1.c:1046:
140688063121224:error:10092010:elliptic curve routines:d2i_ECPrivateKey:EC lib:ec_asn1.c:1156:
140688063121224:error:100DE08E:elliptic curve routines:OLD_EC_PRIV_DECODE:decode error:ec_ameth.c:565:
140688063121224:error:0D0680A8:asn1 encoding routines:ASN1_CHECK_TLEN:wrong tag:tasn_dec.c:1343:
140688063121224:error:0D07803A:asn1 encoding routines:ASN1_ITEM_EX_D2I:nested asn1 error:tasn_dec.c:393:Type=PKCS8_PRIV_KEY_INFO
140688063121224:error:0907B00D:PEM routines:PEM_READ_BIO_PRIVATEKEY:ASN1 lib:pem_pkey.c:132:
read EC key
writing EC key
read EC key
unable to load Key
140352309053256:error:100A6083:elliptic curve routines:ec_GFp_simple_group_set_curve:unsupported field:ecp_smpl.c:183:
140352309053256:error:1009D010:elliptic curve routines:EC_ASN1_PARAMETERS2GROUP:EC lib:ec_asn1.c:918:
140352309053256:error:1009E010:elliptic curve routines:EC_ASN1_PKPARAMETERS2GROUP:EC lib:ec_asn1.c:1046:
140352309053256:error:10092010:elliptic curve routines:d2i_ECPrivateKey:EC lib:ec_asn1.c:1156:
140352309053256:error:100DE08E:elliptic curve routines:OLD_EC_PRIV_DECODE:decode error:ec_ameth.c:565:
140352309053256:error:0D0680A8:asn1 encoding routines:ASN1_CHECK_TLEN:wrong tag:tasn_dec.c:1343:
140352309053256:error:0D07803A:asn1 encoding routines:ASN1_ITEM_EX_D2I:nested asn1 error:tasn_dec.c:393:Type=PKCS8_PRIV_KEY_INFO
140352309053256:error:0907B00D:PEM routines:PEM_READ_BIO_PRIVATEKEY:ASN1 lib:pem_pkey.c:132:
read EC key
unable to load Key
140534953592648:error:100A6083:elliptic curve routines:ec_GFp_simple_group_set_curve:unsupported field:ecp_smpl.c:183:
140534953592648:error:1009D010:elliptic curve routines:EC_ASN1_PARAMETERS2GROUP:EC lib:ec_asn1.c:918:
140534953592648:error:1009E010:elliptic curve routines:EC_ASN1_PKPARAMETERS2GROUP:EC lib:ec_asn1.c:1046:
140534953592648:error:10092010:elliptic curve routines:d2i_ECPrivateKey:EC lib:ec_asn1.c:1156:
140534953592648:error:100DE08E:elliptic curve routines:OLD_EC_PRIV_DECODE:decode error:ec_ameth.c:565:
140534953592648:error:0D0680A8:asn1 encoding routines:ASN1_CHECK_TLEN:wrong tag:tasn_dec.c:1343:
140534953592648:error:0D07803A:asn1 encoding routines:ASN1_ITEM_EX_D2I:nested asn1 error:tasn_dec.c:393:Type=PKCS8_PRIV_KEY_INFO
140534953592648:error:0907B00D:PEM routines:PEM_READ_BIO_PRIVATEKEY:ASN1 lib:pem_pkey.c:132:
read EC key
unable to load Key
140501377234760:error:100A6083:elliptic curve routines:ec_GFp_simple_group_set_curve:unsupported field:ecp_smpl.c:183:
140501377234760:error:1009D010:elliptic curve routines:EC_ASN1_PARAMETERS2GROUP:EC lib:ec_asn1.c:918:
140501377234760:error:1009E010:elliptic curve routines:EC_ASN1_PKPARAMETERS2GROUP:EC lib:ec_asn1.c:1046:
140501377234760:error:10092010:elliptic curve routines:d2i_ECPrivateKey:EC lib:ec_asn1.c:1156:
140501377234760:error:100DE08E:elliptic curve routines:OLD_EC_PRIV_DECODE:decode error:ec_ameth.c:565:
140501377234760:error:0D0680A8:asn1 encoding routines:ASN1_CHECK_TLEN:wrong tag:tasn_dec.c:1343:
140501377234760:error:0D07803A:asn1 encoding routines:ASN1_ITEM_EX_D2I:nested asn1 error:tasn_dec.c:393:Type=PKCS8_PRIV_KEY_INFO
140501377234760:error:0907B00D:PEM routines:PEM_READ_BIO_PRIVATEKEY:ASN1 lib:pem_pkey.c:132:
read EC key
writing EC key
read EC key
unable to load Key
140688711391048:error:100A6083:elliptic curve routines:ec_GFp_simple_group_set_curve:unsupported field:ecp_smpl.c:183:
140688711391048:error:1009D010:elliptic curve routines:EC_ASN1_PARAMETERS2GROUP:EC lib:ec_asn1.c:918:
140688711391048:error:1009E010:elliptic curve routines:EC_ASN1_PKPARAMETERS2GROUP:EC lib:ec_asn1.c:1046:
140688711391048:error:10092010:elliptic curve routines:d2i_ECPrivateKey:EC lib:ec_asn1.c:1156:
140688711391048:error:100DE08E:elliptic curve routines:OLD_EC_PRIV_DECODE:decode error:ec_ameth.c:565:
140688711391048:error:0D0680A8:asn1 encoding routines:ASN1_CHECK_TLEN:wrong tag:tasn_dec.c:1343:
140688711391048:error:0D07803A:asn1 encoding routines:ASN1_ITEM_EX_D2I:nested asn1 error:tasn_dec.c:393:Type=PKCS8_PRIV_KEY_INFO
140688711391048:error:0907B00D:PEM routines:PEM_READ_BIO_PRIVATEKEY:ASN1 lib:pem_pkey.c:132:
read EC key
unable to load Key
139645761685320:error:100A6083:elliptic curve routines:ec_GFp_simple_group_set_curve:unsupported field:ecp_smpl.c:183:
139645761685320:error:1009D010:elliptic curve routines:EC_ASN1_PARAMETERS2GROUP:EC lib:ec_asn1.c:918:
139645761685320:error:1009E010:elliptic curve routines:EC_ASN1_PKPARAMETERS2GROUP:EC lib:ec_asn1.c:1046:
139645761685320:error:10092010:elliptic curve routines:d2i_ECPrivateKey:EC lib:ec_asn1.c:1156:
139645761685320:error:100DE08E:elliptic curve routines:OLD_EC_PRIV_DECODE:decode error:ec_ameth.c:565:
139645761685320:error:0D0680A8:asn1 encoding routines:ASN1_CHECK_TLEN:wrong tag:tasn_dec.c:1343:
139645761685320:error:0D07803A:asn1 encoding routines:ASN1_ITEM_EX_D2I:nested asn1 error:tasn_dec.c:393:Type=PKCS8_PRIV_KEY_INFO
139645761685320:error:0907B00D:PEM routines:PEM_READ_BIO_PRIVATEKEY:ASN1 lib:pem_pkey.c:132:
read EC key
unable to load Key
140091159729992:error:100A6083:elliptic curve routines:ec_GFp_simple_group_set_curve:unsupported field:ecp_smpl.c:183:
140091159729992:error:1009D010:elliptic curve routines:EC_ASN1_PARAMETERS2GROUP:EC lib:ec_asn1.c:918:
140091159729992:error:1009E010:elliptic curve routines:EC_ASN1_PKPARAMETERS2GROUP:EC lib:ec_asn1.c:1046:
140091159729992:error:10092010:elliptic curve routines:d2i_ECPrivateKey:EC lib:ec_asn1.c:1156:
140091159729992:error:100DE08E:elliptic curve routines:OLD_EC_PRIV_DECODE:decode error:ec_ameth.c:565:
140091159729992:error:0D0680A8:asn1 encoding routines:ASN1_CHECK_TLEN:wrong tag:tasn_dec.c:1343:
140091159729992:error:0D07803A:asn1 encoding routines:ASN1_ITEM_EX_D2I:nested asn1 error:tasn_dec.c:393:Type=PKCS8_PRIV_KEY_INFO
140091159729992:error:0907B00D:PEM routines:PEM_READ_BIO_PRIVATEKEY:ASN1 lib:pem_pkey.c:132:
read EC key
unable to load Key
139653190690632:error:100A6083:elliptic curve routines:ec_GFp_simple_group_set_curve:unsupported field:ecp_smpl.c:183:
139653190690632:error:1009D010:elliptic curve routines:EC_ASN1_PARAMETERS2GROUP:EC lib:ec_asn1.c:918:
139653190690632:error:1009E010:elliptic curve routines:EC_ASN1_PKPARAMETERS2GROUP:EC lib:ec_asn1.c:1046:
139653190690632:error:10092010:elliptic curve routines:d2i_ECPrivateKey:EC lib:ec_asn1.c:1156:
139653190690632:error:100DE08E:elliptic curve routines:OLD_EC_PRIV_DECODE:decode error:ec_ameth.c:565:
139653190690632:error:0D0680A8:asn1 encoding routines:ASN1_CHECK_TLEN:wrong tag:tasn_dec.c:1343:
139653190690632:error:0D07803A:asn1 encoding routines:ASN1_ITEM_EX_D2I:nested asn1 error:tasn_dec.c:393:Type=PKCS8_PRIV_KEY_INFO
139653190690632:error:0907B00D:PEM routines:PEM_READ_BIO_PRIVATEKEY:ASN1 lib:pem_pkey.c:132:
read EC key
unable to load Key
140533187528520:error:100A6083:elliptic curve routines:ec_GFp_simple_group_set_curve:unsupported field:ecp_smpl.c:183:
140533187528520:error:1009D010:elliptic curve routines:EC_ASN1_PARAMETERS2GROUP:EC lib:ec_asn1.c:918:
140533187528520:error:1009E010:elliptic curve routines:EC_ASN1_PKPARAMETERS2GROUP:EC lib:ec_asn1.c:1046:
140533187528520:error:10092010:elliptic curve routines:d2i_ECPrivateKey:EC lib:ec_asn1.c:1156:
140533187528520:error:100DE08E:elliptic curve routines:OLD_EC_PRIV_DECODE:decode error:ec_ameth.c:565:
140533187528520:error:0D0680A8:asn1 encoding routines:ASN1_CHECK_TLEN:wrong tag:tasn_dec.c:1343:
140533187528520:error:0D07803A:asn1 encoding routines:ASN1_ITEM_EX_D2I:nested asn1 error:tasn_dec.c:393:Type=PKCS8_PRIV_KEY_INFO
140533187528520:error:0907B00D:PEM routines:PEM_READ_BIO_PRIVATEKEY:ASN1 lib:pem_pkey.c:132:
read EC key
unable to load Key
140562785478472:error:100A6083:elliptic curve routines:ec_GFp_simple_group_set_curve:unsupported field:ecp_smpl.c:183:
140562785478472:error:1009D010:elliptic curve routines:EC_ASN1_PARAMETERS2GROUP:EC lib:ec_asn1.c:918:
140562785478472:error:1009E010:elliptic curve routines:EC_ASN1_PKPARAMETERS2GROUP:EC lib:ec_asn1.c:1046:
140562785478472:error:10092010:elliptic curve routines:d2i_ECPrivateKey:EC lib:ec_asn1.c:1156:
140562785478472:error:100DE08E:elliptic curve routines:OLD_EC_PRIV_DECODE:decode error:ec_ameth.c:565:
140562785478472:error:0D0680A8:asn1 encoding routines:ASN1_CHECK_TLEN:wrong tag:tasn_dec.c:1343:
140562785478472:error:0D07803A:asn1 encoding routines:ASN1_ITEM_EX_D2I:nested asn1 error:tasn_dec.c:393:Type=PKCS8_PRIV_KEY_INFO
140562785478472:error:0907B00D:PEM routines:PEM_READ_BIO_PRIVATEKEY:ASN1 lib:pem_pkey.c:132:
read EC key
unable to load Key
140666907219784:error:100A6083:elliptic curve routines:ec_GFp_simple_group_set_curve:unsupported field:ecp_smpl.c:183:
140666907219784:error:1009D010:elliptic curve routines:EC_ASN1_PARAMETERS2GROUP:EC lib:ec_asn1.c:918:
140666907219784:error:1009E010:elliptic curve routines:EC_ASN1_PKPARAMETERS2GROUP:EC lib:ec_asn1.c:1046:
140666907219784:error:10092010:elliptic curve routines:d2i_ECPrivateKey:EC lib:ec_asn1.c:1156:
140666907219784:error:100DE08E:elliptic curve routines:OLD_EC_PRIV_DECODE:decode error:ec_ameth.c:565:
140666907219784:error:0D0680A8:asn1 encoding routines:ASN1_CHECK_TLEN:wrong tag:tasn_dec.c:1343:
140666907219784:error:0D07803A:asn1 encoding routines:ASN1_ITEM_EX_D2I:nested asn1 error:tasn_dec.c:393:Type=PKCS8_PRIV_KEY_INFO
140666907219784:error:0907B00D:PEM routines:PEM_READ_BIO_PRIVATEKEY:ASN1 lib:pem_pkey.c:132:
read EC key
unable to load Key
139975701952328:error:100A6083:elliptic curve routines:ec_GFp_simple_group_set_curve:unsupported field:ecp_smpl.c:183:
139975701952328:error:1009D010:elliptic curve routines:EC_ASN1_PARAMETERS2GROUP:EC lib:ec_asn1.c:918:
139975701952328:error:1009E010:elliptic curve routines:EC_ASN1_PKPARAMETERS2GROUP:EC lib:ec_asn1.c:1046:
139975701952328:error:10092010:elliptic curve routines:d2i_ECPrivateKey:EC lib:ec_asn1.c:1156:
139975701952328:error:100DE08E:elliptic curve routines:OLD_EC_PRIV_DECODE:decode error:ec_ameth.c:565:
139975701952328:error:0D0680A8:asn1 encoding routines:ASN1_CHECK_TLEN:wrong tag:tasn_dec.c:1343:
139975701952328:error:0D07803A:asn1 encoding routines:ASN1_ITEM_EX_D2I:nested asn1 error:tasn_dec.c:393:Type=PKCS8_PRIV_KEY_INFO
139975701952328:error:0907B00D:PEM routines:PEM_READ_BIO_PRIVATEKEY:ASN1 lib:pem_pkey.c:132:
read EC key
writing EC key
read EC key
unable to load Key
140611920656200:error:100A6083:elliptic curve routines:ec_GFp_simple_group_set_curve:unsupported field:ecp_smpl.c:183:
140611920656200:error:1009D010:elliptic curve routines:EC_ASN1_PARAMETERS2GROUP:EC lib:ec_asn1.c:918:
140611920656200:error:1009E010:elliptic curve routines:EC_ASN1_PKPARAMETERS2GROUP:EC lib:ec_asn1.c:1046:
140611920656200:error:10092010:elliptic curve routines:d2i_ECPrivateKey:EC lib:ec_asn1.c:1156:
140611920656200:error:100DE08E:elliptic curve routines:OLD_EC_PRIV_DECODE:decode error:ec_ameth.c:565:
140611920656200:error:0D0680A8:asn1 encoding routines:ASN1_CHECK_TLEN:wrong tag:tasn_dec.c:1343:
140611920656200:error:0D07803A:asn1 encoding routines:ASN1_ITEM_EX_D2I:nested asn1 error:tasn_dec.c:393:Type=PKCS8_PRIV_KEY_INFO
140611920656200:error:0907B00D:PEM routines:PEM_READ_BIO_PRIVATEKEY:ASN1 lib:pem_pkey.c:132:
read EC key
writing EC key
read EC key
unable to load Key
139760826758984:error:100A6083:elliptic curve routines:ec_GFp_simple_group_set_curve:unsupported field:ecp_smpl.c:183:
139760826758984:error:1009D010:elliptic curve routines:EC_ASN1_PARAMETERS2GROUP:EC lib:ec_asn1.c:918:
139760826758984:error:1009E010:elliptic curve routines:EC_ASN1_PKPARAMETERS2GROUP:EC lib:ec_asn1.c:1046:
139760826758984:error:10092010:elliptic curve routines:d2i_ECPrivateKey:EC lib:ec_asn1.c:1156:
139760826758984:error:100DE08E:elliptic curve routines:OLD_EC_PRIV_DECODE:decode error:ec_ameth.c:565:
139760826758984:error:0D0680A8:asn1 encoding routines:ASN1_CHECK_TLEN:wrong tag:tasn_dec.c:1343:
139760826758984:error:0D07803A:asn1 encoding routines:ASN1_ITEM_EX_D2I:nested asn1 error:tasn_dec.c:393:Type=PKCS8_PRIV_KEY_INFO
139760826758984:error:0907B00D:PEM routines:PEM_READ_BIO_PRIVATEKEY:ASN1 lib:pem_pkey.c:132:
read EC key
unable to load Key
140104536934216:error:100A6083:elliptic curve routines:ec_GFp_simple_group_set_curve:unsupported field:ecp_smpl.c:183:
140104536934216:error:1009D010:elliptic curve routines:EC_ASN1_PARAMETERS2GROUP:EC lib:ec_asn1.c:918:
140104536934216:error:1009E010:elliptic curve routines:EC_ASN1_PKPARAMETERS2GROUP:EC lib:ec_asn1.c:1046:
140104536934216:error:10092010:elliptic curve routines:d2i_ECPrivateKey:EC lib:ec_asn1.c:1156:
140104536934216:error:100DE08E:elliptic curve routines:OLD_EC_PRIV_DECODE:decode error:ec_ameth.c:565:
140104536934216:error:0D0680A8:asn1 encoding routines:ASN1_CHECK_TLEN:wrong tag:tasn_dec.c:1343:
140104536934216:error:0D07803A:asn1 encoding routines:ASN1_ITEM_EX_D2I:nested asn1 error:tasn_dec.c:393:Type=PKCS8_PRIV_KEY_INFO
140104536934216:error:0907B00D:PEM routines:PEM_READ_BIO_PRIVATEKEY:ASN1 lib:pem_pkey.c:132:
read EC key
writing EC key
read EC key
unable to load Key
139706440804168:error:100A6083:elliptic curve routines:ec_GFp_simple_group_set_curve:unsupported field:ecp_smpl.c:183:
139706440804168:error:1009D010:elliptic curve routines:EC_ASN1_PARAMETERS2GROUP:EC lib:ec_asn1.c:918:
139706440804168:error:1009E010:elliptic curve routines:EC_ASN1_PKPARAMETERS2GROUP:EC lib:ec_asn1.c:1046:
139706440804168:error:10092010:elliptic curve routines:d2i_ECPrivateKey:EC lib:ec_asn1.c:1156:
139706440804168:error:100DE08E:elliptic curve routines:OLD_EC_PRIV_DECODE:decode error:ec_ameth.c:565:
139706440804168:error:0D0680A8:asn1 encoding routines:ASN1_CHECK_TLEN:wrong tag:tasn_dec.c:1343:
139706440804168:error:0D07803A:asn1 encoding routines:ASN1_ITEM_EX_D2I:nested asn1 error:tasn_dec.c:393:Type=PKCS8_PRIV_KEY_INFO
139706440804168:error:0907B00D:PEM routines:PEM_READ_BIO_PRIVATEKEY:ASN1 lib:pem_pkey.c:132:
read EC key
writing EC key
read EC key
writing EC key
read EC key
writing EC key
read EC key
unable to load Key
140145073198920:error:100A6083:elliptic curve routines:ec_GFp_simple_group_set_curve:unsupported field:ecp_smpl.c:183:
140145073198920:error:1009D010:elliptic curve routines:EC_ASN1_PARAMETERS2GROUP:EC lib:ec_asn1.c:918:
140145073198920:error:1009E010:elliptic curve routines:EC_ASN1_PKPARAMETERS2GROUP:EC lib:ec_asn1.c:1046:
140145073198920:error:10092010:elliptic curve routines:d2i_ECPrivateKey:EC lib:ec_asn1.c:1156:
140145073198920:error:100DE08E:elliptic curve routines:OLD_EC_PRIV_DECODE:decode error:ec_ameth.c:565:
140145073198920:error:0D0680A8:asn1 encoding routines:ASN1_CHECK_TLEN:wrong tag:tasn_dec.c:1343:
140145073198920:error:0D07803A:asn1 encoding routines:ASN1_ITEM_EX_D2I:nested asn1 error:tasn_dec.c:393:Type=PKCS8_PRIV_KEY_INFO
140145073198920:error:0907B00D:PEM routines:PEM_READ_BIO_PRIVATEKEY:ASN1 lib:pem_pkey.c:132:
read EC key
writing EC key
read EC key
unable to load Key
140109133682504:error:100A6083:elliptic curve routines:ec_GFp_simple_group_set_curve:unsupported field:ecp_smpl.c:183:
140109133682504:error:1009D010:elliptic curve routines:EC_ASN1_PARAMETERS2GROUP:EC lib:ec_asn1.c:918:
140109133682504:error:1009E010:elliptic curve routines:EC_ASN1_PKPARAMETERS2GROUP:EC lib:ec_asn1.c:1046:
140109133682504:error:10092010:elliptic curve routines:d2i_ECPrivateKey:EC lib:ec_asn1.c:1156:
140109133682504:error:100DE08E:elliptic curve routines:OLD_EC_PRIV_DECODE:decode error:ec_ameth.c:565:
140109133682504:error:0D0680A8:asn1 encoding routines:ASN1_CHECK_TLEN:wrong tag:tasn_dec.c:1343:
140109133682504:error:0D07803A:asn1 encoding routines:ASN1_ITEM_EX_D2I:nested asn1 error:tasn_dec.c:393:Type=PKCS8_PRIV_KEY_INFO
140109133682504:error:0907B00D:PEM routines:PEM_READ_BIO_PRIVATEKEY:ASN1 lib:pem_pkey.c:132:
read EC key
unable to load Key
140047761835848:error:100A6083:elliptic curve routines:ec_GFp_simple_group_set_curve:unsupported field:ecp_smpl.c:183:
140047761835848:error:1009D010:elliptic curve routines:EC_ASN1_PARAMETERS2GROUP:EC lib:ec_asn1.c:918:
140047761835848:error:1009E010:elliptic curve routines:EC_ASN1_PKPARAMETERS2GROUP:EC lib:ec_asn1.c:1046:
140047761835848:error:10092010:elliptic curve routines:d2i_ECPrivateKey:EC lib:ec_asn1.c:1156:
140047761835848:error:100DE08E:elliptic curve routines:OLD_EC_PRIV_DECODE:decode error:ec_ameth.c:565:
140047761835848:error:0D0680A8:asn1 encoding routines:ASN1_CHECK_TLEN:wrong tag:tasn_dec.c:1343:
140047761835848:error:0D07803A:asn1 encoding routines:ASN1_ITEM_EX_D2I:nested asn1 error:tasn_dec.c:393:Type=PKCS8_PRIV_KEY_INFO
140047761835848:error:0907B00D:PEM routines:PEM_READ_BIO_PRIVATEKEY:ASN1 lib:pem_pkey.c:132:
read EC key
unable to load Key
139963158058824:error:100A6083:elliptic curve routines:ec_GFp_simple_group_set_curve:unsupported field:ecp_smpl.c:183:
139963158058824:error:1009D010:elliptic curve routines:EC_ASN1_PARAMETERS2GROUP:EC lib:ec_asn1.c:918:
139963158058824:error:1009E010:elliptic curve routines:EC_ASN1_PKPARAMETERS2GROUP:EC lib:ec_asn1.c:1046:
139963158058824:error:10092010:elliptic curve routines:d2i_ECPrivateKey:EC lib:ec_asn1.c:1156:
139963158058824:error:100DE08E:elliptic curve routines:OLD_EC_PRIV_DECODE:decode error:ec_ameth.c:565:
139963158058824:error:0D0680A8:asn1 encoding routines:ASN1_CHECK_TLEN:wrong tag:tasn_dec.c:1343:
139963158058824:error:0D07803A:asn1 encoding routines:ASN1_ITEM_EX_D2I:nested asn1 error:tasn_dec.c:393:Type=PKCS8_PRIV_KEY_INFO
139963158058824:error:0907B00D:PEM routines:PEM_READ_BIO_PRIVATEKEY:ASN1 lib:pem_pkey.c:132:
read EC key
writing EC key
read EC key
unable to load Key
140116856842056:error:100A6083:elliptic curve routines:ec_GFp_simple_group_set_curve:unsupported field:ecp_smpl.c:183:
140116856842056:error:1009D010:elliptic curve routines:EC_ASN1_PARAMETERS2GROUP:EC lib:ec_asn1.c:918:
140116856842056:error:1009E010:elliptic curve routines:EC_ASN1_PKPARAMETERS2GROUP:EC lib:ec_asn1.c:1046:
140116856842056:error:10092010:elliptic curve routines:d2i_ECPrivateKey:EC lib:ec_asn1.c:1156:
140116856842056:error:100DE08E:elliptic curve routines:OLD_EC_PRIV_DECODE:decode error:ec_ameth.c:565:
140116856842056:error:0D0680A8:asn1 encoding routines:ASN1_CHECK_TLEN:wrong tag:tasn_dec.c:1343:
140116856842056:error:0D07803A:asn1 encoding routines:ASN1_ITEM_EX_D2I:nested asn1 error:tasn_dec.c:393:Type=PKCS8_PRIV_KEY_INFO
140116856842056:error:0907B00D:PEM routines:PEM_READ_BIO_PRIVATEKEY:ASN1 lib:pem_pkey.c:132:
read EC key
writing EC key
read EC key
writing EC key
read EC key
unable to load Key
140191109470024:error:100A6083:elliptic curve routines:ec_GFp_simple_group_set_curve:unsupported field:ecp_smpl.c:183:
140191109470024:error:1009D010:elliptic curve routines:EC_ASN1_PARAMETERS2GROUP:EC lib:ec_asn1.c:918:
140191109470024:error:1009E010:elliptic curve routines:EC_ASN1_PKPARAMETERS2GROUP:EC lib:ec_asn1.c:1046:
140191109470024:error:10092010:elliptic curve routines:d2i_ECPrivateKey:EC lib:ec_asn1.c:1156:
140191109470024:error:100DE08E:elliptic curve routines:OLD_EC_PRIV_DECODE:decode error:ec_ameth.c:565:
140191109470024:error:0D0680A8:asn1 encoding routines:ASN1_CHECK_TLEN:wrong tag:tasn_dec.c:1343:
140191109470024:error:0D07803A:asn1 encoding routines:ASN1_ITEM_EX_D2I:nested asn1 error:tasn_dec.c:393:Type=PKCS8_PRIV_KEY_INFO
140191109470024:error:0907B00D:PEM routines:PEM_READ_BIO_PRIVATEKEY:ASN1 lib:pem_pkey.c:132:
read EC key
writing EC key
read EC key
unable to load Key
140080262989640:error:100A6083:elliptic curve routines:ec_GFp_simple_group_set_curve:unsupported field:ecp_smpl.c:183:
140080262989640:error:1009D010:elliptic curve routines:EC_ASN1_PARAMETERS2GROUP:EC lib:ec_asn1.c:918:
140080262989640:error:1009E010:elliptic curve routines:EC_ASN1_PKPARAMETERS2GROUP:EC lib:ec_asn1.c:1046:
140080262989640:error:10092010:elliptic curve routines:d2i_ECPrivateKey:EC lib:ec_asn1.c:1156:
140080262989640:error:100DE08E:elliptic curve routines:OLD_EC_PRIV_DECODE:decode error:ec_ameth.c:565:
140080262989640:error:0D0680A8:asn1 encoding routines:ASN1_CHECK_TLEN:wrong tag:tasn_dec.c:1343:
140080262989640:error:0D07803A:asn1 encoding routines:ASN1_ITEM_EX_D2I:nested asn1 error:tasn_dec.c:393:Type=PKCS8_PRIV_KEY_INFO
140080262989640:error:0907B00D:PEM routines:PEM_READ_BIO_PRIVATEKEY:ASN1 lib:pem_pkey.c:132:
read EC key
unable to load Key
140708576507720:error:100A6083:elliptic curve routines:ec_GFp_simple_group_set_curve:unsupported field:ecp_smpl.c:183:
140708576507720:error:1009D010:elliptic curve routines:EC_ASN1_PARAMETERS2GROUP:EC lib:ec_asn1.c:918:
140708576507720:error:1009E010:elliptic curve routines:EC_ASN1_PKPARAMETERS2GROUP:EC lib:ec_asn1.c:1046:
140708576507720:error:10092010:elliptic curve routines:d2i_ECPrivateKey:EC lib:ec_asn1.c:1156:
140708576507720:error:100DE08E:elliptic curve routines:OLD_EC_PRIV_DECODE:decode error:ec_ameth.c:565:
140708576507720:error:0D0680A8:asn1 encoding routines:ASN1_CHECK_TLEN:wrong tag:tasn_dec.c:1343:
140708576507720:error:0D07803A:asn1 encoding routines:ASN1_ITEM_EX_D2I:nested asn1 error:tasn_dec.c:393:Type=PKCS8_PRIV_KEY_INFO
140708576507720:error:0907B00D:PEM routines:PEM_READ_BIO_PRIVATEKEY:ASN1 lib:pem_pkey.c:132:
read EC key
unable to load Key
139741608703816:error:100A6083:elliptic curve routines:ec_GFp_simple_group_set_curve:unsupported field:ecp_smpl.c:183:
139741608703816:error:1009D010:elliptic curve routines:EC_ASN1_PARAMETERS2GROUP:EC lib:ec_asn1.c:918:
139741608703816:error:1009E010:elliptic curve routines:EC_ASN1_PKPARAMETERS2GROUP:EC lib:ec_asn1.c:1046:
139741608703816:error:10092010:elliptic curve routines:d2i_ECPrivateKey:EC lib:ec_asn1.c:1156:
139741608703816:error:100DE08E:elliptic curve routines:OLD_EC_PRIV_DECODE:decode error:ec_ameth.c:565:
139741608703816:error:0D0680A8:asn1 encoding routines:ASN1_CHECK_TLEN:wrong tag:tasn_dec.c:1343:
139741608703816:error:0D07803A:asn1 encoding routines:ASN1_ITEM_EX_D2I:nested asn1 error:tasn_dec.c:393:Type=PKCS8_PRIV_KEY_INFO
139741608703816:error:0907B00D:PEM routines:PEM_READ_BIO_PRIVATEKEY:ASN1 lib:pem_pkey.c:132:
read EC key
writing EC key
read EC key
unable to load Key
139667618752328:error:100A6083:elliptic curve routines:ec_GFp_simple_group_set_curve:unsupported field:ecp_smpl.c:183:
139667618752328:error:1009D010:elliptic curve routines:EC_ASN1_PARAMETERS2GROUP:EC lib:ec_asn1.c:918:
139667618752328:error:1009E010:elliptic curve routines:EC_ASN1_PKPARAMETERS2GROUP:EC lib:ec_asn1.c:1046:
139667618752328:error:10092010:elliptic curve routines:d2i_ECPrivateKey:EC lib:ec_asn1.c:1156:
139667618752328:error:100DE08E:elliptic curve routines:OLD_EC_PRIV_DECODE:decode error:ec_ameth.c:565:
139667618752328:error:0D0680A8:asn1 encoding routines:ASN1_CHECK_TLEN:wrong tag:tasn_dec.c:1343:
139667618752328:error:0D07803A:asn1 encoding routines:ASN1_ITEM_EX_D2I:nested asn1 error:tasn_dec.c:393:Type=PKCS8_PRIV_KEY_INFO
139667618752328:error:0907B00D:PEM routines:PEM_READ_BIO_PRIVATEKEY:ASN1 lib:pem_pkey.c:132:
read EC key
unable to load Key
140149205722952:error:100A6083:elliptic curve routines:ec_GFp_simple_group_set_curve:unsupported field:ecp_smpl.c:183:
140149205722952:error:1009D010:elliptic curve routines:EC_ASN1_PARAMETERS2GROUP:EC lib:ec_asn1.c:918:
140149205722952:error:1009E010:elliptic curve routines:EC_ASN1_PKPARAMETERS2GROUP:EC lib:ec_asn1.c:1046:
140149205722952:error:10092010:elliptic curve routines:d2i_ECPrivateKey:EC lib:ec_asn1.c:1156:
140149205722952:error:100DE08E:elliptic curve routines:OLD_EC_PRIV_DECODE:decode error:ec_ameth.c:565:
140149205722952:error:0D0680A8:asn1 encoding routines:ASN1_CHECK_TLEN:wrong tag:tasn_dec.c:1343:
140149205722952:error:0D07803A:asn1 encoding routines:ASN1_ITEM_EX_D2I:nested asn1 error:tasn_dec.c:393:Type=PKCS8_PRIV_KEY_INFO
140149205722952:error:0907B00D:PEM routines:PEM_READ_BIO_PRIVATEKEY:ASN1 lib:pem_pkey.c:132:
read EC key
unable to load Key
140387531142984:error:100A6083:elliptic curve routines:ec_GFp_simple_group_set_curve:unsupported field:ecp_smpl.c:183:
140387531142984:error:1009D010:elliptic curve routines:EC_ASN1_PARAMETERS2GROUP:EC lib:ec_asn1.c:918:
140387531142984:error:1009E010:elliptic curve routines:EC_ASN1_PKPARAMETERS2GROUP:EC lib:ec_asn1.c:1046:
140387531142984:error:10092010:elliptic curve routines:d2i_ECPrivateKey:EC lib:ec_asn1.c:1156:
140387531142984:error:100DE08E:elliptic curve routines:OLD_EC_PRIV_DECODE:decode error:ec_ameth.c:565:
140387531142984:error:0D0680A8:asn1 encoding routines:ASN1_CHECK_TLEN:wrong tag:tasn_dec.c:1343:
140387531142984:error:0D07803A:asn1 encoding routines:ASN1_ITEM_EX_D2I:nested asn1 error:tasn_dec.c:393:Type=PKCS8_PRIV_KEY_INFO
140387531142984:error:0907B00D:PEM routines:PEM_READ_BIO_PRIVATEKEY:ASN1 lib:pem_pkey.c:132:
read EC key
unable to load Key
139954913101640:error:100A6083:elliptic curve routines:ec_GFp_simple_group_set_curve:unsupported field:ecp_smpl.c:183:
139954913101640:error:1009D010:elliptic curve routines:EC_ASN1_PARAMETERS2GROUP:EC lib:ec_asn1.c:918:
139954913101640:error:1009E010:elliptic curve routines:EC_ASN1_PKPARAMETERS2GROUP:EC lib:ec_asn1.c:1046:
139954913101640:error:10092010:elliptic curve routines:d2i_ECPrivateKey:EC lib:ec_asn1.c:1156:
139954913101640:error:100DE08E:elliptic curve routines:OLD_EC_PRIV_DECODE:decode error:ec_ameth.c:565:
139954913101640:error:0D0680A8:asn1 encoding routines:ASN1_CHECK_TLEN:wrong tag:tasn_dec.c:1343:
139954913101640:error:0D07803A:asn1 encoding routines:ASN1_ITEM_EX_D2I:nested asn1 error:tasn_dec.c:393:Type=PKCS8_PRIV_KEY_INFO
139954913101640:error:0907B00D:PEM routines:PEM_READ_BIO_PRIVATEKEY:ASN1 lib:pem_pkey.c:132:
read EC key
unable to load Key
140593162803016:error:100A6083:elliptic curve routines:ec_GFp_simple_group_set_curve:unsupported field:ecp_smpl.c:183:
140593162803016:error:1009D010:elliptic curve routines:EC_ASN1_PARAMETERS2GROUP:EC lib:ec_asn1.c:918:
140593162803016:error:1009E010:elliptic curve routines:EC_ASN1_PKPARAMETERS2GROUP:EC lib:ec_asn1.c:1046:
140593162803016:error:10092010:elliptic curve routines:d2i_ECPrivateKey:EC lib:ec_asn1.c:1156:
140593162803016:error:100DE08E:elliptic curve routines:OLD_EC_PRIV_DECODE:decode error:ec_ameth.c:565:
140593162803016:error:0D0680A8:asn1 encoding routines:ASN1_CHECK_TLEN:wrong tag:tasn_dec.c:1343:
140593162803016:error:0D07803A:asn1 encoding routines:ASN1_ITEM_EX_D2I:nested asn1 error:tasn_dec.c:393:Type=PKCS8_PRIV_KEY_INFO
140593162803016:error:0907B00D:PEM routines:PEM_READ_BIO_PRIVATEKEY:ASN1 lib:pem_pkey.c:132:
read EC key
unable to load Key
140454716294984:error:100A6083:elliptic curve routines:ec_GFp_simple_group_set_curve:unsupported field:ecp_smpl.c:183:
140454716294984:error:1009D010:elliptic curve routines:EC_ASN1_PARAMETERS2GROUP:EC lib:ec_asn1.c:918:
140454716294984:error:1009E010:elliptic curve routines:EC_ASN1_PKPARAMETERS2GROUP:EC lib:ec_asn1.c:1046:
140454716294984:error:10092010:elliptic curve routines:d2i_ECPrivateKey:EC lib:ec_asn1.c:1156:
140454716294984:error:100DE08E:elliptic curve routines:OLD_EC_PRIV_DECODE:decode error:ec_ameth.c:565:
140454716294984:error:0D0680A8:asn1 encoding routines:ASN1_CHECK_TLEN:wrong tag:tasn_dec.c:1343:
140454716294984:error:0D07803A:asn1 encoding routines:ASN1_ITEM_EX_D2I:nested asn1 error:tasn_dec.c:393:Type=PKCS8_PRIV_KEY_INFO
140454716294984:error:0907B00D:PEM routines:PEM_READ_BIO_PRIVATEKEY:ASN1 lib:pem_pkey.c:132:
read EC key
unable to load Key
140213813765960:error:100A6083:elliptic curve routines:ec_GFp_simple_group_set_curve:unsupported field:ecp_smpl.c:183:
140213813765960:error:1009D010:elliptic curve routines:EC_ASN1_PARAMETERS2GROUP:EC lib:ec_asn1.c:918:
140213813765960:error:1009E010:elliptic curve routines:EC_ASN1_PKPARAMETERS2GROUP:EC lib:ec_asn1.c:1046:
140213813765960:error:10092010:elliptic curve routines:d2i_ECPrivateKey:EC lib:ec_asn1.c:1156:
140213813765960:error:100DE08E:elliptic curve routines:OLD_EC_PRIV_DECODE:decode error:ec_ameth.c:565:
140213813765960:error:0D0680A8:asn1 encoding routines:ASN1_CHECK_TLEN:wrong tag:tasn_dec.c:1343:
140213813765960:error:0D07803A:asn1 encoding routines:ASN1_ITEM_EX_D2I:nested asn1 error:tasn_dec.c:393:Type=PKCS8_PRIV_KEY_INFO
140213813765960:error:0907B00D:PEM routines:PEM_READ_BIO_PRIVATEKEY:ASN1 lib:pem_pkey.c:132:
read EC key
unable to load Key
139869578467144:error:100A6083:elliptic curve routines:ec_GFp_simple_group_set_curve:unsupported field:ecp_smpl.c:183:
139869578467144:error:1009D010:elliptic curve routines:EC_ASN1_PARAMETERS2GROUP:EC lib:ec_asn1.c:918:
139869578467144:error:1009E010:elliptic curve routines:EC_ASN1_PKPARAMETERS2GROUP:EC lib:ec_asn1.c:1046:
139869578467144:error:10092010:elliptic curve routines:d2i_ECPrivateKey:EC lib:ec_asn1.c:1156:
139869578467144:error:100DE08E:elliptic curve routines:OLD_EC_PRIV_DECODE:decode error:ec_ameth.c:565:
139869578467144:error:0D0680A8:asn1 encoding routines:ASN1_CHECK_TLEN:wrong tag:tasn_dec.c:1343:
139869578467144:error:0D07803A:asn1 encoding routines:ASN1_ITEM_EX_D2I:nested asn1 error:tasn_dec.c:393:Type=PKCS8_PRIV_KEY_INFO
139869578467144:error:0907B00D:PEM routines:PEM_READ_BIO_PRIVATEKEY:ASN1 lib:pem_pkey.c:132:
read EC key
writing EC key
read EC key
unable to load Key
140703079507784:error:100A6083:elliptic curve routines:ec_GFp_simple_group_set_curve:unsupported field:ecp_smpl.c:183:
140703079507784:error:1009D010:elliptic curve routines:EC_ASN1_PARAMETERS2GROUP:EC lib:ec_asn1.c:918:
140703079507784:error:1009E010:elliptic curve routines:EC_ASN1_PKPARAMETERS2GROUP:EC lib:ec_asn1.c:1046:
140703079507784:error:10092010:elliptic curve routines:d2i_ECPrivateKey:EC lib:ec_asn1.c:1156:
140703079507784:error:100DE08E:elliptic curve routines:OLD_EC_PRIV_DECODE:decode error:ec_ameth.c:565:
140703079507784:error:0D0680A8:asn1 encoding routines:ASN1_CHECK_TLEN:wrong tag:tasn_dec.c:1343:
140703079507784:error:0D07803A:asn1 encoding routines:ASN1_ITEM_EX_D2I:nested asn1 error:tasn_dec.c:393:Type=PKCS8_PRIV_KEY_INFO
140703079507784:error:0907B00D:PEM routines:PEM_READ_BIO_PRIVATEKEY:ASN1 lib:pem_pkey.c:132:
read EC key
writing EC key
read EC key
unable to load Key
140410301298504:error:100A6083:elliptic curve routines:ec_GFp_simple_group_set_curve:unsupported field:ecp_smpl.c:183:
140410301298504:error:1009D010:elliptic curve routines:EC_ASN1_PARAMETERS2GROUP:EC lib:ec_asn1.c:918:
140410301298504:error:1009E010:elliptic curve routines:EC_ASN1_PKPARAMETERS2GROUP:EC lib:ec_asn1.c:1046:
140410301298504:error:10092010:elliptic curve routines:d2i_ECPrivateKey:EC lib:ec_asn1.c:1156:
140410301298504:error:100DE08E:elliptic curve routines:OLD_EC_PRIV_DECODE:decode error:ec_ameth.c:565:
140410301298504:error:0D0680A8:asn1 encoding routines:ASN1_CHECK_TLEN:wrong tag:tasn_dec.c:1343:
140410301298504:error:0D07803A:asn1 encoding routines:ASN1_ITEM_EX_D2I:nested asn1 error:tasn_dec.c:393:Type=PKCS8_PRIV_KEY_INFO
140410301298504:error:0907B00D:PEM routines:PEM_READ_BIO_PRIVATEKEY:ASN1 lib:pem_pkey.c:132:
read EC key
unable to load Key
140385560336200:error:100A6083:elliptic curve routines:ec_GFp_simple_group_set_curve:unsupported field:ecp_smpl.c:183:
140385560336200:error:1009D010:elliptic curve routines:EC_ASN1_PARAMETERS2GROUP:EC lib:ec_asn1.c:918:
140385560336200:error:1009E010:elliptic curve routines:EC_ASN1_PKPARAMETERS2GROUP:EC lib:ec_asn1.c:1046:
140385560336200:error:10092010:elliptic curve routines:d2i_ECPrivateKey:EC lib:ec_asn1.c:1156:
140385560336200:error:100DE08E:elliptic curve routines:OLD_EC_PRIV_DECODE:decode error:ec_ameth.c:565:
140385560336200:error:0D0680A8:asn1 encoding routines:ASN1_CHECK_TLEN:wrong tag:tasn_dec.c:1343:
140385560336200:error:0D07803A:asn1 encoding routines:ASN1_ITEM_EX_D2I:nested asn1 error:tasn_dec.c:393:Type=PKCS8_PRIV_KEY_INFO
140385560336200:error:0907B00D:PEM routines:PEM_READ_BIO_PRIVATEKEY:ASN1 lib:pem_pkey.c:132:
read EC key
writing EC key
read EC key
unable to load Key
140620715272008:error:100A6083:elliptic curve routines:ec_GFp_simple_group_set_curve:unsupported field:ecp_smpl.c:183:
140620715272008:error:1009D010:elliptic curve routines:EC_ASN1_PARAMETERS2GROUP:EC lib:ec_asn1.c:918:
140620715272008:error:1009E010:elliptic curve routines:EC_ASN1_PKPARAMETERS2GROUP:EC lib:ec_asn1.c:1046:
140620715272008:error:10092010:elliptic curve routines:d2i_ECPrivateKey:EC lib:ec_asn1.c:1156:
140620715272008:error:100DE08E:elliptic curve routines:OLD_EC_PRIV_DECODE:decode error:ec_ameth.c:565:
140620715272008:error:0D0680A8:asn1 encoding routines:ASN1_CHECK_TLEN:wrong tag:tasn_dec.c:1343:
140620715272008:error:0D07803A:asn1 encoding routines:ASN1_ITEM_EX_D2I:nested asn1 error:tasn_dec.c:393:Type=PKCS8_PRIV_KEY_INFO
140620715272008:error:0907B00D:PEM routines:PEM_READ_BIO_PRIVATEKEY:ASN1 lib:pem_pkey.c:132:
read EC key
writing EC key
read EC key
writing EC key
read EC key
writing EC key
read EC key
unable to load Key
139804669519688:error:100A6083:elliptic curve routines:ec_GFp_simple_group_set_curve:unsupported field:ecp_smpl.c:183:
139804669519688:error:1009D010:elliptic curve routines:EC_ASN1_PARAMETERS2GROUP:EC lib:ec_asn1.c:918:
139804669519688:error:1009E010:elliptic curve routines:EC_ASN1_PKPARAMETERS2GROUP:EC lib:ec_asn1.c:1046:
139804669519688:error:10092010:elliptic curve routines:d2i_ECPrivateKey:EC lib:ec_asn1.c:1156:
139804669519688:error:100DE08E:elliptic curve routines:OLD_EC_PRIV_DECODE:decode error:ec_ameth.c:565:
139804669519688:error:0D0680A8:asn1 encoding routines:ASN1_CHECK_TLEN:wrong tag:tasn_dec.c:1343:
139804669519688:error:0D07803A:asn1 encoding routines:ASN1_ITEM_EX_D2I:nested asn1 error:tasn_dec.c:393:Type=PKCS8_PRIV_KEY_INFO
139804669519688:error:0907B00D:PEM routines:PEM_READ_BIO_PRIVATEKEY:ASN1 lib:pem_pkey.c:132:
read EC key
writing EC key
read EC key
unable to load Key
140439751673672:error:100A6083:elliptic curve routines:ec_GFp_simple_group_set_curve:unsupported field:ecp_smpl.c:183:
140439751673672:error:1009D010:elliptic curve routines:EC_ASN1_PARAMETERS2GROUP:EC lib:ec_asn1.c:918:
140439751673672:error:1009E010:elliptic curve routines:EC_ASN1_PKPARAMETERS2GROUP:EC lib:ec_asn1.c:1046:
140439751673672:error:10092010:elliptic curve routines:d2i_ECPrivateKey:EC lib:ec_asn1.c:1156:
140439751673672:error:100DE08E:elliptic curve routines:OLD_EC_PRIV_DECODE:decode error:ec_ameth.c:565:
140439751673672:error:0D0680A8:asn1 encoding routines:ASN1_CHECK_TLEN:wrong tag:tasn_dec.c:1343:
140439751673672:error:0D07803A:asn1 encoding routines:ASN1_ITEM_EX_D2I:nested asn1 error:tasn_dec.c:393:Type=PKCS8_PRIV_KEY_INFO
140439751673672:error:0907B00D:PEM routines:PEM_READ_BIO_PRIVATEKEY:ASN1 lib:pem_pkey.c:132:
read EC key
unable to load Key
140129034827592:error:100A6083:elliptic curve routines:ec_GFp_simple_group_set_curve:unsupported field:ecp_smpl.c:183:
140129034827592:error:1009D010:elliptic curve routines:EC_ASN1_PARAMETERS2GROUP:EC lib:ec_asn1.c:918:
140129034827592:error:1009E010:elliptic curve routines:EC_ASN1_PKPARAMETERS2GROUP:EC lib:ec_asn1.c:1046:
140129034827592:error:10092010:elliptic curve routines:d2i_ECPrivateKey:EC lib:ec_asn1.c:1156:
140129034827592:error:100DE08E:elliptic curve routines:OLD_EC_PRIV_DECODE:decode error:ec_ameth.c:565:
140129034827592:error:0D0680A8:asn1 encoding routines:ASN1_CHECK_TLEN:wrong tag:tasn_dec.c:1343:
140129034827592:error:0D07803A:asn1 encoding routines:ASN1_ITEM_EX_D2I:nested asn1 error:tasn_dec.c:393:Type=PKCS8_PRIV_KEY_INFO
140129034827592:error:0907B00D:PEM routines:PEM_READ_BIO_PRIVATEKEY:ASN1 lib:pem_pkey.c:132:
read EC key
unable to load Key
140703111546696:error:100A6083:elliptic curve routines:ec_GFp_simple_group_set_curve:unsupported field:ecp_smpl.c:183:
140703111546696:error:1009D010:elliptic curve routines:EC_ASN1_PARAMETERS2GROUP:EC lib:ec_asn1.c:918:
140703111546696:error:1009E010:elliptic curve routines:EC_ASN1_PKPARAMETERS2GROUP:EC lib:ec_asn1.c:1046:
140703111546696:error:10092010:elliptic curve routines:d2i_ECPrivateKey:EC lib:ec_asn1.c:1156:
140703111546696:error:100DE08E:elliptic curve routines:OLD_EC_PRIV_DECODE:decode error:ec_ameth.c:565:
140703111546696:error:0D0680A8:asn1 encoding routines:ASN1_CHECK_TLEN:wrong tag:tasn_dec.c:1343:
140703111546696:error:0D07803A:asn1 encoding routines:ASN1_ITEM_EX_D2I:nested asn1 error:tasn_dec.c:393:Type=PKCS8_PRIV_KEY_INFO
140703111546696:error:0907B00D:PEM routines:PEM_READ_BIO_PRIVATEKEY:ASN1 lib:pem_pkey.c:132:
read EC key
writing EC key
read EC key
unable to load Key
140072723912520:error:100A6083:elliptic curve routines:ec_GFp_simple_group_set_curve:unsupported field:ecp_smpl.c:183:
140072723912520:error:1009D010:elliptic curve routines:EC_ASN1_PARAMETERS2GROUP:EC lib:ec_asn1.c:918:
140072723912520:error:1009E010:elliptic curve routines:EC_ASN1_PKPARAMETERS2GROUP:EC lib:ec_asn1.c:1046:
140072723912520:error:10092010:elliptic curve routines:d2i_ECPrivateKey:EC lib:ec_asn1.c:1156:
140072723912520:error:100DE08E:elliptic curve routines:OLD_EC_PRIV_DECODE:decode error:ec_ameth.c:565:
140072723912520:error:0D0680A8:asn1 encoding routines:ASN1_CHECK_TLEN:wrong tag:tasn_dec.c:1343:
140072723912520:error:0D07803A:asn1 encoding routines:ASN1_ITEM_EX_D2I:nested asn1 error:tasn_dec.c:393:Type=PKCS8_PRIV_KEY_INFO
140072723912520:error:0907B00D:PEM routines:PEM_READ_BIO_PRIVATEKEY:ASN1 lib:pem_pkey.c:132:
read EC key
writing EC key
read EC key
writing EC key
read EC key
unable to load Key
140715951503176:error:100A6083:elliptic curve routines:ec_GFp_simple_group_set_curve:unsupported field:ecp_smpl.c:183:
140715951503176:error:1009D010:elliptic curve routines:EC_ASN1_PARAMETERS2GROUP:EC lib:ec_asn1.c:918:
140715951503176:error:1009E010:elliptic curve routines:EC_ASN1_PKPARAMETERS2GROUP:EC lib:ec_asn1.c:1046:
140715951503176:error:10092010:elliptic curve routines:d2i_ECPrivateKey:EC lib:ec_asn1.c:1156:
140715951503176:error:100DE08E:elliptic curve routines:OLD_EC_PRIV_DECODE:decode error:ec_ameth.c:565:
140715951503176:error:0D0680A8:asn1 encoding routines:ASN1_CHECK_TLEN:wrong tag:tasn_dec.c:1343:
140715951503176:error:0D07803A:asn1 encoding routines:ASN1_ITEM_EX_D2I:nested asn1 error:tasn_dec.c:393:Type=PKCS8_PRIV_KEY_INFO
140715951503176:error:0907B00D:PEM routines:PEM_READ_BIO_PRIVATEKEY:ASN1 lib:pem_pkey.c:132:
read EC key
writing EC key
read EC key
unable to load Key
140366563489608:error:100A6083:elliptic curve routines:ec_GFp_simple_group_set_curve:unsupported field:ecp_smpl.c:183:
140366563489608:error:1009D010:elliptic curve routines:EC_ASN1_PARAMETERS2GROUP:EC lib:ec_asn1.c:918:
140366563489608:error:1009E010:elliptic curve routines:EC_ASN1_PKPARAMETERS2GROUP:EC lib:ec_asn1.c:1046:
140366563489608:error:10092010:elliptic curve routines:d2i_ECPrivateKey:EC lib:ec_asn1.c:1156:
140366563489608:error:100DE08E:elliptic curve routines:OLD_EC_PRIV_DECODE:decode error:ec_ameth.c:565:
140366563489608:error:0D0680A8:asn1 encoding routines:ASN1_CHECK_TLEN:wrong tag:tasn_dec.c:1343:
140366563489608:error:0D07803A:asn1 encoding routines:ASN1_ITEM_EX_D2I:nested asn1 error:tasn_dec.c:393:Type=PKCS8_PRIV_KEY_INFO
140366563489608:error:0907B00D:PEM routines:PEM_READ_BIO_PRIVATEKEY:ASN1 lib:pem_pkey.c:132:
read EC key
unable to load Key
140132924327752:error:100A6083:elliptic curve routines:ec_GFp_simple_group_set_curve:unsupported field:ecp_smpl.c:183:
140132924327752:error:1009D010:elliptic curve routines:EC_ASN1_PARAMETERS2GROUP:EC lib:ec_asn1.c:918:
140132924327752:error:1009E010:elliptic curve routines:EC_ASN1_PKPARAMETERS2GROUP:EC lib:ec_asn1.c:1046:
140132924327752:error:10092010:elliptic curve routines:d2i_ECPrivateKey:EC lib:ec_asn1.c:1156:
140132924327752:error:100DE08E:elliptic curve routines:OLD_EC_PRIV_DECODE:decode error:ec_ameth.c:565:
140132924327752:error:0D0680A8:asn1 encoding routines:ASN1_CHECK_TLEN:wrong tag:tasn_dec.c:1343:
140132924327752:error:0D07803A:asn1 encoding routines:ASN1_ITEM_EX_D2I:nested asn1 error:tasn_dec.c:393:Type=PKCS8_PRIV_KEY_INFO
140132924327752:error:0907B00D:PEM routines:PEM_READ_BIO_PRIVATEKEY:ASN1 lib:pem_pkey.c:132:
read EC key
unable to load Key
140522379528008:error:100A6083:elliptic curve routines:ec_GFp_simple_group_set_curve:unsupported field:ecp_smpl.c:183:
140522379528008:error:1009D010:elliptic curve routines:EC_ASN1_PARAMETERS2GROUP:EC lib:ec_asn1.c:918:
140522379528008:error:1009E010:elliptic curve routines:EC_ASN1_PKPARAMETERS2GROUP:EC lib:ec_asn1.c:1046:
140522379528008:error:10092010:elliptic curve routines:d2i_ECPrivateKey:EC lib:ec_asn1.c:1156:
140522379528008:error:100DE08E:elliptic curve routines:OLD_EC_PRIV_DECODE:decode error:ec_ameth.c:565:
140522379528008:error:0D0680A8:asn1 encoding routines:ASN1_CHECK_TLEN:wrong tag:tasn_dec.c:1343:
140522379528008:error:0D07803A:asn1 encoding routines:ASN1_ITEM_EX_D2I:nested asn1 error:tasn_dec.c:393:Type=PKCS8_PRIV_KEY_INFO
140522379528008:error:0907B00D:PEM routines:PEM_READ_BIO_PRIVATEKEY:ASN1 lib:pem_pkey.c:132:
read EC key
writing EC key
read EC key
unable to load Key
140284535949128:error:100A6083:elliptic curve routines:ec_GFp_simple_group_set_curve:unsupported field:ecp_smpl.c:183:
140284535949128:error:1009D010:elliptic curve routines:EC_ASN1_PARAMETERS2GROUP:EC lib:ec_asn1.c:918:
140284535949128:error:1009E010:elliptic curve routines:EC_ASN1_PKPARAMETERS2GROUP:EC lib:ec_asn1.c:1046:
140284535949128:error:10092010:elliptic curve routines:d2i_ECPrivateKey:EC lib:ec_asn1.c:1156:
140284535949128:error:100DE08E:elliptic curve routines:OLD_EC_PRIV_DECODE:decode error:ec_ameth.c:565:
140284535949128:error:0D0680A8:asn1 encoding routines:ASN1_CHECK_TLEN:wrong tag:tasn_dec.c:1343:
140284535949128:error:0D07803A:asn1 encoding routines:ASN1_ITEM_EX_D2I:nested asn1 error:tasn_dec.c:393:Type=PKCS8_PRIV_KEY_INFO
140284535949128:error:0907B00D:PEM routines:PEM_READ_BIO_PRIVATEKEY:ASN1 lib:pem_pkey.c:132:
read EC key
unable to load Key
140021322442568:error:100A6083:elliptic curve routines:ec_GFp_simple_group_set_curve:unsupported field:ecp_smpl.c:183:
140021322442568:error:1009D010:elliptic curve routines:EC_ASN1_PARAMETERS2GROUP:EC lib:ec_asn1.c:918:
140021322442568:error:1009E010:elliptic curve routines:EC_ASN1_PKPARAMETERS2GROUP:EC lib:ec_asn1.c:1046:
140021322442568:error:10092010:elliptic curve routines:d2i_ECPrivateKey:EC lib:ec_asn1.c:1156:
140021322442568:error:100DE08E:elliptic curve routines:OLD_EC_PRIV_DECODE:decode error:ec_ameth.c:565:
140021322442568:error:0D0680A8:asn1 encoding routines:ASN1_CHECK_TLEN:wrong tag:tasn_dec.c:1343:
140021322442568:error:0D07803A:asn1 encoding routines:ASN1_ITEM_EX_D2I:nested asn1 error:tasn_dec.c:393:Type=PKCS8_PRIV_KEY_INFO
140021322442568:error:0907B00D:PEM routines:PEM_READ_BIO_PRIVATEKEY:ASN1 lib:pem_pkey.c:132:
read EC key
unable to load Key
139897404200776:error:100A6083:elliptic curve routines:ec_GFp_simple_group_set_curve:unsupported field:ecp_smpl.c:183:
139897404200776:error:1009D010:elliptic curve routines:EC_ASN1_PARAMETERS2GROUP:EC lib:ec_asn1.c:918:
139897404200776:error:1009E010:elliptic curve routines:EC_ASN1_PKPARAMETERS2GROUP:EC lib:ec_asn1.c:1046:
139897404200776:error:10092010:elliptic curve routines:d2i_ECPrivateKey:EC lib:ec_asn1.c:1156:
139897404200776:error:100DE08E:elliptic curve routines:OLD_EC_PRIV_DECODE:decode error:ec_ameth.c:565:
139897404200776:error:0D0680A8:asn1 encoding routines:ASN1_CHECK_TLEN:wrong tag:tasn_dec.c:1343:
139897404200776:error:0D07803A:asn1 encoding routines:ASN1_ITEM_EX_D2I:nested asn1 error:tasn_dec.c:393:Type=PKCS8_PRIV_KEY_INFO
139897404200776:error:0907B00D:PEM routines:PEM_READ_BIO_PRIVATEKEY:ASN1 lib:pem_pkey.c:132:
read EC key
unable to load Key
139975414982472:error:100A6083:elliptic curve routines:ec_GFp_simple_group_set_curve:unsupported field:ecp_smpl.c:183:
139975414982472:error:1009D010:elliptic curve routines:EC_ASN1_PARAMETERS2GROUP:EC lib:ec_asn1.c:918:
139975414982472:error:1009E010:elliptic curve routines:EC_ASN1_PKPARAMETERS2GROUP:EC lib:ec_asn1.c:1046:
139975414982472:error:10092010:elliptic curve routines:d2i_ECPrivateKey:EC lib:ec_asn1.c:1156:
139975414982472:error:100DE08E:elliptic curve routines:OLD_EC_PRIV_DECODE:decode error:ec_ameth.c:565:
139975414982472:error:0D0680A8:asn1 encoding routines:ASN1_CHECK_TLEN:wrong tag:tasn_dec.c:1343:
139975414982472:error:0D07803A:asn1 encoding routines:ASN1_ITEM_EX_D2I:nested asn1 error:tasn_dec.c:393:Type=PKCS8_PRIV_KEY_INFO
139975414982472:error:0907B00D:PEM routines:PEM_READ_BIO_PRIVATEKEY:ASN1 lib:pem_pkey.c:132:
read EC key
unable to load Key
140718564468552:error:100A6083:elliptic curve routines:ec_GFp_simple_group_set_curve:unsupported field:ecp_smpl.c:183:
140718564468552:error:1009D010:elliptic curve routines:EC_ASN1_PARAMETERS2GROUP:EC lib:ec_asn1.c:918:
140718564468552:error:1009E010:elliptic curve routines:EC_ASN1_PKPARAMETERS2GROUP:EC lib:ec_asn1.c:1046:
140718564468552:error:10092010:elliptic curve routines:d2i_ECPrivateKey:EC lib:ec_asn1.c:1156:
140718564468552:error:100DE08E:elliptic curve routines:OLD_EC_PRIV_DECODE:decode error:ec_ameth.c:565:
140718564468552:error:0D0680A8:asn1 encoding routines:ASN1_CHECK_TLEN:wrong tag:tasn_dec.c:1343:
140718564468552:error:0D07803A:asn1 encoding routines:ASN1_ITEM_EX_D2I:nested asn1 error:tasn_dec.c:393:Type=PKCS8_PRIV_KEY_INFO
140718564468552:error:0907B00D:PEM routines:PEM_READ_BIO_PRIVATEKEY:ASN1 lib:pem_pkey.c:132:
read EC key
unable to load Key
140152713017160:error:100A6083:elliptic curve routines:ec_GFp_simple_group_set_curve:unsupported field:ecp_smpl.c:183:
140152713017160:error:1009D010:elliptic curve routines:EC_ASN1_PARAMETERS2GROUP:EC lib:ec_asn1.c:918:
140152713017160:error:1009E010:elliptic curve routines:EC_ASN1_PKPARAMETERS2GROUP:EC lib:ec_asn1.c:1046:
140152713017160:error:10092010:elliptic curve routines:d2i_ECPrivateKey:EC lib:ec_asn1.c:1156:
140152713017160:error:100DE08E:elliptic curve routines:OLD_EC_PRIV_DECODE:decode error:ec_ameth.c:565:
140152713017160:error:0D0680A8:asn1 encoding routines:ASN1_CHECK_TLEN:wrong tag:tasn_dec.c:1343:
140152713017160:error:0D07803A:asn1 encoding routines:ASN1_ITEM_EX_D2I:nested asn1 error:tasn_dec.c:393:Type=PKCS8_PRIV_KEY_INFO
140152713017160:error:0907B00D:PEM routines:PEM_READ_BIO_PRIVATEKEY:ASN1 lib:pem_pkey.c:132:
read EC key
unable to load Key
139838386169672:error:100A6083:elliptic curve routines:ec_GFp_simple_group_set_curve:unsupported field:ecp_smpl.c:183:
139838386169672:error:1009D010:elliptic curve routines:EC_ASN1_PARAMETERS2GROUP:EC lib:ec_asn1.c:918:
139838386169672:error:1009E010:elliptic curve routines:EC_ASN1_PKPARAMETERS2GROUP:EC lib:ec_asn1.c:1046:
139838386169672:error:10092010:elliptic curve routines:d2i_ECPrivateKey:EC lib:ec_asn1.c:1156:
139838386169672:error:100DE08E:elliptic curve routines:OLD_EC_PRIV_DECODE:decode error:ec_ameth.c:565:
139838386169672:error:0D0680A8:asn1 encoding routines:ASN1_CHECK_TLEN:wrong tag:tasn_dec.c:1343:
139838386169672:error:0D07803A:asn1 encoding routines:ASN1_ITEM_EX_D2I:nested asn1 error:tasn_dec.c:393:Type=PKCS8_PRIV_KEY_INFO
139838386169672:error:0907B00D:PEM routines:PEM_READ_BIO_PRIVATEKEY:ASN1 lib:pem_pkey.c:132:
read EC key
unable to load Key
140354658928456:error:100A6083:elliptic curve routines:ec_GFp_simple_group_set_curve:unsupported field:ecp_smpl.c:183:
140354658928456:error:1009D010:elliptic curve routines:EC_ASN1_PARAMETERS2GROUP:EC lib:ec_asn1.c:918:
140354658928456:error:1009E010:elliptic curve routines:EC_ASN1_PKPARAMETERS2GROUP:EC lib:ec_asn1.c:1046:
140354658928456:error:10092010:elliptic curve routines:d2i_ECPrivateKey:EC lib:ec_asn1.c:1156:
140354658928456:error:100DE08E:elliptic curve routines:OLD_EC_PRIV_DECODE:decode error:ec_ameth.c:565:
140354658928456:error:0D0680A8:asn1 encoding routines:ASN1_CHECK_TLEN:wrong tag:tasn_dec.c:1343:
140354658928456:error:0D07803A:asn1 encoding routines:ASN1_ITEM_EX_D2I:nested asn1 error:tasn_dec.c:393:Type=PKCS8_PRIV_KEY_INFO
140354658928456:error:0907B00D:PEM routines:PEM_READ_BIO_PRIVATEKEY:ASN1 lib:pem_pkey.c:132:
read EC key
writing EC key
read EC key
unable to load Key
139755176191816:error:100A6083:elliptic curve routines:ec_GFp_simple_group_set_curve:unsupported field:ecp_smpl.c:183:
139755176191816:error:1009D010:elliptic curve routines:EC_ASN1_PARAMETERS2GROUP:EC lib:ec_asn1.c:918:
139755176191816:error:1009E010:elliptic curve routines:EC_ASN1_PKPARAMETERS2GROUP:EC lib:ec_asn1.c:1046:
139755176191816:error:10092010:elliptic curve routines:d2i_ECPrivateKey:EC lib:ec_asn1.c:1156:
139755176191816:error:100DE08E:elliptic curve routines:OLD_EC_PRIV_DECODE:decode error:ec_ameth.c:565:
139755176191816:error:0D0680A8:asn1 encoding routines:ASN1_CHECK_TLEN:wrong tag:tasn_dec.c:1343:
139755176191816:error:0D07803A:asn1 encoding routines:ASN1_ITEM_EX_D2I:nested asn1 error:tasn_dec.c:393:Type=PKCS8_PRIV_KEY_INFO
139755176191816:error:0907B00D:PEM routines:PEM_READ_BIO_PRIVATEKEY:ASN1 lib:pem_pkey.c:132:
read EC key
writing EC key
read EC key
unable to load Key
139655691413320:error:100A6083:elliptic curve routines:ec_GFp_simple_group_set_curve:unsupported field:ecp_smpl.c:183:
139655691413320:error:1009D010:elliptic curve routines:EC_ASN1_PARAMETERS2GROUP:EC lib:ec_asn1.c:918:
139655691413320:error:1009E010:elliptic curve routines:EC_ASN1_PKPARAMETERS2GROUP:EC lib:ec_asn1.c:1046:
139655691413320:error:10092010:elliptic curve routines:d2i_ECPrivateKey:EC lib:ec_asn1.c:1156:
139655691413320:error:100DE08E:elliptic curve routines:OLD_EC_PRIV_DECODE:decode error:ec_ameth.c:565:
139655691413320:error:0D0680A8:asn1 encoding routines:ASN1_CHECK_TLEN:wrong tag:tasn_dec.c:1343:
139655691413320:error:0D07803A:asn1 encoding routines:ASN1_ITEM_EX_D2I:nested asn1 error:tasn_dec.c:393:Type=PKCS8_PRIV_KEY_INFO
139655691413320:error:0907B00D:PEM routines:PEM_READ_BIO_PRIVATEKEY:ASN1 lib:pem_pkey.c:132:
read EC key
unable to load Key
140280982009672:error:100A6083:elliptic curve routines:ec_GFp_simple_group_set_curve:unsupported field:ecp_smpl.c:183:
140280982009672:error:1009D010:elliptic curve routines:EC_ASN1_PARAMETERS2GROUP:EC lib:ec_asn1.c:918:
140280982009672:error:1009E010:elliptic curve routines:EC_ASN1_PKPARAMETERS2GROUP:EC lib:ec_asn1.c:1046:
140280982009672:error:10092010:elliptic curve routines:d2i_ECPrivateKey:EC lib:ec_asn1.c:1156:
140280982009672:error:100DE08E:elliptic curve routines:OLD_EC_PRIV_DECODE:decode error:ec_ameth.c:565:
140280982009672:error:0D0680A8:asn1 encoding routines:ASN1_CHECK_TLEN:wrong tag:tasn_dec.c:1343:
140280982009672:error:0D07803A:asn1 encoding routines:ASN1_ITEM_EX_D2I:nested asn1 error:tasn_dec.c:393:Type=PKCS8_PRIV_KEY_INFO
140280982009672:error:0907B00D:PEM routines:PEM_READ_BIO_PRIVATEKEY:ASN1 lib:pem_pkey.c:132:
read EC key
writing EC key
read EC key
unable to load Key
140164856641352:error:100A6083:elliptic curve routines:ec_GFp_simple_group_set_curve:unsupported field:ecp_smpl.c:183:
140164856641352:error:1009D010:elliptic curve routines:EC_ASN1_PARAMETERS2GROUP:EC lib:ec_asn1.c:918:
140164856641352:error:1009E010:elliptic curve routines:EC_ASN1_PKPARAMETERS2GROUP:EC lib:ec_asn1.c:1046:
140164856641352:error:10092010:elliptic curve routines:d2i_ECPrivateKey:EC lib:ec_asn1.c:1156:
140164856641352:error:100DE08E:elliptic curve routines:OLD_EC_PRIV_DECODE:decode error:ec_ameth.c:565:
140164856641352:error:0D0680A8:asn1 encoding routines:ASN1_CHECK_TLEN:wrong tag:tasn_dec.c:1343:
140164856641352:error:0D07803A:asn1 encoding routines:ASN1_ITEM_EX_D2I:nested asn1 error:tasn_dec.c:393:Type=PKCS8_PRIV_KEY_INFO
140164856641352:error:0907B00D:PEM routines:PEM_READ_BIO_PRIVATEKEY:ASN1 lib:pem_pkey.c:132:
read EC key
writing EC key
read EC key
writing EC key
read EC key
writing EC key
read EC key
unable to load Key
140222484674376:error:100A6083:elliptic curve routines:ec_GFp_simple_group_set_curve:unsupported field:ecp_smpl.c:183:
140222484674376:error:1009D010:elliptic curve routines:EC_ASN1_PARAMETERS2GROUP:EC lib:ec_asn1.c:918:
140222484674376:error:1009E010:elliptic curve routines:EC_ASN1_PKPARAMETERS2GROUP:EC lib:ec_asn1.c:1046:
140222484674376:error:10092010:elliptic curve routines:d2i_ECPrivateKey:EC lib:ec_asn1.c:1156:
140222484674376:error:100DE08E:elliptic curve routines:OLD_EC_PRIV_DECODE:decode error:ec_ameth.c:565:
140222484674376:error:0D0680A8:asn1 encoding routines:ASN1_CHECK_TLEN:wrong tag:tasn_dec.c:1343:
140222484674376:error:0D07803A:asn1 encoding routines:ASN1_ITEM_EX_D2I:nested asn1 error:tasn_dec.c:393:Type=PKCS8_PRIV_KEY_INFO
140222484674376:error:0907B00D:PEM routines:PEM_READ_BIO_PRIVATEKEY:ASN1 lib:pem_pkey.c:132:
read EC key
writing EC key
read EC key
unable to load Key
140027938600776:error:100A6083:elliptic curve routines:ec_GFp_simple_group_set_curve:unsupported field:ecp_smpl.c:183:
140027938600776:error:1009D010:elliptic curve routines:EC_ASN1_PARAMETERS2GROUP:EC lib:ec_asn1.c:918:
140027938600776:error:1009E010:elliptic curve routines:EC_ASN1_PKPARAMETERS2GROUP:EC lib:ec_asn1.c:1046:
140027938600776:error:10092010:elliptic curve routines:d2i_ECPrivateKey:EC lib:ec_asn1.c:1156:
140027938600776:error:100DE08E:elliptic curve routines:OLD_EC_PRIV_DECODE:decode error:ec_ameth.c:565:
140027938600776:error:0D0680A8:asn1 encoding routines:ASN1_CHECK_TLEN:wrong tag:tasn_dec.c:1343:
140027938600776:error:0D07803A:asn1 encoding routines:ASN1_ITEM_EX_D2I:nested asn1 error:tasn_dec.c:393:Type=PKCS8_PRIV_KEY_INFO
140027938600776:error:0907B00D:PEM routines:PEM_READ_BIO_PRIVATEKEY:ASN1 lib:pem_pkey.c:132:
read EC key
unable to load Key
140118673741640:error:100A6083:elliptic curve routines:ec_GFp_simple_group_set_curve:unsupported field:ecp_smpl.c:183:
140118673741640:error:1009D010:elliptic curve routines:EC_ASN1_PARAMETERS2GROUP:EC lib:ec_asn1.c:918:
140118673741640:error:1009E010:elliptic curve routines:EC_ASN1_PKPARAMETERS2GROUP:EC lib:ec_asn1.c:1046:
140118673741640:error:10092010:elliptic curve routines:d2i_ECPrivateKey:EC lib:ec_asn1.c:1156:
140118673741640:error:100DE08E:elliptic curve routines:OLD_EC_PRIV_DECODE:decode error:ec_ameth.c:565:
140118673741640:error:0D0680A8:asn1 encoding routines:ASN1_CHECK_TLEN:wrong tag:tasn_dec.c:1343:
140118673741640:error:0D07803A:asn1 encoding routines:ASN1_ITEM_EX_D2I:nested asn1 error:tasn_dec.c:393:Type=PKCS8_PRIV_KEY_INFO
140118673741640:error:0907B00D:PEM routines:PEM_READ_BIO_PRIVATEKEY:ASN1 lib:pem_pkey.c:132:
read EC key
unable to load Key
140497371510600:error:100A6083:elliptic curve routines:ec_GFp_simple_group_set_curve:unsupported field:ecp_smpl.c:183:
140497371510600:error:1009D010:elliptic curve routines:EC_ASN1_PARAMETERS2GROUP:EC lib:ec_asn1.c:918:
140497371510600:error:1009E010:elliptic curve routines:EC_ASN1_PKPARAMETERS2GROUP:EC lib:ec_asn1.c:1046:
140497371510600:error:10092010:elliptic curve routines:d2i_ECPrivateKey:EC lib:ec_asn1.c:1156:
140497371510600:error:100DE08E:elliptic curve routines:OLD_EC_PRIV_DECODE:decode error:ec_ameth.c:565:
140497371510600:error:0D0680A8:asn1 encoding routines:ASN1_CHECK_TLEN:wrong tag:tasn_dec.c:1343:
140497371510600:error:0D07803A:asn1 encoding routines:ASN1_ITEM_EX_D2I:nested asn1 error:tasn_dec.c:393:Type=PKCS8_PRIV_KEY_INFO
140497371510600:error:0907B00D:PEM routines:PEM_READ_BIO_PRIVATEKEY:ASN1 lib:pem_pkey.c:132:
read EC key
writing EC key
read EC key
unable to load Key
140217459496776:error:100A6083:elliptic curve routines:ec_GFp_simple_group_set_curve:unsupported field:ecp_smpl.c:183:
140217459496776:error:1009D010:elliptic curve routines:EC_ASN1_PARAMETERS2GROUP:EC lib:ec_asn1.c:918:
140217459496776:error:1009E010:elliptic curve routines:EC_ASN1_PKPARAMETERS2GROUP:EC lib:ec_asn1.c:1046:
140217459496776:error:10092010:elliptic curve routines:d2i_ECPrivateKey:EC lib:ec_asn1.c:1156:
140217459496776:error:100DE08E:elliptic curve routines:OLD_EC_PRIV_DECODE:decode error:ec_ameth.c:565:
140217459496776:error:0D0680A8:asn1 encoding routines:ASN1_CHECK_TLEN:wrong tag:tasn_dec.c:1343:
140217459496776:error:0D07803A:asn1 encoding routines:ASN1_ITEM_EX_D2I:nested asn1 error:tasn_dec.c:393:Type=PKCS8_PRIV_KEY_INFO
140217459496776:error:0907B00D:PEM routines:PEM_READ_BIO_PRIVATEKEY:ASN1 lib:pem_pkey.c:132:
read EC key
writing EC key
read EC key
writing EC key
read EC key
unable to load Key
140130980476744:error:100A6083:elliptic curve routines:ec_GFp_simple_group_set_curve:unsupported field:ecp_smpl.c:183:
140130980476744:error:1009D010:elliptic curve routines:EC_ASN1_PARAMETERS2GROUP:EC lib:ec_asn1.c:918:
140130980476744:error:1009E010:elliptic curve routines:EC_ASN1_PKPARAMETERS2GROUP:EC lib:ec_asn1.c:1046:
140130980476744:error:10092010:elliptic curve routines:d2i_ECPrivateKey:EC lib:ec_asn1.c:1156:
140130980476744:error:100DE08E:elliptic curve routines:OLD_EC_PRIV_DECODE:decode error:ec_ameth.c:565:
140130980476744:error:0D0680A8:asn1 encoding routines:ASN1_CHECK_TLEN:wrong tag:tasn_dec.c:1343:
140130980476744:error:0D07803A:asn1 encoding routines:ASN1_ITEM_EX_D2I:nested asn1 error:tasn_dec.c:393:Type=PKCS8_PRIV_KEY_INFO
140130980476744:error:0907B00D:PEM routines:PEM_READ_BIO_PRIVATEKEY:ASN1 lib:pem_pkey.c:132:
read EC key
writing EC key
read EC key
unable to load Key
140562137724744:error:100A6083:elliptic curve routines:ec_GFp_simple_group_set_curve:unsupported field:ecp_smpl.c:183:
140562137724744:error:1009D010:elliptic curve routines:EC_ASN1_PARAMETERS2GROUP:EC lib:ec_asn1.c:918:
140562137724744:error:1009E010:elliptic curve routines:EC_ASN1_PKPARAMETERS2GROUP:EC lib:ec_asn1.c:1046:
140562137724744:error:10092010:elliptic curve routines:d2i_ECPrivateKey:EC lib:ec_asn1.c:1156:
140562137724744:error:100DE08E:elliptic curve routines:OLD_EC_PRIV_DECODE:decode error:ec_ameth.c:565:
140562137724744:error:0D0680A8:asn1 encoding routines:ASN1_CHECK_TLEN:wrong tag:tasn_dec.c:1343:
140562137724744:error:0D07803A:asn1 encoding routines:ASN1_ITEM_EX_D2I:nested asn1 error:tasn_dec.c:393:Type=PKCS8_PRIV_KEY_INFO
140562137724744:error:0907B00D:PEM routines:PEM_READ_BIO_PRIVATEKEY:ASN1 lib:pem_pkey.c:132:
read EC key
unable to load Key
139729928857416:error:100A6083:elliptic curve routines:ec_GFp_simple_group_set_curve:unsupported field:ecp_smpl.c:183:
139729928857416:error:1009D010:elliptic curve routines:EC_ASN1_PARAMETERS2GROUP:EC lib:ec_asn1.c:918:
139729928857416:error:1009E010:elliptic curve routines:EC_ASN1_PKPARAMETERS2GROUP:EC lib:ec_asn1.c:1046:
139729928857416:error:10092010:elliptic curve routines:d2i_ECPrivateKey:EC lib:ec_asn1.c:1156:
139729928857416:error:100DE08E:elliptic curve routines:OLD_EC_PRIV_DECODE:decode error:ec_ameth.c:565:
139729928857416:error:0D0680A8:asn1 encoding routines:ASN1_CHECK_TLEN:wrong tag:tasn_dec.c:1343:
139729928857416:error:0D07803A:asn1 encoding routines:ASN1_ITEM_EX_D2I:nested asn1 error:tasn_dec.c:393:Type=PKCS8_PRIV_KEY_INFO
139729928857416:error:0907B00D:PEM routines:PEM_READ_BIO_PRIVATEKEY:ASN1 lib:pem_pkey.c:132:
read EC key
unable to load Key
139724932888392:error:100A6083:elliptic curve routines:ec_GFp_simple_group_set_curve:unsupported field:ecp_smpl.c:183:
139724932888392:error:1009D010:elliptic curve routines:EC_ASN1_PARAMETERS2GROUP:EC lib:ec_asn1.c:918:
139724932888392:error:1009E010:elliptic curve routines:EC_ASN1_PKPARAMETERS2GROUP:EC lib:ec_asn1.c:1046:
139724932888392:error:10092010:elliptic curve routines:d2i_ECPrivateKey:EC lib:ec_asn1.c:1156:
139724932888392:error:100DE08E:elliptic curve routines:OLD_EC_PRIV_DECODE:decode error:ec_ameth.c:565:
139724932888392:error:0D0680A8:asn1 encoding routines:ASN1_CHECK_TLEN:wrong tag:tasn_dec.c:1343:
139724932888392:error:0D07803A:asn1 encoding routines:ASN1_ITEM_EX_D2I:nested asn1 error:tasn_dec.c:393:Type=PKCS8_PRIV_KEY_INFO
139724932888392:error:0907B00D:PEM routines:PEM_READ_BIO_PRIVATEKEY:ASN1 lib:pem_pkey.c:132:
read EC key
writing EC key
read EC key
unable to load Key
139745873352520:error:100A6083:elliptic curve routines:ec_GFp_simple_group_set_curve:unsupported field:ecp_smpl.c:183:
139745873352520:error:1009D010:elliptic curve routines:EC_ASN1_PARAMETERS2GROUP:EC lib:ec_asn1.c:918:
139745873352520:error:1009E010:elliptic curve routines:EC_ASN1_PKPARAMETERS2GROUP:EC lib:ec_asn1.c:1046:
139745873352520:error:10092010:elliptic curve routines:d2i_ECPrivateKey:EC lib:ec_asn1.c:1156:
139745873352520:error:100DE08E:elliptic curve routines:OLD_EC_PRIV_DECODE:decode error:ec_ameth.c:565:
139745873352520:error:0D0680A8:asn1 encoding routines:ASN1_CHECK_TLEN:wrong tag:tasn_dec.c:1343:
139745873352520:error:0D07803A:asn1 encoding routines:ASN1_ITEM_EX_D2I:nested asn1 error:tasn_dec.c:393:Type=PKCS8_PRIV_KEY_INFO
139745873352520:error:0907B00D:PEM routines:PEM_READ_BIO_PRIVATEKEY:ASN1 lib:pem_pkey.c:132:
read EC key
unable to load Key
140333467506504:error:100A6083:elliptic curve routines:ec_GFp_simple_group_set_curve:unsupported field:ecp_smpl.c:183:
140333467506504:error:1009D010:elliptic curve routines:EC_ASN1_PARAMETERS2GROUP:EC lib:ec_asn1.c:918:
140333467506504:error:1009E010:elliptic curve routines:EC_ASN1_PKPARAMETERS2GROUP:EC lib:ec_asn1.c:1046:
140333467506504:error:10092010:elliptic curve routines:d2i_ECPrivateKey:EC lib:ec_asn1.c:1156:
140333467506504:error:100DE08E:elliptic curve routines:OLD_EC_PRIV_DECODE:decode error:ec_ameth.c:565:
140333467506504:error:0D0680A8:asn1 encoding routines:ASN1_CHECK_TLEN:wrong tag:tasn_dec.c:1343:
140333467506504:error:0D07803A:asn1 encoding routines:ASN1_ITEM_EX_D2I:nested asn1 error:tasn_dec.c:393:Type=PKCS8_PRIV_KEY_INFO
140333467506504:error:0907B00D:PEM routines:PEM_READ_BIO_PRIVATEKEY:ASN1 lib:pem_pkey.c:132:
read EC key
unable to load Key
140198185985864:error:100A6083:elliptic curve routines:ec_GFp_simple_group_set_curve:unsupported field:ecp_smpl.c:183:
140198185985864:error:1009D010:elliptic curve routines:EC_ASN1_PARAMETERS2GROUP:EC lib:ec_asn1.c:918:
140198185985864:error:1009E010:elliptic curve routines:EC_ASN1_PKPARAMETERS2GROUP:EC lib:ec_asn1.c:1046:
140198185985864:error:10092010:elliptic curve routines:d2i_ECPrivateKey:EC lib:ec_asn1.c:1156:
140198185985864:error:100DE08E:elliptic curve routines:OLD_EC_PRIV_DECODE:decode error:ec_ameth.c:565:
140198185985864:error:0D0680A8:asn1 encoding routines:ASN1_CHECK_TLEN:wrong tag:tasn_dec.c:1343:
140198185985864:error:0D07803A:asn1 encoding routines:ASN1_ITEM_EX_D2I:nested asn1 error:tasn_dec.c:393:Type=PKCS8_PRIV_KEY_INFO
140198185985864:error:0907B00D:PEM routines:PEM_READ_BIO_PRIVATEKEY:ASN1 lib:pem_pkey.c:132:
read EC key
unable to load Key
139621802452808:error:100A6083:elliptic curve routines:ec_GFp_simple_group_set_curve:unsupported field:ecp_smpl.c:183:
139621802452808:error:1009D010:elliptic curve routines:EC_ASN1_PARAMETERS2GROUP:EC lib:ec_asn1.c:918:
139621802452808:error:1009E010:elliptic curve routines:EC_ASN1_PKPARAMETERS2GROUP:EC lib:ec_asn1.c:1046:
139621802452808:error:10092010:elliptic curve routines:d2i_ECPrivateKey:EC lib:ec_asn1.c:1156:
139621802452808:error:100DE08E:elliptic curve routines:OLD_EC_PRIV_DECODE:decode error:ec_ameth.c:565:
139621802452808:error:0D0680A8:asn1 encoding routines:ASN1_CHECK_TLEN:wrong tag:tasn_dec.c:1343:
139621802452808:error:0D07803A:asn1 encoding routines:ASN1_ITEM_EX_D2I:nested asn1 error:tasn_dec.c:393:Type=PKCS8_PRIV_KEY_INFO
139621802452808:error:0907B00D:PEM routines:PEM_READ_BIO_PRIVATEKEY:ASN1 lib:pem_pkey.c:132:
read EC key
unable to load Key
140243358357320:error:100A6083:elliptic curve routines:ec_GFp_simple_group_set_curve:unsupported field:ecp_smpl.c:183:
140243358357320:error:1009D010:elliptic curve routines:EC_ASN1_PARAMETERS2GROUP:EC lib:ec_asn1.c:918:
140243358357320:error:1009E010:elliptic curve routines:EC_ASN1_PKPARAMETERS2GROUP:EC lib:ec_asn1.c:1046:
140243358357320:error:10092010:elliptic curve routines:d2i_ECPrivateKey:EC lib:ec_asn1.c:1156:
140243358357320:error:100DE08E:elliptic curve routines:OLD_EC_PRIV_DECODE:decode error:ec_ameth.c:565:
140243358357320:error:0D0680A8:asn1 encoding routines:ASN1_CHECK_TLEN:wrong tag:tasn_dec.c:1343:
140243358357320:error:0D07803A:asn1 encoding routines:ASN1_ITEM_EX_D2I:nested asn1 error:tasn_dec.c:393:Type=PKCS8_PRIV_KEY_INFO
140243358357320:error:0907B00D:PEM routines:PEM_READ_BIO_PRIVATEKEY:ASN1 lib:pem_pkey.c:132:
read EC key
unable to load Key
140101392791368:error:100A6083:elliptic curve routines:ec_GFp_simple_group_set_curve:unsupported field:ecp_smpl.c:183:
140101392791368:error:1009D010:elliptic curve routines:EC_ASN1_PARAMETERS2GROUP:EC lib:ec_asn1.c:918:
140101392791368:error:1009E010:elliptic curve routines:EC_ASN1_PKPARAMETERS2GROUP:EC lib:ec_asn1.c:1046:
140101392791368:error:10092010:elliptic curve routines:d2i_ECPrivateKey:EC lib:ec_asn1.c:1156:
140101392791368:error:100DE08E:elliptic curve routines:OLD_EC_PRIV_DECODE:decode error:ec_ameth.c:565:
140101392791368:error:0D0680A8:asn1 encoding routines:ASN1_CHECK_TLEN:wrong tag:tasn_dec.c:1343:
140101392791368:error:0D07803A:asn1 encoding routines:ASN1_ITEM_EX_D2I:nested asn1 error:tasn_dec.c:393:Type=PKCS8_PRIV_KEY_INFO
140101392791368:error:0907B00D:PEM routines:PEM_READ_BIO_PRIVATEKEY:ASN1 lib:pem_pkey.c:132:
read EC key
unable to load Key
140713063384904:error:100A6083:elliptic curve routines:ec_GFp_simple_group_set_curve:unsupported field:ecp_smpl.c:183:
140713063384904:error:1009D010:elliptic curve routines:EC_ASN1_PARAMETERS2GROUP:EC lib:ec_asn1.c:918:
140713063384904:error:1009E010:elliptic curve routines:EC_ASN1_PKPARAMETERS2GROUP:EC lib:ec_asn1.c:1046:
140713063384904:error:10092010:elliptic curve routines:d2i_ECPrivateKey:EC lib:ec_asn1.c:1156:
140713063384904:error:100DE08E:elliptic curve routines:OLD_EC_PRIV_DECODE:decode error:ec_ameth.c:565:
140713063384904:error:0D0680A8:asn1 encoding routines:ASN1_CHECK_TLEN:wrong tag:tasn_dec.c:1343:
140713063384904:error:0D07803A:asn1 encoding routines:ASN1_ITEM_EX_D2I:nested asn1 error:tasn_dec.c:393:Type=PKCS8_PRIV_KEY_INFO
140713063384904:error:0907B00D:PEM routines:PEM_READ_BIO_PRIVATEKEY:ASN1 lib:pem_pkey.c:132:
read EC key
unable to load Key
140047140296520:error:100A6083:elliptic curve routines:ec_GFp_simple_group_set_curve:unsupported field:ecp_smpl.c:183:
140047140296520:error:1009D010:elliptic curve routines:EC_ASN1_PARAMETERS2GROUP:EC lib:ec_asn1.c:918:
140047140296520:error:1009E010:elliptic curve routines:EC_ASN1_PKPARAMETERS2GROUP:EC lib:ec_asn1.c:1046:
140047140296520:error:10092010:elliptic curve routines:d2i_ECPrivateKey:EC lib:ec_asn1.c:1156:
140047140296520:error:100DE08E:elliptic curve routines:OLD_EC_PRIV_DECODE:decode error:ec_ameth.c:565:
140047140296520:error:0D0680A8:asn1 encoding routines:ASN1_CHECK_TLEN:wrong tag:tasn_dec.c:1343:
140047140296520:error:0D07803A:asn1 encoding routines:ASN1_ITEM_EX_D2I:nested asn1 error:tasn_dec.c:393:Type=PKCS8_PRIV_KEY_INFO
140047140296520:error:0907B00D:PEM routines:PEM_READ_BIO_PRIVATEKEY:ASN1 lib:pem_pkey.c:132:
read EC key
writing EC key
read EC key
unable to load Key
139940114724680:error:100A6083:elliptic curve routines:ec_GFp_simple_group_set_curve:unsupported field:ecp_smpl.c:183:
139940114724680:error:1009D010:elliptic curve routines:EC_ASN1_PARAMETERS2GROUP:EC lib:ec_asn1.c:918:
139940114724680:error:1009E010:elliptic curve routines:EC_ASN1_PKPARAMETERS2GROUP:EC lib:ec_asn1.c:1046:
139940114724680:error:10092010:elliptic curve routines:d2i_ECPrivateKey:EC lib:ec_asn1.c:1156:
139940114724680:error:100DE08E:elliptic curve routines:OLD_EC_PRIV_DECODE:decode error:ec_ameth.c:565:
139940114724680:error:0D0680A8:asn1 encoding routines:ASN1_CHECK_TLEN:wrong tag:tasn_dec.c:1343:
139940114724680:error:0D07803A:asn1 encoding routines:ASN1_ITEM_EX_D2I:nested asn1 error:tasn_dec.c:393:Type=PKCS8_PRIV_KEY_INFO
139940114724680:error:0907B00D:PEM routines:PEM_READ_BIO_PRIVATEKEY:ASN1 lib:pem_pkey.c:132:
read EC key
writing EC key
read EC key
unable to load Key
139854210312008:error:100A6083:elliptic curve routines:ec_GFp_simple_group_set_curve:unsupported field:ecp_smpl.c:183:
139854210312008:error:1009D010:elliptic curve routines:EC_ASN1_PARAMETERS2GROUP:EC lib:ec_asn1.c:918:
139854210312008:error:1009E010:elliptic curve routines:EC_ASN1_PKPARAMETERS2GROUP:EC lib:ec_asn1.c:1046:
139854210312008:error:10092010:elliptic curve routines:d2i_ECPrivateKey:EC lib:ec_asn1.c:1156:
139854210312008:error:100DE08E:elliptic curve routines:OLD_EC_PRIV_DECODE:decode error:ec_ameth.c:565:
139854210312008:error:0D0680A8:asn1 encoding routines:ASN1_CHECK_TLEN:wrong tag:tasn_dec.c:1343:
139854210312008:error:0D07803A:asn1 encoding routines:ASN1_ITEM_EX_D2I:nested asn1 error:tasn_dec.c:393:Type=PKCS8_PRIV_KEY_INFO
139854210312008:error:0907B00D:PEM routines:PEM_READ_BIO_PRIVATEKEY:ASN1 lib:pem_pkey.c:132:
read EC key
unable to load Key
140088962099016:error:100A6083:elliptic curve routines:ec_GFp_simple_group_set_curve:unsupported field:ecp_smpl.c:183:
140088962099016:error:1009D010:elliptic curve routines:EC_ASN1_PARAMETERS2GROUP:EC lib:ec_asn1.c:918:
140088962099016:error:1009E010:elliptic curve routines:EC_ASN1_PKPARAMETERS2GROUP:EC lib:ec_asn1.c:1046:
140088962099016:error:10092010:elliptic curve routines:d2i_ECPrivateKey:EC lib:ec_asn1.c:1156:
140088962099016:error:100DE08E:elliptic curve routines:OLD_EC_PRIV_DECODE:decode error:ec_ameth.c:565:
140088962099016:error:0D0680A8:asn1 encoding routines:ASN1_CHECK_TLEN:wrong tag:tasn_dec.c:1343:
140088962099016:error:0D07803A:asn1 encoding routines:ASN1_ITEM_EX_D2I:nested asn1 error:tasn_dec.c:393:Type=PKCS8_PRIV_KEY_INFO
140088962099016:error:0907B00D:PEM routines:PEM_READ_BIO_PRIVATEKEY:ASN1 lib:pem_pkey.c:132:
read EC key
writing EC key
read EC key
unable to load Key
140354678073160:error:100A6083:elliptic curve routines:ec_GFp_simple_group_set_curve:unsupported field:ecp_smpl.c:183:
140354678073160:error:1009D010:elliptic curve routines:EC_ASN1_PARAMETERS2GROUP:EC lib:ec_asn1.c:918:
140354678073160:error:1009E010:elliptic curve routines:EC_ASN1_PKPARAMETERS2GROUP:EC lib:ec_asn1.c:1046:
140354678073160:error:10092010:elliptic curve routines:d2i_ECPrivateKey:EC lib:ec_asn1.c:1156:
140354678073160:error:100DE08E:elliptic curve routines:OLD_EC_PRIV_DECODE:decode error:ec_ameth.c:565:
140354678073160:error:0D0680A8:asn1 encoding routines:ASN1_CHECK_TLEN:wrong tag:tasn_dec.c:1343:
140354678073160:error:0D07803A:asn1 encoding routines:ASN1_ITEM_EX_D2I:nested asn1 error:tasn_dec.c:393:Type=PKCS8_PRIV_KEY_INFO
140354678073160:error:0907B00D:PEM routines:PEM_READ_BIO_PRIVATEKEY:ASN1 lib:pem_pkey.c:132:
read EC key
writing EC key
read EC key
writing EC key
read EC key
writing EC key
read EC key
unable to load Key
139869698295624:error:100A6083:elliptic curve routines:ec_GFp_simple_group_set_curve:unsupported field:ecp_smpl.c:183:
139869698295624:error:1009D010:elliptic curve routines:EC_ASN1_PARAMETERS2GROUP:EC lib:ec_asn1.c:918:
139869698295624:error:1009E010:elliptic curve routines:EC_ASN1_PKPARAMETERS2GROUP:EC lib:ec_asn1.c:1046:
139869698295624:error:10092010:elliptic curve routines:d2i_ECPrivateKey:EC lib:ec_asn1.c:1156:
139869698295624:error:100DE08E:elliptic curve routines:OLD_EC_PRIV_DECODE:decode error:ec_ameth.c:565:
139869698295624:error:0D0680A8:asn1 encoding routines:ASN1_CHECK_TLEN:wrong tag:tasn_dec.c:1343:
139869698295624:error:0D07803A:asn1 encoding routines:ASN1_ITEM_EX_D2I:nested asn1 error:tasn_dec.c:393:Type=PKCS8_PRIV_KEY_INFO
139869698295624:error:0907B00D:PEM routines:PEM_READ_BIO_PRIVATEKEY:ASN1 lib:pem_pkey.c:132:
read EC key
writing EC key
read EC key
unable to load Key
139935218820936:error:100A6083:elliptic curve routines:ec_GFp_simple_group_set_curve:unsupported field:ecp_smpl.c:183:
139935218820936:error:1009D010:elliptic curve routines:EC_ASN1_PARAMETERS2GROUP:EC lib:ec_asn1.c:918:
139935218820936:error:1009E010:elliptic curve routines:EC_ASN1_PKPARAMETERS2GROUP:EC lib:ec_asn1.c:1046:
139935218820936:error:10092010:elliptic curve routines:d2i_ECPrivateKey:EC lib:ec_asn1.c:1156:
139935218820936:error:100DE08E:elliptic curve routines:OLD_EC_PRIV_DECODE:decode error:ec_ameth.c:565:
139935218820936:error:0D0680A8:asn1 encoding routines:ASN1_CHECK_TLEN:wrong tag:tasn_dec.c:1343:
139935218820936:error:0D07803A:asn1 encoding routines:ASN1_ITEM_EX_D2I:nested asn1 error:tasn_dec.c:393:Type=PKCS8_PRIV_KEY_INFO
139935218820936:error:0907B00D:PEM routines:PEM_READ_BIO_PRIVATEKEY:ASN1 lib:pem_pkey.c:132:
read EC key
unable to load Key
140382071056200:error:100A6083:elliptic curve routines:ec_GFp_simple_group_set_curve:unsupported field:ecp_smpl.c:183:
140382071056200:error:1009D010:elliptic curve routines:EC_ASN1_PARAMETERS2GROUP:EC lib:ec_asn1.c:918:
140382071056200:error:1009E010:elliptic curve routines:EC_ASN1_PKPARAMETERS2GROUP:EC lib:ec_asn1.c:1046:
140382071056200:error:10092010:elliptic curve routines:d2i_ECPrivateKey:EC lib:ec_asn1.c:1156:
140382071056200:error:100DE08E:elliptic curve routines:OLD_EC_PRIV_DECODE:decode error:ec_ameth.c:565:
140382071056200:error:0D0680A8:asn1 encoding routines:ASN1_CHECK_TLEN:wrong tag:tasn_dec.c:1343:
140382071056200:error:0D07803A:asn1 encoding routines:ASN1_ITEM_EX_D2I:nested asn1 error:tasn_dec.c:393:Type=PKCS8_PRIV_KEY_INFO
140382071056200:error:0907B00D:PEM routines:PEM_READ_BIO_PRIVATEKEY:ASN1 lib:pem_pkey.c:132:
read EC key
unable to load Key
140605490480968:error:100A6083:elliptic curve routines:ec_GFp_simple_group_set_curve:unsupported field:ecp_smpl.c:183:
140605490480968:error:1009D010:elliptic curve routines:EC_ASN1_PARAMETERS2GROUP:EC lib:ec_asn1.c:918:
140605490480968:error:1009E010:elliptic curve routines:EC_ASN1_PKPARAMETERS2GROUP:EC lib:ec_asn1.c:1046:
140605490480968:error:10092010:elliptic curve routines:d2i_ECPrivateKey:EC lib:ec_asn1.c:1156:
140605490480968:error:100DE08E:elliptic curve routines:OLD_EC_PRIV_DECODE:decode error:ec_ameth.c:565:
140605490480968:error:0D0680A8:asn1 encoding routines:ASN1_CHECK_TLEN:wrong tag:tasn_dec.c:1343:
140605490480968:error:0D07803A:asn1 encoding routines:ASN1_ITEM_EX_D2I:nested asn1 error:tasn_dec.c:393:Type=PKCS8_PRIV_KEY_INFO
140605490480968:error:0907B00D:PEM routines:PEM_READ_BIO_PRIVATEKEY:ASN1 lib:pem_pkey.c:132:
read EC key
writing EC key
read EC key
unable to load Key
140522248660808:error:100A6083:elliptic curve routines:ec_GFp_simple_group_set_curve:unsupported field:ecp_smpl.c:183:
140522248660808:error:1009D010:elliptic curve routines:EC_ASN1_PARAMETERS2GROUP:EC lib:ec_asn1.c:918:
140522248660808:error:1009E010:elliptic curve routines:EC_ASN1_PKPARAMETERS2GROUP:EC lib:ec_asn1.c:1046:
140522248660808:error:10092010:elliptic curve routines:d2i_ECPrivateKey:EC lib:ec_asn1.c:1156:
140522248660808:error:100DE08E:elliptic curve routines:OLD_EC_PRIV_DECODE:decode error:ec_ameth.c:565:
140522248660808:error:0D0680A8:asn1 encoding routines:ASN1_CHECK_TLEN:wrong tag:tasn_dec.c:1343:
140522248660808:error:0D07803A:asn1 encoding routines:ASN1_ITEM_EX_D2I:nested asn1 error:tasn_dec.c:393:Type=PKCS8_PRIV_KEY_INFO
140522248660808:error:0907B00D:PEM routines:PEM_READ_BIO_PRIVATEKEY:ASN1 lib:pem_pkey.c:132:
read EC key
writing EC key
read EC key
writing EC key
read EC key
unable to load Key
140289740658504:error:100A6083:elliptic curve routines:ec_GFp_simple_group_set_curve:unsupported field:ecp_smpl.c:183:
140289740658504:error:1009D010:elliptic curve routines:EC_ASN1_PARAMETERS2GROUP:EC lib:ec_asn1.c:918:
140289740658504:error:1009E010:elliptic curve routines:EC_ASN1_PKPARAMETERS2GROUP:EC lib:ec_asn1.c:1046:
140289740658504:error:10092010:elliptic curve routines:d2i_ECPrivateKey:EC lib:ec_asn1.c:1156:
140289740658504:error:100DE08E:elliptic curve routines:OLD_EC_PRIV_DECODE:decode error:ec_ameth.c:565:
140289740658504:error:0D0680A8:asn1 encoding routines:ASN1_CHECK_TLEN:wrong tag:tasn_dec.c:1343:
140289740658504:error:0D07803A:asn1 encoding routines:ASN1_ITEM_EX_D2I:nested asn1 error:tasn_dec.c:393:Type=PKCS8_PRIV_KEY_INFO
140289740658504:error:0907B00D:PEM routines:PEM_READ_BIO_PRIVATEKEY:ASN1 lib:pem_pkey.c:132:
read EC key
writing EC key
read EC key
unable to load Key
139682960873288:error:100A6083:elliptic curve routines:ec_GFp_simple_group_set_curve:unsupported field:ecp_smpl.c:183:
139682960873288:error:1009D010:elliptic curve routines:EC_ASN1_PARAMETERS2GROUP:EC lib:ec_asn1.c:918:
139682960873288:error:1009E010:elliptic curve routines:EC_ASN1_PKPARAMETERS2GROUP:EC lib:ec_asn1.c:1046:
139682960873288:error:10092010:elliptic curve routines:d2i_ECPrivateKey:EC lib:ec_asn1.c:1156:
139682960873288:error:100DE08E:elliptic curve routines:OLD_EC_PRIV_DECODE:decode error:ec_ameth.c:565:
139682960873288:error:0D0680A8:asn1 encoding routines:ASN1_CHECK_TLEN:wrong tag:tasn_dec.c:1343:
139682960873288:error:0D07803A:asn1 encoding routines:ASN1_ITEM_EX_D2I:nested asn1 error:tasn_dec.c:393:Type=PKCS8_PRIV_KEY_INFO
139682960873288:error:0907B00D:PEM routines:PEM_READ_BIO_PRIVATEKEY:ASN1 lib:pem_pkey.c:132:
read EC key
unable to load Key
140604716357448:error:100A6083:elliptic curve routines:ec_GFp_simple_group_set_curve:unsupported field:ecp_smpl.c:183:
140604716357448:error:1009D010:elliptic curve routines:EC_ASN1_PARAMETERS2GROUP:EC lib:ec_asn1.c:918:
140604716357448:error:1009E010:elliptic curve routines:EC_ASN1_PKPARAMETERS2GROUP:EC lib:ec_asn1.c:1046:
140604716357448:error:10092010:elliptic curve routines:d2i_ECPrivateKey:EC lib:ec_asn1.c:1156:
140604716357448:error:100DE08E:elliptic curve routines:OLD_EC_PRIV_DECODE:decode error:ec_ameth.c:565:
140604716357448:error:0D0680A8:asn1 encoding routines:ASN1_CHECK_TLEN:wrong tag:tasn_dec.c:1343:
140604716357448:error:0D07803A:asn1 encoding routines:ASN1_ITEM_EX_D2I:nested asn1 error:tasn_dec.c:393:Type=PKCS8_PRIV_KEY_INFO
140604716357448:error:0907B00D:PEM routines:PEM_READ_BIO_PRIVATEKEY:ASN1 lib:pem_pkey.c:132:
read EC key
unable to load Key
139711529006920:error:100A6083:elliptic curve routines:ec_GFp_simple_group_set_curve:unsupported field:ecp_smpl.c:183:
139711529006920:error:1009D010:elliptic curve routines:EC_ASN1_PARAMETERS2GROUP:EC lib:ec_asn1.c:918:
139711529006920:error:1009E010:elliptic curve routines:EC_ASN1_PKPARAMETERS2GROUP:EC lib:ec_asn1.c:1046:
139711529006920:error:10092010:elliptic curve routines:d2i_ECPrivateKey:EC lib:ec_asn1.c:1156:
139711529006920:error:100DE08E:elliptic curve routines:OLD_EC_PRIV_DECODE:decode error:ec_ameth.c:565:
139711529006920:error:0D0680A8:asn1 encoding routines:ASN1_CHECK_TLEN:wrong tag:tasn_dec.c:1343:
139711529006920:error:0D07803A:asn1 encoding routines:ASN1_ITEM_EX_D2I:nested asn1 error:tasn_dec.c:393:Type=PKCS8_PRIV_KEY_INFO
139711529006920:error:0907B00D:PEM routines:PEM_READ_BIO_PRIVATEKEY:ASN1 lib:pem_pkey.c:132:
read EC key
writing EC key
read EC key
unable to load Key
139984096597832:error:100A6083:elliptic curve routines:ec_GFp_simple_group_set_curve:unsupported field:ecp_smpl.c:183:
139984096597832:error:1009D010:elliptic curve routines:EC_ASN1_PARAMETERS2GROUP:EC lib:ec_asn1.c:918:
139984096597832:error:1009E010:elliptic curve routines:EC_ASN1_PKPARAMETERS2GROUP:EC lib:ec_asn1.c:1046:
139984096597832:error:10092010:elliptic curve routines:d2i_ECPrivateKey:EC lib:ec_asn1.c:1156:
139984096597832:error:100DE08E:elliptic curve routines:OLD_EC_PRIV_DECODE:decode error:ec_ameth.c:565:
139984096597832:error:0D0680A8:asn1 encoding routines:ASN1_CHECK_TLEN:wrong tag:tasn_dec.c:1343:
139984096597832:error:0D07803A:asn1 encoding routines:ASN1_ITEM_EX_D2I:nested asn1 error:tasn_dec.c:393:Type=PKCS8_PRIV_KEY_INFO
139984096597832:error:0907B00D:PEM routines:PEM_READ_BIO_PRIVATEKEY:ASN1 lib:pem_pkey.c:132:
read EC key
unable to load Key
139876460128072:error:100A6083:elliptic curve routines:ec_GFp_simple_group_set_curve:unsupported field:ecp_smpl.c:183:
139876460128072:error:1009D010:elliptic curve routines:EC_ASN1_PARAMETERS2GROUP:EC lib:ec_asn1.c:918:
139876460128072:error:1009E010:elliptic curve routines:EC_ASN1_PKPARAMETERS2GROUP:EC lib:ec_asn1.c:1046:
139876460128072:error:10092010:elliptic curve routines:d2i_ECPrivateKey:EC lib:ec_asn1.c:1156:
139876460128072:error:100DE08E:elliptic curve routines:OLD_EC_PRIV_DECODE:decode error:ec_ameth.c:565:
139876460128072:error:0D0680A8:asn1 encoding routines:ASN1_CHECK_TLEN:wrong tag:tasn_dec.c:1343:
139876460128072:error:0D07803A:asn1 encoding routines:ASN1_ITEM_EX_D2I:nested asn1 error:tasn_dec.c:393:Type=PKCS8_PRIV_KEY_INFO
139876460128072:error:0907B00D:PEM routines:PEM_READ_BIO_PRIVATEKEY:ASN1 lib:pem_pkey.c:132:
read EC key
unable to load Key
140112468789064:error:100A6083:elliptic curve routines:ec_GFp_simple_group_set_curve:unsupported field:ecp_smpl.c:183:
140112468789064:error:1009D010:elliptic curve routines:EC_ASN1_PARAMETERS2GROUP:EC lib:ec_asn1.c:918:
140112468789064:error:1009E010:elliptic curve routines:EC_ASN1_PKPARAMETERS2GROUP:EC lib:ec_asn1.c:1046:
140112468789064:error:10092010:elliptic curve routines:d2i_ECPrivateKey:EC lib:ec_asn1.c:1156:
140112468789064:error:100DE08E:elliptic curve routines:OLD_EC_PRIV_DECODE:decode error:ec_ameth.c:565:
140112468789064:error:0D0680A8:asn1 encoding routines:ASN1_CHECK_TLEN:wrong tag:tasn_dec.c:1343:
140112468789064:error:0D07803A:asn1 encoding routines:ASN1_ITEM_EX_D2I:nested asn1 error:tasn_dec.c:393:Type=PKCS8_PRIV_KEY_INFO
140112468789064:error:0907B00D:PEM routines:PEM_READ_BIO_PRIVATEKEY:ASN1 lib:pem_pkey.c:132:
read EC key
unable to load Key
140242804156232:error:100A6083:elliptic curve routines:ec_GFp_simple_group_set_curve:unsupported field:ecp_smpl.c:183:
140242804156232:error:1009D010:elliptic curve routines:EC_ASN1_PARAMETERS2GROUP:EC lib:ec_asn1.c:918:
140242804156232:error:1009E010:elliptic curve routines:EC_ASN1_PKPARAMETERS2GROUP:EC lib:ec_asn1.c:1046:
140242804156232:error:10092010:elliptic curve routines:d2i_ECPrivateKey:EC lib:ec_asn1.c:1156:
140242804156232:error:100DE08E:elliptic curve routines:OLD_EC_PRIV_DECODE:decode error:ec_ameth.c:565:
140242804156232:error:0D0680A8:asn1 encoding routines:ASN1_CHECK_TLEN:wrong tag:tasn_dec.c:1343:
140242804156232:error:0D07803A:asn1 encoding routines:ASN1_ITEM_EX_D2I:nested asn1 error:tasn_dec.c:393:Type=PKCS8_PRIV_KEY_INFO
140242804156232:error:0907B00D:PEM routines:PEM_READ_BIO_PRIVATEKEY:ASN1 lib:pem_pkey.c:132:
read EC key
unable to load Key
140699272111944:error:100A6083:elliptic curve routines:ec_GFp_simple_group_set_curve:unsupported field:ecp_smpl.c:183:
140699272111944:error:1009D010:elliptic curve routines:EC_ASN1_PARAMETERS2GROUP:EC lib:ec_asn1.c:918:
140699272111944:error:1009E010:elliptic curve routines:EC_ASN1_PKPARAMETERS2GROUP:EC lib:ec_asn1.c:1046:
140699272111944:error:10092010:elliptic curve routines:d2i_ECPrivateKey:EC lib:ec_asn1.c:1156:
140699272111944:error:100DE08E:elliptic curve routines:OLD_EC_PRIV_DECODE:decode error:ec_ameth.c:565:
140699272111944:error:0D0680A8:asn1 encoding routines:ASN1_CHECK_TLEN:wrong tag:tasn_dec.c:1343:
140699272111944:error:0D07803A:asn1 encoding routines:ASN1_ITEM_EX_D2I:nested asn1 error:tasn_dec.c:393:Type=PKCS8_PRIV_KEY_INFO
140699272111944:error:0907B00D:PEM routines:PEM_READ_BIO_PRIVATEKEY:ASN1 lib:pem_pkey.c:132:
read EC key
unable to load Key
139921152116552:error:100A6083:elliptic curve routines:ec_GFp_simple_group_set_curve:unsupported field:ecp_smpl.c:183:
139921152116552:error:1009D010:elliptic curve routines:EC_ASN1_PARAMETERS2GROUP:EC lib:ec_asn1.c:918:
139921152116552:error:1009E010:elliptic curve routines:EC_ASN1_PKPARAMETERS2GROUP:EC lib:ec_asn1.c:1046:
139921152116552:error:10092010:elliptic curve routines:d2i_ECPrivateKey:EC lib:ec_asn1.c:1156:
139921152116552:error:100DE08E:elliptic curve routines:OLD_EC_PRIV_DECODE:decode error:ec_ameth.c:565:
139921152116552:error:0D0680A8:asn1 encoding routines:ASN1_CHECK_TLEN:wrong tag:tasn_dec.c:1343:
139921152116552:error:0D07803A:asn1 encoding routines:ASN1_ITEM_EX_D2I:nested asn1 error:tasn_dec.c:393:Type=PKCS8_PRIV_KEY_INFO
139921152116552:error:0907B00D:PEM routines:PEM_READ_BIO_PRIVATEKEY:ASN1 lib:pem_pkey.c:132:
read EC key
unable to load Key
139944475809608:error:100A6083:elliptic curve routines:ec_GFp_simple_group_set_curve:unsupported field:ecp_smpl.c:183:
139944475809608:error:1009D010:elliptic curve routines:EC_ASN1_PARAMETERS2GROUP:EC lib:ec_asn1.c:918:
139944475809608:error:1009E010:elliptic curve routines:EC_ASN1_PKPARAMETERS2GROUP:EC lib:ec_asn1.c:1046:
139944475809608:error:10092010:elliptic curve routines:d2i_ECPrivateKey:EC lib:ec_asn1.c:1156:
139944475809608:error:100DE08E:elliptic curve routines:OLD_EC_PRIV_DECODE:decode error:ec_ameth.c:565:
139944475809608:error:0D0680A8:asn1 encoding routines:ASN1_CHECK_TLEN:wrong tag:tasn_dec.c:1343:
139944475809608:error:0D07803A:asn1 encoding routines:ASN1_ITEM_EX_D2I:nested asn1 error:tasn_dec.c:393:Type=PKCS8_PRIV_KEY_INFO
139944475809608:error:0907B00D:PEM routines:PEM_READ_BIO_PRIVATEKEY:ASN1 lib:pem_pkey.c:132:
read EC key
unable to load Key
140681410045768:error:100A6083:elliptic curve routines:ec_GFp_simple_group_set_curve:unsupported field:ecp_smpl.c:183:
140681410045768:error:1009D010:elliptic curve routines:EC_ASN1_PARAMETERS2GROUP:EC lib:ec_asn1.c:918:
140681410045768:error:1009E010:elliptic curve routines:EC_ASN1_PKPARAMETERS2GROUP:EC lib:ec_asn1.c:1046:
140681410045768:error:10092010:elliptic curve routines:d2i_ECPrivateKey:EC lib:ec_asn1.c:1156:
140681410045768:error:100DE08E:elliptic curve routines:OLD_EC_PRIV_DECODE:decode error:ec_ameth.c:565:
140681410045768:error:0D0680A8:asn1 encoding routines:ASN1_CHECK_TLEN:wrong tag:tasn_dec.c:1343:
140681410045768:error:0D07803A:asn1 encoding routines:ASN1_ITEM_EX_D2I:nested asn1 error:tasn_dec.c:393:Type=PKCS8_PRIV_KEY_INFO
140681410045768:error:0907B00D:PEM routines:PEM_READ_BIO_PRIVATEKEY:ASN1 lib:pem_pkey.c:132:
read EC key
writing EC key
read EC key
unable to load Key
140382272046920:error:100A6083:elliptic curve routines:ec_GFp_simple_group_set_curve:unsupported field:ecp_smpl.c:183:
140382272046920:error:1009D010:elliptic curve routines:EC_ASN1_PARAMETERS2GROUP:EC lib:ec_asn1.c:918:
140382272046920:error:1009E010:elliptic curve routines:EC_ASN1_PKPARAMETERS2GROUP:EC lib:ec_asn1.c:1046:
140382272046920:error:10092010:elliptic curve routines:d2i_ECPrivateKey:EC lib:ec_asn1.c:1156:
140382272046920:error:100DE08E:elliptic curve routines:OLD_EC_PRIV_DECODE:decode error:ec_ameth.c:565:
140382272046920:error:0D0680A8:asn1 encoding routines:ASN1_CHECK_TLEN:wrong tag:tasn_dec.c:1343:
140382272046920:error:0D07803A:asn1 encoding routines:ASN1_ITEM_EX_D2I:nested asn1 error:tasn_dec.c:393:Type=PKCS8_PRIV_KEY_INFO
140382272046920:error:0907B00D:PEM routines:PEM_READ_BIO_PRIVATEKEY:ASN1 lib:pem_pkey.c:132:
read EC key
writing EC key
read EC key
unable to load Key
140586148349768:error:100A6083:elliptic curve routines:ec_GFp_simple_group_set_curve:unsupported field:ecp_smpl.c:183:
140586148349768:error:1009D010:elliptic curve routines:EC_ASN1_PARAMETERS2GROUP:EC lib:ec_asn1.c:918:
140586148349768:error:1009E010:elliptic curve routines:EC_ASN1_PKPARAMETERS2GROUP:EC lib:ec_asn1.c:1046:
140586148349768:error:10092010:elliptic curve routines:d2i_ECPrivateKey:EC lib:ec_asn1.c:1156:
140586148349768:error:100DE08E:elliptic curve routines:OLD_EC_PRIV_DECODE:decode error:ec_ameth.c:565:
140586148349768:error:0D0680A8:asn1 encoding routines:ASN1_CHECK_TLEN:wrong tag:tasn_dec.c:1343:
140586148349768:error:0D07803A:asn1 encoding routines:ASN1_ITEM_EX_D2I:nested asn1 error:tasn_dec.c:393:Type=PKCS8_PRIV_KEY_INFO
140586148349768:error:0907B00D:PEM routines:PEM_READ_BIO_PRIVATEKEY:ASN1 lib:pem_pkey.c:132:
read EC key
unable to load Key
140658855995208:error:100A6083:elliptic curve routines:ec_GFp_simple_group_set_curve:unsupported field:ecp_smpl.c:183:
140658855995208:error:1009D010:elliptic curve routines:EC_ASN1_PARAMETERS2GROUP:EC lib:ec_asn1.c:918:
140658855995208:error:1009E010:elliptic curve routines:EC_ASN1_PKPARAMETERS2GROUP:EC lib:ec_asn1.c:1046:
140658855995208:error:10092010:elliptic curve routines:d2i_ECPrivateKey:EC lib:ec_asn1.c:1156:
140658855995208:error:100DE08E:elliptic curve routines:OLD_EC_PRIV_DECODE:decode error:ec_ameth.c:565:
140658855995208:error:0D0680A8:asn1 encoding routines:ASN1_CHECK_TLEN:wrong tag:tasn_dec.c:1343:
140658855995208:error:0D07803A:asn1 encoding routines:ASN1_ITEM_EX_D2I:nested asn1 error:tasn_dec.c:393:Type=PKCS8_PRIV_KEY_INFO
140658855995208:error:0907B00D:PEM routines:PEM_READ_BIO_PRIVATEKEY:ASN1 lib:pem_pkey.c:132:
read EC key
writing EC key
read EC key
unable to load Key
139725796480840:error:100A6083:elliptic curve routines:ec_GFp_simple_group_set_curve:unsupported field:ecp_smpl.c:183:
139725796480840:error:1009D010:elliptic curve routines:EC_ASN1_PARAMETERS2GROUP:EC lib:ec_asn1.c:918:
139725796480840:error:1009E010:elliptic curve routines:EC_ASN1_PKPARAMETERS2GROUP:EC lib:ec_asn1.c:1046:
139725796480840:error:10092010:elliptic curve routines:d2i_ECPrivateKey:EC lib:ec_asn1.c:1156:
139725796480840:error:100DE08E:elliptic curve routines:OLD_EC_PRIV_DECODE:decode error:ec_ameth.c:565:
139725796480840:error:0D0680A8:asn1 encoding routines:ASN1_CHECK_TLEN:wrong tag:tasn_dec.c:1343:
139725796480840:error:0D07803A:asn1 encoding routines:ASN1_ITEM_EX_D2I:nested asn1 error:tasn_dec.c:393:Type=PKCS8_PRIV_KEY_INFO
139725796480840:error:0907B00D:PEM routines:PEM_READ_BIO_PRIVATEKEY:ASN1 lib:pem_pkey.c:132:
read EC key
writing EC key
read EC key
writing EC key
read EC key
writing EC key
t/Crypt-Perl-ECDSA-PrivateKey.t ................... ok
t/Crypt-Perl-ECDSA-PublicKey.t .................... ok
t/Crypt-Perl-Math.t ............................... ok
t/Crypt-Perl-PK.t ................................. ok
t/Crypt-Perl-PKCS10-Attribute-extensionRequest.t .. ok
# OpenSSL 1.0.1e-fips 11 Feb 2013
# options:  bn(64,64) md2(int) rc4(16x,int) des(idx,cisc,16,int) idea(int) blowfish(idx) 
# compiler: gcc -fPIC -DOPENSSL_PIC -DZLIB -DOPENSSL_THREADS -D_REENTRANT -DDSO_DLFCN -DHAVE_DLFCN_H -DKRB5_MIT -m64 -DL_ENDIAN -DTERMIO -Wall -O2 -g -pipe -Wall -Wp,-D_FORTIFY_SOURCE=2 -fexceptions -fstack-protector --param=ssp-buffer-size=4 -m64 -mtune=generic -Wa,--noexecstack -DPURIFY -DOPENSSL_IA32_SSE2 -DOPENSSL_BN_ASM_MONT -DOPENSSL_BN_ASM_MONT5 -DOPENSSL_BN_ASM_GF2m -DSHA1_ASM -DSHA256_ASM -DSHA512_ASM -DMD5_ASM -DAES_ASM -DVPAES_ASM -DBSAES_ASM -DWHIRLPOOL_ASM -DGHASH_ASM
Generating RSA private key, 1024 bit long modulus
..................................................++++++
...................................................++++++
e is 65537 (0x10001)
Generating RSA private key, 2048 bit long modulus
.......................................+++
...................................+++
e is 65537 (0x10001)
read EC key
unable to load Key
140048310220616:error:100AE081:elliptic curve routines:EC_GROUP_new_by_curve_name:unknown group:ec_curve.c:371:
140048310220616:error:1009E077:elliptic curve routines:EC_ASN1_PKPARAMETERS2GROUP:ec group new by name failure:ec_asn1.c:1035:
140048310220616:error:10092010:elliptic curve routines:d2i_ECPrivateKey:EC lib:ec_asn1.c:1156:
140048310220616:error:100DE08E:elliptic curve routines:OLD_EC_PRIV_DECODE:decode error:ec_ameth.c:565:
140048310220616:error:0D0680A8:asn1 encoding routines:ASN1_CHECK_TLEN:wrong tag:tasn_dec.c:1343:
140048310220616:error:0D07803A:asn1 encoding routines:ASN1_ITEM_EX_D2I:nested asn1 error:tasn_dec.c:393:Type=PKCS8_PRIV_KEY_INFO
140048310220616:error:0907B00D:PEM routines:PEM_READ_BIO_PRIVATEKEY:ASN1 lib:pem_pkey.c:132:
read EC key
unable to load Key
140211082323784:error:1009E077:elliptic curve routines:EC_ASN1_PKPARAMETERS2GROUP:ec group new by name failure:ec_asn1.c:1035:
140211082323784:error:10092010:elliptic curve routines:d2i_ECPrivateKey:EC lib:ec_asn1.c:1156:
140211082323784:error:100DE08E:elliptic curve routines:OLD_EC_PRIV_DECODE:decode error:ec_ameth.c:565:
140211082323784:error:0D0680A8:asn1 encoding routines:ASN1_CHECK_TLEN:wrong tag:tasn_dec.c:1343:
140211082323784:error:0D07803A:asn1 encoding routines:ASN1_ITEM_EX_D2I:nested asn1 error:tasn_dec.c:393:Type=PKCS8_PRIV_KEY_INFO
140211082323784:error:0907B00D:PEM routines:PEM_READ_BIO_PRIVATEKEY:ASN1 lib:pem_pkey.c:132:
read EC key
writing EC key
read EC key
writing EC key
read EC key
unable to load Key
140173758093128:error:100AE081:elliptic curve routines:EC_GROUP_new_by_curve_name:unknown group:ec_curve.c:371:
140173758093128:error:1009E077:elliptic curve routines:EC_ASN1_PKPARAMETERS2GROUP:ec group new by name failure:ec_asn1.c:1035:
140173758093128:error:10092010:elliptic curve routines:d2i_ECPrivateKey:EC lib:ec_asn1.c:1156:
140173758093128:error:100DE08E:elliptic curve routines:OLD_EC_PRIV_DECODE:decode error:ec_ameth.c:565:
140173758093128:error:0D0680A8:asn1 encoding routines:ASN1_CHECK_TLEN:wrong tag:tasn_dec.c:1343:
140173758093128:error:0D07803A:asn1 encoding routines:ASN1_ITEM_EX_D2I:nested asn1 error:tasn_dec.c:393:Type=PKCS8_PRIV_KEY_INFO
140173758093128:error:0907B00D:PEM routines:PEM_READ_BIO_PRIVATEKEY:ASN1 lib:pem_pkey.c:132:
read EC key
unable to load Key
139882121365320:error:1009E077:elliptic curve routines:EC_ASN1_PKPARAMETERS2GROUP:ec group new by name failure:ec_asn1.c:1035:
139882121365320:error:10092010:elliptic curve routines:d2i_ECPrivateKey:EC lib:ec_asn1.c:1156:
139882121365320:error:100DE08E:elliptic curve routines:OLD_EC_PRIV_DECODE:decode error:ec_ameth.c:565:
139882121365320:error:0D0680A8:asn1 encoding routines:ASN1_CHECK_TLEN:wrong tag:tasn_dec.c:1343:
139882121365320:error:0D07803A:asn1 encoding routines:ASN1_ITEM_EX_D2I:nested asn1 error:tasn_dec.c:393:Type=PKCS8_PRIV_KEY_INFO
139882121365320:error:0907B00D:PEM routines:PEM_READ_BIO_PRIVATEKEY:ASN1 lib:pem_pkey.c:132:
read EC key
unable to load Key
140108918351688:error:1009E077:elliptic curve routines:EC_ASN1_PKPARAMETERS2GROUP:ec group new by name failure:ec_asn1.c:1035:
140108918351688:error:10092010:elliptic curve routines:d2i_ECPrivateKey:EC lib:ec_asn1.c:1156:
140108918351688:error:100DE08E:elliptic curve routines:OLD_EC_PRIV_DECODE:decode error:ec_ameth.c:565:
140108918351688:error:0D0680A8:asn1 encoding routines:ASN1_CHECK_TLEN:wrong tag:tasn_dec.c:1343:
140108918351688:error:0D07803A:asn1 encoding routines:ASN1_ITEM_EX_D2I:nested asn1 error:tasn_dec.c:393:Type=PKCS8_PRIV_KEY_INFO
140108918351688:error:0907B00D:PEM routines:PEM_READ_BIO_PRIVATEKEY:ASN1 lib:pem_pkey.c:132:
t/Crypt-Perl-PKCS10.t ............................. ok
# OpenSSL 1.0.1e-fips 11 Feb 2013
# options:  bn(64,64) md2(int) rc4(16x,int) des(idx,cisc,16,int) idea(int) blowfish(idx) 
# compiler: gcc -fPIC -DOPENSSL_PIC -DZLIB -DOPENSSL_THREADS -D_REENTRANT -DDSO_DLFCN -DHAVE_DLFCN_H -DKRB5_MIT -m64 -DL_ENDIAN -DTERMIO -Wall -O2 -g -pipe -Wall -Wp,-D_FORTIFY_SOURCE=2 -fexceptions -fstack-protector --param=ssp-buffer-size=4 -m64 -mtune=generic -Wa,--noexecstack -DPURIFY -DOPENSSL_IA32_SSE2 -DOPENSSL_BN_ASM_MONT -DOPENSSL_BN_ASM_MONT5 -DOPENSSL_BN_ASM_GF2m -DSHA1_ASM -DSHA256_ASM -DSHA512_ASM -DMD5_ASM -DAES_ASM -DVPAES_ASM -DBSAES_ASM -DWHIRLPOOL_ASM -DGHASH_ASM
# Your Crypt::Perl::BigInt backend is “Math::BigInt::GMP”.
t/Crypt-Perl-RSA-Generate.t ....................... ok
t/Crypt-Perl-RSA-Parse.t .......................... ok
t/Crypt-Perl-RSA-PrivateKey.t ..................... ok
t/Crypt-Perl-RSA-PublicKey.t ...................... ok
t/Crypt-Perl-X509-Extension-subjectAltName.t ...... ok
t/Crypt-Perl-X509-SCT.t ........................... ok
# OpenSSL 1.0.1e-fips 11 Feb 2013
# options:  bn(64,64) md2(int) rc4(16x,int) des(idx,cisc,16,int) idea(int) blowfish(idx) 
# compiler: gcc -fPIC -DOPENSSL_PIC -DZLIB -DOPENSSL_THREADS -D_REENTRANT -DDSO_DLFCN -DHAVE_DLFCN_H -DKRB5_MIT -m64 -DL_ENDIAN -DTERMIO -Wall -O2 -g -pipe -Wall -Wp,-D_FORTIFY_SOURCE=2 -fexceptions -fstack-protector --param=ssp-buffer-size=4 -m64 -mtune=generic -Wa,--noexecstack -DPURIFY -DOPENSSL_IA32_SSE2 -DOPENSSL_BN_ASM_MONT -DOPENSSL_BN_ASM_MONT5 -DOPENSSL_BN_ASM_GF2m -DSHA1_ASM -DSHA256_ASM -DSHA512_ASM -DMD5_ASM -DAES_ASM -DVPAES_ASM -DBSAES_ASM -DWHIRLPOOL_ASM -DGHASH_ASM
# self-sign - RSA
# two RSAs
# self-sign - ECC
# two ECCs
# subject RSA, signer ECC
# subject ECC, signer RSA
t/Crypt-Perl-X509v3.t ............................. ok

Test Summary Report
-------------------
t/Crypt-Perl-ECDSA-Generate.t                   (Wstat: 39680 Tests: 158 Failed: 155)
  Failed tests:  2-156
  Non-zero exit status: 155
Files=18, Tests=2691, 82 wallclock secs ( 0.15 usr  0.15 sys + 78.67 cusr  3.29 csys = 82.26 CPU)
Result: FAIL
Failed 1/18 test programs. 155/2691 subtests failed.
make: *** [test_dynamic] Error 255

------------------------------
PREREQUISITES
------------------------------

Prerequisite modules loaded:

requires:

    Module                      Need     Have    
    --------------------------- -------- --------
    autodie                     0        2.29    
    Bytes::Random::Secure::Tiny 1.008    1.008   
    Class::Accessor::Fast       0.34     0.34    
    constant                    1.23     1.27    
    Convert::ASN1               0.27     0.27    
    Crypt::Format               0.06     0.07    
    Digest::SHA                 0        6.01    
    Math::BigInt                1.999805 1.999813
    Math::ProvablePrime         0.043    0.043   
    MIME::Base64                3.11     3.15    
    parent                      0.225    0.236   
    perl                        5.008000 5.018004
    Symbol::Get                 0.02     0.08    
    Try::Tiny                   0        0.30    

build_requires:

    Module                      Need     Have    
    --------------------------- -------- --------
    Call::Context               0        0.02    
    ExtUtils::MakeMaker         0        7.34    
    File::Slurp                 0        9999.19 
    File::Which                 0        1.22    
    Test::Class                 0.4      0.50    
    Test::Deep                  0        1.127   
    Test::Exception             0.4      0.43    
    Test::More                  1        1.302136
    Test::NoWarnings            0        1.04    
    Test::Simple                0.44     1.302136

configure_requires:

    Module                      Need     Have    
    --------------------------- -------- --------
    ExtUtils::MakeMaker         0        7.34    


------------------------------
ENVIRONMENT AND OTHER CONTEXT
------------------------------

Environment variables:

    LANG = en_US.UTF-8
    PATH = /usr/local/bin:/usr/bin:/bin:/usr/local/sbin:/usr/sbin:/sbin:/home/cpansand/bin/linux-gnu:/home/cpansand/bin/sh:/home/cpansand/bin:/usr/games:/home/cpansand/devel:/home/eserte/src/srezic-misc/scripts
    PERL5LIB = 
    PERL5OPT = 
    PERL5_CPANPLUS_IS_RUNNING = 422
    PERL5_CPAN_IS_RUNNING = 422
    PERL5_CPAN_IS_RUNNING_IN_RECURSION = 31747,422
    PERLDOC = -MPod::Perldoc::ToTextOverstrike
    PERL_BATCH = yes
    PERL_CANARY_STABILITY_NOPROMPT = 1
    PERL_CPAN_REPORTER_CONFIG = /var/tmp/cpansmoker-1023/2018061904/cpanreporter_000_config.ini
    PERL_EXTUTILS_AUTOINSTALL = --defaultdeps
    SHELL = /bin/zsh
    TERM = screen
    TMPDIR = /var/tmp/cpansmoker-1023/2018061904

Perl special variables (and OS-specific diagnostics, for MSWin32):

    $^X = /opt/perl-5.18.4/bin/perl
    $UID/$EUID = 1023 / 1023
    $GID = 1023 1023
    $EGID = 1023 1023

Perl module toolchain versions installed:

    Module              Have    
    ------------------- --------
    CPAN                2.16    
    CPAN::Meta          2.150010
    Cwd                 3.74    
    ExtUtils::CBuilder  0.280230
    ExtUtils::Command   7.34    
    ExtUtils::Install   2.06    
    ExtUtils::MakeMaker 7.34    
    ExtUtils::Manifest  1.71    
    ExtUtils::ParseXS   3.30    
    File::Spec          3.74    
    JSON                2.97001 
    JSON::PP            2.97001 
    Module::Build       0.4224  
    Module::Signature   0.81    
    Parse::CPAN::Meta   2.150010
    Test::Harness       3.42    
    Test::More          1.302136
    YAML                1.24    
    YAML::Syck          1.30    
    version             0.992   


--

Summary of my perl5 (revision 5 version 18 subversion 4) configuration:
   
  Platform:
    osname=linux, osvers=2.6.32-696.3.1.el6.x86_64, archname=x86_64-linux
    uname='linux centos6 2.6.32-696.3.1.el6.x86_64 #1 smp tue may 30 19:52:55 utc 2017 x86_64 x86_64 x86_64 gnulinux '
    config_args='-ds -e -Dprefix=/opt/perl-5.18.4 -Dcf_email=srezic@cpan.org'
    hint=recommended, useposix=true, d_sigaction=define
    useithreads=undef, usemultiplicity=undef
    useperlio=define, d_sfio=undef, uselargefiles=define, usesocks=undef
    use64bitint=define, use64bitall=define, uselongdouble=undef
    usemymalloc=n, bincompat5005=undef
  Compiler:
    cc='cc', ccflags ='-fno-strict-aliasing -pipe -fstack-protector -I/usr/local/include -D_LARGEFILE_SOURCE -D_FILE_OFFSET_BITS=64',
    optimize='-O2',
    cppflags='-fno-strict-aliasing -pipe -fstack-protector -I/usr/local/include'
    ccversion='', gccversion='4.4.7 20120313 (Red Hat 4.4.7-18)', gccosandvers=''
    intsize=4, longsize=8, ptrsize=8, doublesize=8, byteorder=12345678
    d_longlong=define, longlongsize=8, d_longdbl=define, longdblsize=16
    ivtype='long', ivsize=8, nvtype='double', nvsize=8, Off_t='off_t', lseeksize=8
    alignbytes=8, prototype=define
  Linker and Libraries:
    ld='cc', ldflags =' -fstack-protector -L/usr/local/lib'
    libpth=/usr/local/lib /lib/../lib64 /usr/lib/../lib64 /lib /usr/lib /lib64 /usr/lib64 /usr/local/lib64
    libs=-lnsl -lgdbm -ldb -ldl -lm -lcrypt -lutil -lc
    perllibs=-lnsl -ldl -lm -lcrypt -lutil -lc
    libc=, so=so, useshrplib=false, libperl=libperl.a
    gnulibc_version='2.12'
  Dynamic Linking:
    dlsrc=dl_dlopen.xs, dlext=so, d_dlsymun=undef, ccdlflags='-Wl,-E'
    cccdlflags='-fPIC', lddlflags='-shared -O2 -L/usr/local/lib -fstack-protector'


Characteristics of this binary (from libperl): 
  Compile-time options: HAS_TIMES PERLIO_LAYERS PERL_DONT_CREATE_GVSV
                        PERL_HASH_FUNC_ONE_AT_A_TIME_HARD PERL_MALLOC_WRAP
                        PERL_PRESERVE_IVUV PERL_SAWAMPERSAND USE_64_BIT_ALL
                        USE_64_BIT_INT USE_LARGE_FILES USE_LOCALE
                        USE_LOCALE_COLLATE USE_LOCALE_CTYPE
                        USE_LOCALE_NUMERIC USE_PERLIO USE_PERL_ATOF
  Built under linux
  Compiled at Jun 24 2017 09:25:31
  %ENV:
    PERL5LIB=""
    PERL5OPT=""
    PERL5_CPANPLUS_IS_RUNNING="422"
    PERL5_CPAN_IS_RUNNING="422"
    PERL5_CPAN_IS_RUNNING_IN_RECURSION="31747,422"
    PERLDOC="-MPod::Perldoc::ToTextOverstrike"
    PERL_BATCH="yes"
    PERL_CANARY_STABILITY_NOPROMPT="1"
    PERL_CPAN_REPORTER_CONFIG="/var/tmp/cpansmoker-1023/2018061904/cpanreporter_000_config.ini"
    PERL_EXTUTILS_AUTOINSTALL="--defaultdeps"
  @INC:
    /opt/perl-5.18.4/lib/site_perl/5.18.4/x86_64-linux
    /opt/perl-5.18.4/lib/site_perl/5.18.4
    /opt/perl-5.18.4/lib/5.18.4/x86_64-linux
    /opt/perl-5.18.4/lib/5.18.4
    .