Back
From: metabase:user:314402c4-2aae-11df-837a-5e0a49663a4f
Subject: FAIL XML-LibXML-2.0112 v5.19.9 FreeBSD
Date: 2014-03-13T23:38:09Z
This distribution has been tested as part of the CPAN Testers
project, supporting the Perl programming language. See
http://wiki.cpantesters.org/ for more information or email
questions to cpan-testers-discuss@perl.org
--
Dear Shlomi Fish,
This is a computer-generated report for XML-LibXML-2.0112
on perl 5.19.9, created by CPAN-Reporter-1.2010.
Thank you for uploading your work to CPAN. However, there was a problem
testing your distribution.
If you think this report is invalid, please consult the CPAN Testers Wiki
for suggestions on how to avoid getting FAIL reports for missing library
or binary dependencies, unsupported operating systems, and so on:
http://wiki.cpantesters.org/wiki/CPANAuthorNotes
Sections of this report:
* Tester comments
* Program output
* Prerequisites
* Environment and other context
------------------------------
TESTER COMMENTS
------------------------------
Additional comments from tester:
none provided
------------------------------
PROGRAM OUTPUT
------------------------------
Output from '/usr/bin/make test':
Running Mkbootstrap for XML::LibXML ()
chmod 644 LibXML.bs
PERL_DL_NONLAZY=1 /usr/perl5.19.9/bin/perl5.19.9 "-MExtUtils::Command::MM" "-MTest::Harness" "-e" "undef *Test::Harness::Switches; test_harness(0, 'blib/lib', 'blib/arch')" t/*.t
#
#
# Compiled against libxml2 version: 20800
# Running libxml2 version: 20800
#
t/01basic.t ............................... ok
t/02parse.t ............................... ok
t/03doc.t ................................. ok
t/04node.t ................................ ok
t/05text.t ................................ ok
t/06elements.t ............................ ok
t/07dtd.t ................................. ok
t/08findnodes.t ........................... ok
t/09xpath.t ............................... ok
t/10ns.t .................................. ok
t/11memory.t .............................. skipped: linux platform only.
t/12html.t ................................ ok
t/13dtd.t ................................. ok
t/14sax.t ................................. ok
t/15nodelist.t ............................ ok
t/16docnodes.t ............................ ok
t/17callbacks.t ........................... ok
t/18docfree.t ............................. ok
t/19die_on_invalid_utf8_rt_58848.t ........ ok
t/19encoding.t ............................ ok
t/20extras.t .............................. ok
t/21catalog.t ............................. ok
t/23rawfunctions.t ........................ ok
t/24c14n.t ................................ ok
t/25relaxng.t ............................. ok
# Failed test 'validate() works with elements.'
# at t/26schema.t line 113.
# Looks like you failed 1 test of 7.
t/26schema.t ..............................
Dubious, test returned 1 (wstat 256, 0x100)
Failed 1/7 subtests
t/27new_callbacks_simple.t ................ ok
t/28new_callbacks_multiple.t .............. ok
t/29id.t .................................. ok
t/30keep_blanks.t ......................... ok
t/30xpathcontext.t ........................ ok
t/31xpc_functions.t ....................... ok
t/32xpc_variables.t ....................... ok
t/35huge_mode.t ........................... ok
t/40reader.t .............................. ok
t/40reader_mem_error.t .................... ok
t/41xinclude.t ............................ ok
t/42common.t .............................. ok
t/43options.t ............................. ok
t/44extent.t .............................. ok
t/45regex.t ............................... ok
t/46err_column.t .......................... ok
t/47load_xml_callbacks.t .................. ok
t/48_memleak_rt_83744.t ................... ok
t/48_removeChild_crashes_rt_80395.t ....... ok
t/48_replaceNode_DTD_nodes_rT_80521.t ..... ok
t/48_RH5_double_free_rt83779.t ............ ok
t/48_rt55000.t ............................ ok
t/48_rt93429_recover_2_in_html_parsing.t .. ok
t/48_SAX_Builder_rt_91433.t ............... ok
t/48importing_nodes_IDs_rt_69520.t ........ ok
t/49_load_html.t .......................... ok
t/49callbacks_returning_undef.t ........... ok
t/49global_extent.t ....................... ok
t/50devel.t ............................... ok
t/51_parse_html_string_rt87089.t .......... ok
t/60error_prev_chain.t .................... ok
t/60struct_error.t ........................ ok
t/61error.t ............................... ok
t/62overload.t ............................ ok
t/71overloads.t ........................... ok
t/72destruction.t ......................... ok
t/80registryleak.t ........................ ok
t/90shared_clone_failed_rt_91800.t ........ skipped: no ithreads in this Perl
t/90stack.t ............................... ok
t/90threads.t ............................. skipped: no ithreads in this Perl
t/91unique_key.t .......................... ok
t/pod.t ................................... ok
t/style-trailing-space.t .................. skipped: Test::TrailingSpace required for trailing space test.
Test Summary Report
-------------------
t/26schema.t (Wstat: 256 Tests: 7 Failed: 1)
Failed test: 7
Non-zero exit status: 1
Files=69, Tests=2538, 12 wallclock secs ( 0.31 usr 0.41 sys + 7.52 cusr 2.67 csys = 10.91 CPU)
Result: FAIL
Failed 1/69 test programs. 1/2538 subtests failed.
*** Error code 255
Stop.
make: stopped in /home/cpansand/.cpan/build/XML-LibXML-2.0112-COFW6V
------------------------------
PREREQUISITES
------------------------------
Prerequisite modules loaded:
requires:
Module Need Have
--------------------- ----- --------
base 0 2.21
ExtUtils::MakeMaker 6.56 6.92
parent 0 0.228
perl 5.008 5.019009
strict 0 1.08
Test::More 0 1.001002
vars 0 1.03
warnings 0 1.22
XML::NamespaceSupport 1.07 1.11
XML::SAX 0.11 0.99
build_requires:
Module Need Have
--------------------- ----- --------
ExtUtils::MakeMaker 0 6.92
configure_requires:
Module Need Have
--------------------- ----- --------
ExtUtils::MakeMaker 0 6.92
------------------------------
ENVIRONMENT AND OTHER CONTEXT
------------------------------
Environment variables:
DBIC_NO_WARN_BAD_PERL = 1
LC_ALL = de_DE.ISO8859-1
PATH = /usr/local/bin:/usr/bin:/bin:/usr/local/sbin:/usr/sbin:/sbin:/home/cpansand/bin/freebsd10.0:/home/cpansand/bin/sh:/home/cpansand/bin:/usr/games:/home/cpansand/devel:/home/eserte/src/srezic-misc/scripts
PERL5LIB = /home/cpansand/.cpan/build/YAML-AppConfig-0.18-Yiwf8p/blib/arch:/home/cpansand/.cpan/build/YAML-AppConfig-0.18-Yiwf8p/blib/lib:/home/cpansand/.cpan/build/Template-Flute-0.0108-klRNZl/blib/arch:/home/cpansand/.cpan/build/Template-Flute-0.0108-klRNZl/blib/lib:/home/cpansand/.cpan/build/Term-Activity-1.18-Hprl5s/blib/arch:/home/cpansand/.cpan/build/Term-Activity-1.18-Hprl5s/blib/lib:/home/cpansand/.cpan/build/Term-Choose-Util-0.000_01-FE2AK8/blib/arch:/home/cpansand/.cpan/build/Term-Choose-Util-0.000_01-FE2AK8/blib/lib:/home/cpansand/.cpan/build/Term-Choose-1.104-mkn1c6/blib/arch:/home/cpansand/.cpan/build/Term-Choose-1.104-mkn1c6/blib/lib:/home/cpansand/.cpan/build/Astro-SpaceTrack-0.084_04-8CvSzJ/blib/arch:/home/cpansand/.cpan/build/Astro-SpaceTrack-0.084_04-8CvSzJ/blib/lib:/home/cpansand/.cpan/build/DBD-SQLite-1.41_07-RgrK4S/blib/arch:/home/cpansand/.cpan/build/DBD-SQLite-1.41_07-RgrK4S/blib/lib:/home/cpansand/.cpan/build/Data-Dumper-Store-1.00-ezs0tw/blib/arch:/home/cpansand/.cpan/build/Data-Dumper-Store-1.00-ezs0tw/blib/lib
PERL5OPT =
PERL5_CPANPLUS_IS_RUNNING = 93212
PERL5_CPAN_IS_RUNNING = 93212
PERL5_CPAN_IS_RUNNING_IN_RECURSION = 93191,93212
PERLDOC = -MPod::Perldoc::ToTextOverstrike
PERL_BATCH = yes
PERL_CPAN_REPORTER_CONFIG = /var/tmp/cpansmoker-1023/jp0qXHE_59_config.ini
PERL_EXTUTILS_AUTOINSTALL = --defaultdeps
PERL_HTML_DISPLAY_CLASS = HTML::Display::Mozilla
SHELL = /usr/local/bin/zsh
TERM = screen
TMPDIR = /var/tmp/cpansmoker-1023
Perl special variables (and OS-specific diagnostics, for MSWin32):
$^X = /usr/perl5.19.9/bin/perl5.19.9
$UID/$EUID = 1023 / 1023
$GID = 1023 1023
$EGID = 1023 1023
Perl module toolchain versions installed:
Module Have
------------------- --------
CPAN 2.03
CPAN::Meta 2.140640
Cwd 3.47
ExtUtils::CBuilder 0.280216
ExtUtils::Command 1.18
ExtUtils::Install 1.63
ExtUtils::MakeMaker 6.92
ExtUtils::Manifest 1.63
ExtUtils::ParseXS 3.24
File::Spec 3.47
JSON 2.90
JSON::PP 2.27203
Module::Build 0.4205
Module::Signature 0.73
Parse::CPAN::Meta 1.4414
Test::Harness 3.30
Test::More 1.001002
YAML 0.90
YAML::Syck 1.27
version 0.9908
--
Summary of my perl5 (revision 5 version 19 subversion 9) configuration:
Platform:
osname=freebsd, osvers=10.0-release, archname=amd64-freebsd
uname='freebsd cvrsnica-freebsd-10-64bit.herceg.de 10.0-release freebsd 10.0-release #0 r260789: thu jan 16 22:34:59 utc 2014 root@snap.freebsd.org:usrobjusrsrcsysgeneric amd64 '
config_args='-ds -e -Dprefix=/usr/perl5.19.9 -Dusedevel'
hint=recommended, useposix=true, d_sigaction=define
useithreads=undef, usemultiplicity=undef
use64bitint=define, use64bitall=define, uselongdouble=undef
usemymalloc=n, bincompat5005=undef
Compiler:
cc='cc', ccflags ='-DHAS_FPSETMASK -DHAS_FLOATINGPOINT_H -fno-strict-aliasing -pipe -fstack-protector -I/usr/local/include',
optimize='-O',
cppflags='-DHAS_FPSETMASK -DHAS_FLOATINGPOINT_H -fno-strict-aliasing -pipe -fstack-protector -I/usr/local/include'
ccversion='', gccversion='4.2.1 Compatible FreeBSD Clang 3.3 (tags/RELEASE_33/final 183502)', gccosandvers=''
intsize=4, longsize=8, ptrsize=8, doublesize=8, byteorder=12345678
d_longlong=define, longlongsize=8, d_longdbl=define, longdblsize=16
ivtype='long', ivsize=8, nvtype='double', nvsize=8, Off_t='off_t', lseeksize=8
alignbytes=8, prototype=define
Linker and Libraries:
ld='cc', ldflags ='-Wl,-E -fstack-protector -L/usr/local/lib'
libpth=/usr/lib /usr/local/lib /usr/include/clang/3.3 /usr/lib
libs=-lgdbm -lm -lcrypt -lutil -lc
perllibs=-lm -lcrypt -lutil -lc
libc=, so=so, useshrplib=false, libperl=libperl.a
gnulibc_version=''
Dynamic Linking:
dlsrc=dl_dlopen.xs, dlext=so, d_dlsymun=undef, ccdlflags=' '
cccdlflags='-DPIC -fPIC', lddlflags='-shared -L/usr/local/lib -fstack-protector'
Characteristics of this binary (from libperl):
Compile-time options: HAS_TIMES PERLIO_LAYERS PERL_DONT_CREATE_GVSV
PERL_HASH_FUNC_ONE_AT_A_TIME_HARD PERL_MALLOC_WRAP
PERL_NEW_COPY_ON_WRITE PERL_PRESERVE_IVUV
PERL_USE_DEVEL USE_64_BIT_ALL USE_64_BIT_INT
USE_LARGE_FILES USE_LOCALE USE_LOCALE_COLLATE
USE_LOCALE_CTYPE USE_LOCALE_NUMERIC USE_PERLIO
USE_PERL_ATOF
Built under freebsd
Compiled at Feb 20 2014 23:31:33
%ENV:
PERL5LIB="/home/cpansand/.cpan/build/YAML-AppConfig-0.18-Yiwf8p/blib/arch:/home/cpansand/.cpan/build/YAML-AppConfig-0.18-Yiwf8p/blib/lib:/home/cpansand/.cpan/build/Template-Flute-0.0108-klRNZl/blib/arch:/home/cpansand/.cpan/build/Template-Flute-0.0108-klRNZl/blib/lib:/home/cpansand/.cpan/build/Term-Activity-1.18-Hprl5s/blib/arch:/home/cpansand/.cpan/build/Term-Activity-1.18-Hprl5s/blib/lib:/home/cpansand/.cpan/build/Term-Choose-Util-0.000_01-FE2AK8/blib/arch:/home/cpansand/.cpan/build/Term-Choose-Util-0.000_01-FE2AK8/blib/lib:/home/cpansand/.cpan/build/Term-Choose-1.104-mkn1c6/blib/arch:/home/cpansand/.cpan/build/Term-Choose-1.104-mkn1c6/blib/lib:/home/cpansand/.cpan/build/Astro-SpaceTrack-0.084_04-8CvSzJ/blib/arch:/home/cpansand/.cpan/build/Astro-SpaceTrack-0.084_04-8CvSzJ/blib/lib:/home/cpansand/.cpan/build/DBD-SQLite-1.41_07-RgrK4S/blib/arch:/home/cpansand/.cpan/build/DBD-SQLite-1.41_07-RgrK4S/blib/lib:/home/cpansand/.cpan/build/Data-Dumper-Store-1.00-ezs0tw/blib/arch:/home/cpansand/.cpan/build/Data-Dumper-Store-1.00-ezs0tw/blib/lib"
PERL5OPT=""
PERL5_CPANPLUS_IS_RUNNING="93212"
PERL5_CPAN_IS_RUNNING="93212"
PERL5_CPAN_IS_RUNNING_IN_RECURSION="93191,93212"
PERLDOC="-MPod::Perldoc::ToTextOverstrike"
PERL_BATCH="yes"
PERL_CPAN_REPORTER_CONFIG="/var/tmp/cpansmoker-1023/jp0qXHE_59_config.ini"
PERL_EXTUTILS_AUTOINSTALL="--defaultdeps"
PERL_HTML_DISPLAY_CLASS="HTML::Display::Mozilla"
@INC:
/home/cpansand/.cpan/build/YAML-AppConfig-0.18-Yiwf8p/blib/arch
/home/cpansand/.cpan/build/YAML-AppConfig-0.18-Yiwf8p/blib/lib
/home/cpansand/.cpan/build/Template-Flute-0.0108-klRNZl/blib/arch
/home/cpansand/.cpan/build/Template-Flute-0.0108-klRNZl/blib/lib
/home/cpansand/.cpan/build/Term-Activity-1.18-Hprl5s/blib/arch
/home/cpansand/.cpan/build/Term-Activity-1.18-Hprl5s/blib/lib
/home/cpansand/.cpan/build/Term-Choose-Util-0.000_01-FE2AK8/blib/arch
/home/cpansand/.cpan/build/Term-Choose-Util-0.000_01-FE2AK8/blib/lib
/home/cpansand/.cpan/build/Term-Choose-1.104-mkn1c6/blib/arch
/home/cpansand/.cpan/build/Term-Choose-1.104-mkn1c6/blib/lib
/home/cpansand/.cpan/build/Astro-SpaceTrack-0.084_04-8CvSzJ/blib/arch
/home/cpansand/.cpan/build/Astro-SpaceTrack-0.084_04-8CvSzJ/blib/lib
/home/cpansand/.cpan/build/DBD-SQLite-1.41_07-RgrK4S/blib/arch
/home/cpansand/.cpan/build/DBD-SQLite-1.41_07-RgrK4S/blib/lib
/home/cpansand/.cpan/build/Data-Dumper-Store-1.00-ezs0tw/blib/arch
/home/cpansand/.cpan/build/Data-Dumper-Store-1.00-ezs0tw/blib/lib
/usr/perl5.19.9/lib/site_perl/5.19.9/amd64-freebsd
/usr/perl5.19.9/lib/site_perl/5.19.9
/usr/perl5.19.9/lib/5.19.9/amd64-freebsd
/usr/perl5.19.9/lib/5.19.9
.