Report for CPAN-Reporter-1.2002

Back
From: metabase:user:30f4dfbe-2aae-11df-837a-5e0a49663a4f
Subject: FAIL CPAN-Reporter-1.2002 v5.12.4 GNU/Linux
Date: 2011-08-12T14:22:38Z

This distribution has been tested as part of the CPAN Testers
project, supporting the Perl programming language.  See
http://wiki.cpantesters.org/ for more information or email
questions to cpan-testers-discuss@perl.org


--
Dear David Golden,

This is a computer-generated report for CPAN-Reporter-1.2002
on perl 5.12.4, created by CPAN-Reporter-1.1902.

Thank you for uploading your work to CPAN.  However, there was a problem
testing your distribution.

If you think this report is invalid, please consult the CPAN Testers Wiki
for suggestions on how to avoid getting FAIL reports for missing library
or binary dependencies, unsupported operating systems, and so on:

http://wiki.cpantesters.org/wiki/CPANAuthorNotes

Sections of this report:

    * Tester comments
    * Program output
    * Prerequisites
    * Environment and other context

------------------------------
TESTER COMMENTS
------------------------------

Additional comments from tester:

none provided

------------------------------
PROGRAM OUTPUT
------------------------------

Output from '/usr/bin/make test':

PERL_DL_NONLAZY=1 /usr/bin/perl "-MExtUtils::Command::MM" "-e" "test_harness(0, 'blib/lib', 'blib/arch')" t/*.t
t/00-compile.t ................. ok
t/01_CPAN_Reporter.t ........... ok
t/02_config_env_vars.t ......... ok

#   Failed test 'normalize id_file: ~/other.json'
#   at t/03_config_file.t line 76.
#          got: '//other.json'
#     expected: '/other.json'
# Looks like you failed 1 test of 62.
t/03_config_file.t ............. 
Dubious, test returned 1 (wstat 256, 0x100)
Failed 1/62 subtests 
	(less 4 skipped subtests: 57 okay)
t/04_option_parsing.t .......... ok
t/05_prompting.t ............... ok
t/06_prompt_text.t ............. ok
t/10_prereq_pm.t ............... ok
t/11_env_config.t .............. ok
t/12_toolchain_versions.t ...... ok
# sleeping for timeout test
# sleeping for timeout test
# sleeping for timeout test
t/13_record_command.t .......... ok
# sleeping for timeout test
# sleeping for timeout test
# sleeping for timeout test
# sleeping for timeout test
# sleeping for timeout test
# sleeping for timeout test
# sleeping for timeout test
# sleeping for timeout test
t/14_command_timeout.t ......... ok
t/15_option_validation.t ....... ok
t/20_report_output.t ........... ok
t/30_PL_report.t ............... ok
t/31_PL_report_discard.t ....... ok
t/40_make_report.t ............. ok
t/41_make_report_discard.t ..... ok
t/50_test_report_pass.t ........ ok
t/51_test_report_fail.t ........ ok
t/52_test_report_unknown.t ..... ok
t/53_test_report_na.t .......... ok
t/54_test_report_split.t ....... ok
t/55_test_report_discard.t ..... ok
t/56_test_report_by_harness.t .. ok
t/57_hang_interrupt.t .......... ok
t/60_discard_triggers.t ........ ok
t/61_bad_dist_names.t .......... ok
t/62_duplicate_reports.t ....... ok
t/63_config_send_report.t ...... ok
t/64_transport.t ............... ok
t/65_skipfile.t ................ ok
t/66_have_tested.t ............. ok
t/67_distfile.t ................ ok
t/68_is_make.t ................. ok
t/70_darwin_move_config.t ...... ok
t/71_missing_config.t .......... ok
t/72_rename_history.t .......... ok
t/73_autoflush.t ............... ok

Test Summary Report
-------------------
t/03_config_file.t           (Wstat: 256 Tests: 62 Failed: 1)
  Failed test:  10
  Non-zero exit status: 1
Files=39, Tests=1921, 324 wallclock secs ( 0.42 usr  0.10 sys + 213.84 cusr 37.46 csys = 251.82 CPU)
Result: FAIL
Failed 1/39 test programs. 1/1921 subtests failed.
make: *** [test_dynamic] Error 255

------------------------------
PREREQUISITES
------------------------------

Prerequisite modules loaded:

requires:

    Module                Need   Have   
    --------------------- ------ -------
    Capture::Tiny         0      0.11   
    Carp                  0      1.17   
    Config                0      0      
    Config::Tiny          2.08   2.14   
    constant              0      1.21   
    CPAN                  1.9301 1.9800 
    CPAN::Version         0      5.5001 
    Devel::Autoflush      0.04   0.05   
    Exporter              0      5.64_01
    ExtUtils::MakeMaker   6.36   6.59   
    Fcntl                 0      1.06   
    File::Basename        0      2.78   
    File::Find            0      1.15   
    File::Glob            0      1.07   
    File::HomeDir         0.58   0.98   
    File::Path            0      2.08_01
    File::Spec            3.19   3.33   
    File::Temp            0.16   0.22   
    IO::File              0      1.14   
    IPC::Cmd              0.46   0.72   
    Parse::CPAN::Meta     0      1.4401 
    Probe::Perl           0      0.01   
    Test::Reporter        1.54   1.58   
    vars                  0      1.01   

build_requires:

    Module                Need   Have   
    --------------------- ------ -------
    Archive::Tar          1.54   1.76   
    File::Copy::Recursive 0.35   0.38   
    File::pushd           0.32   1.00   
    File::Spec::Functions 0      3.33   
    IO::CaptureOutput     1.03   1.1102 
    Test::Harness         0      3.23   
    Test::More            0.62   0.98   

configure_requires:

    Module                Need   Have   
    --------------------- ------ -------
    ExtUtils::MakeMaker   6.30   6.59   


------------------------------
ENVIRONMENT AND OTHER CONTEXT
------------------------------

Environment variables:

    LANG = en_GB.UTF-8
    PATH = /usr/local/sbin:/usr/local/bin:/usr/sbin:/usr/bin:/sbin:/bin
    PATH_WITHOUT_PERLBREW = /usr/local/bin:/usr/bin:/bin:/usr/games:/home/njh/bin
    PERL5LIB = 
    PERL5OPT = 
    PERL5_CPANPLUS_IS_RUNNING = 919
    PERL5_CPAN_IS_RUNNING = 919
    PERLBREW_HOME = /home/njh/.perlbrew
    PERLBREW_PATH = /home/njh/perl5/perlbrew/bin
    PERLBREW_ROOT = /home/njh/perl5/perlbrew
    PERLBREW_VERSION = 0.25
    SHELL = /bin/sh
    TERM = xterm-256color

Perl special variables (and OS-specific diagnostics, for MSWin32):

    $^X = /usr/bin/perl
    $UID/$EUID = 0 / 0
    $GID = 0 0
    $EGID = 0 0

Perl module toolchain versions installed:

    Module              Have    
    ------------------- --------
    CPAN                1.9800  
    Cwd                 3.33    
    ExtUtils::CBuilder  0.280202
    ExtUtils::Command   1.17    
    ExtUtils::Install   1.55    
    ExtUtils::MakeMaker 6.59    
    ExtUtils::Manifest  1.58    
    ExtUtils::ParseXS   2.2206  
    File::Spec          3.33    
    Module::Build       0.3800  
    Module::Signature   0.68    
    Test::Harness       3.23    
    Test::More          0.98    
    YAML                0.73    
    YAML::Syck          1.17    
    version             0.93    


--

Summary of my perl5 (revision 5 version 12 subversion 4) configuration:
  Derived from: 
  Platform:
    osname=linux, osvers=2.6.32-5-686, archname=i486-linux-gnu-thread-multi-64int
    uname='linux callisto 2.6.32-5-686 #1 smp mon jun 13 04:13:06 utc 2011 i686 gnulinux '
    config_args='-Dusethreads -Duselargefiles -Dccflags=-DDEBIAN -Dcccdlflags=-fPIC -Darchname=i486-linux-gnu -Dprefix=/usr -Dprivlib=/usr/share/perl/5.12 -Darchlib=/usr/lib/perl/5.12 -Dvendorprefix=/usr -Dvendorlib=/usr/share/perl5 -Dvendorarch=/usr/lib/perl5 -Dsiteprefix=/usr/local -Dsitelib=/usr/local/share/perl/5.12.4 -Dsitearch=/usr/local/lib/perl/5.12.4 -Dman1dir=/usr/share/man/man1 -Dman3dir=/usr/share/man/man3 -Dsiteman1dir=/usr/local/man/man1 -Dsiteman3dir=/usr/local/man/man3 -Duse64bitint -Dman1ext=1 -Dman3ext=3perl -Dpager=/usr/bin/sensible-pager -Uafs -Ud_csh -Ud_ualarm -Uusesfio -Uusenm -Ui_libutil -DDEBUGGING=-g -Doptimize=-O2 -Duseshrplib -Dlibperl=libperl.so.5.12.4 -des'
    hint=recommended, useposix=true, d_sigaction=define
    useithreads=define, usemultiplicity=define
    useperlio=define, d_sfio=undef, uselargefiles=define, usesocks=undef
    use64bitint=define, use64bitall=undef, uselongdouble=undef
    usemymalloc=n, bincompat5005=undef
  Compiler:
    cc='cc', ccflags ='-D_REENTRANT -D_GNU_SOURCE -DDEBIAN -fno-strict-aliasing -pipe -fstack-protector -I/usr/local/include -D_LARGEFILE_SOURCE -D_FILE_OFFSET_BITS=64',
    optimize='-O2 -g',
    cppflags='-D_REENTRANT -D_GNU_SOURCE -DDEBIAN -fno-strict-aliasing -pipe -fstack-protector -I/usr/local/include'
    ccversion='', gccversion='4.6.1', gccosandvers=''
    intsize=4, longsize=4, ptrsize=4, doublesize=8, byteorder=12345678
    d_longlong=define, longlongsize=8, d_longdbl=define, longdblsize=12
    ivtype='long long', ivsize=8, nvtype='double', nvsize=8, Off_t='off_t', lseeksize=8
    alignbytes=4, prototype=define
  Linker and Libraries:
    ld='cc', ldflags =' -fstack-protector -L/usr/local/lib'
    libpth=/usr/local/lib /lib/i386-linux-gnu /usr/lib/i386-linux-gnu /lib /usr/lib /usr/lib64
    libs=-lgdbm -lgdbm_compat -ldb -ldl -lm -lpthread -lc -lcrypt
    perllibs=-ldl -lm -lpthread -lc -lcrypt
    libc=, so=so, useshrplib=true, libperl=libperl.so.5.12.4
    gnulibc_version='2.13'
  Dynamic Linking:
    dlsrc=dl_dlopen.xs, dlext=so, d_dlsymun=undef, ccdlflags='-Wl,-E'
    cccdlflags='-fPIC', lddlflags='-shared -O2 -g -L/usr/local/lib -fstack-protector'


Characteristics of this binary (from libperl): 
  Compile-time options: MULTIPLICITY PERL_DONT_CREATE_GVSV
                        PERL_IMPLICIT_CONTEXT PERL_MALLOC_WRAP USE_64_BIT_INT
                        USE_ITHREADS USE_LARGE_FILES USE_PERLIO USE_PERL_ATOF
                        USE_REENTRANT_API
  Locally applied patches:
	uncommitted-changes
	DEBPKG:debian/arm_thread_stress_timeout - http://bugs.debian.org/501970 Raise the timeout of ext/threads/shared/t/stress.t to accommodate
	DEBPKG:debian/cpan_config_path - Set location of CPAN::Config to /etc/perl as /usr may not be
	DEBPKG:debian/cpan_definstalldirs - Provide a sensible INSTALLDIRS default for modules installed from
	DEBPKG:debian/db_file_ver - http://bugs.debian.org/340047 Remove overly restrictive DB_File version check.
	DEBPKG:debian/doc_info - Replace generic man(1) instructions with Debian-specific
	DEBPKG:debian/enc2xs_inc - http://bugs.debian.org/290336 Tweak enc2xs to follow symlinks and ignore missing @INC directories.
	DEBPKG:debian/errno_ver - http://bugs.debian.org/343351 Remove Errno version check due to upgrade problems with long-running
	DEBPKG:debian/libperl_embed_doc - http://bugs.debian.org/186778 Note that libperl-dev package is required for embedded linking
	DEBPKG:fixes/respect_umask - Respect umask during installation
	DEBPKG:debian/writable_site_dirs - Set umask approproately for site install directories
	DEBPKG:debian/extutils_set_libperl_path - EU:MM: Set location of libperl.a to /usr/lib
	DEBPKG:debian/no_packlist_perllocal - Don't install .packlist or perllocal.pod for perl or vendor
	DEBPKG:debian/prefix_changes - Fiddle with *PREFIX and variables written to the makefile
	DEBPKG:debian/fakeroot - Postpone LD_LIBRARY_PATH evaluation to the binary targets.
	DEBPKG:debian/instmodsh_doc - Debian policy doesn't install .packlist files for core or vendor.
	DEBPKG:debian/ld_run_path - Remove standard libs from LD_RUN_PATH as per Debian policy.
	DEBPKG:debian/libnet_config_path - Set location of libnet.cfg to /etc/perl/Net as /usr may not be
	DEBPKG:debian/m68k_thread_stress - http://bugs.debian.org/517938 http://bugs.debian.org/495826 Disable some threads tests on m68k for now due to missing TLS.
	DEBPKG:debian/mod_paths - Tweak @INC ordering for Debian
	DEBPKG:debian/module_build_man_extensions - http://bugs.debian.org/479460 Adjust Module::Build manual page extensions for the Debian Perl
	DEBPKG:debian/prune_libs - http://bugs.debian.org/128355 Prune the list of libraries wanted to what we actually need.
	DEBPKG:fixes/net_smtp_docs - [rt.cpan.org #36038] http://bugs.debian.org/100195 Document the Net::SMTP 'Port' option
	DEBPKG:debian/perlivp - http://bugs.debian.org/510895 Make perlivp skip include directories in /usr/local
	DEBPKG:debian/disable-zlib-bundling - Disable zlib bundling in Compress::Raw::Zlib
	DEBPKG:debian/cpanplus_definstalldirs - http://bugs.debian.org/533707 Configure CPANPLUS to use the site directories by default.
	DEBPKG:debian/cpanplus_config_path - Save local versions of CPANPLUS::Config::System into /etc/perl.
	DEBPKG:fixes/autodie-flock - http://bugs.debian.org/543731 Allow for flock returning EAGAIN instead of EWOULDBLOCK on
	DEBPKG:fixes/cpanplus-without-home - http://bugs.debian.org/577011 [rt.cpan.org #52988] Fix CPANPLUS test failures when HOME doesn't exist
	DEBPKG:debian/deprecate-with-apt - http://bugs.debian.org/580034 Point users to Debian packages of deprecated core modules
	DEBPKG:fixes/hurd-ccflags - [a190e64] http://bugs.debian.org/587901 [perl #92244] Make hints/gnu.sh append to $ccflags rather than overriding them
	DEBPKG:debian/squelch-locale-warnings - http://bugs.debian.org/508764 Squelch locale warnings in Debian package maintainer scripts
	DEBPKG:fixes/lc-numeric-docs - [903eb63] [perl #78452] http://bugs.debian.org/379329 LC_NUMERIC documentation fixes
	DEBPKG:fixes/lc-numeric-sprintf - [b3fd614] [perl #78632] http://bugs.debian.org/601549 Fix sprintf not to ignore LC_NUMERIC with constants
	DEBPKG:fixes/concat-stack-corruption - [e3393f5] [perl #78674] http://bugs.debian.org/596105 Fix stack pointer corruption in pp_concat() with 'use encoding'
	DEBPKG:fixes/h2ph-gcc-4.5 - [8d66b3f] http://bugs.debian.org/599933 h2ph fix for gcc 4.5
	DEBPKG:fixes/module-build-home-directory - http://bugs.debian.org/624850 [rt.cpan.org #67893] Fix failing tilde test when run under a UID without a passwd entry
	DEBPKG:debian/patchlevel - http://bugs.debian.org/567489 List packaged patches for 5.12.4-2 in patchlevel.h
	DEBPKG:fixes/h2ph-multiarch - [e7ec705] http://bugs.debian.org/625808 [perl #90122] Make h2ph correctly search gcc include directories
	DEBPKG:fixes/odbm-multiarch - [3c998e0] http://bugs.debian.org/625634 [perl #90106] Fix ODBM_File failures on Ubuntu natty [multiarch]
	DEBPKG:fixes/re.t_sh4_timeout - [7c47ab2] [perl #92226] http://bugs.debian.org/626125 Update lengthen time-out time for t/re/re.t.
	DEBPKG:fixes/index-tainting - [3b36395] http://bugs.debian.org/291450 [perl #64804] RT 64804: tainting with index() of a constant
  Built under linux
  Compiled at Jul 27 2011 19:06:54
  %ENV:
    PERL5LIB=""
    PERL5OPT=""
    PERL5_CPANPLUS_IS_RUNNING="919"
    PERL5_CPAN_IS_RUNNING="919"
    PERLBREW_HOME="/home/njh/.perlbrew"
    PERLBREW_PATH="/home/njh/perl5/perlbrew/bin"
    PERLBREW_ROOT="/home/njh/perl5/perlbrew"
    PERLBREW_VERSION="0.25"
  @INC:
    /etc/perl
    /usr/local/lib/perl/5.12.4
    /usr/local/share/perl/5.12.4
    /usr/lib/perl5
    /usr/share/perl5
    /usr/lib/perl/5.12
    /usr/share/perl/5.12
    /usr/local/lib/site_perl
    /usr/local/lib/perl/5.12.3
    /usr/local/share/perl/5.12.3
    .