Report for Audio-Extract-PCM-0.04_59

Back
From: metabase:user:313dc9fe-2aae-11df-837a-5e0a49663a4f
Subject: FAIL Audio-Extract-PCM-0.04_59 v5.8.9 GNU/Linux
Date: 2010-11-07T04:07:20Z

This distribution has been tested as part of the CPAN Testers
project, supporting the Perl programming language.  See
http://wiki.cpantesters.org/ for more information or email
questions to cpan-testers-discuss@perl.org


--
Dear Christoph Bussenius,

This is a computer-generated report for Audio-Extract-PCM-0.04_59
on perl 5.8.9, created by CPAN-Reporter-1.1805.

Thank you for uploading your work to CPAN.  However, there was a problem
testing your distribution.

If you think this report is invalid, please consult the CPAN Testers Wiki
for suggestions on how to avoid getting FAIL reports for missing library
or binary dependencies, unsupported operating systems, and so on:

http://wiki.cpantesters.org/wiki/CPANAuthorNotes

Sections of this report:

    * Tester comments
    * Program output
    * Prerequisites
    * Environment and other context

------------------------------
TESTER COMMENTS
------------------------------

Additional comments from tester:

this report is from an automated smoke testing program
and was not reviewed by a human for accuracy

------------------------------
PROGRAM OUTPUT
------------------------------

Output from './Build test':

# Testing Audio::Extract::PCM 0.04_59, Perl 5.008009, /home/perl589/perl/bin/perl
t/00-load.t ....... ok
# Testing with sound sine...
# Testing backend SndFile...
# Testing backend SoX...
Can't locate object method "new" via package "AEPF" (perhaps you forgot to load "AEPF"?) at /home/perl589/.cpan/build/Audio-Extract-PCM-0.04_59-grx9oF/blib/lib/Audio/Extract/PCM/Backend/SoX.pm line 343.
# Looks like you planned 18 tests but ran 2.
# Looks like your test exited with 255 just after 2.
t/01-extract.t .... 
Dubious, test returned 255 (wstat 65280, 0xff00)
Failed 16/18 subtests 
	(less 2 skipped subtests: 0 okay)
Your sox has no ogg
# Testing backend Mad
# Backend is not available
# Testing backend SndFile
# Backend is not available
# Testing backend SoX
Found sox version: 14.3.1
# Testing with file sine.wav
Can't locate object method "new" via package "AEPF" (perhaps you forgot to load "AEPF"?) at /home/perl589/.cpan/build/Audio-Extract-PCM-0.04_59-grx9oF/blib/lib/Audio/Extract/PCM/Backend/SoX.pm line 343.
# Looks like you planned 61 tests but ran 34.
# Looks like your test exited with 2 just after 34.
t/backends.t ...... 
Dubious, test returned 2 (wstat 512, 0x200)
Failed 27/61 subtests 
	(less 33 skipped subtests: 1 okay)
# big endian test
t/formats.t ....... ok
t/pod-coverage.t .. ok
t/pod.t ........... ok
# This system has XINU (little) endianness
t/zzcleanup.t ..... ok

Test Summary Report
-------------------
t/01-extract.t  (Wstat: 65280 Tests: 2 Failed: 0)
  Non-zero exit status: 255
  Parse errors: Bad plan.  You planned 18 tests but ran 2.
t/backends.t    (Wstat: 512 Tests: 34 Failed: 0)
  Non-zero exit status: 2
  Parse errors: Bad plan.  You planned 61 tests but ran 34.
Files=7, Tests=64,  1 wallclock secs ( 0.05 usr  0.01 sys +  0.63 cusr  0.18 csys =  0.87 CPU)
Result: FAIL
Failed 2/7 test programs. 0/64 subtests failed.

------------------------------
PREREQUISITES
------------------------------

Prerequisite modules loaded:

requires:

    Module            Need  Have    
    ----------------- ----- --------
    Class::Accessor   0     0.34    
    Class::Inspector  0     1.24    
    IO::CaptureOutput 1.10  1.1102  
    List::MoreUtils   0     0.22    
    perl              5.006 5.008009
    version           0     0.82    

build_requires:

    Module            Need  Have    
    ----------------- ----- --------
    Compress::Zlib    0     2.027   
    Module::Build     0     0.3607  
    Test::More        0     0.94    

configure_requires:

    Module            Need  Have    
    ----------------- ----- --------
    Module::Build     0     0.3607  


------------------------------
ENVIRONMENT AND OTHER CONTEXT
------------------------------

Environment variables:

    AUTOMATED_TESTING = 1
    LANG = en_US.UTF-8
    PATH = /usr/local/sbin:/usr/local/bin:/usr/sbin:/usr/bin:/sbin:/bin:/usr/games
    PERL5LIB = 
    PERL5OPT = 
    PERL5_CPANPLUS_IS_RUNNING = 7618
    PERL5_CPAN_IS_RUNNING = 7618
    PERL5_CPAN_IS_RUNNING_IN_RECURSION = 22811,7618
    PERL_CR_SMOKER_CURRENT = Audio-Extract-PCM-0.04_59
    PERL_EXTUTILS_AUTOINSTALL = --defaultdeps
    PERL_MM_USE_DEFAULT = 1
    SHELL = /bin/bash
    TERM = xterm

Perl special variables (and OS-specific diagnostics, for MSWin32):

    $^X = /home/perl589/perl/bin/perl
    $UID/$EUID = 1001 / 1001
    $GID = 1001 1001
    $EGID = 1001 1001

Perl module toolchain versions installed:

    Module              Have  
    ------------------- ------
    CPAN                1.9402
    Cwd                 3.31  
    ExtUtils::CBuilder  0.2703
    ExtUtils::Command   1.16  
    ExtUtils::Install   1.54  
    ExtUtils::MakeMaker 6.56  
    ExtUtils::Manifest  1.58  
    ExtUtils::ParseXS   2.2205
    File::Spec          3.31  
    Module::Build       0.3607
    Module::Signature   n/a   
    Test::Harness       3.21  
    Test::More          0.94  
    YAML                0.71  
    YAML::Syck          1.09  
    version             0.82  


--

Summary of my perl5 (revision 5 version 8 subversion 9) configuration:
  Platform:
    osname=linux, osvers=2.6.31-20-generic, archname=i686-linux-thread-multi
    uname='linux st47-laptop 2.6.31-20-generic #57-ubuntu smp mon feb 8 09:05:19 utc 2010 i686 gnulinux '
    config_args=''
    hint=recommended, useposix=true, d_sigaction=define
    usethreads=define use5005threads=undef useithreads=define usemultiplicity=define
    useperlio=define d_sfio=undef uselargefiles=define usesocks=undef
    use64bitint=undef use64bitall=undef uselongdouble=undef
    usemymalloc=n, bincompat5005=undef
  Compiler:
    cc='cc', ccflags ='-D_REENTRANT -D_GNU_SOURCE -DTHREADS_HAVE_PIDS -fno-strict-aliasing -pipe -I/usr/local/include -D_LARGEFILE_SOURCE -D_FILE_OFFSET_BITS=64',
    optimize='-O2',
    cppflags='-D_REENTRANT -D_GNU_SOURCE -DTHREADS_HAVE_PIDS -fno-strict-aliasing -pipe -I/usr/local/include'
    ccversion='', gccversion='4.4.1', gccosandvers=''
    intsize=4, longsize=4, ptrsize=4, doublesize=8, byteorder=1234
    d_longlong=define, longlongsize=8, d_longdbl=define, longdblsize=12
    ivtype='long', ivsize=4, nvtype='double', nvsize=8, Off_t='off_t', lseeksize=8
    alignbytes=4, prototype=define
  Linker and Libraries:
    ld='cc', ldflags =' -L/usr/local/lib'
    libpth=/usr/local/lib /lib /usr/lib
    libs=-lnsl -ldl -lm -lcrypt -lutil -lpthread -lc
    perllibs=-lnsl -ldl -lm -lcrypt -lutil -lpthread -lc
    libc=/lib/libc-2.10.1.so, so=so, useshrplib=false, libperl=libperl.a
    gnulibc_version='2.10.1'
  Dynamic Linking:
    dlsrc=dl_dlopen.xs, dlext=so, d_dlsymun=undef, ccdlflags='-Wl,-E'
    cccdlflags='-fPIC', lddlflags='-shared -O2 -L/usr/local/lib'


Characteristics of this binary (from libperl): 
  Compile-time options: MULTIPLICITY PERL_IMPLICIT_CONTEXT PERL_MALLOC_WRAP
                        THREADS_HAVE_PIDS USE_FAST_STDIO USE_ITHREADS
                        USE_LARGE_FILES USE_PERLIO USE_REENTRANT_API
  Built under linux
  Compiled at Mar 11 2010 22:22:38
  %ENV:
    PERL5LIB=""
    PERL5OPT=""
    PERL5_CPANPLUS_IS_RUNNING="7618"
    PERL5_CPAN_IS_RUNNING="7618"
    PERL5_CPAN_IS_RUNNING_IN_RECURSION="22811,7618"
    PERL_CR_SMOKER_CURRENT="Audio-Extract-PCM-0.04_59"
    PERL_EXTUTILS_AUTOINSTALL="--defaultdeps"
    PERL_MM_USE_DEFAULT="1"
  @INC:
    /home/perl589/perl/lib/5.8.9/i686-linux-thread-multi
    /home/perl589/perl/lib/5.8.9
    /home/perl589/perl/lib/site_perl/5.8.9/i686-linux-thread-multi
    /home/perl589/perl/lib/site_perl/5.8.9
    .