Report for Feersum-1.400

Back
From: metabase:user:320bfe00-2aae-11df-837a-5e0a49663a4f
Subject: FAIL Feersum-1.400 v5.19.5 GNU/Linux
Date: 2013-09-21T08:55:07Z

This distribution has been tested as part of the CPAN Testers
project, supporting the Perl programming language.  See
http://wiki.cpantesters.org/ for more information or email
questions to cpan-testers-discuss@perl.org


--
Dear Jeremy Stashewsky,

This is a computer-generated report for Feersum-1.400
on perl 5.19.5, created by CPAN-Reporter-1.2010.

Thank you for uploading your work to CPAN.  However, there was a problem
testing your distribution.

If you think this report is invalid, please consult the CPAN Testers Wiki
for suggestions on how to avoid getting FAIL reports for missing library
or binary dependencies, unsupported operating systems, and so on:

http://wiki.cpantesters.org/wiki/CPANAuthorNotes

Sections of this report:

    * Tester comments
    * Program output
    * Prerequisites
    * Environment and other context

------------------------------
TESTER COMMENTS
------------------------------

Additional comments from tester:

this report is from an automated smoke testing program
and was not reviewed by a human for accuracy

------------------------------
PROGRAM OUTPUT
------------------------------

Output from '/usr/bin/make test':

/tmp/basesmoker-reloperl-4YY_/bin/perl "-MExtUtils::Command::MM" "-e" "test_harness(0, 'blib/lib', 'blib/arch')" t/*.t
t/01-simple.t ............. ok
t/02-array-body.t ......... ok
t/03-env-hash.t ........... ok
t/04-died.t ............... ok
t/05-streaming.t .......... ok
t/06-input.t .............. ok
t/07-graceful-shutdown.t .. ok
t/08-read-timeout.t ....... ok
t/09-magic.t .............. ok
t/10-respond-304.t ........ ok
Too late to run CHECK block at /home/sand/src/perl/repoperls/installed-perls/perl/v5.19.4-8-g7497b91/165a/lib/site_perl/5.19.5/x86_64-linux/EV.pm line 123.
Too late to run CHECK block at /home/sand/src/perl/repoperls/installed-perls/perl/v5.19.4-8-g7497b91/165a/lib/site_perl/5.19.5/x86_64-linux/EV.pm line 123.
t/11-runner.t ............. ok
t/12-close-on-drop.t ...... ok
Too late to run CHECK block at /home/sand/src/perl/repoperls/installed-perls/perl/v5.19.4-8-g7497b91/165a/lib/site_perl/5.19.5/x86_64-linux/EV.pm line 123.
t/13-pre-fork.t ........... ok
t/14-guard.t .............. ok
t/15-write_array.t ........ ok
t/50-psgi-simple.t ........ ok
t/51-psgi-streaming.t ..... ok
t/52-psgi-iohandle.t ...... ok
t/53-psgi-overloaded.t .... ok
t/54-psgix-io.t ........... ok
t/55-psgi-leak.t .......... ok
Too late to run CHECK block at /home/sand/src/perl/repoperls/installed-perls/perl/v5.19.4-8-g7497b91/165a/lib/site_perl/5.19.5/x86_64-linux/EV.pm line 123.
Undefined subroutine &Plack::Test::Server::test_psgi called at t/60-plack.t line 45.
# Looks like you planned 7 tests but ran 3.
# Looks like your test exited with 255 just after 3.
t/60-plack.t .............. 
Dubious, test returned 255 (wstat 65280, 0xff00)
Failed 4/7 subtests 
t/61-plack-suite.t ........ ok
Too late to run CHECK block at /home/sand/src/perl/repoperls/installed-perls/perl/v5.19.4-8-g7497b91/165a/lib/site_perl/5.19.5/x86_64-linux/EV.pm line 123.
# found plackup: /home/sand/src/perl/repoperls/installed-perls/perl/v5.19.4-8-g7497b91/165a/bin/plackup (Plack 1.0029)
t/62-plack-runner.t ....... ok
Too late to run CHECK block at /home/sand/src/perl/repoperls/installed-perls/perl/v5.19.4-8-g7497b91/165a/lib/site_perl/5.19.5/x86_64-linux/EV.pm line 123.
Too late to run CHECK block at /home/sand/src/perl/repoperls/installed-perls/perl/v5.19.4-8-g7497b91/165a/lib/site_perl/5.19.5/x86_64-linux/EV.pm line 123.
Too late to run CHECK block at /home/sand/src/perl/repoperls/installed-perls/perl/v5.19.4-8-g7497b91/165a/lib/site_perl/5.19.5/x86_64-linux/EV.pm line 123.
t/63-plack-apps.t ......... ok
t/99-critic.t ............. skipped: Author tests not required for installation
t/99-fixme.t .............. ok
t/99-manifest.t ........... skipped: Author tests not required for installation
t/99-pod-coverage.t ....... skipped: Author tests not required for installation
t/99-pod.t ................ ok

Test Summary Report
-------------------
t/60-plack.t            (Wstat: 65280 Tests: 3 Failed: 0)
  Non-zero exit status: 255
  Parse errors: Bad plan.  You planned 7 tests but ran 3.
Files=30, Tests=980, 25 wallclock secs ( 0.16 usr  0.02 sys +  2.50 cusr  0.22 csys =  2.90 CPU)
Result: FAIL
Failed 1/30 test programs. 0/980 subtests failed.
make: *** [test_dynamic] Error 255

------------------------------
PREREQUISITES
------------------------------

Prerequisite modules loaded:

requires:

    Module              Need  Have   
    ------------------- ----- -------
    EV                  4     4.15   
    JSON::XS            2     2.34   
    Plack               0.995 1.0029 
    Scalar::Util        1.19  1.32   

build_requires:

    Module              Need  Have   
    ------------------- ----- -------
    AnyEvent            5.261 7.04   
    Guard               1.012 1.022  
    Test::Fatal         0.003 0.012  
    Test::LeakTrace     0.13  0.14   
    Test::More          0.94  0.98_06
    Test::TCP           1.12  2.00   

configure_requires:

    Module              Need  Have   
    ------------------- ----- -------
    EV                  4     4.15   
    ExtUtils::MakeMaker 6.51  6.76   


------------------------------
ENVIRONMENT AND OTHER CONTEXT
------------------------------

Environment variables:

    AUTOMATED_TESTING = 1
    LANG = en_US.UTF-8
    LANGUAGE = en_US:en
    PATH = /usr/lib/ccache:/home/sand/bin:/usr/local/bin:/usr/bin:/bin:/usr/bin/X11:/usr/games:/usr/local/perl/bin:/usr/X11/bin:/sbin:/usr/sbin
    PERL5LIB = 
    PERL5OPT = 
    PERL5_CPANPLUS_IS_RUNNING = 25397
    PERL5_CPAN_IS_RUNNING = 25397
    PERL_MM_USE_DEFAULT = 1
    SHELL = /usr/bin/zsh
    TERM = screen

Perl special variables (and OS-specific diagnostics, for MSWin32):

    $^X = /tmp/basesmoker-reloperl-4YY_/bin/perl
    $UID/$EUID = 1005 / 1005
    $GID = 1005 1005
    $EGID = 1005 1005

Perl module toolchain versions installed:

    Module              Have      
    ------------------- ----------
    CPAN                2.00      
    CPAN::Meta          2.132620  
    Cwd                 3.44      
    ExtUtils::CBuilder  0.280212  
    ExtUtils::Command   1.18      
    ExtUtils::Install   1.60      
    ExtUtils::MakeMaker 6.76      
    ExtUtils::Manifest  1.63      
    ExtUtils::ParseXS   3.23      
    File::Spec          3.44      
    JSON                2.59      
    JSON::PP            2.27202_01
    Module::Build       0.4007    
    Module::Signature   0.73      
    Parse::CPAN::Meta   1.4407    
    Test::Harness       3.28      
    Test::More          0.98_06   
    YAML                0.84      
    YAML::Syck          1.27      
    version             0.9904    


--

Summary of my perl5 (revision 5 version 19 subversion 5) configuration:
  Commit id: 7497b91fbd38419c3d11a21866233566db7a3c10
  Platform:
    osname=linux, osvers=3.10-2-amd64, archname=x86_64-linux
    uname='linux k83 3.10-2-amd64 #1 smp debian 3.10.7-1 (2013-08-17) x86_64 gnulinux '
    config_args='-Dprefix=/home/sand/src/perl/repoperls/installed-perls/perl/v5.19.4-8-g7497b91/165a -Dmyhostname=k83 -Dinstallusrbinperl=n -Uversiononly -Dusedevel -des -Ui_db -Uuseithreads -Uuselongdouble -DDEBUGGING=-g'
    hint=recommended, useposix=true, d_sigaction=define
    useithreads=undef, usemultiplicity=undef
    useperlio=define, d_sfio=undef, uselargefiles=define, usesocks=undef
    use64bitint=define, use64bitall=define, uselongdouble=undef
    usemymalloc=n, bincompat5005=undef
  Compiler:
    cc='cc', ccflags ='-fno-strict-aliasing -pipe -fstack-protector -I/usr/local/include -D_LARGEFILE_SOURCE -D_FILE_OFFSET_BITS=64',
    optimize='-O2 -g',
    cppflags='-fno-strict-aliasing -pipe -fstack-protector -I/usr/local/include'
    ccversion='', gccversion='4.8.1', gccosandvers=''
    intsize=4, longsize=8, ptrsize=8, doublesize=8, byteorder=12345678
    d_longlong=define, longlongsize=8, d_longdbl=define, longdblsize=16
    ivtype='long', ivsize=8, nvtype='double', nvsize=8, Off_t='off_t', lseeksize=8
    alignbytes=8, prototype=define
  Linker and Libraries:
    ld='cc', ldflags =' -fstack-protector -L/usr/local/lib'
    libpth=/usr/local/lib /lib/x86_64-linux-gnu /lib/../lib /usr/lib/x86_64-linux-gnu /usr/lib/../lib /lib /usr/lib
    libs=-lnsl -lgdbm -ldb -ldl -lm -lcrypt -lutil -lc -lgdbm_compat
    perllibs=-lnsl -ldl -lm -lcrypt -lutil -lc
    libc=, so=so, useshrplib=false, libperl=libperl.a
    gnulibc_version='2.17'
  Dynamic Linking:
    dlsrc=dl_dlopen.xs, dlext=so, d_dlsymun=undef, ccdlflags='-Wl,-E'
    cccdlflags='-fPIC', lddlflags='-shared -O2 -g -L/usr/local/lib -fstack-protector'


Characteristics of this binary (from libperl): 
  Compile-time options: HAS_TIMES PERLIO_LAYERS PERL_DONT_CREATE_GVSV
                        PERL_HASH_FUNC_ONE_AT_A_TIME_HARD PERL_MALLOC_WRAP
                        PERL_NEW_COPY_ON_WRITE PERL_PRESERVE_IVUV
                        PERL_USE_DEVEL USE_64_BIT_ALL USE_64_BIT_INT
                        USE_LARGE_FILES USE_LOCALE USE_LOCALE_COLLATE
                        USE_LOCALE_CTYPE USE_LOCALE_NUMERIC USE_PERLIO
                        USE_PERL_ATOF
  Built under linux
  Compiled at Sep 20 2013 20:57:53
  %ENV:
    PERL5LIB=""
    PERL5OPT=""
    PERL5_CPANPLUS_IS_RUNNING="25397"
    PERL5_CPAN_IS_RUNNING="25397"
    PERL_MM_USE_DEFAULT="1"
  @INC:
    /home/sand/src/perl/repoperls/installed-perls/perl/v5.19.4-8-g7497b91/165a/lib/site_perl/5.19.5/x86_64-linux
    /home/sand/src/perl/repoperls/installed-perls/perl/v5.19.4-8-g7497b91/165a/lib/site_perl/5.19.5
    /home/sand/src/perl/repoperls/installed-perls/perl/v5.19.4-8-g7497b91/165a/lib/5.19.5/x86_64-linux
    /home/sand/src/perl/repoperls/installed-perls/perl/v5.19.4-8-g7497b91/165a/lib/5.19.5
    .