Report for Data-MessagePack-0.48

Back
From: metabase:user:31d414ea-2aae-11df-837a-5e0a49663a4f
Subject: FAIL Data-MessagePack-0.48 v5.20.1 GNU/Linux
Date: 2014-10-03T15:18:22Z

This distribution has been tested as part of the CPAN Testers
project, supporting the Perl programming language.  See
http://wiki.cpantesters.org/ for more information or email
questions to cpan-testers-discuss@perl.org


--
Dear Goro Fuji,

This is a computer-generated report for Data-MessagePack-0.48
on perl 5.20.1, created by CPAN-Reporter-1.2011.

Thank you for uploading your work to CPAN.  However, there was a problem
testing your distribution.

If you think this report is invalid, please consult the CPAN Testers Wiki
for suggestions on how to avoid getting FAIL reports for missing library
or binary dependencies, unsupported operating systems, and so on:

http://wiki.cpantesters.org/wiki/CPANAuthorNotes

Sections of this report:

    * Tester comments
    * Program output
    * Prerequisites
    * Environment and other context

------------------------------
TESTER COMMENTS
------------------------------

Additional comments from tester:

this report is from an automated smoke testing program
and was not reviewed by a human for accuracy

------------------------------
PROGRAM OUTPUT
------------------------------

Output from '/usr/bin/make test':

Running Mkbootstrap for Data::MessagePack ()
chmod 644 "MessagePack.bs"
PERL_DL_NONLAZY=1 "/home/david/cpantesting/perl-5.20.1/bin/perl" "-MExtUtils::Command::MM" "-MTest::Harness" "-e" "undef *Test::Harness::Switches; test_harness(0, 'inc', 'blib/lib', 'blib/arch')" t/*.t
# Testing Data::MessagePack/0.48 (
# XS
# )
# byteoder: 12345678, ivsize=8
t/00_compile.t .............. ok
t/01_pack.t ................. ok
t/02_unpack.t ............... ok
t/03_stream_unpack.t ........ ok
t/04_invert.t ............... ok
t/05_preferred_int.t ........ ok
t/06_stream_unpack2.t ....... ok
t/07_break.t ................ ok
t/08_cycle.t ................ ok
t/09_stddata.t .............. ok
t/10_splitted_bytes.t ....... ok
t/11_stream_unpack3.t ....... ok
t/12_stream_unpack4.t ....... ok
t/13_booleans.t ............. ok
t/14_invalid_data.t ......... ok
t/15_utf8.t ................. ok
t/16_unpacker_for_larges.t .. ok
t/17_canonical.t ............ ok
t/18_new_interface.t ........ ok
t/19_utf8_property.t ........ ok
t/20_de.t ................... ok
t/21_dirty_float.t .......... ok
t/22_pid_pack_unpack.t ...... ok
t/23-empty-key.t ............ ok
t/24_tied.t ................. ok
t/40_threads.t .............. ok

#   Failed test 'leaks 31 <= 0'
#   at t/50_leaktrace.t line 31.
#     '31'
#         <=
#     '0'
# leaked ARRAY(0xf4dab0) from /home/david/cpantesting/perl-5.20.1/lib/site_perl/5.20.1/Test/Stream/Context.pm line 208.
#  207:sub snapshot {
#  208:    return bless [@{$_[0]}], blessed($_[0]);
#  209:}
# SV = PVAV(0x147efb8) at 0xf4dab0
#   REFCNT = 1
#   FLAGS = (OBJECT)
#   STASH = 0xf5fa08	"Test::Stream::Context"
#   ARRAY = 0x149cc60
#   FILL = 9
#   MAX = 9
#   ARYLEN = 0x0
#   FLAGS = (REAL)
#     Elt No. 0
#     SV = IV(0x1435cf0) at 0x1435d00
#       REFCNT = 1
#       FLAGS = (ROK)
#       RV = 0x1034b08
#         SV = PVAV(0x147ee78) at 0x1034b08
#           REFCNT = 1
#           FLAGS = ()
#           ARRAY = 0x1495530
#           FILL = 3
#           MAX = 3
#           ARYLEN = 0x0
#           FLAGS = (REAL)
#             Elt No. 0
#             SV = PV(0x14823e0) at 0x1184be0
#               REFCNT = 1
#               FLAGS = (POK,IsCOW,pPOK)
#               PV = 0xebfb30 "main"
#               CUR = 4
#               LEN = 0
#             Elt No. 1
#             SV = PV(0x1482380) at 0x1034aa8
#               REFCNT = 1
#               FLAGS = (POK,IsCOW,pPOK)
#               PV = 0xee6c60 "t/50_leaktrace.t"\0
#               CUR = 16
#               LEN = 18
#               COW_REFCNT = 0
#             Elt No. 2
#             SV = IV(0x122d0f8) at 0x122d108
#               REFCNT = 1
#               FLAGS = (IOK,pIOK)
#               IV = 29
#             Elt No. 3
#             SV = PV(0x1482390) at 0x12f3b20
#               REFCNT = 1
#               FLAGS = (POK,pPOK)
#               PV = 0x101b200 "Test::More::note"\0
#               CUR = 16
#               LEN = 18
#     Elt No. 1
#     SV = PVNV(0x14752f0) at 0x1469420
#       REFCNT = 1
#       FLAGS = (ROK)
#       IV = 0
#       NV = 0
#       RV = 0xf633f0
#         SV = PVAV(0xef6b18) at 0xf633f0
#           REFCNT = 9
#           FLAGS = (OBJECT,RMG)
#           MAGIC = 0x1436180
#             MG_VIRTUAL = &PL_vtbl_backref
#             MG_TYPE = PERL_MAGIC_backref(<)
#           STASH = 0xf5f9d8	"Test::Stream"
#           ARRAY = 0x117e080
#           FILL = 20
#           MAX = 21
#           ARYLEN = 0x0
#           FLAGS = (REAL)
#             Elt No. 0
#             SV = IV(0xf4dd88) at 0xf4dd98
#               REFCNT = 1
#               FLAGS = (IOK,pIOK)
#               IV = 0
#             Elt No. 1
#             Elt No. 2
#             Elt No. 3
#             SV = PVMG(0xfd88b0) at 0x122ce98
#               REFCNT = 1
#               FLAGS = (IOK,pIOK)
#               IV = 1945
#               NV = 0
#               PV = 0
#       PV = 0xf633f0 ""
#       CUR = 0
#       LEN = 0
#     Elt No. 2
#     SV = PV(0x14824c0) at 0x1469a68
#       REFCNT = 1
#       FLAGS = (POK,IsCOW,pPOK)
#       PV = 0x10a5c20 "legacy"\0
#       CUR = 6
#       LEN = 10
#       COW_REFCNT = 8
#     Elt No. 3
#     SV = IV(0x1469ae8) at 0x1469af8
#       REFCNT = 1
#       FLAGS = (IOK,pIOK)
#       IV = 0
# leaked SCALAR(0x101a0d8) from /home/david/cpantesting/perl-5.20.1/lib/site_perl/5.20.1/Test/Stream/Context.pm line 96.
#   95:
#   96:    my $ctx = bless(
#   97:        [
# SV = PV(0x1482490) at 0x101a0d8
#   REFCNT = 1
#   FLAGS = (POK,IsCOW,pPOK)
#   PV = 0xf7aa40 "Test::More"\0
#   CUR = 10
#   LEN = 12
#   COW_REFCNT = 0
# leaked ARRAY(0x1034b08) from /home/david/cpantesting/perl-5.20.1/lib/site_perl/5.20.1/Test/Stream/Context.pm line 141.
#  140:
#  141:    return [$package, $file, $line, $subname];
#  142:}
# SV = PVAV(0x147ee78) at 0x1034b08
#   REFCNT = 1
#   FLAGS = ()
#   ARRAY = 0x1495530
#   FILL = 3
#   MAX = 3
#   ARYLEN = 0x0
#   FLAGS = (REAL)
#     Elt No. 0
#     SV = PV(0x14823e0) at 0x1184be0
#       REFCNT = 1
#       FLAGS = (POK,IsCOW,pPOK)
#       PV = 0xebfb30 "main"
#       CUR = 4
#       LEN = 0
#     Elt No. 1
#     SV = PV(0x1482380) at 0x1034aa8
#       REFCNT = 1
#       FLAGS = (POK,IsCOW,pPOK)
#       PV = 0xee6c60 "t/50_leaktrace.t"\0
#       CUR = 16
#       LEN = 18
#       COW_REFCNT = 0
#     Elt No. 2
#     SV = IV(0x122d0f8) at 0x122d108
#       REFCNT = 1
#       FLAGS = (IOK,pIOK)
#       IV = 29
#     Elt No. 3
#     SV = PV(0x1482390) at 0x12f3b20
#       REFCNT = 1
#       FLAGS = (POK,pPOK)
#       PV = 0x101b200 "Test::More::note"\0
#       CUR = 16
#       LEN = 18
# leaked SCALAR(0x1034aa8) from /home/david/cpantesting/perl-5.20.1/lib/site_perl/5.20.1/Test/Stream/Context.pm line 141.
#  140:
#  141:    return [$package, $file, $line, $subname];
#  142:}
# SV = PV(0x1482380) at 0x1034aa8
#   REFCNT = 1
#   FLAGS = (POK,IsCOW,pPOK)
#   PV = 0xee6c60 "t/50_leaktrace.t"\0
#   CUR = 16
#   LEN = 18
#   COW_REFCNT = 0
# leaked ARRAY(0x11851f8) from /home/david/cpantesting/perl-5.20.1/lib/site_perl/5.20.1/Test/Stream/Context.pm line 96.
#   95:
#   96:    my $ctx = bless(
#   97:        [
# SV = PVAV(0x147ef40) at 0x11851f8
#   REFCNT = 1
#   FLAGS = ()
#   ARRAY = 0xee55f0
#   FILL = 1
#   MAX = 1
#   ARYLEN = 0x0
#   FLAGS = (REAL)
#     Elt No. 0
#     SV = PV(0x1482490) at 0x101a0d8
#       REFCNT = 1
#       FLAGS = (POK,IsCOW,pPOK)
#       PV = 0xf7aa40 "Test::More"\0
#       CUR = 10
#       LEN = 12
#       COW_REFCNT = 0
#     Elt No. 1
#     SV = PV(0x14824b0) at 0x11c4970
#       REFCNT = 1
#       FLAGS = (POK,pPOK)
#       PV = 0x1495360 "note"\0
#       CUR = 4
#       LEN = 10
# leaked SCALAR(0x1184be0) from /home/david/cpantesting/perl-5.20.1/lib/site_perl/5.20.1/Test/Stream/Context.pm line 141.
#  140:
#  141:    return [$package, $file, $line, $subname];
#  142:}
# SV = PV(0x14823e0) at 0x1184be0
#   REFCNT = 1
#   FLAGS = (POK,IsCOW,pPOK)
#   PV = 0xebfb30 "main"
#   CUR = 4
#   LEN = 0
# leaked SCALAR(0x11c4970) from /home/david/cpantesting/perl-5.20.1/lib/site_perl/5.20.1/Test/Stream/Context.pm line 96.
#   95:
#   96:    my $ctx = bless(
#   97:        [
# SV = PV(0x14824b0) at 0x11c4970
#   REFCNT = 1
#   FLAGS = (POK,pPOK)
#   PV = 0x1495360 "note"\0
#   CUR = 4
#   LEN = 10
# leaked SCALAR(0x122d108) from /home/david/cpantesting/perl-5.20.1/lib/site_perl/5.20.1/Test/Stream/Context.pm line 141.
#  140:
#  141:    return [$package, $file, $line, $subname];
#  142:}
# SV = IV(0x122d0f8) at 0x122d108
#   REFCNT = 1
#   FLAGS = (IOK,pIOK)
#   IV = 29
# leaked SCALAR(0x12f3b20) from /home/david/cpantesting/perl-5.20.1/lib/site_perl/5.20.1/Test/Stream/Context.pm line 141.
#  140:
#  141:    return [$package, $file, $line, $subname];
#  142:}
# SV = PV(0x1482390) at 0x12f3b20
#   REFCNT = 1
#   FLAGS = (POK,pPOK)
#   PV = 0x101b200 "Test::More::note"\0
#   CUR = 16
#   LEN = 18
# leaked REF(0x1435d00) from /home/david/cpantesting/perl-5.20.1/lib/site_perl/5.20.1/Test/Stream/Context.pm line 208.
#  207:sub snapshot {
#  208:    return bless [@{$_[0]}], blessed($_[0]);
#  209:}
# SV = IV(0x1435cf0) at 0x1435d00
#   REFCNT = 1
#   FLAGS = (ROK)
#   RV = 0x1034b08
#     SV = PVAV(0x147ee78) at 0x1034b08
#       REFCNT = 1
#       FLAGS = ()
#       ARRAY = 0x1495530
#       FILL = 3
#       MAX = 3
#       ARYLEN = 0x0
#       FLAGS = (REAL)
#         Elt No. 0
#         SV = PV(0x14823e0) at 0x1184be0
#           REFCNT = 1
#           FLAGS = (POK,IsCOW,pPOK)
#           PV = 0xebfb30 "main"
#           CUR = 4
#           LEN = 0
#         Elt No. 1
#         SV = PV(0x1482380) at 0x1034aa8
#           REFCNT = 1
#           FLAGS = (POK,IsCOW,pPOK)
#           PV = 0xee6c60 "t/50_leaktrace.t"\0
#           CUR = 16
#           LEN = 18
#           COW_REFCNT = 0
#         Elt No. 2
#         SV = IV(0x122d0f8) at 0x122d108
#           REFCNT = 1
#           FLAGS = (IOK,pIOK)
#           IV = 29
#         Elt No. 3
#         SV = PV(0x1482390) at 0x12f3b20
#           REFCNT = 1
#           FLAGS = (POK,pPOK)
#           PV = 0x101b200 "Test::More::note"\0
#           CUR = 16
#           LEN = 18
# leaked SCALAR(0x1469af8) from /home/david/cpantesting/perl-5.20.1/lib/site_perl/5.20.1/Test/Stream/Context.pm line 208.
#  207:sub snapshot {
#  208:    return bless [@{$_[0]}], blessed($_[0]);
#  209:}
# SV = IV(0x1469ae8) at 0x1469af8
#   REFCNT = 1
#   FLAGS = (IOK,pIOK)
#   IV = 0
# leaked SCALAR(0x1469ae0) from /home/david/cpantesting/perl-5.20.1/lib/site_perl/5.20.1/Test/Stream/Context.pm line 208.
#  207:sub snapshot {
#  208:    return bless [@{$_[0]}], blessed($_[0]);
#  209:}
# SV = NULL(0x0) at 0x1469ae0
#   REFCNT = 1
#   FLAGS = ()
# leaked SCALAR(0x1469a68) from /home/david/cpantesting/perl-5.20.1/lib/site_perl/5.20.1/Test/Stream/Context.pm line 208.
#  207:sub snapshot {
#  208:    return bless [@{$_[0]}], blessed($_[0]);
#  209:}
# SV = PV(0x14824c0) at 0x1469a68
#   REFCNT = 1
#   FLAGS = (POK,IsCOW,pPOK)
#   PV = 0x10a5c20 "legacy"\0
#   CUR = 6
#   LEN = 10
#   COW_REFCNT = 8
# leaked REF(0x1469420) from /home/david/cpantesting/perl-5.20.1/lib/site_perl/5.20.1/Test/Stream/Context.pm line 208.
#  207:sub snapshot {
#  208:    return bless [@{$_[0]}], blessed($_[0]);
#  209:}
# SV = PVNV(0x14752f0) at 0x1469420
#   REFCNT = 1
#   FLAGS = (ROK)
#   IV = 0
#   NV = 0
#   RV = 0xf633f0
#     SV = PVAV(0xef6b18) at 0xf633f0
#       REFCNT = 9
#       FLAGS = (OBJECT,RMG)
#       MAGIC = 0x149c850
#         MG_VIRTUAL = &PL_vtbl_arylen_p
#         MG_TYPE = PERL_MAGIC_arylen_p(@)
#         MG_FLAGS = 0x02
#           REFCOUNTED
#       MAGIC = 0x1436180
#         MG_VIRTUAL = &PL_vtbl_backref
#         MG_TYPE = PERL_MAGIC_backref(<)
#       STASH = 0xf5f9d8	"Test::Stream"
#       ARRAY = 0x117e080
#       FILL = 20
#       MAX = 21
#       ARYLEN = 0x0
#       FLAGS = (REAL)
#         Elt No. 0
#         SV = IV(0xf4dd88) at 0xf4dd98
#           REFCNT = 1
#           FLAGS = (IOK,pIOK)
#           IV = 0
#         Elt No. 1
#         Elt No. 2
#         Elt No. 3
#         SV = PVMG(0xfd88b0) at 0x122ce98
#           REFCNT = 1
#           FLAGS = (IOK,pIOK)
#           IV = 1945
#           NV = 0
#           PV = 0
#   PV = 0xf633f0 ""
#   CUR = 0
#   LEN = 0
# leaked SCALAR(0xed4f18) from /home/david/cpantesting/perl-5.20.1/lib/site_perl/5.20.1/Test/Stream/ArrayBase.pm line 64.
#   63:    my $class = shift;
#   64:    my $self = bless [@_], $class;
#   65:    $self->init if $self->can('init');
# SV = PV(0x1482520) at 0xed4f18
#   REFCNT = 1
#   FLAGS = (POK,pPOK)
#   PV = 0x149d480 "cannot encode reference to scalar 'GLOB(0xeca110)' unless the scalar is 0 or 1 at t/50_leaktrace.t line 28.\n"\0
#   CUR = 108
#   LEN = 110
# leaked SCALAR(0xed4f00) from /home/david/cpantesting/perl-5.20.1/lib/site_perl/5.20.1/Test/Stream/ArrayBase.pm line 64.
#   63:    my $class = shift;
#   64:    my $self = bless [@_], $class;
#   65:    $self->init if $self->can('init');
# SV = IV(0xed4ef0) at 0xed4f00
#   REFCNT = 1
#   FLAGS = (IOK,pIOK)
#   IV = 0
# leaked REF(0xed4ee8) from /home/david/cpantesting/perl-5.20.1/lib/site_perl/5.20.1/Test/Stream/ArrayBase.pm line 64.
#   63:    my $class = shift;
#   64:    my $self = bless [@_], $class;
#   65:    $self->init if $self->can('init');
# SV = IV(0xed4ed8) at 0xed4ee8
#   REFCNT = 1
#   FLAGS = (ROK)
#   RV = 0xed4e10
#     SV = PVAV(0x147f008) at 0xed4e10
#       REFCNT = 1
#       FLAGS = ()
#       ARRAY = 0x149d140
#       FILL = 4
#       MAX = 4
#       ARYLEN = 0x0
#       FLAGS = (REAL)
#         Elt No. 0
#         SV = PV(0x14824e0) at 0xed4e28
#           REFCNT = 1
#           FLAGS = (POK,IsCOW,pPOK)
#           PV = 0xf671b0 "Test::Stream::Context"
#           CUR = 21
#           LEN = 0
#         Elt No. 1
#         SV = PV(0x1482450) at 0xed4e40
#           REFCNT = 1
#           FLAGS = (POK,IsCOW,pPOK)
#           PV = 0x149c940 "/home/david/cpantesting/perl-5.20.1/lib/site_perl/5.20.1/Test/Stream/Context.pm"\0
#           CUR = 79
#           LEN = 81
#           COW_REFCNT = 0
#         Elt No. 2
#         SV = IV(0xed4e48) at 0xed4e58
#           REFCNT = 1
#           FLAGS = (IOK,pIOK)
#           IV = 237
#         Elt No. 3
#         SV = PV(0x1482460) at 0xed4e70
#           REFCNT = 1
#           FLAGS = (POK,IsCOW,pPOK)
#           PV = 0x149c9a0 "Test::Stream::Context::_note"\0
#           CUR = 28
#           LEN = 40
#           COW_REFCNT = 0
# leaked REF(0xed4ed0) from /home/david/cpantesting/perl-5.20.1/lib/site_perl/5.20.1/Test/Stream/ArrayBase.pm line 64.
#   63:    my $class = shift;
#   64:    my $self = bless [@_], $class;
#   65:    $self->init if $self->can('init');
# SV = IV(0xed4ec0) at 0xed4ed0
#   REFCNT = 1
#   FLAGS = (ROK)
#   RV = 0xf4dab0
#     SV = PVAV(0x147efb8) at 0xf4dab0
#       REFCNT = 1
#       FLAGS = (OBJECT)
#       STASH = 0xf5fa08	"Test::Stream::Context"
#       ARRAY = 0x149cc60
#       FILL = 9
#       MAX = 9
#       ARYLEN = 0x0
#       FLAGS = (REAL)
#         Elt No. 0
#         SV = IV(0x1435cf0) at 0x1435d00
#           REFCNT = 1
#           FLAGS = (ROK)
#           RV = 0x1034b08
#             SV = PVAV(0x147ee78) at 0x1034b08
#               REFCNT = 1
#               FLAGS = ()
#               ARRAY = 0x1495530
#               FILL = 3
#               MAX = 3
#               ARYLEN = 0x0
#               FLAGS = (REAL)
#                 Elt No. 0
#                 SV = PV(0x14823e0) at 0x1184be0
#                   REFCNT = 1
#                   FLAGS = (POK,IsCOW,pPOK)
#                   PV = 0xebfb30 "main"
#                   CUR = 4
#                   LEN = 0
#                 Elt No. 1
#                 SV = PV(0x1482380) at 0x1034aa8
#                   REFCNT = 1
#                   FLAGS = (POK,IsCOW,pPOK)
#                   PV = 0xee6c60 "t/50_leaktrace.t"\0
#                   CUR = 16
#                   LEN = 18
#                   COW_REFCNT = 0
#                 Elt No. 2
#                 SV = IV(0x122d0f8) at 0x122d108
#                   REFCNT = 1
#                   FLAGS = (IOK,pIOK)
#                   IV = 29
#                 Elt No. 3
#                 SV = PV(0x1482390) at 0x12f3b20
#                   REFCNT = 1
#                   FLAGS = (POK,pPOK)
#                   PV = 0x101b200 "Test::More::note"\0
#                   CUR = 16
#                   LEN = 18
#         Elt No. 1
#         SV = PVNV(0x14752f0) at 0x1469420
#           REFCNT = 1
#           FLAGS = (ROK)
#           IV = 0
#           NV = 0
#           RV = 0xf633f0
#             SV = PVAV(0xef6b18) at 0xf633f0
#               REFCNT = 9
#               FLAGS = (OBJECT,RMG)
#               MAGIC = 0x149c850
#                 MG_VIRTUAL = &PL_vtbl_arylen_p
#                 MG_TYPE = PERL_MAGIC_arylen_p(@)
#                 MG_FLAGS = 0x02
#                   REFCOUNTED
#               MAGIC = 0x1436180
#                 MG_VIRTUAL = &PL_vtbl_backref
#                 MG_TYPE = PERL_MAGIC_backref(<)
#               STASH = 0xf5f9d8	"Test::Stream"
#               ARRAY = 0x117e080
#               FILL = 20
#               MAX = 21
#               ARYLEN = 0x0
#               FLAGS = (REAL)
#                 Elt No. 0
#                 SV = IV(0xf4dd88) at 0xf4dd98
#                   REFCNT = 1
#                   FLAGS = (IOK,pIOK)
#                   IV = 0
#                 Elt No. 1
#                 Elt No. 2
#                 Elt No. 3
#                 SV = PVMG(0xfd88b0) at 0x122ce98
#                   REFCNT = 1
#                   FLAGS = (IOK,pIOK)
#                   IV = 1945
#                   NV = 0
#                   PV = 0
#           PV = 0xf633f0 ""
#           CUR = 0
#           LEN = 0
#         Elt No. 2
#         SV = PV(0x14824c0) at 0x1469a68
#           REFCNT = 1
#           FLAGS = (POK,IsCOW,pPOK)
#           PV = 0x10a5c20 "legacy"\0
#           CUR = 6
#           LEN = 10
#           COW_REFCNT = 8
#         Elt No. 3
#         SV = IV(0x1469ae8) at 0x1469af8
#           REFCNT = 1
#           FLAGS = (IOK,pIOK)
#           IV = 0
# leaked ARRAY(0xed4eb8) from /home/david/cpantesting/perl-5.20.1/lib/site_perl/5.20.1/Test/Stream/ArrayBase.pm line 64.
#   63:    my $class = shift;
#   64:    my $self = bless [@_], $class;
#   65:    $self->init if $self->can('init');
# SV = PVAV(0x147efe0) at 0xed4eb8
#   REFCNT = 1
#   FLAGS = (OBJECT)
#   STASH = 0x11c4430	"Test::Stream::Event::Note"
#   ARRAY = 0x149d450
#   FILL = 3
#   MAX = 3
#   ARYLEN = 0x0
#   FLAGS = (REAL)
#     Elt No. 0
#     SV = IV(0xed4ec0) at 0xed4ed0
#       REFCNT = 1
#       FLAGS = (ROK)
#       RV = 0xf4dab0
#         SV = PVAV(0x147efb8) at 0xf4dab0
#           REFCNT = 1
#           FLAGS = (OBJECT)
#           STASH = 0xf5fa08	"Test::Stream::Context"
#           ARRAY = 0x149cc60
#           FILL = 9
#           MAX = 9
#           ARYLEN = 0x0
#           FLAGS = (REAL)
#             Elt No. 0
#             SV = IV(0x1435cf0) at 0x1435d00
#               REFCNT = 1
#               FLAGS = (ROK)
#               RV = 0x1034b08
#                 SV = PVAV(0x147ee78) at 0x1034b08
#                   REFCNT = 1
#                   FLAGS = ()
#                   ARRAY = 0x1495530
#                   FILL = 3
#                   MAX = 3
#                   ARYLEN = 0x0
#                   FLAGS = (REAL)
#             Elt No. 1
#             SV = PVNV(0x14752f0) at 0x1469420
#               REFCNT = 1
#               FLAGS = (ROK)
#               IV = 0
#               NV = 0
#               RV = 0xf633f0
#                 SV = PVAV(0xef6b18) at 0xf633f0
#                   REFCNT = 9
#                   FLAGS = (OBJECT,RMG)
#                   MAGIC = 0x149c850
#                     MG_VIRTUAL = &PL_vtbl_arylen_p
#                     MG_TYPE = PERL_MAGIC_arylen_p(@)
#                     MG_FLAGS = 0x02
#                       REFCOUNTED
#                   MAGIC = 0x1436180
#                     MG_VIRTUAL = &PL_vtbl_backref
#                     MG_TYPE = PERL_MAGIC_backref(<)
#                   STASH = 0xf5f9d8	"Test::Stream"
#                   ARRAY = 0x117e080
#                   FILL = 20
#                   MAX = 21
#                   ARYLEN = 0x0
#                   FLAGS = (REAL)
#               PV = 0xf633f0 ""
#               CUR = 0
#               LEN = 0
#             Elt No. 2
#             SV = PV(0x14824c0) at 0x1469a68
#               REFCNT = 1
#               FLAGS = (POK,IsCOW,pPOK)
#               PV = 0x10a5c20 "legacy"\0
#               CUR = 6
#               LEN = 10
#               COW_REFCNT = 8
#             Elt No. 3
#             SV = IV(0x1469ae8) at 0x1469af8
#               REFCNT = 1
#               FLAGS = (IOK,pIOK)
#               IV = 0
#     Elt No. 1
#     SV = IV(0xed4ed8) at 0xed4ee8
#       REFCNT = 1
#       FLAGS = (ROK)
#       RV = 0xed4e10
#         SV = PVAV(0x147f008) at 0xed4e10
#           REFCNT = 1
#           FLAGS = ()
#           ARRAY = 0x149d140
#           FILL = 4
#           MAX = 4
#           ARYLEN = 0x0
#           FLAGS = (REAL)
#             Elt No. 0
#             SV = PV(0x14824e0) at 0xed4e28
#               REFCNT = 1
#               FLAGS = (POK,IsCOW,pPOK)
#               PV = 0xf671b0 "Test::Stream::Context"
#               CUR = 21
#               LEN = 0
#             Elt No. 1
#             SV = PV(0x1482450) at 0xed4e40
#               REFCNT = 1
#               FLAGS = (POK,IsCOW,pPOK)
#               PV = 0x149c940 "/home/david/cpantesting/perl-5.20.1/lib/site_perl/5.20.1/Test/Stream/Context.pm"\0
#               CUR = 79
#               LEN = 81
#               COW_REFCNT = 0
#             Elt No. 2
#             SV = IV(0xed4e48) at 0xed4e58
#               REFCNT = 1
#               FLAGS = (IOK,pIOK)
#               IV = 237
#             Elt No. 3
#             SV = PV(0x1482460) at 0xed4e70
#               REFCNT = 1
#               FLAGS = (POK,IsCOW,pPOK)
#               PV = 0x149c9a0 "Test::Stream::Context::_note"\0
#               CUR = 28
#               LEN = 40
#               COW_REFCNT = 0
#     Elt No. 2
#     SV = IV(0xed4ef0) at 0xed4f00
#       REFCNT = 1
#       FLAGS = (IOK,pIOK)
#       IV = 0
#     Elt No. 3
#     SV = PV(0x1482520) at 0xed4f18
#       REFCNT = 1
#       FLAGS = (POK,pPOK)
#       PV = 0x149d480 "cannot encode reference to scalar 'GLOB(0xeca110)' unless the scalar is 0 or 1 at t/50_leaktrace.t line 28.\n"\0
#       CUR = 108
#       LEN = 110
# leaked SCALAR(0xed4e88) from (eval 60) line 5.
# SV = PVNV(0x1475350) at 0xed4e88
#   REFCNT = 1
#   FLAGS = (IOK,NOK,POK,pIOK,pNOK,pPOK)
#   IV = 1
#   NV = 1
#   PV = 0x149d170 "1"\0
#   CUR = 1
#   LEN = 10
# leaked SCALAR(0xed4e70) from (eval 60) line 5.
# SV = PV(0x1482460) at 0xed4e70
#   REFCNT = 1
#   FLAGS = (POK,IsCOW,pPOK)
#   PV = 0x149c9a0 "Test::Stream::Context::_note"\0
#   CUR = 28
#   LEN = 40
#   COW_REFCNT = 0
# leaked SCALAR(0xed4e58) from (eval 60) line 5.
# SV = IV(0xed4e48) at 0xed4e58
#   REFCNT = 1
#   FLAGS = (IOK,pIOK)
#   IV = 237
# leaked SCALAR(0xed4e40) from (eval 60) line 5.
# SV = PV(0x1482450) at 0xed4e40
#   REFCNT = 1
#   FLAGS = (POK,IsCOW,pPOK)
#   PV = 0x149c940 "/home/david/cpantesting/perl-5.20.1/lib/site_perl/5.20.1/Test/Stream/Context.pm"\0
#   CUR = 79
#   LEN = 81
#   COW_REFCNT = 0
# leaked SCALAR(0xed4e28) from (eval 60) line 5.
# SV = PV(0x14824e0) at 0xed4e28
#   REFCNT = 1
#   FLAGS = (POK,IsCOW,pPOK)
#   PV = 0xf671b0 "Test::Stream::Context"
#   CUR = 21
#   LEN = 0
# leaked ARRAY(0xed4e10) from (eval 60) line 5.
# SV = PVAV(0x147f008) at 0xed4e10
#   REFCNT = 1
#   FLAGS = ()
#   ARRAY = 0x149d140
#   FILL = 4
#   MAX = 4
#   ARYLEN = 0x0
#   FLAGS = (REAL)
#     Elt No. 0
#     SV = PV(0x14824e0) at 0xed4e28
#       REFCNT = 1
#       FLAGS = (POK,IsCOW,pPOK)
#       PV = 0xf671b0 "Test::Stream::Context"
#       CUR = 21
#       LEN = 0
#     Elt No. 1
#     SV = PV(0x1482450) at 0xed4e40
#       REFCNT = 1
#       FLAGS = (POK,IsCOW,pPOK)
#       PV = 0x149c940 "/home/david/cpantesting/perl-5.20.1/lib/site_perl/5.20.1/Test/Stream/Context.pm"\0
#       CUR = 79
#       LEN = 81
#       COW_REFCNT = 0
#     Elt No. 2
#     SV = IV(0xed4e48) at 0xed4e58
#       REFCNT = 1
#       FLAGS = (IOK,pIOK)
#       IV = 237
#     Elt No. 3
#     SV = PV(0x1482460) at 0xed4e70
#       REFCNT = 1
#       FLAGS = (POK,IsCOW,pPOK)
#       PV = 0x149c9a0 "Test::Stream::Context::_note"\0
#       CUR = 28
#       LEN = 40
#       COW_REFCNT = 0
# leaked REF(0xed4df8) from /home/david/cpantesting/perl-5.20.1/lib/site_perl/5.20.1/Test/Stream.pm line 450.
#  449:
#  450:    push @{$state->[STATE_LEGACY]} => $e if $self->[USE_LEGACY];
#  451:
# SV = IV(0xed4de8) at 0xed4df8
#   REFCNT = 1
#   FLAGS = (ROK)
#   RV = 0xed4eb8
#     SV = PVAV(0x147efe0) at 0xed4eb8
#       REFCNT = 1
#       FLAGS = (OBJECT)
#       STASH = 0x11c4430	"Test::Stream::Event::Note"
#       ARRAY = 0x149d450
#       FILL = 3
#       MAX = 3
#       ARYLEN = 0x0
#       FLAGS = (REAL)
#         Elt No. 0
#         SV = IV(0xed4ec0) at 0xed4ed0
#           REFCNT = 1
#           FLAGS = (ROK)
#           RV = 0xf4dab0
#             SV = PVAV(0x147efb8) at 0xf4dab0
#               REFCNT = 1
#               FLAGS = (OBJECT)
#               STASH = 0xf5fa08	"Test::Stream::Context"
#               ARRAY = 0x149cc60
#               FILL = 9
#               MAX = 9
#               ARYLEN = 0x0
#               FLAGS = (REAL)
#                 Elt No. 0
#                 SV = IV(0x1435cf0) at 0x1435d00
#                   REFCNT = 1
#                   FLAGS = (ROK)
#                   RV = 0x1034b08
#                 Elt No. 1
#                 SV = PVNV(0x14752f0) at 0x1469420
#                   REFCNT = 1
#                   FLAGS = (ROK)
#                   IV = 0
#                   NV = 0
#                   RV = 0xf633f0
#                   PV = 0xf633f0 ""
#                   CUR = 0
#                   LEN = 0
#                 Elt No. 2
#                 SV = PV(0x14824c0) at 0x1469a68
#                   REFCNT = 1
#                   FLAGS = (POK,IsCOW,pPOK)
#                   PV = 0x10a5c20 "legacy"\0
#                   CUR = 6
#                   LEN = 10
#                   COW_REFCNT = 8
#                 Elt No. 3
#                 SV = IV(0x1469ae8) at 0x1469af8
#                   REFCNT = 1
#                   FLAGS = (IOK,pIOK)
#                   IV = 0
#         Elt No. 1
#         SV = IV(0xed4ed8) at 0xed4ee8
#           REFCNT = 1
#           FLAGS = (ROK)
#           RV = 0xed4e10
#             SV = PVAV(0x147f008) at 0xed4e10
#               REFCNT = 1
#               FLAGS = ()
#               ARRAY = 0x149d140
#               FILL = 4
#               MAX = 4
#               ARYLEN = 0x0
#               FLAGS = (REAL)
#                 Elt No. 0
#                 SV = PV(0x14824e0) at 0xed4e28
#                   REFCNT = 1
#                   FLAGS = (POK,IsCOW,pPOK)
#                   PV = 0xf671b0 "Test::Stream::Context"
#                   CUR = 21
#                   LEN = 0
#                 Elt No. 1
#                 SV = PV(0x1482450) at 0xed4e40
#                   REFCNT = 1
#                   FLAGS = (POK,IsCOW,pPOK)
#                   PV = 0x149c940 "/home/david/cpantesting/perl-5.20.1/lib/site_perl/5.20.1/Test/Stream/Context.pm"\0
#                   CUR = 79
#                   LEN = 81
#                   COW_REFCNT = 0
#                 Elt No. 2
#                 SV = IV(0xed4e48) at 0xed4e58
#                   REFCNT = 1
#                   FLAGS = (IOK,pIOK)
#                   IV = 237
#                 Elt No. 3
#                 SV = PV(0x1482460) at 0xed4e70
#                   REFCNT = 1
#                   FLAGS = (POK,IsCOW,pPOK)
#                   PV = 0x149c9a0 "Test::Stream::Context::_note"\0
#                   CUR = 28
#                   LEN = 40
#                   COW_REFCNT = 0
#         Elt No. 2
#         SV = IV(0xed4ef0) at 0xed4f00
#           REFCNT = 1
#           FLAGS = (IOK,pIOK)
#           IV = 0
#         Elt No. 3
#         SV = PV(0x1482520) at 0xed4f18
#           REFCNT = 1
#           FLAGS = (POK,pPOK)
#           PV = 0x149d480 "cannot encode reference to scalar 'GLOB(0xeca110)' unless the scalar is 0 or 1 at t/50_leaktrace.t line 28.\n"\0
#           CUR = 108
#           LEN = 110
# leaked REF(0xed4db0) from /home/david/cpantesting/perl-5.20.1/lib/site_perl/5.20.1/Test/Stream/Context.pm line 208.
#  207:sub snapshot {
#  208:    return bless [@{$_[0]}], blessed($_[0]);
#  209:}
# SV = IV(0xed4da0) at 0xed4db0
#   REFCNT = 1
#   FLAGS = (ROK)
#   RV = 0x11851f8
#     SV = PVAV(0x147ef40) at 0x11851f8
#       REFCNT = 1
#       FLAGS = ()
#       ARRAY = 0xee55f0
#       FILL = 1
#       MAX = 1
#       ARYLEN = 0x0
#       FLAGS = (REAL)
#         Elt No. 0
#         SV = PV(0x1482490) at 0x101a0d8
#           REFCNT = 1
#           FLAGS = (POK,IsCOW,pPOK)
#           PV = 0xf7aa40 "Test::More"\0
#           CUR = 10
#           LEN = 12
#           COW_REFCNT = 0
#         Elt No. 1
#         SV = PV(0x14824b0) at 0x11c4970
#           REFCNT = 1
#           FLAGS = (POK,pPOK)
#           PV = 0x1495360 "note"\0
#           CUR = 4
#           LEN = 10
# leaked SCALAR(0xed4d98) from /home/david/cpantesting/perl-5.20.1/lib/site_perl/5.20.1/Test/Stream/Context.pm line 208.
#  207:sub snapshot {
#  208:    return bless [@{$_[0]}], blessed($_[0]);
#  209:}
# SV = IV(0xed4d88) at 0xed4d98
#   REFCNT = 1
#   FLAGS = (IOK,pIOK)
#   IV = 0
# leaked SCALAR(0xed4cd8) from /home/david/cpantesting/perl-5.20.1/lib/site_perl/5.20.1/Test/Stream/Context.pm line 208.
#  207:sub snapshot {
#  208:    return bless [@{$_[0]}], blessed($_[0]);
#  209:}
# SV = IV(0xed4cc8) at 0xed4cd8
#   REFCNT = 1
#   FLAGS = (IOK,pIOK)
#   IV = 0
# leaked SCALAR(0xed4c30) from /home/david/cpantesting/perl-5.20.1/lib/site_perl/5.20.1/Test/Stream/Context.pm line 208.
#  207:sub snapshot {
#  208:    return bless [@{$_[0]}], blessed($_[0]);
#  209:}
# SV = NULL(0x0) at 0xed4c30
#   REFCNT = 1
#   FLAGS = ()
# leaked SCALAR(0xed4c18) from /home/david/cpantesting/perl-5.20.1/lib/site_perl/5.20.1/Test/Stream/Context.pm line 208.
#  207:sub snapshot {
#  208:    return bless [@{$_[0]}], blessed($_[0]);
#  209:}
# SV = PVMG(0x1331b80) at 0xed4c18
#   REFCNT = 1
#   FLAGS = (IOK,pIOK)
#   IV = 1945
#   NV = 0
#   PV = 0

#   Failed test 'leaks 31 <= 0'
#   at t/50_leaktrace.t line 52.
#     '31'
#         <=
#     '0'
# leaked SCALAR(0x14a5890) from /home/david/cpantesting/perl-5.20.1/lib/site_perl/5.20.1/Test/Stream/Context.pm line 208.
#  207:sub snapshot {
#  208:    return bless [@{$_[0]}], blessed($_[0]);
#  209:}
# SV = IV(0x14a5880) at 0x14a5890
#   REFCNT = 1
#   FLAGS = (IOK,pIOK)
#   IV = 0
# leaked REF(0x14a5860) from /home/david/cpantesting/perl-5.20.1/lib/site_perl/5.20.1/Test/Stream/Context.pm line 208.
#  207:sub snapshot {
#  208:    return bless [@{$_[0]}], blessed($_[0]);
#  209:}
# SV = PVNV(0x1475590) at 0x14a5860
#   REFCNT = 1
#   FLAGS = (ROK)
#   IV = 0
#   NV = 0
#   RV = 0xf633f0
#     SV = PVAV(0xef6b18) at 0xf633f0
#       REFCNT = 18
#       FLAGS = (OBJECT,RMG)
#       MAGIC = 0x149c850
#         MG_VIRTUAL = &PL_vtbl_arylen_p
#         MG_TYPE = PERL_MAGIC_arylen_p(@)
#         MG_FLAGS = 0x02
#           REFCOUNTED
#       MAGIC = 0x1436180
#         MG_VIRTUAL = &PL_vtbl_backref
#         MG_TYPE = PERL_MAGIC_backref(<)
#       STASH = 0xf5f9d8	"Test::Stream"
#       ARRAY = 0x117e080
#       FILL = 20
#       MAX = 21
#       ARYLEN = 0x0
#       FLAGS = (REAL)
#         Elt No. 0
#         SV = IV(0xf4dd88) at 0xf4dd98
#           REFCNT = 1
#           FLAGS = (IOK,pIOK)
#           IV = 0
#         Elt No. 1
#         Elt No. 2
#         Elt No. 3
#         SV = PVMG(0xfd88b0) at 0x122ce98
#           REFCNT = 1
#           FLAGS = (IOK,pIOK)
#           IV = 1945
#           NV = 0
#           PV = 0
#   PV = 0xf633f0 ""
#   CUR = 0
#   LEN = 0
# leaked SCALAR(0x14a5830) from /home/david/cpantesting/perl-5.20.1/lib/site_perl/5.20.1/Test/Stream/Context.pm line 96.
#   95:
#   96:    my $ctx = bless(
#   97:        [
# SV = PV(0x1482ad0) at 0x14a5830
#   REFCNT = 1
#   FLAGS = (POK,pPOK)
#   PV = 0x1495070 "note"\0
#   CUR = 4
#   LEN = 10
# leaked SCALAR(0x14a57d0) from /home/david/cpantesting/perl-5.20.1/lib/site_perl/5.20.1/Test/Stream/Context.pm line 96.
#   95:
#   96:    my $ctx = bless(
#   97:        [
# SV = PV(0x1482970) at 0x14a57d0
#   REFCNT = 1
#   FLAGS = (POK,IsCOW,pPOK)
#   PV = 0x14d11b0 "Test::More"\0
#   CUR = 10
#   LEN = 12
#   COW_REFCNT = 0
# leaked SCALAR(0x14a5608) from /home/david/cpantesting/perl-5.20.1/lib/site_perl/5.20.1/Test/Stream/Context.pm line 141.
#  140:
#  141:    return [$package, $file, $line, $subname];
#  142:}
# SV = PV(0x1482a90) at 0x14a5608
#   REFCNT = 1
#   FLAGS = (POK,IsCOW,pPOK)
#   PV = 0x14d1fe0 "t/50_leaktrace.t"\0
#   CUR = 16
#   LEN = 18
#   COW_REFCNT = 0
# leaked ARRAY(0x14a5560) from /home/david/cpantesting/perl-5.20.1/lib/site_perl/5.20.1/Test/Stream/Context.pm line 96.
#   95:
#   96:    my $ctx = bless(
#   97:        [
# SV = PVAV(0x14a5a88) at 0x14a5560
#   REFCNT = 1
#   FLAGS = ()
#   ARRAY = 0x14d11d0
#   FILL = 1
#   MAX = 1
#   ARYLEN = 0x0
#   FLAGS = (REAL)
#     Elt No. 0
#     SV = PV(0x1482970) at 0x14a57d0
#       REFCNT = 1
#       FLAGS = (POK,IsCOW,pPOK)
#       PV = 0x14d11b0 "Test::More"\0
#       CUR = 10
#       LEN = 12
#       COW_REFCNT = 0
#     Elt No. 1
#     SV = PV(0x1482ad0) at 0x14a5830
#       REFCNT = 1
#       FLAGS = (POK,pPOK)
#       PV = 0x1495070 "note"\0
#       CUR = 4
#       LEN = 10
# leaked SCALAR(0x14a5548) from /home/david/cpantesting/perl-5.20.1/lib/site_perl/5.20.1/Test/Stream/Context.pm line 141.
#  140:
#  141:    return [$package, $file, $line, $subname];
#  142:}
# SV = PV(0x1482a80) at 0x14a5548
#   REFCNT = 1
#   FLAGS = (POK,pPOK)
#   PV = 0xed5c90 "Test::More::note"\0
#   CUR = 16
#   LEN = 18
# leaked ARRAY(0x14a5530) from /home/david/cpantesting/perl-5.20.1/lib/site_perl/5.20.1/Test/Stream/Context.pm line 141.
#  140:
#  141:    return [$package, $file, $line, $subname];
#  142:}
# SV = PVAV(0x14a59c0) at 0x14a5530
#   REFCNT = 1
#   FLAGS = ()
#   ARRAY = 0x149ced0
#   FILL = 3
#   MAX = 3
#   ARYLEN = 0x0
#   FLAGS = (REAL)
#     Elt No. 0
#     SV = PV(0x1482a40) at 0x14a6918
#       REFCNT = 1
#       FLAGS = (POK,IsCOW,pPOK)
#       PV = 0xebfb30 "main"
#       CUR = 4
#       LEN = 0
#     Elt No. 1
#     SV = PV(0x1482a90) at 0x14a5608
#       REFCNT = 1
#       FLAGS = (POK,IsCOW,pPOK)
#       PV = 0x14d1fe0 "t/50_leaktrace.t"\0
#       CUR = 16
#       LEN = 18
#       COW_REFCNT = 0
#     Elt No. 2
#     SV = IV(0x14a5220) at 0x14a5230
#       REFCNT = 1
#       FLAGS = (IOK,pIOK)
#       IV = 50
#     Elt No. 3
#     SV = PV(0x1482a80) at 0x14a5548
#       REFCNT = 1
#       FLAGS = (POK,pPOK)
#       PV = 0xed5c90 "Test::More::note"\0
#       CUR = 16
#       LEN = 18
# leaked ARRAY(0x14a5260) from /home/david/cpantesting/perl-5.20.1/lib/site_perl/5.20.1/Test/Stream/Context.pm line 208.
#  207:sub snapshot {
#  208:    return bless [@{$_[0]}], blessed($_[0]);
#  209:}
# SV = PVAV(0x14a5ad8) at 0x14a5260
#   REFCNT = 1
#   FLAGS = (OBJECT)
#   STASH = 0xf5fa08	"Test::Stream::Context"
#   ARRAY = 0x14d1c10
#   FILL = 9
#   MAX = 9
#   ARYLEN = 0x0
#   FLAGS = (REAL)
#     Elt No. 0
#     SV = IV(0x14a5190) at 0x14a51a0
#       REFCNT = 1
#       FLAGS = (ROK)
#       RV = 0x14a5530
#         SV = PVAV(0x14a59c0) at 0x14a5530
#           REFCNT = 1
#           FLAGS = ()
#           ARRAY = 0x149ced0
#           FILL = 3
#           MAX = 3
#           ARYLEN = 0x0
#           FLAGS = (REAL)
#             Elt No. 0
#             SV = PV(0x1482a40) at 0x14a6918
#               REFCNT = 1
#               FLAGS = (POK,IsCOW,pPOK)
#               PV = 0xebfb30 "main"
#               CUR = 4
#               LEN = 0
#             Elt No. 1
#             SV = PV(0x1482a90) at 0x14a5608
#               REFCNT = 1
#               FLAGS = (POK,IsCOW,pPOK)
#               PV = 0x14d1fe0 "t/50_leaktrace.t"\0
#               CUR = 16
#               LEN = 18
#               COW_REFCNT = 0
#             Elt No. 2
#             SV = IV(0x14a5220) at 0x14a5230
#               REFCNT = 1
#               FLAGS = (IOK,pIOK)
#               IV = 50
#             Elt No. 3
#             SV = PV(0x1482a80) at 0x14a5548
#               REFCNT = 1
#               FLAGS = (POK,pPOK)
#               PV = 0xed5c90 "Test::More::note"\0
#               CUR = 16
#               LEN = 18
#     Elt No. 1
#     SV = PVNV(0x1475590) at 0x14a5860
#       REFCNT = 1
#       FLAGS = (ROK)
#       IV = 0
#       NV = 0
#       RV = 0xf633f0
#         SV = PVAV(0xef6b18) at 0xf633f0
#           REFCNT = 18
#           FLAGS = (OBJECT,RMG)
#           MAGIC = 0x149c850
#             MG_VIRTUAL = &PL_vtbl_arylen_p
#             MG_TYPE = PERL_MAGIC_arylen_p(@)
#             MG_FLAGS = 0x02
#               REFCOUNTED
#           MAGIC = 0x1436180
#             MG_VIRTUAL = &PL_vtbl_backref
#             MG_TYPE = PERL_MAGIC_backref(<)
#           STASH = 0xf5f9d8	"Test::Stream"
#           ARRAY = 0x117e080
#           FILL = 20
#           MAX = 21
#           ARYLEN = 0x0
#           FLAGS = (REAL)
#             Elt No. 0
#             SV = IV(0xf4dd88) at 0xf4dd98
#               REFCNT = 1
#               FLAGS = (IOK,pIOK)
#               IV = 0
#             Elt No. 1
#             Elt No. 2
#             Elt No. 3
#             SV = PVMG(0xfd88b0) at 0x122ce98
#               REFCNT = 1
#               FLAGS = (IOK,pIOK)
#               IV = 1945
#               NV = 0
#               PV = 0
#       PV = 0xf633f0 ""
#       CUR = 0
#       LEN = 0
#     Elt No. 2
#     SV = PV(0x1482af0) at 0x14a6990
#       REFCNT = 1
#       FLAGS = (POK,IsCOW,pPOK)
#       PV = 0x10a5c20 "legacy"\0
#       CUR = 6
#       LEN = 10
#       COW_REFCNT = 17
#     Elt No. 3
#     SV = IV(0x14a5880) at 0x14a5890
#       REFCNT = 1
#       FLAGS = (IOK,pIOK)
#       IV = 0
# leaked SCALAR(0x14a5230) from /home/david/cpantesting/perl-5.20.1/lib/site_perl/5.20.1/Test/Stream/Context.pm line 141.
#  140:
#  141:    return [$package, $file, $line, $subname];
#  142:}
# SV = IV(0x14a5220) at 0x14a5230
#   REFCNT = 1
#   FLAGS = (IOK,pIOK)
#   IV = 50
# leaked REF(0x14a51a0) from /home/david/cpantesting/perl-5.20.1/lib/site_perl/5.20.1/Test/Stream/Context.pm line 208.
#  207:sub snapshot {
#  208:    return bless [@{$_[0]}], blessed($_[0]);
#  209:}
# SV = IV(0x14a5190) at 0x14a51a0
#   REFCNT = 1
#   FLAGS = (ROK)
#   RV = 0x14a5530
#     SV = PVAV(0x14a59c0) at 0x14a5530
#       REFCNT = 1
#       FLAGS = ()
#       ARRAY = 0x149ced0
#       FILL = 3
#       MAX = 3
#       ARYLEN = 0x0
#       FLAGS = (REAL)
#         Elt No. 0
#         SV = PV(0x1482a40) at 0x14a6918
#           REFCNT = 1
#           FLAGS = (POK,IsCOW,pPOK)
#           PV = 0xebfb30 "main"
#           CUR = 4
#           LEN = 0
#         Elt No. 1
#         SV = PV(0x1482a90) at 0x14a5608
#           REFCNT = 1
#           FLAGS = (POK,IsCOW,pPOK)
#           PV = 0x14d1fe0 "t/50_leaktrace.t"\0
#           CUR = 16
#           LEN = 18
#           COW_REFCNT = 0
#         Elt No. 2
#         SV = IV(0x14a5220) at 0x14a5230
#           REFCNT = 1
#           FLAGS = (IOK,pIOK)
#           IV = 50
#         Elt No. 3
#         SV = PV(0x1482a80) at 0x14a5548
#           REFCNT = 1
#           FLAGS = (POK,pPOK)
#           PV = 0xed5c90 "Test::More::note"\0
#           CUR = 16
#           LEN = 18
# leaked SCALAR(0x14a71d0) from /home/david/cpantesting/perl-5.20.1/lib/site_perl/5.20.1/Test/Stream/ArrayBase.pm line 64.
#   63:    my $class = shift;
#   64:    my $self = bless [@_], $class;
#   65:    $self->init if $self->can('init');
# SV = PV(0x1482b80) at 0x14a71d0
#   REFCNT = 1
#   FLAGS = (POK,pPOK)
#   PV = 0x14b5820 "Data::MessagePack->unpack: insufficient bytes at t/50_leaktrace.t line 49.\n"\0
#   CUR = 75
#   LEN = 77
# leaked SCALAR(0x14a71b8) from /home/david/cpantesting/perl-5.20.1/lib/site_perl/5.20.1/Test/Stream/ArrayBase.pm line 64.
#   63:    my $class = shift;
#   64:    my $self = bless [@_], $class;
#   65:    $self->init if $self->can('init');
# SV = IV(0x14a71a8) at 0x14a71b8
#   REFCNT = 1
#   FLAGS = (IOK,pIOK)
#   IV = 0
# leaked REF(0x14a71a0) from /home/david/cpantesting/perl-5.20.1/lib/site_perl/5.20.1/Test/Stream/ArrayBase.pm line 64.
#   63:    my $class = shift;
#   64:    my $self = bless [@_], $class;
#   65:    $self->init if $self->can('init');
# SV = IV(0x14a7190) at 0x14a71a0
#   REFCNT = 1
#   FLAGS = (ROK)
#   RV = 0x14a70c8
#     SV = PVAV(0x14a5b00) at 0x14a70c8
#       REFCNT = 1
#       FLAGS = ()
#       ARRAY = 0x14b5500
#       FILL = 4
#       MAX = 4
#       ARYLEN = 0x0
#       FLAGS = (REAL)
#         Elt No. 0
#         SV = PV(0x1482b20) at 0x14a70e0
#           REFCNT = 1
#           FLAGS = (POK,IsCOW,pPOK)
#           PV = 0xf671b0 "Test::Stream::Context"
#           CUR = 21
#           LEN = 0
#         Elt No. 1
#         SV = PV(0x1482b60) at 0x14a70f8
#           REFCNT = 1
#           FLAGS = (POK,IsCOW,pPOK)
#           PV = 0x14d18b0 "/home/david/cpantesting/perl-5.20.1/lib/site_perl/5.20.1/Test/Stream/Context.pm"\0
#           CUR = 79
#           LEN = 81
#           COW_REFCNT = 0
#         Elt No. 2
#         SV = IV(0x14a7100) at 0x14a7110
#           REFCNT = 1
#           FLAGS = (IOK,pIOK)
#           IV = 237
#         Elt No. 3
#         SV = PV(0x1482b70) at 0x14a7128
#           REFCNT = 1
#           FLAGS = (POK,IsCOW,pPOK)
#           PV = 0x14d1910 "Test::Stream::Context::_note"\0
#           CUR = 28
#           LEN = 40
#           COW_REFCNT = 0
# leaked REF(0x14a7188) from /home/david/cpantesting/perl-5.20.1/lib/site_perl/5.20.1/Test/Stream/ArrayBase.pm line 64.
#   63:    my $class = shift;
#   64:    my $self = bless [@_], $class;
#   65:    $self->init if $self->can('init');
# SV = IV(0x14a7178) at 0x14a7188
#   REFCNT = 1
#   FLAGS = (ROK)
#   RV = 0x14a5260
#     SV = PVAV(0x14a5ad8) at 0x14a5260
#       REFCNT = 1
#       FLAGS = (OBJECT)
#       STASH = 0xf5fa08	"Test::Stream::Context"
#       ARRAY = 0x14d1c10
#       FILL = 9
#       MAX = 9
#       ARYLEN = 0x0
#       FLAGS = (REAL)
#         Elt No. 0
#         SV = IV(0x14a5190) at 0x14a51a0
#           REFCNT = 1
#           FLAGS = (ROK)
#           RV = 0x14a5530
#             SV = PVAV(0x14a59c0) at 0x14a5530
#               REFCNT = 1
#               FLAGS = ()
#               ARRAY = 0x149ced0
#               FILL = 3
#               MAX = 3
#               ARYLEN = 0x0
#               FLAGS = (REAL)
#                 Elt No. 0
#                 SV = PV(0x1482a40) at 0x14a6918
#                   REFCNT = 1
#                   FLAGS = (POK,IsCOW,pPOK)
#                   PV = 0xebfb30 "main"
#                   CUR = 4
#                   LEN = 0
#                 Elt No. 1
#                 SV = PV(0x1482a90) at 0x14a5608
#                   REFCNT = 1
#                   FLAGS = (POK,IsCOW,pPOK)
#                   PV = 0x14d1fe0 "t/50_leaktrace.t"\0
#                   CUR = 16
#                   LEN = 18
#                   COW_REFCNT = 0
#                 Elt No. 2
#                 SV = IV(0x14a5220) at 0x14a5230
#                   REFCNT = 1
#                   FLAGS = (IOK,pIOK)
#                   IV = 50
#                 Elt No. 3
#                 SV = PV(0x1482a80) at 0x14a5548
#                   REFCNT = 1
#                   FLAGS = (POK,pPOK)
#                   PV = 0xed5c90 "Test::More::note"\0
#                   CUR = 16
#                   LEN = 18
#         Elt No. 1
#         SV = PVNV(0x1475590) at 0x14a5860
#           REFCNT = 1
#           FLAGS = (ROK)
#           IV = 0
#           NV = 0
#           RV = 0xf633f0
#             SV = PVAV(0xef6b18) at 0xf633f0
#               REFCNT = 18
#               FLAGS = (OBJECT,RMG)
#               MAGIC = 0x149c850
#                 MG_VIRTUAL = &PL_vtbl_arylen_p
#                 MG_TYPE = PERL_MAGIC_arylen_p(@)
#                 MG_FLAGS = 0x02
#                   REFCOUNTED
#               MAGIC = 0x1436180
#                 MG_VIRTUAL = &PL_vtbl_backref
#                 MG_TYPE = PERL_MAGIC_backref(<)
#               STASH = 0xf5f9d8	"Test::Stream"
#               ARRAY = 0x117e080
#               FILL = 20
#               MAX = 21
#               ARYLEN = 0x0
#               FLAGS = (REAL)
#                 Elt No. 0
#                 SV = IV(0xf4dd88) at 0xf4dd98
#                   REFCNT = 1
#                   FLAGS = (IOK,pIOK)
#                   IV = 0
#                 Elt No. 1
#                 Elt No. 2
#                 Elt No. 3
#                 SV = PVMG(0xfd88b0) at 0x122ce98
#                   REFCNT = 1
#                   FLAGS = (IOK,pIOK)
#                   IV = 1945
#                   NV = 0
#                   PV = 0
#           PV = 0xf633f0 ""
#           CUR = 0
#           LEN = 0
#         Elt No. 2
#         SV = PV(0x1482af0) at 0x14a6990
#           REFCNT = 1
#           FLAGS = (POK,IsCOW,pPOK)
#           PV = 0x10a5c20 "legacy"\0
#           CUR = 6
#           LEN = 10
#           COW_REFCNT = 17
#         Elt No. 3
#         SV = IV(0x14a5880) at 0x14a5890
#           REFCNT = 1
#           FLAGS = (IOK,pIOK)
#           IV = 0
# leaked ARRAY(0x14a7170) from /home/david/cpantesting/perl-5.20.1/lib/site_perl/5.20.1/Test/Stream/ArrayBase.pm line 64.
#   63:    my $class = shift;
#   64:    my $self = bless [@_], $class;
#   65:    $self->init if $self->can('init');
# SV = PVAV(0x14a5b28) at 0x14a7170
#   REFCNT = 1
#   FLAGS = (OBJECT)
#   STASH = 0x11c4430	"Test::Stream::Event::Note"
#   ARRAY = 0x14b57f0
#   FILL = 3
#   MAX = 3
#   ARYLEN = 0x0
#   FLAGS = (REAL)
#     Elt No. 0
#     SV = IV(0x14a7178) at 0x14a7188
#       REFCNT = 1
#       FLAGS = (ROK)
#       RV = 0x14a5260
#         SV = PVAV(0x14a5ad8) at 0x14a5260
#           REFCNT = 1
#           FLAGS = (OBJECT)
#           STASH = 0xf5fa08	"Test::Stream::Context"
#           ARRAY = 0x14d1c10
#           FILL = 9
#           MAX = 9
#           ARYLEN = 0x0
#           FLAGS = (REAL)
#             Elt No. 0
#             SV = IV(0x14a5190) at 0x14a51a0
#               REFCNT = 1
#               FLAGS = (ROK)
#               RV = 0x14a5530
#                 SV = PVAV(0x14a59c0) at 0x14a5530
#                   REFCNT = 1
#                   FLAGS = ()
#                   ARRAY = 0x149ced0
#                   FILL = 3
#                   MAX = 3
#                   ARYLEN = 0x0
#                   FLAGS = (REAL)
#             Elt No. 1
#             SV = PVNV(0x1475590) at 0x14a5860
#               REFCNT = 1
#               FLAGS = (ROK)
#               IV = 0
#               NV = 0
#               RV = 0xf633f0
#                 SV = PVAV(0xef6b18) at 0xf633f0
#                   REFCNT = 18
#                   FLAGS = (OBJECT,RMG)
#                   MAGIC = 0x149c850
#                     MG_VIRTUAL = &PL_vtbl_arylen_p
#                     MG_TYPE = PERL_MAGIC_arylen_p(@)
#                     MG_FLAGS = 0x02
#                       REFCOUNTED
#                   MAGIC = 0x1436180
#                     MG_VIRTUAL = &PL_vtbl_backref
#                     MG_TYPE = PERL_MAGIC_backref(<)
#                   STASH = 0xf5f9d8	"Test::Stream"
#                   ARRAY = 0x117e080
#                   FILL = 20
#                   MAX = 21
#                   ARYLEN = 0x0
#                   FLAGS = (REAL)
#               PV = 0xf633f0 ""
#               CUR = 0
#               LEN = 0
#             Elt No. 2
#             SV = PV(0x1482af0) at 0x14a6990
#               REFCNT = 1
#               FLAGS = (POK,IsCOW,pPOK)
#               PV = 0x10a5c20 "legacy"\0
#               CUR = 6
#               LEN = 10
#               COW_REFCNT = 17
#             Elt No. 3
#             SV = IV(0x14a5880) at 0x14a5890
#               REFCNT = 1
#               FLAGS = (IOK,pIOK)
#               IV = 0
#     Elt No. 1
#     SV = IV(0x14a7190) at 0x14a71a0
#       REFCNT = 1
#       FLAGS = (ROK)
#       RV = 0x14a70c8
#         SV = PVAV(0x14a5b00) at 0x14a70c8
#           REFCNT = 1
#           FLAGS = ()
#           ARRAY = 0x14b5500
#           FILL = 4
#           MAX = 4
#           ARYLEN = 0x0
#           FLAGS = (REAL)
#             Elt No. 0
#             SV = PV(0x1482b20) at 0x14a70e0
#               REFCNT = 1
#               FLAGS = (POK,IsCOW,pPOK)
#               PV = 0xf671b0 "Test::Stream::Context"
#               CUR = 21
#               LEN = 0
#             Elt No. 1
#             SV = PV(0x1482b60) at 0x14a70f8
#               REFCNT = 1
#               FLAGS = (POK,IsCOW,pPOK)
#               PV = 0x14d18b0 "/home/david/cpantesting/perl-5.20.1/lib/site_perl/5.20.1/Test/Stream/Context.pm"\0
#               CUR = 79
#               LEN = 81
#               COW_REFCNT = 0
#             Elt No. 2
#             SV = IV(0x14a7100) at 0x14a7110
#               REFCNT = 1
#               FLAGS = (IOK,pIOK)
#               IV = 237
#             Elt No. 3
#             SV = PV(0x1482b70) at 0x14a7128
#               REFCNT = 1
#               FLAGS = (POK,IsCOW,pPOK)
#               PV = 0x14d1910 "Test::Stream::Context::_note"\0
#               CUR = 28
#               LEN = 40
#               COW_REFCNT = 0
#     Elt No. 2
#     SV = IV(0x14a71a8) at 0x14a71b8
#       REFCNT = 1
#       FLAGS = (IOK,pIOK)
#       IV = 0
#     Elt No. 3
#     SV = PV(0x1482b80) at 0x14a71d0
#       REFCNT = 1
#       FLAGS = (POK,pPOK)
#       PV = 0x14b5820 "Data::MessagePack->unpack: insufficient bytes at t/50_leaktrace.t line 49.\n"\0
#       CUR = 75
#       LEN = 77
# leaked SCALAR(0x14a7140) from (eval 60) line 5.
# SV = PVNV(0x14755f0) at 0x14a7140
#   REFCNT = 1
#   FLAGS = (IOK,NOK,POK,pIOK,pNOK,pPOK)
#   IV = 1
#   NV = 1
#   PV = 0x14d1f70 "1"\0
#   CUR = 1
#   LEN = 10
# leaked SCALAR(0x14a7128) from (eval 60) line 5.
# SV = PV(0x1482b70) at 0x14a7128
#   REFCNT = 1
#   FLAGS = (POK,IsCOW,pPOK)
#   PV = 0x14d1910 "Test::Stream::Context::_note"\0
#   CUR = 28
#   LEN = 40
#   COW_REFCNT = 0
# leaked SCALAR(0x14a7110) from (eval 60) line 5.
# SV = IV(0x14a7100) at 0x14a7110
#   REFCNT = 1
#   FLAGS = (IOK,pIOK)
#   IV = 237
# leaked SCALAR(0x14a70f8) from (eval 60) line 5.
# SV = PV(0x1482b60) at 0x14a70f8
#   REFCNT = 1
#   FLAGS = (POK,IsCOW,pPOK)
#   PV = 0x14d18b0 "/home/david/cpantesting/perl-5.20.1/lib/site_perl/5.20.1/Test/Stream/Context.pm"\0
#   CUR = 79
#   LEN = 81
#   COW_REFCNT = 0
# leaked SCALAR(0x14a70e0) from (eval 60) line 5.
# SV = PV(0x1482b20) at 0x14a70e0
#   REFCNT = 1
#   FLAGS = (POK,IsCOW,pPOK)
#   PV = 0xf671b0 "Test::Stream::Context"
#   CUR = 21
#   LEN = 0
# leaked ARRAY(0x14a70c8) from (eval 60) line 5.
# SV = PVAV(0x14a5b00) at 0x14a70c8
#   REFCNT = 1
#   FLAGS = ()
#   ARRAY = 0x14b5500
#   FILL = 4
#   MAX = 4
#   ARYLEN = 0x0
#   FLAGS = (REAL)
#     Elt No. 0
#     SV = PV(0x1482b20) at 0x14a70e0
#       REFCNT = 1
#       FLAGS = (POK,IsCOW,pPOK)
#       PV = 0xf671b0 "Test::Stream::Context"
#       CUR = 21
#       LEN = 0
#     Elt No. 1
#     SV = PV(0x1482b60) at 0x14a70f8
#       REFCNT = 1
#       FLAGS = (POK,IsCOW,pPOK)
#       PV = 0x14d18b0 "/home/david/cpantesting/perl-5.20.1/lib/site_perl/5.20.1/Test/Stream/Context.pm"\0
#       CUR = 79
#       LEN = 81
#       COW_REFCNT = 0
#     Elt No. 2
#     SV = IV(0x14a7100) at 0x14a7110
#       REFCNT = 1
#       FLAGS = (IOK,pIOK)
#       IV = 237
#     Elt No. 3
#     SV = PV(0x1482b70) at 0x14a7128
#       REFCNT = 1
#       FLAGS = (POK,IsCOW,pPOK)
#       PV = 0x14d1910 "Test::Stream::Context::_note"\0
#       CUR = 28
#       LEN = 40
#       COW_REFCNT = 0
# leaked REF(0x14a70b0) from /home/david/cpantesting/perl-5.20.1/lib/site_perl/5.20.1/Test/Stream.pm line 450.
#  449:
#  450:    push @{$state->[STATE_LEGACY]} => $e if $self->[USE_LEGACY];
#  451:
# SV = IV(0x14a70a0) at 0x14a70b0
#   REFCNT = 1
#   FLAGS = (ROK)
#   RV = 0x14a7170
#     SV = PVAV(0x14a5b28) at 0x14a7170
#       REFCNT = 1
#       FLAGS = (OBJECT)
#       STASH = 0x11c4430	"Test::Stream::Event::Note"
#       ARRAY = 0x14b57f0
#       FILL = 3
#       MAX = 3
#       ARYLEN = 0x0
#       FLAGS = (REAL)
#         Elt No. 0
#         SV = IV(0x14a7178) at 0x14a7188
#           REFCNT = 1
#           FLAGS = (ROK)
#           RV = 0x14a5260
#             SV = PVAV(0x14a5ad8) at 0x14a5260
#               REFCNT = 1
#               FLAGS = (OBJECT)
#               STASH = 0xf5fa08	"Test::Stream::Context"
#               ARRAY = 0x14d1c10
#               FILL = 9
#               MAX = 9
#               ARYLEN = 0x0
#               FLAGS = (REAL)
#                 Elt No. 0
#                 SV = IV(0x14a5190) at 0x14a51a0
#                   REFCNT = 1
#                   FLAGS = (ROK)
#                   RV = 0x14a5530
#                 Elt No. 1
#                 SV = PVNV(0x1475590) at 0x14a5860
#                   REFCNT = 1
#                   FLAGS = (ROK)
#                   IV = 0
#                   NV = 0
#                   RV = 0xf633f0
#                   PV = 0xf633f0 ""
#                   CUR = 0
#                   LEN = 0
#                 Elt No. 2
#                 SV = PV(0x1482af0) at 0x14a6990
#                   REFCNT = 1
#                   FLAGS = (POK,IsCOW,pPOK)
#                   PV = 0x10a5c20 "legacy"\0
#                   CUR = 6
#                   LEN = 10
#                   COW_REFCNT = 17
#                 Elt No. 3
#                 SV = IV(0x14a5880) at 0x14a5890
#                   REFCNT = 1
#                   FLAGS = (IOK,pIOK)
#                   IV = 0
#         Elt No. 1
#         SV = IV(0x14a7190) at 0x14a71a0
#           REFCNT = 1
#           FLAGS = (ROK)
#           RV = 0x14a70c8
#             SV = PVAV(0x14a5b00) at 0x14a70c8
#               REFCNT = 1
#               FLAGS = ()
#               ARRAY = 0x14b5500
#               FILL = 4
#               MAX = 4
#               ARYLEN = 0x0
#               FLAGS = (REAL)
#                 Elt No. 0
#                 SV = PV(0x1482b20) at 0x14a70e0
#                   REFCNT = 1
#                   FLAGS = (POK,IsCOW,pPOK)
#                   PV = 0xf671b0 "Test::Stream::Context"
#                   CUR = 21
#                   LEN = 0
#                 Elt No. 1
#                 SV = PV(0x1482b60) at 0x14a70f8
#                   REFCNT = 1
#                   FLAGS = (POK,IsCOW,pPOK)
#                   PV = 0x14d18b0 "/home/david/cpantesting/perl-5.20.1/lib/site_perl/5.20.1/Test/Stream/Context.pm"\0
#                   CUR = 79
#                   LEN = 81
#                   COW_REFCNT = 0
#                 Elt No. 2
#                 SV = IV(0x14a7100) at 0x14a7110
#                   REFCNT = 1
#                   FLAGS = (IOK,pIOK)
#                   IV = 237
#                 Elt No. 3
#                 SV = PV(0x1482b70) at 0x14a7128
#                   REFCNT = 1
#                   FLAGS = (POK,IsCOW,pPOK)
#                   PV = 0x14d1910 "Test::Stream::Context::_note"\0
#                   CUR = 28
#                   LEN = 40
#                   COW_REFCNT = 0
#         Elt No. 2
#         SV = IV(0x14a71a8) at 0x14a71b8
#           REFCNT = 1
#           FLAGS = (IOK,pIOK)
#           IV = 0
#         Elt No. 3
#         SV = PV(0x1482b80) at 0x14a71d0
#           REFCNT = 1
#           FLAGS = (POK,pPOK)
#           PV = 0x14b5820 "Data::MessagePack->unpack: insufficient bytes at t/50_leaktrace.t line 49.\n"\0
#           CUR = 75
#           LEN = 77
# leaked REF(0x14a7068) from /home/david/cpantesting/perl-5.20.1/lib/site_perl/5.20.1/Test/Stream/Context.pm line 208.
#  207:sub snapshot {
#  208:    return bless [@{$_[0]}], blessed($_[0]);
#  209:}
# SV = IV(0x14a7058) at 0x14a7068
#   REFCNT = 1
#   FLAGS = (ROK)
#   RV = 0x14a5560
#     SV = PVAV(0x14a5a88) at 0x14a5560
#       REFCNT = 1
#       FLAGS = ()
#       ARRAY = 0x14d11d0
#       FILL = 1
#       MAX = 1
#       ARYLEN = 0x0
#       FLAGS = (REAL)
#         Elt No. 0
#         SV = PV(0x1482970) at 0x14a57d0
#           REFCNT = 1
#           FLAGS = (POK,IsCOW,pPOK)
#           PV = 0x14d11b0 "Test::More"\0
#           CUR = 10
#           LEN = 12
#           COW_REFCNT = 0
#         Elt No. 1
#         SV = PV(0x1482ad0) at 0x14a5830
#           REFCNT = 1
#           FLAGS = (POK,pPOK)
#           PV = 0x1495070 "note"\0
#           CUR = 4
#           LEN = 10
# leaked SCALAR(0x14a7050) from /home/david/cpantesting/perl-5.20.1/lib/site_perl/5.20.1/Test/Stream/Context.pm line 208.
#  207:sub snapshot {
#  208:    return bless [@{$_[0]}], blessed($_[0]);
#  209:}
# SV = IV(0x14a7040) at 0x14a7050
#   REFCNT = 1
#   FLAGS = (IOK,pIOK)
#   IV = 0
# leaked SCALAR(0x14a7038) from /home/david/cpantesting/perl-5.20.1/lib/site_perl/5.20.1/Test/Stream/Context.pm line 208.
#  207:sub snapshot {
#  208:    return bless [@{$_[0]}], blessed($_[0]);
#  209:}
# SV = NULL(0x0) at 0x14a7038
#   REFCNT = 1
#   FLAGS = ()
# leaked SCALAR(0x14a7020) from /home/david/cpantesting/perl-5.20.1/lib/site_perl/5.20.1/Test/Stream/Context.pm line 208.
#  207:sub snapshot {
#  208:    return bless [@{$_[0]}], blessed($_[0]);
#  209:}
# SV = PVMG(0x1331d30) at 0x14a7020
#   REFCNT = 1
#   FLAGS = (IOK,pIOK)
#   IV = 1945
#   NV = 0
#   PV = 0
# leaked SCALAR(0x14a7008) from /home/david/cpantesting/perl-5.20.1/lib/site_perl/5.20.1/Test/Stream/Context.pm line 208.
#  207:sub snapshot {
#  208:    return bless [@{$_[0]}], blessed($_[0]);
#  209:}
# SV = IV(0x14a6ff8) at 0x14a7008
#   REFCNT = 1
#   FLAGS = (IOK,pIOK)
#   IV = 0
# leaked SCALAR(0x14a6990) from /home/david/cpantesting/perl-5.20.1/lib/site_perl/5.20.1/Test/Stream/Context.pm line 208.
#  207:sub snapshot {
#  208:    return bless [@{$_[0]}], blessed($_[0]);
#  209:}
# SV = PV(0x1482af0) at 0x14a6990
#   REFCNT = 1
#   FLAGS = (POK,IsCOW,pPOK)
#   PV = 0x10a5c20 "legacy"\0
#   CUR = 6
#   LEN = 10
#   COW_REFCNT = 17
# leaked SCALAR(0x14a6930) from /home/david/cpantesting/perl-5.20.1/lib/site_perl/5.20.1/Test/Stream/Context.pm line 208.
#  207:sub snapshot {
#  208:    return bless [@{$_[0]}], blessed($_[0]);
#  209:}
# SV = NULL(0x0) at 0x14a6930
#   REFCNT = 1
#   FLAGS = ()
# leaked SCALAR(0x14a6918) from /home/david/cpantesting/perl-5.20.1/lib/site_perl/5.20.1/Test/Stream/Context.pm line 141.
#  140:
#  141:    return [$package, $file, $line, $subname];
#  142:}
# SV = PV(0x1482a40) at 0x14a6918
#   REFCNT = 1
#   FLAGS = (POK,IsCOW,pPOK)
#   PV = 0xebfb30 "main"
#   CUR = 4
#   LEN = 0
# Looks like you failed 2 tests of 6.
t/50_leaktrace.t ............ 
Dubious, test returned 2 (wstat 512, 0x200)
Failed 2/6 subtests 

Test Summary Report
-------------------
t/23-empty-key.t          (Wstat: 0 Tests: 3 Failed: 0)
  TODO passed:   1-2
t/50_leaktrace.t          (Wstat: 512 Tests: 6 Failed: 2)
  Failed tests:  2, 5
  Non-zero exit status: 2
Files=27, Tests=635,  5 wallclock secs ( 0.16 usr  0.12 sys +  1.44 cusr  0.35 csys =  2.07 CPU)
Result: FAIL
Failed 1/27 test programs. 2/635 subtests failed.
make: *** [test_dynamic] Error 2

------------------------------
PREREQUISITES
------------------------------

Prerequisite modules loaded:

requires:

    Module              Need     Have        
    ------------------- -------- ------------
    perl                5.008001 5.020001    
    XSLoader            0.02     0.17        

build_requires:

    Module              Need     Have        
    ------------------- -------- ------------
    Devel::PPPort       3.19     3.21        
    ExtUtils::MakeMaker 6.59     6.99_16     
    ExtUtils::ParseXS   2.21     3.24        
    Test::More          0.94     1.301001_053
    Test::Requires      0        0.08        

configure_requires:

    Module              Need     Have        
    ------------------- -------- ------------
    Devel::PPPort       3.19     3.21        
    ExtUtils::MakeMaker 6.59     6.99_16     
    ExtUtils::ParseXS   2.21     3.24        


------------------------------
ENVIRONMENT AND OTHER CONTEXT
------------------------------

Environment variables:

    AUTOMATED_TESTING = 1
    NONINTERACTIVE_TESTING = 1
    PATH = /usr/local/bin:/usr/bin:/bin:/usr/games
    PERL = 5.20.1
    PERL5LIB = 
    PERL5OPT = 
    PERL5_CPANPLUS_IS_RUNNING = 32103
    PERL5_CPAN_IS_RUNNING = 32103
    PERLVER = 5.20.1
    PERL_INLINE_DIRECTORY = /home/david/.Inline-5.20.1
    PERL_MM_USE_DEFAULT = 1
    SHELL = /bin/bash
    TERM = screen

Perl special variables (and OS-specific diagnostics, for MSWin32):

    $^X = /home/david/cpantesting/perl-5.20.1/bin/perl
    $UID/$EUID = 1000 / 1000
    $GID = 1000 1000
    $EGID = 1000 1000

Perl module toolchain versions installed:

    Module              Have        
    ------------------- ------------
    CPAN                2.05        
    CPAN::Meta          2.142690    
    Cwd                 3.48        
    ExtUtils::CBuilder  0.280217    
    ExtUtils::Command   1.18        
    ExtUtils::Install   1.67        
    ExtUtils::MakeMaker 6.99_16     
    ExtUtils::Manifest  1.65        
    ExtUtils::ParseXS   3.24        
    File::Spec          3.48        
    JSON                2.90        
    JSON::PP            2.27203     
    Module::Build       0.4210      
    Module::Signature   n/a         
    Parse::CPAN::Meta   1.4414      
    Test::Harness       3.30        
    Test::More          1.301001_053
    YAML                1.12        
    YAML::Syck          1.27        
    version             0.9909      


--

Summary of my perl5 (revision 5 version 20 subversion 1) configuration:
   
  Platform:
    osname=linux, osvers=3.2.0-4-amd64, archname=x86_64-linux-thread-multi
    uname='linux pigsty.barnyard.co.uk 3.2.0-4-amd64 #1 smp debian 3.2.35-2 x86_64 gnulinux '
    config_args='-de -Dprefix=/home/david/cpantesting/perl-5.20.1 -Dusethreads -Duse64bitall'
    hint=recommended, useposix=true, d_sigaction=define
    useithreads=define, usemultiplicity=define
    use64bitint=define, use64bitall=define, uselongdouble=undef
    usemymalloc=n, bincompat5005=undef
  Compiler:
    cc='cc', ccflags ='-D_REENTRANT -D_GNU_SOURCE -fno-strict-aliasing -pipe -fstack-protector -I/usr/local/include -D_LARGEFILE_SOURCE -D_FILE_OFFSET_BITS=64',
    optimize='-O2',
    cppflags='-D_REENTRANT -D_GNU_SOURCE -fno-strict-aliasing -pipe -fstack-protector -I/usr/local/include'
    ccversion='', gccversion='4.1.2 20061115 (prerelease) (Debian 4.1.1-21)', gccosandvers=''
    intsize=4, longsize=8, ptrsize=8, doublesize=8, byteorder=12345678
    d_longlong=define, longlongsize=8, d_longdbl=define, longdblsize=16
    ivtype='long', ivsize=8, nvtype='double', nvsize=8, Off_t='off_t', lseeksize=8
    alignbytes=8, prototype=define
  Linker and Libraries:
    ld='cc', ldflags =' -fstack-protector -L/usr/local/lib'
    libpth=/usr/local/lib /usr/lib /lib /lib64 /usr/lib64
    libs=-lnsl -lgdbm -ldb -ldl -lm -lcrypt -lutil -lpthread -lc -lgdbm_compat
    perllibs=-lnsl -ldl -lm -lcrypt -lutil -lpthread -lc
    libc=libc-2.3.6.so, so=so, useshrplib=false, libperl=libperl.a
    gnulibc_version='2.3.6'
  Dynamic Linking:
    dlsrc=dl_dlopen.xs, dlext=so, d_dlsymun=undef, ccdlflags='-Wl,-E'
    cccdlflags='-fPIC', lddlflags='-shared -O2 -L/usr/local/lib -fstack-protector'


Characteristics of this binary (from libperl): 
  Compile-time options: HAS_TIMES MULTIPLICITY PERLIO_LAYERS
                        PERL_DONT_CREATE_GVSV
                        PERL_HASH_FUNC_ONE_AT_A_TIME_HARD
                        PERL_IMPLICIT_CONTEXT PERL_MALLOC_WRAP
                        PERL_NEW_COPY_ON_WRITE PERL_PRESERVE_IVUV
                        USE_64_BIT_ALL USE_64_BIT_INT USE_ITHREADS
                        USE_LARGE_FILES USE_LOCALE USE_LOCALE_COLLATE
                        USE_LOCALE_CTYPE USE_LOCALE_NUMERIC USE_PERLIO
                        USE_PERL_ATOF USE_REENTRANT_API
  Built under linux
  Compiled at Oct  2 2014 15:24:41
  %ENV:
    PERL="5.20.1"
    PERL5LIB=""
    PERL5OPT=""
    PERL5_CPANPLUS_IS_RUNNING="32103"
    PERL5_CPAN_IS_RUNNING="32103"
    PERLVER="5.20.1"
    PERL_INLINE_DIRECTORY="/home/david/.Inline-5.20.1"
    PERL_MM_USE_DEFAULT="1"
  @INC:
    /home/david/cpantesting/perl-5.20.1/lib/site_perl/5.20.1/x86_64-linux-thread-multi
    /home/david/cpantesting/perl-5.20.1/lib/site_perl/5.20.1
    /home/david/cpantesting/perl-5.20.1/lib/5.20.1/x86_64-linux-thread-multi
    /home/david/cpantesting/perl-5.20.1/lib/5.20.1
    .