Report for XML-RSS-1.49

Back
From: metabase:user:320bfe00-2aae-11df-837a-5e0a49663a4f
Subject: FAIL XML-RSS-1.49 v5.17.10 GNU/Linux
Date: 2013-03-20T14:43:18Z

This distribution has been tested as part of the CPAN Testers
project, supporting the Perl programming language.  See
http://wiki.cpantesters.org/ for more information or email
questions to cpan-testers-discuss@perl.org


--
Dear Shlomi Fish,

This is a computer-generated report for XML-RSS-1.49
on perl 5.17.10, created by CPAN-Reporter-1.2009.

Thank you for uploading your work to CPAN.  However, there was a problem
testing your distribution.

If you think this report is invalid, please consult the CPAN Testers Wiki
for suggestions on how to avoid getting FAIL reports for missing library
or binary dependencies, unsupported operating systems, and so on:

http://wiki.cpantesters.org/wiki/CPANAuthorNotes

Sections of this report:

    * Tester comments
    * Program output
    * Prerequisites
    * Environment and other context

------------------------------
TESTER COMMENTS
------------------------------

Additional comments from tester:

this report is from an automated smoke testing program
and was not reviewed by a human for accuracy

------------------------------
PROGRAM OUTPUT
------------------------------

Output from './Build test':

t/load.t ....................... ok
t/pod.t ........................ ok
t/version.t .................... ok
t/render-upon-init.t ........... ok
t/encoding.t ................... ok
t/0.9-generate.t ............... ok
t/0.9-parse.t .................. ok
t/0.9-strict.t ................. ok
t/0.91-parse.t ................. ok
t/1.0-generate.t ............... ok
t/1.0-parse.t .................. ok
t/1.0-parse-2.t ................ ok
t/1.0-parse-exotic.t ........... ok
t/2.0-generate.t ............... ok
t/2.0-modules.t ................ ok
t/2.0-permalink.t .............. ok
t/2.0-parse.t .................. ok
t/2.0-parse-cloud.t ............ ok
t/2.0-parse-2.t ................ ok
t/2.0-parse-self.t ............. ok
t/2.0-wo-title.t ............... ok
t/1.0-to-2.0.t ................. ok
t/auto_add_modules.t ........... ok
t/enclosures.t ................. ok
t/enclosures2.t ................ ok
t/enclosures-multi.t ........... ok
t/encode-output.t .............. ok
t/test-generated-items.t ....... ok
t/pod-coverage.t ............... skipped: Test::Pod::Coverage required for testing pod coverage
t/rss2-gt-encoding.t ........... ok

#   Failed test 'got the same RSS both times'
#   at t/charset1.t line 76.
# +---+-----------------------------------------------------------+---+-----------------------------------------------------------+
# | Ln|Got                                                        | Ln|Expected                                                   |
# +---+-----------------------------------------------------------+---+-----------------------------------------------------------+
# |  3|<rdf:RDF                                                   |  3|<rdf:RDF                                                   |
# |  4| xmlns:rdf="http://www.w3.org/1999/02/22-rdf-syntax-ns#"   |  4| xmlns:rdf="http://www.w3.org/1999/02/22-rdf-syntax-ns#"   |
# |  5| xmlns="http://purl.org/rss/1.0/"                          |  5| xmlns="http://purl.org/rss/1.0/"                          |
# *  6| xmlns:dc="http://purl.org/dc/elements/1.1/"               *   |                                                           |
# *  7| xmlns:taxo="http://purl.org/rss/1.0/modules/taxonomy/"    *   |                                                           |
# *  8| xmlns:syn="http://purl.org/rss/1.0/modules/syndication/"  *   |                                                           |
# *  9| xmlns:content="http://purl.org/rss/1.0/modules/content/"  *   |                                                           |
# | 10| xmlns:admin="http://webns.net/mvcb/"                      |  6| xmlns:admin="http://webns.net/mvcb/"                      |
# |   |                                                           *  7| xmlns:content="http://purl.org/rss/1.0/modules/content/"  *
# |   |                                                           *  8| xmlns:syn="http://purl.org/rss/1.0/modules/syndication/"  *
# |   |                                                           *  9| xmlns:taxo="http://purl.org/rss/1.0/modules/taxonomy/"    *
# |   |                                                           * 10| xmlns:dc="http://purl.org/dc/elements/1.1/"               *
# | 11|>                                                          | 11|>                                                          |
# | 12|                                                           | 12|                                                           |
# | 13|<channel rdf:about="http://channel.url/">                  | 13|<channel rdf:about="http://channel.url/">                  |
# +---+-----------------------------------------------------------+---+-----------------------------------------------------------+
# Looks like you failed 1 test of 2.
t/charset1.t ................... 
Dubious, test returned 1 (wstat 256, 0x100)
Failed 1/2 subtests 
t/xml-header.t ................. ok
t/add-item-insert-vs-append.t .. ok
t/guid.t ....................... ok
t/xml-base.t ................... ok
t/save-while-in-taint-mode.t ... ok

Test Summary Report
-------------------
t/charset1.t                 (Wstat: 256 Tests: 2 Failed: 1)
  Failed test:  1
  Non-zero exit status: 1
Files=36, Tests=450,  6 wallclock secs ( 0.13 usr  0.05 sys +  5.62 cusr  0.65 csys =  6.45 CPU)
Result: FAIL
Failed 1/36 test programs. 1/450 subtests failed.

------------------------------
PREREQUISITES
------------------------------

Prerequisite modules loaded:

requires:

    Module                   Need  Have    
    ------------------------ ----- --------
    DateTime                 0     0.78    
    DateTime::Format::Mail   0     0.3001  
    DateTime::Format::W3CDTF 0     0.06    
    HTML::Entities           0     3.69    
    perl                     5.008 5.017010
    XML::Parser              2.23  2.41    

build_requires:

    Module                   Need  Have    
    ------------------------ ----- --------
    Test::Manifest           0.9   1.23    
    Test::More               0     0.98    

configure_requires:

    Module                   Need  Have    
    ------------------------ ----- --------
    Module::Build            0.36  0.4003  


------------------------------
ENVIRONMENT AND OTHER CONTEXT
------------------------------

Environment variables:

    AUTOMATED_TESTING = 1
    LANG = en_US.UTF-8
    LANGUAGE = en_US:en
    PATH = /usr/lib/ccache:/home/sand/bin:/usr/local/bin:/usr/bin:/bin:/usr/bin/X11:/usr/games:/usr/local/perl/bin:/usr/X11/bin:/sbin:/usr/sbin
    PERL5LIB = 
    PERL5OPT = 
    PERL5_CPANPLUS_IS_RUNNING = 28660
    PERL5_CPAN_IS_RUNNING = 28660
    PERL_MM_USE_DEFAULT = 1
    SHELL = /usr/bin/zsh
    TERM = screen

Perl special variables (and OS-specific diagnostics, for MSWin32):

    $^X = /tmp/basesmoker-reloperl-5Jaw/bin/perl
    $UID/$EUID = 1005 / 1005
    $GID = 1005 1005
    $EGID = 1005 1005

Perl module toolchain versions installed:

    Module              Have    
    ------------------- --------
    CPAN                2.00    
    CPAN::Meta          2.120921
    Cwd                 3.40    
    ExtUtils::CBuilder  0.280209
    ExtUtils::Command   1.17    
    ExtUtils::Install   1.59    
    ExtUtils::MakeMaker 6.65_01 
    ExtUtils::Manifest  1.63    
    ExtUtils::ParseXS   3.18    
    File::Spec          3.40    
    JSON                n/a     
    JSON::PP            2.27202 
    Module::Build       0.4003  
    Module::Signature   0.70    
    Parse::CPAN::Meta   1.4404  
    Test::Harness       3.26    
    Test::More          0.98    
    YAML                0.84    
    YAML::Syck          1.25    
    version             0.9902  


--

Summary of my perl5 (revision 5 version 17 subversion 10) configuration:
  Commit id: 93f31ee9fb6e815cac5df15822755aa4d75c91a9
  Platform:
    osname=linux, osvers=3.2.0-4-amd64, archname=x86_64-linux-thread-multi
    uname='linux k83 3.2.0-4-amd64 #1 smp debian 3.2.39-2 x86_64 gnulinux '
    config_args='-Dprefix=/home/src/perl/repoperls/installed-perls/perl/v5.17.9-233-g93f31ee/9980 -Dmyhostname=k83 -Dinstallusrbinperl=n -Uversiononly -Dusedevel -des -Ui_db -Duseithreads -Uuselongdouble -DDEBUGGING=-g'
    hint=recommended, useposix=true, d_sigaction=define
    useithreads=define, usemultiplicity=define
    useperlio=define, d_sfio=undef, uselargefiles=define, usesocks=undef
    use64bitint=define, use64bitall=define, uselongdouble=undef
    usemymalloc=n, bincompat5005=undef
  Compiler:
    cc='cc', ccflags ='-D_REENTRANT -D_GNU_SOURCE -fno-strict-aliasing -pipe -fstack-protector -I/usr/local/include -D_LARGEFILE_SOURCE -D_FILE_OFFSET_BITS=64',
    optimize='-O2 -g',
    cppflags='-D_REENTRANT -D_GNU_SOURCE -fno-strict-aliasing -pipe -fstack-protector -I/usr/local/include'
    ccversion='', gccversion='4.7.2', gccosandvers=''
    intsize=4, longsize=8, ptrsize=8, doublesize=8, byteorder=12345678
    d_longlong=define, longlongsize=8, d_longdbl=define, longdblsize=16
    ivtype='long', ivsize=8, nvtype='double', nvsize=8, Off_t='off_t', lseeksize=8
    alignbytes=8, prototype=define
  Linker and Libraries:
    ld='cc', ldflags =' -fstack-protector -L/usr/local/lib'
    libpth=/usr/local/lib /lib/x86_64-linux-gnu /lib/../lib /usr/lib/x86_64-linux-gnu /usr/lib/../lib /lib /usr/lib
    libs=-lnsl -lgdbm -ldb -ldl -lm -lcrypt -lutil -lpthread -lc -lgdbm_compat
    perllibs=-lnsl -ldl -lm -lcrypt -lutil -lpthread -lc
    libc=, so=so, useshrplib=false, libperl=libperl.a
    gnulibc_version='2.13'
  Dynamic Linking:
    dlsrc=dl_dlopen.xs, dlext=so, d_dlsymun=undef, ccdlflags='-Wl,-E'
    cccdlflags='-fPIC', lddlflags='-shared -O2 -g -L/usr/local/lib -fstack-protector'


Characteristics of this binary (from libperl): 
  Compile-time options: HAS_TIMES MULTIPLICITY PERLIO_LAYERS
                        PERL_DONT_CREATE_GVSV PERL_IMPLICIT_CONTEXT
                        PERL_MALLOC_WRAP PERL_PRESERVE_IVUV PERL_SAWAMPERSAND
                        PERL_USE_DEVEL USE_64_BIT_ALL USE_64_BIT_INT
                        USE_ITHREADS USE_LARGE_FILES USE_LOCALE
                        USE_LOCALE_COLLATE USE_LOCALE_CTYPE
                        USE_LOCALE_NUMERIC USE_PERLIO USE_PERL_ATOF
                        USE_REENTRANT_API
  Built under linux
  Compiled at Mar 20 2013 08:19:29
  %ENV:
    PERL5LIB=""
    PERL5OPT=""
    PERL5_CPANPLUS_IS_RUNNING="28660"
    PERL5_CPAN_IS_RUNNING="28660"
    PERL_MM_USE_DEFAULT="1"
  @INC:
    /home/src/perl/repoperls/installed-perls/perl/v5.17.9-233-g93f31ee/9980/lib/site_perl/5.17.10/x86_64-linux-thread-multi
    /home/src/perl/repoperls/installed-perls/perl/v5.17.9-233-g93f31ee/9980/lib/site_perl/5.17.10
    /home/src/perl/repoperls/installed-perls/perl/v5.17.9-233-g93f31ee/9980/lib/5.17.10/x86_64-linux-thread-multi
    /home/src/perl/repoperls/installed-perls/perl/v5.17.9-233-g93f31ee/9980/lib/5.17.10
    .