Report for SWISH-3-1.000015

Back
From: metabase:user:320bfe00-2aae-11df-837a-5e0a49663a4f
Subject: FAIL SWISH-3-1.000015 5.31.12 GNU/Linux
Date: 2020-05-17T08:43:38Z

This distribution has been tested as part of the CPAN Testers
project, supporting the Perl programming language.  See
http://wiki.cpantesters.org/ for more information or email
questions to cpan-testers-discuss@perl.org


--
Dear Peter Karman,

This is a computer-generated report for SWISH-3-1.000015
on perl 5.31.12, created by CPAN-Reporter-1.2018.

Thank you for uploading your work to CPAN.  However, there was a problem
testing your distribution.

If you think this report is invalid, please consult the CPAN Testers Wiki
for suggestions on how to avoid getting FAIL reports for missing library
or binary dependencies, unsupported operating systems, and so on:

http://wiki.cpantesters.org/wiki/CPANAuthorNotes

Sections of this report:

    * Tester comments
    * Program output
    * Prerequisites
    * Environment and other context

------------------------------
TESTER COMMENTS
------------------------------

Additional comments from tester:

none provided

------------------------------
PROGRAM OUTPUT
------------------------------

Output from '/usr/bin/make test':

"/home/sand/src/perl/repoperls/installed-perls/host/k93msid/v5.31.11-25-g033d4d869f/29fb/bin/perl" -MExtUtils::Command::MM -e 'cp_nonempty' -- 3.bs blib/arch/auto/SWISH/3/3.bs 644
PERL_DL_NONLAZY=1 "/home/sand/src/perl/repoperls/installed-perls/host/k93msid/v5.31.11-25-g033d4d869f/29fb/bin/perl" "-MExtUtils::Command::MM" "-MTest::Harness" "-e" "undef *Test::Harness::Switches; test_harness(0, 'blib/lib', 'blib/arch')" t/*.t
sizeof pointer: 8
sizeof long: 8
sizeof int: 4
sizeof IV: 8
$s3 refcount = 1
t/00-sanity.t ......... ok
# 1.0.2480a0b
# $SWISH::3::VERSION=1.000015
t/00-version.t ........ ok
panic: free from wrong pool, 2!=556cc3d99260.
t/01slurp.t ........... 
Dubious, test returned 22 (wstat 5632, 0x1600)
All 6 subtests passed 
# libxml2 version 2.9.4
# libswish3 version 1.0.2480a0b
t/02xml2_version.t .... ok
t/03parse_file.t ...... ok
t/04subclass.t ........ ok
t/05latin1.t .......... ok
t/06constants.t ....... ok
t/07-refcnt.t ......... ok
default handler called
default handler called
t/08-handler.t ........ ok
t/09-mem.t ............ ok
t/10tokenize.t ........ ok
t/11get_set_parser.t .. ok
t/12-stash.t .......... ok
t/14-config.t ......... ok
t/15-analyzer.t ....... ok
t/16-header.t ......... ok
t/20metanames.t ....... ok
t/21-get-stash.t ...... ok
t/22-leak-trace.t ..... skipped: require Test::LeakTrace
Swish WARNING libswish3.c:2955 swish_docinfo_from_filesystem: Can't stat 'no/such/file.xml': No such file or directory
Swish WARNING libswish3.c:6716 swish_parse_file: Skipping no/such/file.xml
default handler called
t/24-error.t .......... ok
t/25-get-mime.t ....... ok
t/26-get-parsers.t .... ok
# ============================================================
#           mtime: 1408496426
#            size: 1245
#        encoding: utf-8
#            mime: text/xml
#             uri: this/is/file/one.xml
#          nwords: 95
#             ext: xml
#          parser: XML
# ============================================================
#           mtime: 1408496426
#            size: 525
#        encoding: utf-8
#            mime: text/xml
#             uri: this/is/file/two.xml
#          nwords: 38
#             ext: xml
#          parser: XML
# ============================================================
#           mtime: 1408496426
#            size: 1199
#        encoding: utf-8
#            mime: text/xml
#             uri: this/is/file/three.xml
#          nwords: 99
#             ext: xml
#          parser: XML
# ============================================================
#           mtime: 1408496426
#            size: 1245
#        encoding: utf-8
#            mime: text/xml
#             uri: this/is/file/one.xml
#          nwords: 95
#             ext: xml
#          parser: XML
# ============================================================
#           mtime: 1408496426
#            size: 525
#        encoding: utf-8
#            mime: text/xml
#             uri: this/is/file/two.xml
#          nwords: 38
#             ext: xml
#          parser: XML
# ============================================================
#           mtime: 1408496426
#            size: 1199
#        encoding: utf-8
#            mime: text/xml
#             uri: this/is/file/three.xml
#          nwords: 99
#             ext: xml
#          parser: XML
t/27-parse_fh.t ....... ok
# Content-Length: 7
# Last-Modified: 1589704998
# Content-Location: foobar
# 
t/28-headers.t ........ ok
t/pod-coverage.t ...... skipped: set RELEASE_TESTING to test POD
t/pod.t ............... skipped: set RELEASE_TESTING to test POD

Test Summary Report
-------------------
t/01slurp.t         (Wstat: 5632 Tests: 6 Failed: 0)
  Non-zero exit status: 22
Files=27, Tests=712,  6 wallclock secs ( 0.12 usr  0.10 sys +  1.95 cusr  0.62 csys =  2.79 CPU)
Result: FAIL
Failed 1/27 test programs. 0/712 subtests failed.
make: *** [Makefile:1066: test_dynamic] Error 255

------------------------------
PREREQUISITES
------------------------------

Prerequisite modules loaded:

requires:

    Module              Need     Have    
    ------------------- -------- --------
    Data::Dump          0        1.23    
    perl                5.008003 5.031012
    Test::More          0        1.302175

build_requires:

    Module              Need     Have    
    ------------------- -------- --------
    ExtUtils::MakeMaker 0        7.44    

configure_requires:

    Module              Need     Have    
    ------------------- -------- --------
    ExtUtils::MakeMaker 0        7.44    


------------------------------
ENVIRONMENT AND OTHER CONTEXT
------------------------------

Environment variables:

    LANG = en_US.UTF-8
    PATH = /home/sand/bin:/usr/local/bin:/usr/bin:/bin:/usr/games:/usr/local/perl/bin:/usr/X11/bin:/sbin:/usr/sbin
    PERL5LIB = 
    PERL5OPT = 
    PERL5_CPANPLUS_IS_RUNNING = 741981
    PERL5_CPAN_IS_RUNNING = 741981
    PERL_USE_UNSAFE_INC = 1
    SHELL = /usr/bin/zsh
    TERM = screen

Perl special variables (and OS-specific diagnostics, for MSWin32):

    $^X = /home/sand/src/perl/repoperls/installed-perls/host/k93msid/v5.31.11-25-g033d4d869f/29fb/bin/perl
    $UID/$EUID = 1005 / 1005
    $GID = 1005 1005
    $EGID = 1005 1005

Perl module toolchain versions installed:

    Module              Have    
    ------------------- --------
    CPAN                2.27    
    CPAN::Meta          2.150010
    Cwd                 3.78    
    ExtUtils::CBuilder  0.280234
    ExtUtils::Command   7.44    
    ExtUtils::Install   2.14    
    ExtUtils::MakeMaker 7.44    
    ExtUtils::Manifest  1.72    
    ExtUtils::ParseXS   3.40    
    File::Spec          3.78    
    JSON                4.02    
    JSON::PP            4.04    
    Module::Build       0.4231  
    Module::Signature   0.83    
    Parse::CPAN::Meta   2.150010
    Test::Harness       3.42    
    Test::More          1.302175
    YAML                1.30    
    YAML::Syck          1.32    
    version             0.9924  


--

Summary of my perl5 (revision 5 version 31 subversion 12) configuration:
  Commit id: 033d4d869f11e17980732c7baabfa2dce6b77d0f
  Platform:
    osname=linux
    osvers=5.3.0-2-amd64
    archname=x86_64-linux-thread-multi
    uname='linux k93msid 5.3.0-2-amd64 #1 smp debian 5.3.9-3 (2019-11-19) x86_64 gnulinux '
    config_args='-Dprefix=/home/sand/src/perl/repoperls/installed-perls/host/k93msid/v5.31.11-25-g033d4d869f/29fb -Dmyhostname=k93msid -Dinstallusrbinperl=n -Uversiononly -Dusedevel -des -Ui_db -Dlibswanted=cl pthread socket inet nsl gdbm dbm malloc dl ld sun m crypt sec util c cposix posix ucb BSD gdbm_compat -Duseithreads -Uuselongdouble -DEBUGGING=both'
    hint=recommended
    useposix=true
    d_sigaction=define
    useithreads=define
    usemultiplicity=define
    use64bitint=define
    use64bitall=define
    uselongdouble=undef
    usemymalloc=n
    default_inc_excludes_dot=define
    bincompat5005=undef
  Compiler:
    cc='cc'
    ccflags ='-D_REENTRANT -D_GNU_SOURCE -fwrapv -DDEBUGGING -fno-strict-aliasing -pipe -fstack-protector-strong -I/usr/local/include -D_LARGEFILE_SOURCE -D_FILE_OFFSET_BITS=64 -D_FORTIFY_SOURCE=2'
    optimize='-O2 -g'
    cppflags='-D_REENTRANT -D_GNU_SOURCE -fwrapv -DDEBUGGING -fno-strict-aliasing -pipe -fstack-protector-strong -I/usr/local/include'
    ccversion=''
    gccversion='9.2.1 20191109'
    gccosandvers=''
    intsize=4
    longsize=8
    ptrsize=8
    doublesize=8
    byteorder=12345678
    doublekind=3
    d_longlong=define
    longlongsize=8
    d_longdbl=define
    longdblsize=16
    longdblkind=3
    ivtype='long'
    ivsize=8
    nvtype='double'
    nvsize=8
    Off_t='off_t'
    lseeksize=8
    alignbytes=8
    prototype=define
  Linker and Libraries:
    ld='cc'
    ldflags =' -fstack-protector-strong -L/usr/local/lib'
    libpth=/usr/local/lib /usr/lib/gcc/x86_64-linux-gnu/9/include-fixed /usr/include/x86_64-linux-gnu /usr/lib /lib/x86_64-linux-gnu /lib/../lib /usr/lib/x86_64-linux-gnu /usr/lib/../lib /lib
    libs=-lpthread -lnsl -ldl -lm -lcrypt -lutil -lc
    perllibs=-lpthread -lnsl -ldl -lm -lcrypt -lutil -lc
    libc=libc-2.29.so
    so=so
    useshrplib=false
    libperl=libperl.a
    gnulibc_version='2.29'
  Dynamic Linking:
    dlsrc=dl_dlopen.xs
    dlext=so
    d_dlsymun=undef
    ccdlflags='-Wl,-E'
    cccdlflags='-fPIC'
    lddlflags='-shared -O2 -g -L/usr/local/lib -fstack-protector-strong'


Characteristics of this binary (from libperl): 
  Compile-time options:
    DEBUGGING
    HAS_TIMES
    MULTIPLICITY
    PERLIO_LAYERS
    PERL_COPY_ON_WRITE
    PERL_DONT_CREATE_GVSV
    PERL_IMPLICIT_CONTEXT
    PERL_MALLOC_WRAP
    PERL_OP_PARENT
    PERL_PRESERVE_IVUV
    PERL_TRACK_MEMPOOL
    PERL_USE_DEVEL
    USE_64_BIT_ALL
    USE_64_BIT_INT
    USE_ITHREADS
    USE_LARGE_FILES
    USE_LOCALE
    USE_LOCALE_COLLATE
    USE_LOCALE_CTYPE
    USE_LOCALE_NUMERIC
    USE_LOCALE_TIME
    USE_PERLIO
    USE_PERL_ATOF
    USE_REENTRANT_API
    USE_THREAD_SAFE_LOCALE
  Built under linux
  Compiled at May 15 2020 10:19:03
  %ENV:
    PERL5LIB=""
    PERL5OPT=""
    PERL5_CPANPLUS_IS_RUNNING="741981"
    PERL5_CPAN_IS_RUNNING="741981"
    PERL_USE_UNSAFE_INC="1"
  @INC:
    /home/sand/src/perl/repoperls/installed-perls/host/k93msid/v5.31.11-25-g033d4d869f/29fb/lib/site_perl/5.31.12/x86_64-linux-thread-multi
    /home/sand/src/perl/repoperls/installed-perls/host/k93msid/v5.31.11-25-g033d4d869f/29fb/lib/site_perl/5.31.12
    /home/sand/src/perl/repoperls/installed-perls/host/k93msid/v5.31.11-25-g033d4d869f/29fb/lib/5.31.12/x86_64-linux-thread-multi
    /home/sand/src/perl/repoperls/installed-perls/host/k93msid/v5.31.11-25-g033d4d869f/29fb/lib/5.31.12
    .