Report for Wiki-Toolkit-0.78

Back
From: metabase:user:30ae4450-2aae-11df-837a-5e0a49663a4f
Subject: FAIL Wiki-Toolkit-0.78 5.10.1 
Date: 2010-08-02T11:24:00Z

This distribution has been tested as part of the CPAN Testers
project, supporting the Perl programming language.  See
http://wiki.cpantesters.org/ for more information or email
questions to cpan-testers-discuss@perl.org


--
Dear Dominic Hargreaves,

This is a computer-generated report for Wiki-Toolkit-0.78
on perl 5.10.1, created by CPAN-Reporter-1.1711.

Thank you for uploading your work to CPAN.  However, there was a problem
testing your distribution.

If you think this report is invalid, please consult the CPAN Testers Wiki
for suggestions on how to avoid getting FAIL reports for missing library
or binary dependencies, unsupported operating systems, and so on:

http://wiki.cpantesters.org/wiki/CPANAuthorNotes

Sections of this report:

    * Tester comments
    * Program output
    * Prerequisites
    * Environment and other context

------------------------------
TESTER COMMENTS
------------------------------

Additional comments from tester:

none provided

------------------------------
PROGRAM OUTPUT
------------------------------

Output from 'C:\strawberry\c\bin\dmake.EXE test':

C:\strawberry\perl\bin\perl.exe "-MExtUtils::Command::MM" "-e" "test_harness(0, 'blib\lib', 'blib\arch')" t/*.t
t/001_load.t ........................... ok
t/002_datastore_setup.t ................ ok
t/003_instantiate.t .................... ok
t/004_write_and_retrieve.t ............. ok
t/005_delete.t ......................... ok
t/006_list_all.t ....................... ok
t/007_search.t ......................... ok
t/008_write_and_rewrite.t .............. ok
t/009_backlinks.t ...................... ok
t/010_metadata.t ....................... ok
t/011_recent_changes.t ................. ok
t/012_blank_data.t ..................... ok
t/013_fuzzy_title_match.t .............. ok
t/014_advanced_metadata.t .............. ok
t/015_dangling_links.t ................. ok
t/016_recent_changes_between.t ......... ok
Asked to delete non existant version 2 of node 5 (Five Node) at C:\strawberry\cpan\build\Wiki-Toolkit-0.78-Yl7inx\blib\lib/Wiki/Toolkit/Store/Database.pm line 1053.
t/017_delete_version.t ................. ok
t/018_rc_multiple_metadata_criteria.t .. ok
t/019_recent_changes_case.t ............ ok
t/020_node_exists_case_insensitive.t ... ok
t/021_moderation.t ..................... ok
t/022_list_unmoderated.t ............... ok
t/025_list_node_all_versions.t ......... ok
t/026_schema_current.t ................. ok
t/027_list_last_version_before.t ....... ok
t/040_rename.t ......................... ok
t/050_mysql_store.t .................... ok
t/051_pg_store.t ....................... ok
Un-mocked method 'begin_work()' called at C:\strawberry\cpan\build\Wiki-Toolkit-0.78-Yl7inx\blib\lib/Wiki/Toolkit/Store/SQLite.pm line 69
Un-mocked method 'quote()' called at C:\strawberry\cpan\build\Wiki-Toolkit-0.78-Yl7inx\blib\lib/Wiki/Toolkit/Store/Database.pm line 272
Use of uninitialized value in concatenation (.) or string at C:\strawberry\cpan\build\Wiki-Toolkit-0.78-Yl7inx\blib\lib/Wiki/Toolkit/Store/Database.pm line 272.
Un-mocked method 'selectrow_array()' called at C:\strawberry\cpan\build\Wiki-Toolkit-0.78-Yl7inx\blib\lib/Wiki/Toolkit/Store/Database.pm line 280
Un-mocked method 'prepare()' called at C:\strawberry\cpan\build\Wiki-Toolkit-0.78-Yl7inx\blib\lib/Wiki/Toolkit/Store/Database.pm line 236

#   Failed test '...and croaks on database error'
#   at t/052_sqlite_store.t line 81.
# Looks like you failed 1 test of 9.
t/052_sqlite_store.t ................... 
Dubious, test returned 1 (wstat 256, 0x100)
Failed 1/9 subtests 
t/060_recent_changes_new_only.t ........ ok
t/061_list_metadata_by_type.t .......... ok
t/100_formatting.t ..................... ok
t/101_default_formatter.t .............. ok
t/102_multiple_formatter.t ............. ok
t/150_plugins.t ........................ ok
t/151_plugin_methods.t ................. ok
t/152_pre_plugin_approval.t ............ ok
t/297_feed_rss_recentchanges.t ......... ok
t/298_feed_rss_node_all_versions.t ..... ok
t/299_feed_rss_gen_node_dist_feed.t .... ok
t/300_feed_atom_setup.t ................ ok
t/301_feed_atom_add_test_data.t ........ ok
t/302_feed_atom_recentchanges.t ........ ok
t/303_feed_atom_node_all_versions.t .... ok
t/304_feed_atom_gen_node_dist_feed.t ... ok
t/400_upgrade.t ........................ ok
t/401_null_change.t .................... ok
t/500_pod.t ............................ ok

Test Summary Report
-------------------
t/052_sqlite_store.t                 (Wstat: 256 Tests: 9 Failed: 1)
  Failed test:  9
  Non-zero exit status: 1
Files=48, Tests=941, 135 wallclock secs ( 1.14 usr +  0.34 sys =  1.48 CPU)
Result: FAIL
Failed 1/48 test programs. 1/941 subtests failed.
dmake.EXE:  Error code 255, while making 'test_dynamic'

------------------------------
PREREQUISITES
------------------------------

Prerequisite modules loaded:

requires:

    Module           Need Have 
    ---------------- ---- -----
    DBD::SQLite      0.25 1.29 
    DBI              0    1.609
    Digest::MD5      0    2.39 
    HTML::PullParser 0    3.57 
    Test::More       0    0.94 
    Text::WikiFormat 0.78 0.79 
    Time::Piece      0    1.15 


------------------------------
ENVIRONMENT AND OTHER CONTEXT
------------------------------

Environment variables:

    COMSPEC = C:\WINDOWS\system32\cmd.exe
    INCLUDE = G:\Prg\Microsoft Visual Studio\VC98\atl\include;G:\Prg\Microsoft Visual Studio\VC98\mfc\include;G:\Prg\Microsoft Visual Studio\VC98\include;c:\perl\ext\include\
    LIB = G:\Prg\Microsoft Visual Studio\VC98\mfc\lib;G:\Prg\Microsoft Visual Studio\VC98\lib;c:\perl\ext\lib\
    NUMBER_OF_PROCESSORS = 1
    PATH = C:\Program Files\Far;C:\PHP\;D:\Perl561\bin\;C:\Perl\site\bin;C:\Perl\bin;c:\program files\imagemagick-6.2.5-q16;C:\WINDOWS\system32;C:\WINDOWS;C:\WINDOWS\System32\Wbem;c:\util\;C:\vanilla-perl\perl\bin;C:\vanilla-perl\dmake\bin;C:\vanilla-perl\mingw\bin;C:\Program Files\Common Files\GTK\2.0\bin;C:\strawberry\c\bin\;C:\strawberry\perl\bin;D:\Prg\TortoiseGit\bin;C:\Program Files\TortoiseSVN\bin;D:\Program Files\Subversion\bin;d:\Program Files\Mercurial;d:\Prg\Git\cmd;C:\strawberry\c\bin;C:\strawberry512RC0\c\bin;C:\strawberry512RC0\perl\bin;C:\strawberry512RC0\perl\site\bin;C:\strawberry512RC\c\bin;C:\strawberry512RC\perl\site\bin;C:\strawberry512RC\perl\bin;E:\strawberry5121b\c\bin;E:\strawberry5121b\perl\site\bin;E:\strawberry5121b\perl\bin;G:\Prg\Microsoft Visual Studio\Common\Tools\WinNT;G:\Prg\Microsoft Visual Studio\Common\MSDev98\Bin;G:\Prg\Microsoft Visual Studio\Common\Tools;G:\Prg\Microsoft Visual Studio\VC98\bin;c:\php\;C:\Prg\svk\bin;;
    PERL5LIB = 
    PERL5OPT = 
    PERL5_CPANPLUS_IS_RUNNING = 3952
    PERL5_CPAN_IS_RUNNING = 3952
    PROCESSOR_IDENTIFIER = x86 Family 15 Model 2 Stepping 4, GenuineIntel
    TEMP = C:\DOCUME~1\Sasha\LOCALS~1\Temp
    TERM = dumb

Perl special variables (and OS-specific diagnostics, for MSWin32):

    $^X = C:\strawberry\perl\bin\perl.exe
    $UID/$EUID = 0 / 0
    $GID = 0
    $EGID = 0
    Win32::GetOSName = WinXP/.Net
    Win32::GetOSVersion = Service Pack 2, 5, 1, 2600, 2, 2, 0, 256, 1
    Win32::FsType = NTFS
    Win32::IsAdminUser = 1

Perl module toolchain versions installed:

    Module              Have   
    ------------------- -------
    CPAN                1.94_52
    Cwd                 3.31   
    ExtUtils::CBuilder  0.27   
    ExtUtils::Command   1.16   
    ExtUtils::Install   1.54   
    ExtUtils::MakeMaker 6.56   
    ExtUtils::Manifest  1.57   
    ExtUtils::ParseXS   2.21   
    File::Spec          3.31   
    Module::Build       0.3603 
    Module::Signature   0.55   
    Test::Harness       3.21   
    Test::More          0.94   
    YAML                0.71   
    YAML::Syck          1.07   
    version             0.82   


--

Summary of my perl5 (revision 5 version 10 subversion 1) configuration:
   
  Platform:
    osname=MSWin32, osvers=5.1, archname=MSWin32-x86-multi-thread
    uname='Win32 strawberryperl 5.10.1.0 #1 30 i386'
    config_args='undef'
    hint=recommended, useposix=true, d_sigaction=undef
    useithreads=define, usemultiplicity=define
    useperlio=define, d_sfio=undef, uselargefiles=define, usesocks=undef
    use64bitint=undef, use64bitall=undef, uselongdouble=undef
    usemymalloc=n, bincompat5005=undef
  Compiler:
    cc='gcc', ccflags =' -s -O2 -DWIN32 -DHAVE_DES_FCRYPT  -DUSE_SITECUSTOMIZE -DPERL_IMPLICIT_CONTEXT -DPERL_IMPLICIT_SYS -fno-strict-aliasing -DPERL_MSVCRT_READFIX',
    optimize='-s -O2',
    cppflags='-DWIN32'
    ccversion='', gccversion='3.4.5', gccosandvers=''
    intsize=4, longsize=4, ptrsize=4, doublesize=8, byteorder=1234
    d_longlong=undef, longlongsize=8, d_longdbl=define, longdblsize=12
    ivtype='long', ivsize=4, nvtype='double', nvsize=8, Off_t='long long', lseeksize=8
    alignbytes=8, prototype=define
  Linker and Libraries:
    ld='g++', ldflags ='-s -L"C:\strawberry\perl\lib\CORE" -L"C:\strawberry\c\lib"'
    libpth=C:\strawberry\c\lib
    libs= -lmoldname -lkernel32 -luser32 -lgdi32 -lwinspool -lcomdlg32 -ladvapi32 -lshell32 -lole32 -loleaut32 -lnetapi32 -luuid -lws2_32 -lmpr -lwinmm -lversion -lodbc32 -lodbccp32
    perllibs= -lmoldname -lkernel32 -luser32 -lgdi32 -lwinspool -lcomdlg32 -ladvapi32 -lshell32 -lole32 -loleaut32 -lnetapi32 -luuid -lws2_32 -lmpr -lwinmm -lversion -lodbc32 -lodbccp32
    libc=, so=dll, useshrplib=true, libperl=libperl510.a
    gnulibc_version=''
  Dynamic Linking:
    dlsrc=dl_win32.xs, dlext=dll, d_dlsymun=undef, ccdlflags=' '
    cccdlflags=' ', lddlflags='-mdll -s -L"C:\strawberry\perl\lib\CORE" -L"C:\strawberry\c\lib"'


Characteristics of this binary (from libperl): 
  Compile-time options: MULTIPLICITY PERL_DONT_CREATE_GVSV
                        PERL_IMPLICIT_CONTEXT PERL_IMPLICIT_SYS
                        PERL_MALLOC_WRAP PL_OP_SLAB_ALLOC USE_ITHREADS
                        USE_LARGE_FILES USE_PERLIO USE_SITECUSTOMIZE
  Built under MSWin32
  Compiled at Oct 21 2009 13:54:15
  %ENV:
    PERL5_CPANPLUS_IS_RUNNING="3952"
    PERL5_CPAN_IS_RUNNING="3952"
  @INC:
    C:/strawberry/perl/lib
    C:/strawberry/perl/site/lib
    C:\strawberry\perl\vendor\lib
    .