Report for Redis-JobQueue-1.15

Back
From: metabase:user:314402c4-2aae-11df-837a-5e0a49663a4f
Subject: FAIL Redis-JobQueue-1.15 v5.21.10 GNU/Linux
Date: 2015-04-05T15:57:44Z

This distribution has been tested as part of the CPAN Testers
project, supporting the Perl programming language.  See
http://wiki.cpantesters.org/ for more information or email
questions to cpan-testers-discuss@perl.org


--
Dear Sergey Gladkov,

This is a computer-generated report for Redis-JobQueue-1.15
on perl 5.21.10, created by CPAN-Reporter-1.2011.

Thank you for uploading your work to CPAN.  However, there was a problem
testing your distribution.

If you think this report is invalid, please consult the CPAN Testers Wiki
for suggestions on how to avoid getting FAIL reports for missing library
or binary dependencies, unsupported operating systems, and so on:

http://wiki.cpantesters.org/wiki/CPANAuthorNotes

Sections of this report:

    * Tester comments
    * Program output
    * Prerequisites
    * Environment and other context

------------------------------
TESTER COMMENTS
------------------------------

Additional comments from tester:

none provided

------------------------------
PROGRAM OUTPUT
------------------------------

Output from '/usr/bin/make test':

PERL_DL_NONLAZY=1 "/bbbike/perl-5.21.10t/bin/perl5.21.10" "-MExtUtils::Command::MM" "-MTest::Harness" "-e" "undef *Test::Harness::Switches; test_harness(0, 'blib/lib', 'blib/arch')" t/00_compile.t t/00_Job/00_compile.t t/00_Job/01_new.t t/00_Job/02_accessor.t t/00_Job/03_modified.t t/00_Job/04_job_attributes.t t/00_Job/05_meta_data.t t/01_JobQueue/00_compile.t t/01_JobQueue/01_new.t t/01_JobQueue/02_add_job.t t/01_JobQueue/04_load_job.t t/01_JobQueue/05_get_next_job.t t/01_JobQueue/06_update_job.t t/01_JobQueue/07_delete_job.t t/01_JobQueue/08_get_job_ids.t t/01_JobQueue/09_quit.t t/01_JobQueue/10_max_datasize.t t/01_JobQueue/11_last_errorcode.t t/01_JobQueue/12_timeout.t t/01_JobQueue/13_get_job_meta_fields.t t/01_JobQueue/14_get_job_data.t t/01_JobQueue/15_queue_status.t t/01_JobQueue/16_utf8.t

#   Failed test 'no warnings'
#   at /opt/perl-5.21.10t/lib/site_perl/5.21.10/Test/NoWarnings.pm line 45.
# There were 1 warning(s)
# 	Previous test 0 ''
# 	Constants from lexical variables potentially modified elsewhere are deprecated at /opt/perl-5.21.10t/lib/site_perl/5.21.10/x86_64-linux-thread-multi/Mouse/Util.pm line 79.
#  at /opt/perl-5.21.10t/lib/site_perl/5.21.10/x86_64-linux-thread-multi/Mouse/Util.pm line 79.
# 	Mouse::Util::BEGIN() called at /opt/perl-5.21.10t/lib/site_perl/5.21.10/x86_64-linux-thread-multi/Mouse/Util.pm line 133
# 	eval {...} called at /opt/perl-5.21.10t/lib/site_perl/5.21.10/x86_64-linux-thread-multi/Mouse/Util.pm line 133
# 	require Mouse/Util.pm called at /opt/perl-5.21.10t/lib/site_perl/5.21.10/x86_64-linux-thread-multi/Mouse/Exporter.pm line 17
# 	require Mouse/Exporter.pm called at /opt/perl-5.21.10t/lib/site_perl/5.21.10/x86_64-linux-thread-multi/Mouse.pm line 4
# 	Mouse::BEGIN() called at /opt/perl-5.21.10t/lib/site_perl/5.21.10/x86_64-linux-thread-multi/Mouse/Util.pm line 133
# 	eval {...} called at /opt/perl-5.21.10t/lib/site_perl/5.21.10/x86_64-linux-thread-multi/Mouse/Util.pm line 133
# 	require Mouse.pm called at lib/Redis/JobQueue.pm line 54
# 	Redis::JobQueue::BEGIN() called at /opt/perl-5.21.10t/lib/site_perl/5.21.10/x86_64-linux-thread-multi/Mouse/Util.pm line 133
# 	eval {...} called at /opt/perl-5.21.10t/lib/site_perl/5.21.10/x86_64-linux-thread-multi/Mouse/Util.pm line 133
# 	require Redis/JobQueue.pm called at t/00_compile.t line 12
# 	main::BEGIN() called at /opt/perl-5.21.10t/lib/site_perl/5.21.10/x86_64-linux-thread-multi/Mouse/Util.pm line 133
# 	eval {...} called at /opt/perl-5.21.10t/lib/site_perl/5.21.10/x86_64-linux-thread-multi/Mouse/Util.pm line 133
# 	eval 'package main;
# 
# #line 12 t/00_compile.t
# use Redis::JobQueue @{$args[0]};
# 1;
# ' called at /opt/perl-5.21.10t/lib/5.21.10/Test/More.pm line 993
# 	Test::More::_eval("package main;\x{a}\x{a}#line 12 t/00_compile.t\x{a}use Redis::JobQueue \@{"..., ARRAY(0x27a4858)) called at /opt/perl-5.21.10t/lib/5.21.10/Test/More.pm line 968
# 	Test::More::use_ok("Redis::JobQueue", "DEFAULT_SERVER", "DEFAULT_PORT", "DEFAULT_TIMEOUT") called at t/00_compile.t line 12
# 	main::BEGIN() called at /opt/perl-5.21.10t/lib/site_perl/5.21.10/x86_64-linux-thread-multi/Mouse/Util.pm line 133
# 	eval {...} called at /opt/perl-5.21.10t/lib/site_perl/5.21.10/x86_64-linux-thread-multi/Mouse/Util.pm line 133
# 
# Looks like you failed 1 test of 10.
t/00_compile.t .......................... 
Dubious, test returned 1 (wstat 256, 0x100)
Failed 1/10 subtests 

#   Failed test 'no warnings'
#   at /opt/perl-5.21.10t/lib/site_perl/5.21.10/Test/NoWarnings.pm line 45.
# There were 1 warning(s)
# 	Previous test 0 ''
# 	Constants from lexical variables potentially modified elsewhere are deprecated at /opt/perl-5.21.10t/lib/site_perl/5.21.10/x86_64-linux-thread-multi/Mouse/Util.pm line 79.
#  at /opt/perl-5.21.10t/lib/site_perl/5.21.10/x86_64-linux-thread-multi/Mouse/Util.pm line 79.
# 	Mouse::Util::BEGIN() called at /opt/perl-5.21.10t/lib/site_perl/5.21.10/x86_64-linux-thread-multi/Mouse/Util.pm line 133
# 	eval {...} called at /opt/perl-5.21.10t/lib/site_perl/5.21.10/x86_64-linux-thread-multi/Mouse/Util.pm line 133
# 	require Mouse/Util.pm called at /opt/perl-5.21.10t/lib/site_perl/5.21.10/x86_64-linux-thread-multi/Mouse/Exporter.pm line 17
# 	require Mouse/Exporter.pm called at /opt/perl-5.21.10t/lib/site_perl/5.21.10/x86_64-linux-thread-multi/Mouse.pm line 4
# 	Mouse::BEGIN() called at /opt/perl-5.21.10t/lib/site_perl/5.21.10/x86_64-linux-thread-multi/Mouse/Util.pm line 133
# 	eval {...} called at /opt/perl-5.21.10t/lib/site_perl/5.21.10/x86_64-linux-thread-multi/Mouse/Util.pm line 133
# 	require Mouse.pm called at lib/Redis/JobQueue/Job.pm line 42
# 	Redis::JobQueue::Job::BEGIN() called at /opt/perl-5.21.10t/lib/site_perl/5.21.10/x86_64-linux-thread-multi/Mouse/Util.pm line 133
# 	eval {...} called at /opt/perl-5.21.10t/lib/site_perl/5.21.10/x86_64-linux-thread-multi/Mouse/Util.pm line 133
# 	require Redis/JobQueue/Job.pm called at t/00_Job/00_compile.t line 12
# 	main::BEGIN() called at /opt/perl-5.21.10t/lib/site_perl/5.21.10/x86_64-linux-thread-multi/Mouse/Util.pm line 133
# 	eval {...} called at /opt/perl-5.21.10t/lib/site_perl/5.21.10/x86_64-linux-thread-multi/Mouse/Util.pm line 133
# 	eval 'package main;
# 
# #line 12 t/00_Job/00_compile.t
# use Redis::JobQueue::Job @{$args[0]};
# 1;
# ' called at /opt/perl-5.21.10t/lib/5.21.10/Test/More.pm line 993
# 	Test::More::_eval("package main;\x{a}\x{a}#line 12 t/00_Job/00_compile.t\x{a}use Redis::JobQ"..., ARRAY(0x12dd828)) called at /opt/perl-5.21.10t/lib/5.21.10/Test/More.pm line 968
# 	Test::More::use_ok("Redis::JobQueue::Job", "STATUS_CREATED", "STATUS_WORKING", "STATUS_COMPLETED", "STATUS_FAILED") called at t/00_Job/00_compile.t line 12
# 	main::BEGIN() called at /opt/perl-5.21.10t/lib/site_perl/5.21.10/x86_64-linux-thread-multi/Mouse/Util.pm line 133
# 	eval {...} called at /opt/perl-5.21.10t/lib/site_perl/5.21.10/x86_64-linux-thread-multi/Mouse/Util.pm line 133
# 
# Looks like you failed 1 test of 26.
t/00_Job/00_compile.t ................... 
Dubious, test returned 1 (wstat 256, 0x100)
Failed 1/26 subtests 

#   Failed test 'no warnings'
#   at /opt/perl-5.21.10t/lib/site_perl/5.21.10/Test/NoWarnings.pm line 45.
# There were 1 warning(s)
# 	Previous test 0 ''
# 	Constants from lexical variables potentially modified elsewhere are deprecated at /opt/perl-5.21.10t/lib/site_perl/5.21.10/x86_64-linux-thread-multi/Mouse/Util.pm line 79.
#  at /opt/perl-5.21.10t/lib/site_perl/5.21.10/x86_64-linux-thread-multi/Mouse/Util.pm line 79.
# 	Mouse::Util::BEGIN() called at /opt/perl-5.21.10t/lib/site_perl/5.21.10/x86_64-linux-thread-multi/Mouse/Util.pm line 133
# 	eval {...} called at /opt/perl-5.21.10t/lib/site_perl/5.21.10/x86_64-linux-thread-multi/Mouse/Util.pm line 133
# 	require Mouse/Util.pm called at /opt/perl-5.21.10t/lib/site_perl/5.21.10/x86_64-linux-thread-multi/Mouse/Exporter.pm line 17
# 	require Mouse/Exporter.pm called at /opt/perl-5.21.10t/lib/site_perl/5.21.10/x86_64-linux-thread-multi/Mouse.pm line 4
# 	Mouse::BEGIN() called at /opt/perl-5.21.10t/lib/site_perl/5.21.10/x86_64-linux-thread-multi/Mouse/Util.pm line 133
# 	eval {...} called at /opt/perl-5.21.10t/lib/site_perl/5.21.10/x86_64-linux-thread-multi/Mouse/Util.pm line 133
# 	require Mouse.pm called at lib/Redis/JobQueue/Job.pm line 42
# 	Redis::JobQueue::Job::BEGIN() called at /opt/perl-5.21.10t/lib/site_perl/5.21.10/x86_64-linux-thread-multi/Mouse/Util.pm line 133
# 	eval {...} called at /opt/perl-5.21.10t/lib/site_perl/5.21.10/x86_64-linux-thread-multi/Mouse/Util.pm line 133
# 	require Redis/JobQueue/Job.pm called at t/00_Job/01_new.t line 17
# 	main::BEGIN() called at /opt/perl-5.21.10t/lib/site_perl/5.21.10/x86_64-linux-thread-multi/Mouse/Util.pm line 133
# 	eval {...} called at /opt/perl-5.21.10t/lib/site_perl/5.21.10/x86_64-linux-thread-multi/Mouse/Util.pm line 133
# 
# Looks like you failed 1 test of 56.
t/00_Job/01_new.t ....................... 
Dubious, test returned 1 (wstat 256, 0x100)
Failed 1/56 subtests 

#   Failed test 'no warnings'
#   at /opt/perl-5.21.10t/lib/site_perl/5.21.10/Test/NoWarnings.pm line 45.
# There were 1 warning(s)
# 	Previous test 0 ''
# 	Constants from lexical variables potentially modified elsewhere are deprecated at /opt/perl-5.21.10t/lib/site_perl/5.21.10/x86_64-linux-thread-multi/Mouse/Util.pm line 79.
#  at /opt/perl-5.21.10t/lib/site_perl/5.21.10/x86_64-linux-thread-multi/Mouse/Util.pm line 79.
# 	Mouse::Util::BEGIN() called at /opt/perl-5.21.10t/lib/site_perl/5.21.10/x86_64-linux-thread-multi/Mouse/Util.pm line 133
# 	eval {...} called at /opt/perl-5.21.10t/lib/site_perl/5.21.10/x86_64-linux-thread-multi/Mouse/Util.pm line 133
# 	require Mouse/Util.pm called at /opt/perl-5.21.10t/lib/site_perl/5.21.10/x86_64-linux-thread-multi/Mouse/Exporter.pm line 17
# 	require Mouse/Exporter.pm called at /opt/perl-5.21.10t/lib/site_perl/5.21.10/x86_64-linux-thread-multi/Mouse.pm line 4
# 	Mouse::BEGIN() called at /opt/perl-5.21.10t/lib/site_perl/5.21.10/x86_64-linux-thread-multi/Mouse/Util.pm line 133
# 	eval {...} called at /opt/perl-5.21.10t/lib/site_perl/5.21.10/x86_64-linux-thread-multi/Mouse/Util.pm line 133
# 	require Mouse.pm called at lib/Redis/JobQueue/Job.pm line 42
# 	Redis::JobQueue::Job::BEGIN() called at /opt/perl-5.21.10t/lib/site_perl/5.21.10/x86_64-linux-thread-multi/Mouse/Util.pm line 133
# 	eval {...} called at /opt/perl-5.21.10t/lib/site_perl/5.21.10/x86_64-linux-thread-multi/Mouse/Util.pm line 133
# 	require Redis/JobQueue/Job.pm called at t/00_Job/02_accessor.t line 17
# 	main::BEGIN() called at /opt/perl-5.21.10t/lib/site_perl/5.21.10/x86_64-linux-thread-multi/Mouse/Util.pm line 133
# 	eval {...} called at /opt/perl-5.21.10t/lib/site_perl/5.21.10/x86_64-linux-thread-multi/Mouse/Util.pm line 133
# 
# Looks like you failed 1 test of 65.
t/00_Job/02_accessor.t .................. 
Dubious, test returned 1 (wstat 256, 0x100)
Failed 1/65 subtests 

#   Failed test 'no warnings'
#   at /opt/perl-5.21.10t/lib/site_perl/5.21.10/Test/NoWarnings.pm line 45.
# There were 1 warning(s)
# 	Previous test 0 ''
# 	Constants from lexical variables potentially modified elsewhere are deprecated at /opt/perl-5.21.10t/lib/site_perl/5.21.10/x86_64-linux-thread-multi/Mouse/Util.pm line 79.
#  at /opt/perl-5.21.10t/lib/site_perl/5.21.10/x86_64-linux-thread-multi/Mouse/Util.pm line 79.
# 	Mouse::Util::BEGIN() called at /opt/perl-5.21.10t/lib/site_perl/5.21.10/x86_64-linux-thread-multi/Mouse/Util.pm line 133
# 	eval {...} called at /opt/perl-5.21.10t/lib/site_perl/5.21.10/x86_64-linux-thread-multi/Mouse/Util.pm line 133
# 	require Mouse/Util.pm called at /opt/perl-5.21.10t/lib/site_perl/5.21.10/x86_64-linux-thread-multi/Mouse/Exporter.pm line 17
# 	require Mouse/Exporter.pm called at /opt/perl-5.21.10t/lib/site_perl/5.21.10/x86_64-linux-thread-multi/Mouse.pm line 4
# 	Mouse::BEGIN() called at /opt/perl-5.21.10t/lib/site_perl/5.21.10/x86_64-linux-thread-multi/Mouse/Util.pm line 133
# 	eval {...} called at /opt/perl-5.21.10t/lib/site_perl/5.21.10/x86_64-linux-thread-multi/Mouse/Util.pm line 133
# 	require Mouse.pm called at lib/Redis/JobQueue/Job.pm line 42
# 	Redis::JobQueue::Job::BEGIN() called at /opt/perl-5.21.10t/lib/site_perl/5.21.10/x86_64-linux-thread-multi/Mouse/Util.pm line 133
# 	eval {...} called at /opt/perl-5.21.10t/lib/site_perl/5.21.10/x86_64-linux-thread-multi/Mouse/Util.pm line 133
# 	require Redis/JobQueue/Job.pm called at t/00_Job/03_modified.t line 12
# 	main::BEGIN() called at /opt/perl-5.21.10t/lib/site_perl/5.21.10/x86_64-linux-thread-multi/Mouse/Util.pm line 133
# 	eval {...} called at /opt/perl-5.21.10t/lib/site_perl/5.21.10/x86_64-linux-thread-multi/Mouse/Util.pm line 133
# 
# Looks like you failed 1 test of 33.
t/00_Job/03_modified.t .................. 
Dubious, test returned 1 (wstat 256, 0x100)
Failed 1/33 subtests 

#   Failed test 'no warnings'
#   at /opt/perl-5.21.10t/lib/site_perl/5.21.10/Test/NoWarnings.pm line 45.
# There were 1 warning(s)
# 	Previous test 0 ''
# 	Constants from lexical variables potentially modified elsewhere are deprecated at /opt/perl-5.21.10t/lib/site_perl/5.21.10/x86_64-linux-thread-multi/Mouse/Util.pm line 79.
#  at /opt/perl-5.21.10t/lib/site_perl/5.21.10/x86_64-linux-thread-multi/Mouse/Util.pm line 79.
# 	Mouse::Util::BEGIN() called at /opt/perl-5.21.10t/lib/site_perl/5.21.10/x86_64-linux-thread-multi/Mouse/Util.pm line 133
# 	eval {...} called at /opt/perl-5.21.10t/lib/site_perl/5.21.10/x86_64-linux-thread-multi/Mouse/Util.pm line 133
# 	require Mouse/Util.pm called at /opt/perl-5.21.10t/lib/site_perl/5.21.10/x86_64-linux-thread-multi/Mouse/Exporter.pm line 17
# 	require Mouse/Exporter.pm called at /opt/perl-5.21.10t/lib/site_perl/5.21.10/x86_64-linux-thread-multi/Mouse.pm line 4
# 	Mouse::BEGIN() called at /opt/perl-5.21.10t/lib/site_perl/5.21.10/x86_64-linux-thread-multi/Mouse/Util.pm line 133
# 	eval {...} called at /opt/perl-5.21.10t/lib/site_perl/5.21.10/x86_64-linux-thread-multi/Mouse/Util.pm line 133
# 	require Mouse.pm called at lib/Redis/JobQueue/Job.pm line 42
# 	Redis::JobQueue::Job::BEGIN() called at /opt/perl-5.21.10t/lib/site_perl/5.21.10/x86_64-linux-thread-multi/Mouse/Util.pm line 133
# 	eval {...} called at /opt/perl-5.21.10t/lib/site_perl/5.21.10/x86_64-linux-thread-multi/Mouse/Util.pm line 133
# 	require Redis/JobQueue/Job.pm called at t/00_Job/04_job_attributes.t line 12
# 	main::BEGIN() called at /opt/perl-5.21.10t/lib/site_perl/5.21.10/x86_64-linux-thread-multi/Mouse/Util.pm line 133
# 	eval {...} called at /opt/perl-5.21.10t/lib/site_perl/5.21.10/x86_64-linux-thread-multi/Mouse/Util.pm line 133
# 
# Looks like you failed 1 test of 4.
t/00_Job/04_job_attributes.t ............ 
Dubious, test returned 1 (wstat 256, 0x100)
Failed 1/4 subtests 

#   Failed test 'no warnings'
#   at /opt/perl-5.21.10t/lib/site_perl/5.21.10/Test/NoWarnings.pm line 45.
# There were 1 warning(s)
# 	Previous test 0 ''
# 	Constants from lexical variables potentially modified elsewhere are deprecated at /opt/perl-5.21.10t/lib/site_perl/5.21.10/x86_64-linux-thread-multi/Mouse/Util.pm line 79.
#  at /opt/perl-5.21.10t/lib/site_perl/5.21.10/x86_64-linux-thread-multi/Mouse/Util.pm line 79.
# 	Mouse::Util::BEGIN() called at /opt/perl-5.21.10t/lib/site_perl/5.21.10/x86_64-linux-thread-multi/Mouse/Util.pm line 133
# 	eval {...} called at /opt/perl-5.21.10t/lib/site_perl/5.21.10/x86_64-linux-thread-multi/Mouse/Util.pm line 133
# 	require Mouse/Util.pm called at /opt/perl-5.21.10t/lib/site_perl/5.21.10/x86_64-linux-thread-multi/Mouse/Exporter.pm line 17
# 	require Mouse/Exporter.pm called at /opt/perl-5.21.10t/lib/site_perl/5.21.10/x86_64-linux-thread-multi/Mouse.pm line 4
# 	Mouse::BEGIN() called at /opt/perl-5.21.10t/lib/site_perl/5.21.10/x86_64-linux-thread-multi/Mouse/Util.pm line 133
# 	eval {...} called at /opt/perl-5.21.10t/lib/site_perl/5.21.10/x86_64-linux-thread-multi/Mouse/Util.pm line 133
# 	require Mouse.pm called at lib/Redis/JobQueue/Job.pm line 42
# 	Redis::JobQueue::Job::BEGIN() called at /opt/perl-5.21.10t/lib/site_perl/5.21.10/x86_64-linux-thread-multi/Mouse/Util.pm line 133
# 	eval {...} called at /opt/perl-5.21.10t/lib/site_perl/5.21.10/x86_64-linux-thread-multi/Mouse/Util.pm line 133
# 	require Redis/JobQueue/Job.pm called at t/00_Job/05_meta_data.t line 21
# 	main::BEGIN() called at /opt/perl-5.21.10t/lib/site_perl/5.21.10/x86_64-linux-thread-multi/Mouse/Util.pm line 133
# 	eval {...} called at /opt/perl-5.21.10t/lib/site_perl/5.21.10/x86_64-linux-thread-multi/Mouse/Util.pm line 133
# 
# Looks like you failed 1 test of 49.
t/00_Job/05_meta_data.t ................. 
Dubious, test returned 1 (wstat 256, 0x100)
Failed 1/49 subtests 

#   Failed test 'no warnings'
#   at /opt/perl-5.21.10t/lib/site_perl/5.21.10/Test/NoWarnings.pm line 45.
# There were 1 warning(s)
# 	Previous test 0 ''
# 	Constants from lexical variables potentially modified elsewhere are deprecated at /opt/perl-5.21.10t/lib/site_perl/5.21.10/x86_64-linux-thread-multi/Mouse/Util.pm line 79.
#  at /opt/perl-5.21.10t/lib/site_perl/5.21.10/x86_64-linux-thread-multi/Mouse/Util.pm line 79.
# 	Mouse::Util::BEGIN() called at /opt/perl-5.21.10t/lib/site_perl/5.21.10/x86_64-linux-thread-multi/Mouse/Util.pm line 133
# 	eval {...} called at /opt/perl-5.21.10t/lib/site_perl/5.21.10/x86_64-linux-thread-multi/Mouse/Util.pm line 133
# 	require Mouse/Util.pm called at /opt/perl-5.21.10t/lib/site_perl/5.21.10/x86_64-linux-thread-multi/Mouse/Exporter.pm line 17
# 	require Mouse/Exporter.pm called at /opt/perl-5.21.10t/lib/site_perl/5.21.10/x86_64-linux-thread-multi/Mouse.pm line 4
# 	Mouse::BEGIN() called at /opt/perl-5.21.10t/lib/site_perl/5.21.10/x86_64-linux-thread-multi/Mouse/Util.pm line 133
# 	eval {...} called at /opt/perl-5.21.10t/lib/site_perl/5.21.10/x86_64-linux-thread-multi/Mouse/Util.pm line 133
# 	require Mouse.pm called at lib/Redis/JobQueue.pm line 54
# 	Redis::JobQueue::BEGIN() called at /opt/perl-5.21.10t/lib/site_perl/5.21.10/x86_64-linux-thread-multi/Mouse/Util.pm line 133
# 	eval {...} called at /opt/perl-5.21.10t/lib/site_perl/5.21.10/x86_64-linux-thread-multi/Mouse/Util.pm line 133
# 	require Redis/JobQueue.pm called at t/01_JobQueue/00_compile.t line 12
# 	main::BEGIN() called at /opt/perl-5.21.10t/lib/site_perl/5.21.10/x86_64-linux-thread-multi/Mouse/Util.pm line 133
# 	eval {...} called at /opt/perl-5.21.10t/lib/site_perl/5.21.10/x86_64-linux-thread-multi/Mouse/Util.pm line 133
# 	eval 'package main;
# 
# #line 12 t/01_JobQueue/00_compile.t
# use Redis::JobQueue @{$args[0]};
# 1;
# ' called at /opt/perl-5.21.10t/lib/5.21.10/Test/More.pm line 993
# 	Test::More::_eval("package main;\x{a}\x{a}#line 12 t/01_JobQueue/00_compile.t\x{a}use Redis:"..., ARRAY(0x2758b88)) called at /opt/perl-5.21.10t/lib/5.21.10/Test/More.pm line 968
# 	Test::More::use_ok("Redis::JobQueue", "DEFAULT_SERVER", "DEFAULT_PORT", "DEFAULT_TIMEOUT", "E_NO_ERROR", "E_MISMATCH_ARG", "E_DATA_TOO_LARGE", "E_NETWORK", "E_MAX_MEMORY_LIMIT", ...) called at t/01_JobQueue/00_compile.t line 12
# 	main::BEGIN() called at /opt/perl-5.21.10t/lib/site_perl/5.21.10/x86_64-linux-thread-multi/Mouse/Util.pm line 133
# 	eval {...} called at /opt/perl-5.21.10t/lib/site_perl/5.21.10/x86_64-linux-thread-multi/Mouse/Util.pm line 133
# 
# Looks like you failed 1 test of 28.
t/01_JobQueue/00_compile.t .............. 
Dubious, test returned 1 (wstat 256, 0x100)
Failed 1/28 subtests 
# Need a Redis server version 2.6 or higher

#   Failed test 'no warnings'
#   at /opt/perl-5.21.10t/lib/site_perl/5.21.10/Test/NoWarnings.pm line 45.
# There were 1 warning(s)
# 	Previous test 0 ''
# 	Constants from lexical variables potentially modified elsewhere are deprecated at /opt/perl-5.21.10t/lib/site_perl/5.21.10/x86_64-linux-thread-multi/Mouse/Util.pm line 79.
#  at /opt/perl-5.21.10t/lib/site_perl/5.21.10/x86_64-linux-thread-multi/Mouse/Util.pm line 79.
# 	Mouse::Util::BEGIN() called at /opt/perl-5.21.10t/lib/site_perl/5.21.10/x86_64-linux-thread-multi/Mouse/Util.pm line 133
# 	eval {...} called at /opt/perl-5.21.10t/lib/site_perl/5.21.10/x86_64-linux-thread-multi/Mouse/Util.pm line 133
# 	require Mouse/Util.pm called at /opt/perl-5.21.10t/lib/site_perl/5.21.10/x86_64-linux-thread-multi/Mouse/Exporter.pm line 17
# 	require Mouse/Exporter.pm called at /opt/perl-5.21.10t/lib/site_perl/5.21.10/x86_64-linux-thread-multi/Mouse.pm line 4
# 	Mouse::BEGIN() called at /opt/perl-5.21.10t/lib/site_perl/5.21.10/x86_64-linux-thread-multi/Mouse/Util.pm line 133
# 	eval {...} called at /opt/perl-5.21.10t/lib/site_perl/5.21.10/x86_64-linux-thread-multi/Mouse/Util.pm line 133
# 	require Mouse.pm called at /opt/perl-5.21.10t/lib/site_perl/5.21.10/Any/Moose.pm line 34
# 	eval {...} called at /opt/perl-5.21.10t/lib/site_perl/5.21.10/Any/Moose.pm line 13
# 	require Any/Moose.pm called at /home/eserte/.cpan/build/Test-RedisServer-0.14-CWjvgH/blib/lib/Test/RedisServer.pm line 4
# 	Test::RedisServer::BEGIN() called at /opt/perl-5.21.10t/lib/site_perl/5.21.10/x86_64-linux-thread-multi/Mouse/Util.pm line 133
# 	eval {...} called at /opt/perl-5.21.10t/lib/site_perl/5.21.10/x86_64-linux-thread-multi/Mouse/Util.pm line 133
# 	require Test/RedisServer.pm called at (eval 10) line 2
# 	main::BEGIN() called at /opt/perl-5.21.10t/lib/site_perl/5.21.10/x86_64-linux-thread-multi/Mouse/Util.pm line 133
# 	eval {...} called at /opt/perl-5.21.10t/lib/site_perl/5.21.10/x86_64-linux-thread-multi/Mouse/Util.pm line 133
# 	eval 'use Test::RedisServer' called at t/01_JobQueue/01_new.t line 19
# 	main::BEGIN() called at /opt/perl-5.21.10t/lib/site_perl/5.21.10/x86_64-linux-thread-multi/Mouse/Util.pm line 133
# 	eval {...} called at /opt/perl-5.21.10t/lib/site_perl/5.21.10/x86_64-linux-thread-multi/Mouse/Util.pm line 133
# 
# Looks like you failed 1 test of 2.
t/01_JobQueue/01_new.t .................. 
Dubious, test returned 1 (wstat 256, 0x100)
Failed 1/2 subtests 
	(less 1 skipped subtest: 0 okay)
# Need a Redis server version 2.6 or higher

#   Failed test 'no warnings'
#   at /opt/perl-5.21.10t/lib/site_perl/5.21.10/Test/NoWarnings.pm line 45.
# There were 1 warning(s)
# 	Previous test 0 ''
# 	Constants from lexical variables potentially modified elsewhere are deprecated at /opt/perl-5.21.10t/lib/site_perl/5.21.10/x86_64-linux-thread-multi/Mouse/Util.pm line 79.
#  at /opt/perl-5.21.10t/lib/site_perl/5.21.10/x86_64-linux-thread-multi/Mouse/Util.pm line 79.
# 	Mouse::Util::BEGIN() called at /opt/perl-5.21.10t/lib/site_perl/5.21.10/x86_64-linux-thread-multi/Mouse/Util.pm line 133
# 	eval {...} called at /opt/perl-5.21.10t/lib/site_perl/5.21.10/x86_64-linux-thread-multi/Mouse/Util.pm line 133
# 	require Mouse/Util.pm called at /opt/perl-5.21.10t/lib/site_perl/5.21.10/x86_64-linux-thread-multi/Mouse/Exporter.pm line 17
# 	require Mouse/Exporter.pm called at /opt/perl-5.21.10t/lib/site_perl/5.21.10/x86_64-linux-thread-multi/Mouse.pm line 4
# 	Mouse::BEGIN() called at /opt/perl-5.21.10t/lib/site_perl/5.21.10/x86_64-linux-thread-multi/Mouse/Util.pm line 133
# 	eval {...} called at /opt/perl-5.21.10t/lib/site_perl/5.21.10/x86_64-linux-thread-multi/Mouse/Util.pm line 133
# 	require Mouse.pm called at /opt/perl-5.21.10t/lib/site_perl/5.21.10/Any/Moose.pm line 34
# 	eval {...} called at /opt/perl-5.21.10t/lib/site_perl/5.21.10/Any/Moose.pm line 13
# 	require Any/Moose.pm called at /home/eserte/.cpan/build/Test-RedisServer-0.14-CWjvgH/blib/lib/Test/RedisServer.pm line 4
# 	Test::RedisServer::BEGIN() called at /opt/perl-5.21.10t/lib/site_perl/5.21.10/x86_64-linux-thread-multi/Mouse/Util.pm line 133
# 	eval {...} called at /opt/perl-5.21.10t/lib/site_perl/5.21.10/x86_64-linux-thread-multi/Mouse/Util.pm line 133
# 	require Test/RedisServer.pm called at (eval 10) line 2
# 	main::BEGIN() called at /opt/perl-5.21.10t/lib/site_perl/5.21.10/x86_64-linux-thread-multi/Mouse/Util.pm line 133
# 	eval {...} called at /opt/perl-5.21.10t/lib/site_perl/5.21.10/x86_64-linux-thread-multi/Mouse/Util.pm line 133
# 	eval 'use Test::RedisServer' called at t/01_JobQueue/02_add_job.t line 19
# 	main::BEGIN() called at /opt/perl-5.21.10t/lib/site_perl/5.21.10/x86_64-linux-thread-multi/Mouse/Util.pm line 133
# 	eval {...} called at /opt/perl-5.21.10t/lib/site_perl/5.21.10/x86_64-linux-thread-multi/Mouse/Util.pm line 133
# 
# Looks like you failed 1 test of 2.
t/01_JobQueue/02_add_job.t .............. 
Dubious, test returned 1 (wstat 256, 0x100)
Failed 1/2 subtests 
	(less 1 skipped subtest: 0 okay)
# Need a Redis server version 2.6 or higher

#   Failed test 'no warnings'
#   at /opt/perl-5.21.10t/lib/site_perl/5.21.10/Test/NoWarnings.pm line 45.
# There were 1 warning(s)
# 	Previous test 0 ''
# 	Constants from lexical variables potentially modified elsewhere are deprecated at /opt/perl-5.21.10t/lib/site_perl/5.21.10/x86_64-linux-thread-multi/Mouse/Util.pm line 79.
#  at /opt/perl-5.21.10t/lib/site_perl/5.21.10/x86_64-linux-thread-multi/Mouse/Util.pm line 79.
# 	Mouse::Util::BEGIN() called at /opt/perl-5.21.10t/lib/site_perl/5.21.10/x86_64-linux-thread-multi/Mouse/Util.pm line 133
# 	eval {...} called at /opt/perl-5.21.10t/lib/site_perl/5.21.10/x86_64-linux-thread-multi/Mouse/Util.pm line 133
# 	require Mouse/Util.pm called at /opt/perl-5.21.10t/lib/site_perl/5.21.10/x86_64-linux-thread-multi/Mouse/Exporter.pm line 17
# 	require Mouse/Exporter.pm called at /opt/perl-5.21.10t/lib/site_perl/5.21.10/x86_64-linux-thread-multi/Mouse.pm line 4
# 	Mouse::BEGIN() called at /opt/perl-5.21.10t/lib/site_perl/5.21.10/x86_64-linux-thread-multi/Mouse/Util.pm line 133
# 	eval {...} called at /opt/perl-5.21.10t/lib/site_perl/5.21.10/x86_64-linux-thread-multi/Mouse/Util.pm line 133
# 	require Mouse.pm called at /opt/perl-5.21.10t/lib/site_perl/5.21.10/Any/Moose.pm line 34
# 	eval {...} called at /opt/perl-5.21.10t/lib/site_perl/5.21.10/Any/Moose.pm line 13
# 	require Any/Moose.pm called at /home/eserte/.cpan/build/Test-RedisServer-0.14-CWjvgH/blib/lib/Test/RedisServer.pm line 4
# 	Test::RedisServer::BEGIN() called at /opt/perl-5.21.10t/lib/site_perl/5.21.10/x86_64-linux-thread-multi/Mouse/Util.pm line 133
# 	eval {...} called at /opt/perl-5.21.10t/lib/site_perl/5.21.10/x86_64-linux-thread-multi/Mouse/Util.pm line 133
# 	require Test/RedisServer.pm called at (eval 10) line 2
# 	main::BEGIN() called at /opt/perl-5.21.10t/lib/site_perl/5.21.10/x86_64-linux-thread-multi/Mouse/Util.pm line 133
# 	eval {...} called at /opt/perl-5.21.10t/lib/site_perl/5.21.10/x86_64-linux-thread-multi/Mouse/Util.pm line 133
# 	eval 'use Test::RedisServer' called at t/01_JobQueue/04_load_job.t line 19
# 	main::BEGIN() called at /opt/perl-5.21.10t/lib/site_perl/5.21.10/x86_64-linux-thread-multi/Mouse/Util.pm line 133
# 	eval {...} called at /opt/perl-5.21.10t/lib/site_perl/5.21.10/x86_64-linux-thread-multi/Mouse/Util.pm line 133
# 
# Looks like you failed 1 test of 2.
t/01_JobQueue/04_load_job.t ............. 
Dubious, test returned 1 (wstat 256, 0x100)
Failed 1/2 subtests 
	(less 1 skipped subtest: 0 okay)
# Need a Redis server version 2.6 or higher

#   Failed test 'no warnings'
#   at /opt/perl-5.21.10t/lib/site_perl/5.21.10/Test/NoWarnings.pm line 45.
# There were 1 warning(s)
# 	Previous test 0 ''
# 	Constants from lexical variables potentially modified elsewhere are deprecated at /opt/perl-5.21.10t/lib/site_perl/5.21.10/x86_64-linux-thread-multi/Mouse/Util.pm line 79.
#  at /opt/perl-5.21.10t/lib/site_perl/5.21.10/x86_64-linux-thread-multi/Mouse/Util.pm line 79.
# 	Mouse::Util::BEGIN() called at /opt/perl-5.21.10t/lib/site_perl/5.21.10/x86_64-linux-thread-multi/Mouse/Util.pm line 133
# 	eval {...} called at /opt/perl-5.21.10t/lib/site_perl/5.21.10/x86_64-linux-thread-multi/Mouse/Util.pm line 133
# 	require Mouse/Util.pm called at /opt/perl-5.21.10t/lib/site_perl/5.21.10/x86_64-linux-thread-multi/Mouse/Exporter.pm line 17
# 	require Mouse/Exporter.pm called at /opt/perl-5.21.10t/lib/site_perl/5.21.10/x86_64-linux-thread-multi/Mouse.pm line 4
# 	Mouse::BEGIN() called at /opt/perl-5.21.10t/lib/site_perl/5.21.10/x86_64-linux-thread-multi/Mouse/Util.pm line 133
# 	eval {...} called at /opt/perl-5.21.10t/lib/site_perl/5.21.10/x86_64-linux-thread-multi/Mouse/Util.pm line 133
# 	require Mouse.pm called at /opt/perl-5.21.10t/lib/site_perl/5.21.10/Any/Moose.pm line 34
# 	eval {...} called at /opt/perl-5.21.10t/lib/site_perl/5.21.10/Any/Moose.pm line 13
# 	require Any/Moose.pm called at /home/eserte/.cpan/build/Test-RedisServer-0.14-CWjvgH/blib/lib/Test/RedisServer.pm line 4
# 	Test::RedisServer::BEGIN() called at /opt/perl-5.21.10t/lib/site_perl/5.21.10/x86_64-linux-thread-multi/Mouse/Util.pm line 133
# 	eval {...} called at /opt/perl-5.21.10t/lib/site_perl/5.21.10/x86_64-linux-thread-multi/Mouse/Util.pm line 133
# 	require Test/RedisServer.pm called at (eval 10) line 2
# 	main::BEGIN() called at /opt/perl-5.21.10t/lib/site_perl/5.21.10/x86_64-linux-thread-multi/Mouse/Util.pm line 133
# 	eval {...} called at /opt/perl-5.21.10t/lib/site_perl/5.21.10/x86_64-linux-thread-multi/Mouse/Util.pm line 133
# 	eval 'use Test::RedisServer' called at t/01_JobQueue/05_get_next_job.t line 19
# 	main::BEGIN() called at /opt/perl-5.21.10t/lib/site_perl/5.21.10/x86_64-linux-thread-multi/Mouse/Util.pm line 133
# 	eval {...} called at /opt/perl-5.21.10t/lib/site_perl/5.21.10/x86_64-linux-thread-multi/Mouse/Util.pm line 133
# 
# Looks like you failed 1 test of 2.
t/01_JobQueue/05_get_next_job.t ......... 
Dubious, test returned 1 (wstat 256, 0x100)
Failed 1/2 subtests 
	(less 1 skipped subtest: 0 okay)
# Need a Redis server version 2.6 or higher

#   Failed test 'no warnings'
#   at /opt/perl-5.21.10t/lib/site_perl/5.21.10/Test/NoWarnings.pm line 45.
# There were 1 warning(s)
# 	Previous test 0 ''
# 	Constants from lexical variables potentially modified elsewhere are deprecated at /opt/perl-5.21.10t/lib/site_perl/5.21.10/x86_64-linux-thread-multi/Mouse/Util.pm line 79.
#  at /opt/perl-5.21.10t/lib/site_perl/5.21.10/x86_64-linux-thread-multi/Mouse/Util.pm line 79.
# 	Mouse::Util::BEGIN() called at /opt/perl-5.21.10t/lib/site_perl/5.21.10/x86_64-linux-thread-multi/Mouse/Util.pm line 133
# 	eval {...} called at /opt/perl-5.21.10t/lib/site_perl/5.21.10/x86_64-linux-thread-multi/Mouse/Util.pm line 133
# 	require Mouse/Util.pm called at /opt/perl-5.21.10t/lib/site_perl/5.21.10/x86_64-linux-thread-multi/Mouse/Exporter.pm line 17
# 	require Mouse/Exporter.pm called at /opt/perl-5.21.10t/lib/site_perl/5.21.10/x86_64-linux-thread-multi/Mouse.pm line 4
# 	Mouse::BEGIN() called at /opt/perl-5.21.10t/lib/site_perl/5.21.10/x86_64-linux-thread-multi/Mouse/Util.pm line 133
# 	eval {...} called at /opt/perl-5.21.10t/lib/site_perl/5.21.10/x86_64-linux-thread-multi/Mouse/Util.pm line 133
# 	require Mouse.pm called at /opt/perl-5.21.10t/lib/site_perl/5.21.10/Any/Moose.pm line 34
# 	eval {...} called at /opt/perl-5.21.10t/lib/site_perl/5.21.10/Any/Moose.pm line 13
# 	require Any/Moose.pm called at /home/eserte/.cpan/build/Test-RedisServer-0.14-CWjvgH/blib/lib/Test/RedisServer.pm line 4
# 	Test::RedisServer::BEGIN() called at /opt/perl-5.21.10t/lib/site_perl/5.21.10/x86_64-linux-thread-multi/Mouse/Util.pm line 133
# 	eval {...} called at /opt/perl-5.21.10t/lib/site_perl/5.21.10/x86_64-linux-thread-multi/Mouse/Util.pm line 133
# 	require Test/RedisServer.pm called at (eval 10) line 2
# 	main::BEGIN() called at /opt/perl-5.21.10t/lib/site_perl/5.21.10/x86_64-linux-thread-multi/Mouse/Util.pm line 133
# 	eval {...} called at /opt/perl-5.21.10t/lib/site_perl/5.21.10/x86_64-linux-thread-multi/Mouse/Util.pm line 133
# 	eval 'use Test::RedisServer' called at t/01_JobQueue/06_update_job.t line 19
# 	main::BEGIN() called at /opt/perl-5.21.10t/lib/site_perl/5.21.10/x86_64-linux-thread-multi/Mouse/Util.pm line 133
# 	eval {...} called at /opt/perl-5.21.10t/lib/site_perl/5.21.10/x86_64-linux-thread-multi/Mouse/Util.pm line 133
# 
# Looks like you failed 1 test of 2.
t/01_JobQueue/06_update_job.t ........... 
Dubious, test returned 1 (wstat 256, 0x100)
Failed 1/2 subtests 
	(less 1 skipped subtest: 0 okay)
# Need a Redis server version 2.6 or higher

#   Failed test 'no warnings'
#   at /opt/perl-5.21.10t/lib/site_perl/5.21.10/Test/NoWarnings.pm line 45.
# There were 1 warning(s)
# 	Previous test 0 ''
# 	Constants from lexical variables potentially modified elsewhere are deprecated at /opt/perl-5.21.10t/lib/site_perl/5.21.10/x86_64-linux-thread-multi/Mouse/Util.pm line 79.
#  at /opt/perl-5.21.10t/lib/site_perl/5.21.10/x86_64-linux-thread-multi/Mouse/Util.pm line 79.
# 	Mouse::Util::BEGIN() called at /opt/perl-5.21.10t/lib/site_perl/5.21.10/x86_64-linux-thread-multi/Mouse/Util.pm line 133
# 	eval {...} called at /opt/perl-5.21.10t/lib/site_perl/5.21.10/x86_64-linux-thread-multi/Mouse/Util.pm line 133
# 	require Mouse/Util.pm called at /opt/perl-5.21.10t/lib/site_perl/5.21.10/x86_64-linux-thread-multi/Mouse/Exporter.pm line 17
# 	require Mouse/Exporter.pm called at /opt/perl-5.21.10t/lib/site_perl/5.21.10/x86_64-linux-thread-multi/Mouse.pm line 4
# 	Mouse::BEGIN() called at /opt/perl-5.21.10t/lib/site_perl/5.21.10/x86_64-linux-thread-multi/Mouse/Util.pm line 133
# 	eval {...} called at /opt/perl-5.21.10t/lib/site_perl/5.21.10/x86_64-linux-thread-multi/Mouse/Util.pm line 133
# 	require Mouse.pm called at /opt/perl-5.21.10t/lib/site_perl/5.21.10/Any/Moose.pm line 34
# 	eval {...} called at /opt/perl-5.21.10t/lib/site_perl/5.21.10/Any/Moose.pm line 13
# 	require Any/Moose.pm called at /home/eserte/.cpan/build/Test-RedisServer-0.14-CWjvgH/blib/lib/Test/RedisServer.pm line 4
# 	Test::RedisServer::BEGIN() called at /opt/perl-5.21.10t/lib/site_perl/5.21.10/x86_64-linux-thread-multi/Mouse/Util.pm line 133
# 	eval {...} called at /opt/perl-5.21.10t/lib/site_perl/5.21.10/x86_64-linux-thread-multi/Mouse/Util.pm line 133
# 	require Test/RedisServer.pm called at (eval 10) line 2
# 	main::BEGIN() called at /opt/perl-5.21.10t/lib/site_perl/5.21.10/x86_64-linux-thread-multi/Mouse/Util.pm line 133
# 	eval {...} called at /opt/perl-5.21.10t/lib/site_perl/5.21.10/x86_64-linux-thread-multi/Mouse/Util.pm line 133
# 	eval 'use Test::RedisServer' called at t/01_JobQueue/07_delete_job.t line 19
# 	main::BEGIN() called at /opt/perl-5.21.10t/lib/site_perl/5.21.10/x86_64-linux-thread-multi/Mouse/Util.pm line 133
# 	eval {...} called at /opt/perl-5.21.10t/lib/site_perl/5.21.10/x86_64-linux-thread-multi/Mouse/Util.pm line 133
# 
# Looks like you failed 1 test of 2.
t/01_JobQueue/07_delete_job.t ........... 
Dubious, test returned 1 (wstat 256, 0x100)
Failed 1/2 subtests 
	(less 1 skipped subtest: 0 okay)
# Need a Redis server version 2.6 or higher

#   Failed test 'no warnings'
#   at /opt/perl-5.21.10t/lib/site_perl/5.21.10/Test/NoWarnings.pm line 45.
# There were 1 warning(s)
# 	Previous test 0 ''
# 	Constants from lexical variables potentially modified elsewhere are deprecated at /opt/perl-5.21.10t/lib/site_perl/5.21.10/x86_64-linux-thread-multi/Mouse/Util.pm line 79.
#  at /opt/perl-5.21.10t/lib/site_perl/5.21.10/x86_64-linux-thread-multi/Mouse/Util.pm line 79.
# 	Mouse::Util::BEGIN() called at /opt/perl-5.21.10t/lib/site_perl/5.21.10/x86_64-linux-thread-multi/Mouse/Util.pm line 133
# 	eval {...} called at /opt/perl-5.21.10t/lib/site_perl/5.21.10/x86_64-linux-thread-multi/Mouse/Util.pm line 133
# 	require Mouse/Util.pm called at /opt/perl-5.21.10t/lib/site_perl/5.21.10/x86_64-linux-thread-multi/Mouse/Exporter.pm line 17
# 	require Mouse/Exporter.pm called at /opt/perl-5.21.10t/lib/site_perl/5.21.10/x86_64-linux-thread-multi/Mouse.pm line 4
# 	Mouse::BEGIN() called at /opt/perl-5.21.10t/lib/site_perl/5.21.10/x86_64-linux-thread-multi/Mouse/Util.pm line 133
# 	eval {...} called at /opt/perl-5.21.10t/lib/site_perl/5.21.10/x86_64-linux-thread-multi/Mouse/Util.pm line 133
# 	require Mouse.pm called at /opt/perl-5.21.10t/lib/site_perl/5.21.10/Any/Moose.pm line 34
# 	eval {...} called at /opt/perl-5.21.10t/lib/site_perl/5.21.10/Any/Moose.pm line 13
# 	require Any/Moose.pm called at /home/eserte/.cpan/build/Test-RedisServer-0.14-CWjvgH/blib/lib/Test/RedisServer.pm line 4
# 	Test::RedisServer::BEGIN() called at /opt/perl-5.21.10t/lib/site_perl/5.21.10/x86_64-linux-thread-multi/Mouse/Util.pm line 133
# 	eval {...} called at /opt/perl-5.21.10t/lib/site_perl/5.21.10/x86_64-linux-thread-multi/Mouse/Util.pm line 133
# 	require Test/RedisServer.pm called at (eval 10) line 2
# 	main::BEGIN() called at /opt/perl-5.21.10t/lib/site_perl/5.21.10/x86_64-linux-thread-multi/Mouse/Util.pm line 133
# 	eval {...} called at /opt/perl-5.21.10t/lib/site_perl/5.21.10/x86_64-linux-thread-multi/Mouse/Util.pm line 133
# 	eval 'use Test::RedisServer' called at t/01_JobQueue/08_get_job_ids.t line 19
# 	main::BEGIN() called at /opt/perl-5.21.10t/lib/site_perl/5.21.10/x86_64-linux-thread-multi/Mouse/Util.pm line 133
# 	eval {...} called at /opt/perl-5.21.10t/lib/site_perl/5.21.10/x86_64-linux-thread-multi/Mouse/Util.pm line 133
# 
# Looks like you failed 1 test of 2.
t/01_JobQueue/08_get_job_ids.t .......... 
Dubious, test returned 1 (wstat 256, 0x100)
Failed 1/2 subtests 
	(less 1 skipped subtest: 0 okay)
# Need a Redis server version 2.6 or higher

#   Failed test 'no warnings'
#   at /opt/perl-5.21.10t/lib/site_perl/5.21.10/Test/NoWarnings.pm line 45.
# There were 1 warning(s)
# 	Previous test 0 ''
# 	Constants from lexical variables potentially modified elsewhere are deprecated at /opt/perl-5.21.10t/lib/site_perl/5.21.10/x86_64-linux-thread-multi/Mouse/Util.pm line 79.
#  at /opt/perl-5.21.10t/lib/site_perl/5.21.10/x86_64-linux-thread-multi/Mouse/Util.pm line 79.
# 	Mouse::Util::BEGIN() called at /opt/perl-5.21.10t/lib/site_perl/5.21.10/x86_64-linux-thread-multi/Mouse/Util.pm line 133
# 	eval {...} called at /opt/perl-5.21.10t/lib/site_perl/5.21.10/x86_64-linux-thread-multi/Mouse/Util.pm line 133
# 	require Mouse/Util.pm called at /opt/perl-5.21.10t/lib/site_perl/5.21.10/x86_64-linux-thread-multi/Mouse/Exporter.pm line 17
# 	require Mouse/Exporter.pm called at /opt/perl-5.21.10t/lib/site_perl/5.21.10/x86_64-linux-thread-multi/Mouse.pm line 4
# 	Mouse::BEGIN() called at /opt/perl-5.21.10t/lib/site_perl/5.21.10/x86_64-linux-thread-multi/Mouse/Util.pm line 133
# 	eval {...} called at /opt/perl-5.21.10t/lib/site_perl/5.21.10/x86_64-linux-thread-multi/Mouse/Util.pm line 133
# 	require Mouse.pm called at /opt/perl-5.21.10t/lib/site_perl/5.21.10/Any/Moose.pm line 34
# 	eval {...} called at /opt/perl-5.21.10t/lib/site_perl/5.21.10/Any/Moose.pm line 13
# 	require Any/Moose.pm called at /home/eserte/.cpan/build/Test-RedisServer-0.14-CWjvgH/blib/lib/Test/RedisServer.pm line 4
# 	Test::RedisServer::BEGIN() called at /opt/perl-5.21.10t/lib/site_perl/5.21.10/x86_64-linux-thread-multi/Mouse/Util.pm line 133
# 	eval {...} called at /opt/perl-5.21.10t/lib/site_perl/5.21.10/x86_64-linux-thread-multi/Mouse/Util.pm line 133
# 	require Test/RedisServer.pm called at (eval 10) line 2
# 	main::BEGIN() called at /opt/perl-5.21.10t/lib/site_perl/5.21.10/x86_64-linux-thread-multi/Mouse/Util.pm line 133
# 	eval {...} called at /opt/perl-5.21.10t/lib/site_perl/5.21.10/x86_64-linux-thread-multi/Mouse/Util.pm line 133
# 	eval 'use Test::RedisServer' called at t/01_JobQueue/09_quit.t line 19
# 	main::BEGIN() called at /opt/perl-5.21.10t/lib/site_perl/5.21.10/x86_64-linux-thread-multi/Mouse/Util.pm line 133
# 	eval {...} called at /opt/perl-5.21.10t/lib/site_perl/5.21.10/x86_64-linux-thread-multi/Mouse/Util.pm line 133
# 
# Looks like you failed 1 test of 2.
t/01_JobQueue/09_quit.t ................. 
Dubious, test returned 1 (wstat 256, 0x100)
Failed 1/2 subtests 
	(less 1 skipped subtest: 0 okay)
# Need a Redis server version 2.6 or higher

#   Failed test 'no warnings'
#   at /opt/perl-5.21.10t/lib/site_perl/5.21.10/Test/NoWarnings.pm line 45.
# There were 1 warning(s)
# 	Previous test 0 ''
# 	Constants from lexical variables potentially modified elsewhere are deprecated at /opt/perl-5.21.10t/lib/site_perl/5.21.10/x86_64-linux-thread-multi/Mouse/Util.pm line 79.
#  at /opt/perl-5.21.10t/lib/site_perl/5.21.10/x86_64-linux-thread-multi/Mouse/Util.pm line 79.
# 	Mouse::Util::BEGIN() called at /opt/perl-5.21.10t/lib/site_perl/5.21.10/x86_64-linux-thread-multi/Mouse/Util.pm line 133
# 	eval {...} called at /opt/perl-5.21.10t/lib/site_perl/5.21.10/x86_64-linux-thread-multi/Mouse/Util.pm line 133
# 	require Mouse/Util.pm called at /opt/perl-5.21.10t/lib/site_perl/5.21.10/x86_64-linux-thread-multi/Mouse/Exporter.pm line 17
# 	require Mouse/Exporter.pm called at /opt/perl-5.21.10t/lib/site_perl/5.21.10/x86_64-linux-thread-multi/Mouse.pm line 4
# 	Mouse::BEGIN() called at /opt/perl-5.21.10t/lib/site_perl/5.21.10/x86_64-linux-thread-multi/Mouse/Util.pm line 133
# 	eval {...} called at /opt/perl-5.21.10t/lib/site_perl/5.21.10/x86_64-linux-thread-multi/Mouse/Util.pm line 133
# 	require Mouse.pm called at /opt/perl-5.21.10t/lib/site_perl/5.21.10/Any/Moose.pm line 34
# 	eval {...} called at /opt/perl-5.21.10t/lib/site_perl/5.21.10/Any/Moose.pm line 13
# 	require Any/Moose.pm called at /home/eserte/.cpan/build/Test-RedisServer-0.14-CWjvgH/blib/lib/Test/RedisServer.pm line 4
# 	Test::RedisServer::BEGIN() called at /opt/perl-5.21.10t/lib/site_perl/5.21.10/x86_64-linux-thread-multi/Mouse/Util.pm line 133
# 	eval {...} called at /opt/perl-5.21.10t/lib/site_perl/5.21.10/x86_64-linux-thread-multi/Mouse/Util.pm line 133
# 	require Test/RedisServer.pm called at (eval 10) line 2
# 	main::BEGIN() called at /opt/perl-5.21.10t/lib/site_perl/5.21.10/x86_64-linux-thread-multi/Mouse/Util.pm line 133
# 	eval {...} called at /opt/perl-5.21.10t/lib/site_perl/5.21.10/x86_64-linux-thread-multi/Mouse/Util.pm line 133
# 	eval 'use Test::RedisServer' called at t/01_JobQueue/10_max_datasize.t line 19
# 	main::BEGIN() called at /opt/perl-5.21.10t/lib/site_perl/5.21.10/x86_64-linux-thread-multi/Mouse/Util.pm line 133
# 	eval {...} called at /opt/perl-5.21.10t/lib/site_perl/5.21.10/x86_64-linux-thread-multi/Mouse/Util.pm line 133
# 
# Looks like you failed 1 test of 2.
t/01_JobQueue/10_max_datasize.t ......... 
Dubious, test returned 1 (wstat 256, 0x100)
Failed 1/2 subtests 
	(less 1 skipped subtest: 0 okay)
# Need a Redis server version 2.6 or higher

#   Failed test 'no warnings'
#   at /opt/perl-5.21.10t/lib/site_perl/5.21.10/Test/NoWarnings.pm line 45.
# There were 1 warning(s)
# 	Previous test 0 ''
# 	Constants from lexical variables potentially modified elsewhere are deprecated at /opt/perl-5.21.10t/lib/site_perl/5.21.10/x86_64-linux-thread-multi/Mouse/Util.pm line 79.
#  at /opt/perl-5.21.10t/lib/site_perl/5.21.10/x86_64-linux-thread-multi/Mouse/Util.pm line 79.
# 	Mouse::Util::BEGIN() called at /opt/perl-5.21.10t/lib/site_perl/5.21.10/x86_64-linux-thread-multi/Mouse/Util.pm line 133
# 	eval {...} called at /opt/perl-5.21.10t/lib/site_perl/5.21.10/x86_64-linux-thread-multi/Mouse/Util.pm line 133
# 	require Mouse/Util.pm called at /opt/perl-5.21.10t/lib/site_perl/5.21.10/x86_64-linux-thread-multi/Mouse/Exporter.pm line 17
# 	require Mouse/Exporter.pm called at /opt/perl-5.21.10t/lib/site_perl/5.21.10/x86_64-linux-thread-multi/Mouse.pm line 4
# 	Mouse::BEGIN() called at /opt/perl-5.21.10t/lib/site_perl/5.21.10/x86_64-linux-thread-multi/Mouse/Util.pm line 133
# 	eval {...} called at /opt/perl-5.21.10t/lib/site_perl/5.21.10/x86_64-linux-thread-multi/Mouse/Util.pm line 133
# 	require Mouse.pm called at /opt/perl-5.21.10t/lib/site_perl/5.21.10/Any/Moose.pm line 34
# 	eval {...} called at /opt/perl-5.21.10t/lib/site_perl/5.21.10/Any/Moose.pm line 13
# 	require Any/Moose.pm called at /home/eserte/.cpan/build/Test-RedisServer-0.14-CWjvgH/blib/lib/Test/RedisServer.pm line 4
# 	Test::RedisServer::BEGIN() called at /opt/perl-5.21.10t/lib/site_perl/5.21.10/x86_64-linux-thread-multi/Mouse/Util.pm line 133
# 	eval {...} called at /opt/perl-5.21.10t/lib/site_perl/5.21.10/x86_64-linux-thread-multi/Mouse/Util.pm line 133
# 	require Test/RedisServer.pm called at (eval 10) line 2
# 	main::BEGIN() called at /opt/perl-5.21.10t/lib/site_perl/5.21.10/x86_64-linux-thread-multi/Mouse/Util.pm line 133
# 	eval {...} called at /opt/perl-5.21.10t/lib/site_perl/5.21.10/x86_64-linux-thread-multi/Mouse/Util.pm line 133
# 	eval 'use Test::RedisServer' called at t/01_JobQueue/11_last_errorcode.t line 19
# 	main::BEGIN() called at /opt/perl-5.21.10t/lib/site_perl/5.21.10/x86_64-linux-thread-multi/Mouse/Util.pm line 133
# 	eval {...} called at /opt/perl-5.21.10t/lib/site_perl/5.21.10/x86_64-linux-thread-multi/Mouse/Util.pm line 133
# 
# Looks like you failed 1 test of 2.
t/01_JobQueue/11_last_errorcode.t ....... 
Dubious, test returned 1 (wstat 256, 0x100)
Failed 1/2 subtests 
	(less 1 skipped subtest: 0 okay)
# Need a Redis server version 2.6 or higher

#   Failed test 'no warnings'
#   at /opt/perl-5.21.10t/lib/site_perl/5.21.10/Test/NoWarnings.pm line 45.
# There were 1 warning(s)
# 	Previous test 0 ''
# 	Constants from lexical variables potentially modified elsewhere are deprecated at /opt/perl-5.21.10t/lib/site_perl/5.21.10/x86_64-linux-thread-multi/Mouse/Util.pm line 79.
#  at /opt/perl-5.21.10t/lib/site_perl/5.21.10/x86_64-linux-thread-multi/Mouse/Util.pm line 79.
# 	Mouse::Util::BEGIN() called at /opt/perl-5.21.10t/lib/site_perl/5.21.10/x86_64-linux-thread-multi/Mouse/Util.pm line 133
# 	eval {...} called at /opt/perl-5.21.10t/lib/site_perl/5.21.10/x86_64-linux-thread-multi/Mouse/Util.pm line 133
# 	require Mouse/Util.pm called at /opt/perl-5.21.10t/lib/site_perl/5.21.10/x86_64-linux-thread-multi/Mouse/Exporter.pm line 17
# 	require Mouse/Exporter.pm called at /opt/perl-5.21.10t/lib/site_perl/5.21.10/x86_64-linux-thread-multi/Mouse.pm line 4
# 	Mouse::BEGIN() called at /opt/perl-5.21.10t/lib/site_perl/5.21.10/x86_64-linux-thread-multi/Mouse/Util.pm line 133
# 	eval {...} called at /opt/perl-5.21.10t/lib/site_perl/5.21.10/x86_64-linux-thread-multi/Mouse/Util.pm line 133
# 	require Mouse.pm called at /opt/perl-5.21.10t/lib/site_perl/5.21.10/Any/Moose.pm line 34
# 	eval {...} called at /opt/perl-5.21.10t/lib/site_perl/5.21.10/Any/Moose.pm line 13
# 	require Any/Moose.pm called at /home/eserte/.cpan/build/Test-RedisServer-0.14-CWjvgH/blib/lib/Test/RedisServer.pm line 4
# 	Test::RedisServer::BEGIN() called at /opt/perl-5.21.10t/lib/site_perl/5.21.10/x86_64-linux-thread-multi/Mouse/Util.pm line 133
# 	eval {...} called at /opt/perl-5.21.10t/lib/site_perl/5.21.10/x86_64-linux-thread-multi/Mouse/Util.pm line 133
# 	require Test/RedisServer.pm called at (eval 10) line 2
# 	main::BEGIN() called at /opt/perl-5.21.10t/lib/site_perl/5.21.10/x86_64-linux-thread-multi/Mouse/Util.pm line 133
# 	eval {...} called at /opt/perl-5.21.10t/lib/site_perl/5.21.10/x86_64-linux-thread-multi/Mouse/Util.pm line 133
# 	eval 'use Test::RedisServer' called at t/01_JobQueue/12_timeout.t line 19
# 	main::BEGIN() called at /opt/perl-5.21.10t/lib/site_perl/5.21.10/x86_64-linux-thread-multi/Mouse/Util.pm line 133
# 	eval {...} called at /opt/perl-5.21.10t/lib/site_perl/5.21.10/x86_64-linux-thread-multi/Mouse/Util.pm line 133
# 
# Looks like you failed 1 test of 2.
t/01_JobQueue/12_timeout.t .............. 
Dubious, test returned 1 (wstat 256, 0x100)
Failed 1/2 subtests 
	(less 1 skipped subtest: 0 okay)
# Need a Redis server version 2.6 or higher

#   Failed test 'no warnings'
#   at /opt/perl-5.21.10t/lib/site_perl/5.21.10/Test/NoWarnings.pm line 45.
# There were 1 warning(s)
# 	Previous test 0 ''
# 	Constants from lexical variables potentially modified elsewhere are deprecated at /opt/perl-5.21.10t/lib/site_perl/5.21.10/x86_64-linux-thread-multi/Mouse/Util.pm line 79.
#  at /opt/perl-5.21.10t/lib/site_perl/5.21.10/x86_64-linux-thread-multi/Mouse/Util.pm line 79.
# 	Mouse::Util::BEGIN() called at /opt/perl-5.21.10t/lib/site_perl/5.21.10/x86_64-linux-thread-multi/Mouse/Util.pm line 133
# 	eval {...} called at /opt/perl-5.21.10t/lib/site_perl/5.21.10/x86_64-linux-thread-multi/Mouse/Util.pm line 133
# 	require Mouse/Util.pm called at /opt/perl-5.21.10t/lib/site_perl/5.21.10/x86_64-linux-thread-multi/Mouse/Exporter.pm line 17
# 	require Mouse/Exporter.pm called at /opt/perl-5.21.10t/lib/site_perl/5.21.10/x86_64-linux-thread-multi/Mouse.pm line 4
# 	Mouse::BEGIN() called at /opt/perl-5.21.10t/lib/site_perl/5.21.10/x86_64-linux-thread-multi/Mouse/Util.pm line 133
# 	eval {...} called at /opt/perl-5.21.10t/lib/site_perl/5.21.10/x86_64-linux-thread-multi/Mouse/Util.pm line 133
# 	require Mouse.pm called at /opt/perl-5.21.10t/lib/site_perl/5.21.10/Any/Moose.pm line 34
# 	eval {...} called at /opt/perl-5.21.10t/lib/site_perl/5.21.10/Any/Moose.pm line 13
# 	require Any/Moose.pm called at /home/eserte/.cpan/build/Test-RedisServer-0.14-CWjvgH/blib/lib/Test/RedisServer.pm line 4
# 	Test::RedisServer::BEGIN() called at /opt/perl-5.21.10t/lib/site_perl/5.21.10/x86_64-linux-thread-multi/Mouse/Util.pm line 133
# 	eval {...} called at /opt/perl-5.21.10t/lib/site_perl/5.21.10/x86_64-linux-thread-multi/Mouse/Util.pm line 133
# 	require Test/RedisServer.pm called at (eval 12) line 2
# 	main::BEGIN() called at /opt/perl-5.21.10t/lib/site_perl/5.21.10/x86_64-linux-thread-multi/Mouse/Util.pm line 133
# 	eval {...} called at /opt/perl-5.21.10t/lib/site_perl/5.21.10/x86_64-linux-thread-multi/Mouse/Util.pm line 133
# 	eval 'use Test::RedisServer' called at t/01_JobQueue/13_get_job_meta_fields.t line 24
# 	main::BEGIN() called at /opt/perl-5.21.10t/lib/site_perl/5.21.10/x86_64-linux-thread-multi/Mouse/Util.pm line 133
# 	eval {...} called at /opt/perl-5.21.10t/lib/site_perl/5.21.10/x86_64-linux-thread-multi/Mouse/Util.pm line 133
# 
# Looks like you failed 1 test of 2.
t/01_JobQueue/13_get_job_meta_fields.t .. 
Dubious, test returned 1 (wstat 256, 0x100)
Failed 1/2 subtests 
	(less 1 skipped subtest: 0 okay)
# Need a Redis server version 2.6 or higher

#   Failed test 'no warnings'
#   at /opt/perl-5.21.10t/lib/site_perl/5.21.10/Test/NoWarnings.pm line 45.
# There were 1 warning(s)
# 	Previous test 0 ''
# 	Constants from lexical variables potentially modified elsewhere are deprecated at /opt/perl-5.21.10t/lib/site_perl/5.21.10/x86_64-linux-thread-multi/Mouse/Util.pm line 79.
#  at /opt/perl-5.21.10t/lib/site_perl/5.21.10/x86_64-linux-thread-multi/Mouse/Util.pm line 79.
# 	Mouse::Util::BEGIN() called at /opt/perl-5.21.10t/lib/site_perl/5.21.10/x86_64-linux-thread-multi/Mouse/Util.pm line 133
# 	eval {...} called at /opt/perl-5.21.10t/lib/site_perl/5.21.10/x86_64-linux-thread-multi/Mouse/Util.pm line 133
# 	require Mouse/Util.pm called at /opt/perl-5.21.10t/lib/site_perl/5.21.10/x86_64-linux-thread-multi/Mouse/Exporter.pm line 17
# 	require Mouse/Exporter.pm called at /opt/perl-5.21.10t/lib/site_perl/5.21.10/x86_64-linux-thread-multi/Mouse.pm line 4
# 	Mouse::BEGIN() called at /opt/perl-5.21.10t/lib/site_perl/5.21.10/x86_64-linux-thread-multi/Mouse/Util.pm line 133
# 	eval {...} called at /opt/perl-5.21.10t/lib/site_perl/5.21.10/x86_64-linux-thread-multi/Mouse/Util.pm line 133
# 	require Mouse.pm called at /opt/perl-5.21.10t/lib/site_perl/5.21.10/Any/Moose.pm line 34
# 	eval {...} called at /opt/perl-5.21.10t/lib/site_perl/5.21.10/Any/Moose.pm line 13
# 	require Any/Moose.pm called at /home/eserte/.cpan/build/Test-RedisServer-0.14-CWjvgH/blib/lib/Test/RedisServer.pm line 4
# 	Test::RedisServer::BEGIN() called at /opt/perl-5.21.10t/lib/site_perl/5.21.10/x86_64-linux-thread-multi/Mouse/Util.pm line 133
# 	eval {...} called at /opt/perl-5.21.10t/lib/site_perl/5.21.10/x86_64-linux-thread-multi/Mouse/Util.pm line 133
# 	require Test/RedisServer.pm called at (eval 10) line 2
# 	main::BEGIN() called at /opt/perl-5.21.10t/lib/site_perl/5.21.10/x86_64-linux-thread-multi/Mouse/Util.pm line 133
# 	eval {...} called at /opt/perl-5.21.10t/lib/site_perl/5.21.10/x86_64-linux-thread-multi/Mouse/Util.pm line 133
# 	eval 'use Test::RedisServer' called at t/01_JobQueue/14_get_job_data.t line 19
# 	main::BEGIN() called at /opt/perl-5.21.10t/lib/site_perl/5.21.10/x86_64-linux-thread-multi/Mouse/Util.pm line 133
# 	eval {...} called at /opt/perl-5.21.10t/lib/site_perl/5.21.10/x86_64-linux-thread-multi/Mouse/Util.pm line 133
# 
# Looks like you failed 1 test of 2.
t/01_JobQueue/14_get_job_data.t ......... 
Dubious, test returned 1 (wstat 256, 0x100)
Failed 1/2 subtests 
	(less 1 skipped subtest: 0 okay)
# Need a Redis server version 2.6 or higher

#   Failed test 'no warnings'
#   at /opt/perl-5.21.10t/lib/site_perl/5.21.10/Test/NoWarnings.pm line 45.
# There were 1 warning(s)
# 	Previous test 0 ''
# 	Constants from lexical variables potentially modified elsewhere are deprecated at /opt/perl-5.21.10t/lib/site_perl/5.21.10/x86_64-linux-thread-multi/Mouse/Util.pm line 79.
#  at /opt/perl-5.21.10t/lib/site_perl/5.21.10/x86_64-linux-thread-multi/Mouse/Util.pm line 79.
# 	Mouse::Util::BEGIN() called at /opt/perl-5.21.10t/lib/site_perl/5.21.10/x86_64-linux-thread-multi/Mouse/Util.pm line 133
# 	eval {...} called at /opt/perl-5.21.10t/lib/site_perl/5.21.10/x86_64-linux-thread-multi/Mouse/Util.pm line 133
# 	require Mouse/Util.pm called at /opt/perl-5.21.10t/lib/site_perl/5.21.10/x86_64-linux-thread-multi/Mouse/Exporter.pm line 17
# 	require Mouse/Exporter.pm called at /opt/perl-5.21.10t/lib/site_perl/5.21.10/x86_64-linux-thread-multi/Mouse.pm line 4
# 	Mouse::BEGIN() called at /opt/perl-5.21.10t/lib/site_perl/5.21.10/x86_64-linux-thread-multi/Mouse/Util.pm line 133
# 	eval {...} called at /opt/perl-5.21.10t/lib/site_perl/5.21.10/x86_64-linux-thread-multi/Mouse/Util.pm line 133
# 	require Mouse.pm called at /opt/perl-5.21.10t/lib/site_perl/5.21.10/Any/Moose.pm line 34
# 	eval {...} called at /opt/perl-5.21.10t/lib/site_perl/5.21.10/Any/Moose.pm line 13
# 	require Any/Moose.pm called at /home/eserte/.cpan/build/Test-RedisServer-0.14-CWjvgH/blib/lib/Test/RedisServer.pm line 4
# 	Test::RedisServer::BEGIN() called at /opt/perl-5.21.10t/lib/site_perl/5.21.10/x86_64-linux-thread-multi/Mouse/Util.pm line 133
# 	eval {...} called at /opt/perl-5.21.10t/lib/site_perl/5.21.10/x86_64-linux-thread-multi/Mouse/Util.pm line 133
# 	require Test/RedisServer.pm called at (eval 10) line 2
# 	main::BEGIN() called at /opt/perl-5.21.10t/lib/site_perl/5.21.10/x86_64-linux-thread-multi/Mouse/Util.pm line 133
# 	eval {...} called at /opt/perl-5.21.10t/lib/site_perl/5.21.10/x86_64-linux-thread-multi/Mouse/Util.pm line 133
# 	eval 'use Test::RedisServer' called at t/01_JobQueue/15_queue_status.t line 19
# 	main::BEGIN() called at /opt/perl-5.21.10t/lib/site_perl/5.21.10/x86_64-linux-thread-multi/Mouse/Util.pm line 133
# 	eval {...} called at /opt/perl-5.21.10t/lib/site_perl/5.21.10/x86_64-linux-thread-multi/Mouse/Util.pm line 133
# 
# Looks like you failed 1 test of 2.
t/01_JobQueue/15_queue_status.t ......... 
Dubious, test returned 1 (wstat 256, 0x100)
Failed 1/2 subtests 
	(less 1 skipped subtest: 0 okay)
Needs Redis server version 2.6 or higher at lib/Redis/JobQueue.pm line 677.
	Redis::JobQueue::BUILD(Redis::JobQueue=HASH(0x2181bd8), HASH(0x21a7260)) called at t/01_JobQueue/16_utf8.t line 182

#   Failed test 'no warnings'
#   at /opt/perl-5.21.10t/lib/site_perl/5.21.10/Test/NoWarnings.pm line 45.
# There were 1 warning(s)
# 	Previous test 0 ''
# 	Constants from lexical variables potentially modified elsewhere are deprecated at /opt/perl-5.21.10t/lib/site_perl/5.21.10/x86_64-linux-thread-multi/Mouse/Util.pm line 79.
#  at /opt/perl-5.21.10t/lib/site_perl/5.21.10/x86_64-linux-thread-multi/Mouse/Util.pm line 79.
# 	Mouse::Util::BEGIN() called at /opt/perl-5.21.10t/lib/site_perl/5.21.10/x86_64-linux-thread-multi/Mouse/Util.pm line 133
# 	eval {...} called at /opt/perl-5.21.10t/lib/site_perl/5.21.10/x86_64-linux-thread-multi/Mouse/Util.pm line 133
# 	require Mouse/Util.pm called at /opt/perl-5.21.10t/lib/site_perl/5.21.10/x86_64-linux-thread-multi/Mouse/Exporter.pm line 17
# 	require Mouse/Exporter.pm called at /opt/perl-5.21.10t/lib/site_perl/5.21.10/x86_64-linux-thread-multi/Mouse.pm line 4
# 	Mouse::BEGIN() called at /opt/perl-5.21.10t/lib/site_perl/5.21.10/x86_64-linux-thread-multi/Mouse/Util.pm line 133
# 	eval {...} called at /opt/perl-5.21.10t/lib/site_perl/5.21.10/x86_64-linux-thread-multi/Mouse/Util.pm line 133
# 	require Mouse.pm called at /opt/perl-5.21.10t/lib/site_perl/5.21.10/Any/Moose.pm line 34
# 	eval {...} called at /opt/perl-5.21.10t/lib/site_perl/5.21.10/Any/Moose.pm line 13
# 	require Any/Moose.pm called at /home/eserte/.cpan/build/Test-RedisServer-0.14-CWjvgH/blib/lib/Test/RedisServer.pm line 4
# 	Test::RedisServer::BEGIN() called at /opt/perl-5.21.10t/lib/site_perl/5.21.10/x86_64-linux-thread-multi/Mouse/Util.pm line 133
# 	eval {...} called at /opt/perl-5.21.10t/lib/site_perl/5.21.10/x86_64-linux-thread-multi/Mouse/Util.pm line 133
# 	require Test/RedisServer.pm called at (eval 12) line 2
# 	main::BEGIN() called at /opt/perl-5.21.10t/lib/site_perl/5.21.10/x86_64-linux-thread-multi/Mouse/Util.pm line 133
# 	eval {...} called at /opt/perl-5.21.10t/lib/site_perl/5.21.10/x86_64-linux-thread-multi/Mouse/Util.pm line 133
# 	eval 'use Test::RedisServer' called at t/01_JobQueue/16_utf8.t line 28
# 	main::BEGIN() called at /opt/perl-5.21.10t/lib/site_perl/5.21.10/x86_64-linux-thread-multi/Mouse/Util.pm line 133
# 	eval {...} called at /opt/perl-5.21.10t/lib/site_perl/5.21.10/x86_64-linux-thread-multi/Mouse/Util.pm line 133
# 
# Looks like you failed 1 test of 7.
# Looks like your test exited with -1 just after 7.
t/01_JobQueue/16_utf8.t ................. 
Dubious, test returned 255 (wstat 65280, 0xff00)
Failed 1/7 subtests 

Test Summary Report
-------------------
t/00_compile.t                        (Wstat: 256 Tests: 10 Failed: 1)
  Failed test:  10
  Non-zero exit status: 1
t/00_Job/00_compile.t                 (Wstat: 256 Tests: 26 Failed: 1)
  Failed test:  26
  Non-zero exit status: 1
t/00_Job/01_new.t                     (Wstat: 256 Tests: 56 Failed: 1)
  Failed test:  56
  Non-zero exit status: 1
t/00_Job/02_accessor.t                (Wstat: 256 Tests: 65 Failed: 1)
  Failed test:  65
  Non-zero exit status: 1
t/00_Job/03_modified.t                (Wstat: 256 Tests: 33 Failed: 1)
  Failed test:  33
  Non-zero exit status: 1
t/00_Job/04_job_attributes.t          (Wstat: 256 Tests: 4 Failed: 1)
  Failed test:  4
  Non-zero exit status: 1
t/00_Job/05_meta_data.t               (Wstat: 256 Tests: 49 Failed: 1)
  Failed test:  49
  Non-zero exit status: 1
t/01_JobQueue/00_compile.t            (Wstat: 256 Tests: 28 Failed: 1)
  Failed test:  28
  Non-zero exit status: 1
t/01_JobQueue/01_new.t                (Wstat: 256 Tests: 2 Failed: 1)
  Failed test:  2
  Non-zero exit status: 1
t/01_JobQueue/02_add_job.t            (Wstat: 256 Tests: 2 Failed: 1)
  Failed test:  2
  Non-zero exit status: 1
t/01_JobQueue/04_load_job.t           (Wstat: 256 Tests: 2 Failed: 1)
  Failed test:  2
  Non-zero exit status: 1
t/01_JobQueue/05_get_next_job.t       (Wstat: 256 Tests: 2 Failed: 1)
  Failed test:  2
  Non-zero exit status: 1
t/01_JobQueue/06_update_job.t         (Wstat: 256 Tests: 2 Failed: 1)
  Failed test:  2
  Non-zero exit status: 1
t/01_JobQueue/07_delete_job.t         (Wstat: 256 Tests: 2 Failed: 1)
  Failed test:  2
  Non-zero exit status: 1
t/01_JobQueue/08_get_job_ids.t        (Wstat: 256 Tests: 2 Failed: 1)
  Failed test:  2
  Non-zero exit status: 1
t/01_JobQueue/09_quit.t               (Wstat: 256 Tests: 2 Failed: 1)
  Failed test:  2
  Non-zero exit status: 1
t/01_JobQueue/10_max_datasize.t       (Wstat: 256 Tests: 2 Failed: 1)
  Failed test:  2
  Non-zero exit status: 1
t/01_JobQueue/11_last_errorcode.t     (Wstat: 256 Tests: 2 Failed: 1)
  Failed test:  2
  Non-zero exit status: 1
t/01_JobQueue/12_timeout.t            (Wstat: 256 Tests: 2 Failed: 1)
  Failed test:  2
  Non-zero exit status: 1
t/01_JobQueue/13_get_job_meta_fields.t (Wstat: 256 Tests: 2 Failed: 1)
  Failed test:  2
  Non-zero exit status: 1
t/01_JobQueue/14_get_job_data.t       (Wstat: 256 Tests: 2 Failed: 1)
  Failed test:  2
  Non-zero exit status: 1
t/01_JobQueue/15_queue_status.t       (Wstat: 256 Tests: 2 Failed: 1)
  Failed test:  2
  Non-zero exit status: 1
t/01_JobQueue/16_utf8.t               (Wstat: 65280 Tests: 7 Failed: 1)
  Failed test:  7
  Non-zero exit status: 255
Files=23, Tests=306,  6 wallclock secs ( 0.10 usr  0.09 sys +  2.02 cusr  1.10 csys =  3.31 CPU)
Result: FAIL
Failed 23/23 test programs. 23/306 subtests failed.
make: *** [test_dynamic] Error 255

------------------------------
PREREQUISITES
------------------------------

Prerequisite modules loaded:

requires:

    Module              Need  Have    
    ------------------- ----- --------
    Data::UUID          1.217 1.220   
    Digest::SHA1        2.13  2.13    
    List::MoreUtils     0.33  0.408   
    Mouse               0.97  2.4.1   
    Params::Util        1.07  1.07    
    perl                5.010 5.021010
    Redis               1.976 1.978   
    Storable            2.39  2.53    
    Try::Tiny           0.18  0.22    

build_requires:

    Module              Need  Have    
    ------------------- ----- --------
    ExtUtils::MakeMaker 0     7.04    
    Test::Deep          0.109 0.115   
    Test::Exception     0.31  0.38    
    Test::NoWarnings    1.04  1.04    
    Test::RedisServer   0.04  0.14    
    Test::TCP           2.02  2.07    

configure_requires:

    Module              Need  Have    
    ------------------- ----- --------
    ExtUtils::MakeMaker 0     7.04    


------------------------------
ENVIRONMENT AND OTHER CONTEXT
------------------------------

Environment variables:

    DBIC_NO_WARN_BAD_PERL = 1
    LANG = C
    PATH = /usr/local/bin:/usr/bin:/bin:/usr/local/sbin:/usr/sbin:/sbin:/home/eserte/bin/linux-gnu:/home/eserte/bin/sh:/home/eserte/bin:/usr/games:/home/eserte/devel:/home/eserte/src/srezic-misc/scripts
    PERL5LIB = /home/eserte/.cpan/build/Test-RedisServer-0.14-CWjvgH/blib/arch:/home/eserte/.cpan/build/Test-RedisServer-0.14-CWjvgH/blib/lib:/home/eserte/.cpan/build/Event-1.24-vyYwjM/blib/arch:/home/eserte/.cpan/build/Event-1.24-vyYwjM/blib/lib:/home/eserte/.cpan/build/Eval-LineNumbers-0.34-vT1E2z/blib/arch:/home/eserte/.cpan/build/Eval-LineNumbers-0.34-vT1E2z/blib/lib:/home/eserte/.cpan/build/Tie-Array-Sorted-1.41-8ov80L/blib/arch:/home/eserte/.cpan/build/Tie-Array-Sorted-1.41-8ov80L/blib/lib:/home/eserte/.cpan/build/Lingua-Stem-0.84-s5lgGh/blib/arch:/home/eserte/.cpan/build/Lingua-Stem-0.84-s5lgGh/blib/lib:/home/eserte/.cpan/build/Snowball-Swedish-1.2-CWzlCq/blib/arch:/home/eserte/.cpan/build/Snowball-Swedish-1.2-CWzlCq/blib/lib:/home/eserte/.cpan/build/Lingua-PT-Stemmer-0.01-iS8fat/blib/arch:/home/eserte/.cpan/build/Lingua-PT-Stemmer-0.01-iS8fat/blib/lib:/home/eserte/.cpan/build/Lingua-Stem-Ru-0.01-m2ku2h/blib/arch:/home/eserte/.cpan/build/Lingua-Stem-Ru-0.01-m2ku2h/blib/lib:/home/eserte/.cpan/build/Lingua-Stem-Fr-0.02-aZ92mB/blib/arch:/home/eserte/.cpan/build/Lingua-Stem-Fr-0.02-aZ92mB/blib/lib:/home/eserte/.cpan/build/Text-German-0.06-ZOKvpP/blib/arch:/home/eserte/.cpan/build/Text-German-0.06-ZOKvpP/blib/lib:/home/eserte/.cpan/build/Lingua-Stem-Snowball-Da-1.01-dWDY9x/blib/arch:/home/eserte/.cpan/build/Lingua-Stem-Snowball-Da-1.01-dWDY9x/blib/lib:/home/eserte/.cpan/build/Snowball-Norwegian-1.2-ZEhPsp/blib/arch:/home/eserte/.cpan/build/Snowball-Norwegian-1.2-ZEhPsp/blib/lib:/home/eserte/.cpan/build/Lingua-Stem-It-0.02-XLUZHh/blib/arch:/home/eserte/.cpan/build/Lingua-Stem-It-0.02-XLUZHh/blib/lib:/home/eserte/.cpan/build/Bit-Vector-Minimal-1.3-8QGeWs/blib/arch:/home/eserte/.cpan/build/Bit-Vector-Minimal-1.3-8QGeWs/blib/lib
    PERL5OPT = 
    PERL5_CPANPLUS_IS_RUNNING = 8194
    PERL5_CPAN_IS_RUNNING = 8194
    PERL5_CPAN_IS_RUNNING_IN_RECURSION = 2885,8194
    PERLDOC = -MPod::Perldoc::ToTextOverstrike
    PERL_BATCH = yes
    PERL_CPAN_REPORTER_CONFIG = /var/tmp/cpansmoker-1001/buvCrGDSwu_config.ini
    PERL_EXTUTILS_AUTOINSTALL = --defaultdeps
    PERL_HTML_DISPLAY_CLASS = HTML::Display::Mozilla
    SHELL = /bin/zsh
    TERM = screen
    TMPDIR = /var/tmp/cpansmoker-1001

Perl special variables (and OS-specific diagnostics, for MSWin32):

    $^X = /bbbike/perl-5.21.10t/bin/perl5.21.10
    $UID/$EUID = 1001 / 1001
    $GID = 1001 109 1001
    $EGID = 1001 109 1001

Perl module toolchain versions installed:

    Module              Have    
    ------------------- --------
    CPAN                2.10    
    CPAN::Meta          2.150001
    Cwd                 3.55    
    ExtUtils::CBuilder  0.280221
    ExtUtils::Command   1.20    
    ExtUtils::Install   2.04    
    ExtUtils::MakeMaker 7.04    
    ExtUtils::Manifest  1.70    
    ExtUtils::ParseXS   3.27    
    File::Spec          3.55    
    JSON                2.90    
    JSON::PP            2.27300 
    Module::Build       0.4211  
    Module::Signature   n/a     
    Parse::CPAN::Meta   1.4414  
    Test::Harness       3.35    
    Test::More          1.001014
    YAML                1.14    
    YAML::Syck          1.29    
    version             0.9909  


--

Summary of my perl5 (revision 5 version 21 subversion 10) configuration:
   
  Platform:
    osname=linux, osvers=3.2.0-4-amd64, archname=x86_64-linux-thread-multi
    uname='linux eserte 3.2.0-4-amd64 #1 smp debian 3.2.65-1+deb7u2 x86_64 gnulinux '
    config_args='-ds -e -Dprefix=/opt/perl-5.21.10t -Dusedevel -Dusemallocwrap=no -Dusethreads'
    hint=recommended, useposix=true, d_sigaction=define
    useithreads=define, usemultiplicity=define
    use64bitint=define, use64bitall=define, uselongdouble=undef
    usemymalloc=n, bincompat5005=undef
  Compiler:
    cc='cc', ccflags ='-D_REENTRANT -D_GNU_SOURCE -fwrapv -fno-strict-aliasing -pipe -fstack-protector -I/usr/local/include -D_LARGEFILE_SOURCE -D_FILE_OFFSET_BITS=64 -D_FORTIFY_SOURCE=2',
    optimize='-O2',
    cppflags='-D_REENTRANT -D_GNU_SOURCE -fwrapv -fno-strict-aliasing -pipe -fstack-protector -I/usr/local/include'
    ccversion='', gccversion='4.7.2', gccosandvers=''
    intsize=4, longsize=8, ptrsize=8, doublesize=8, byteorder=12345678, doublekind=3
    d_longlong=define, longlongsize=8, d_longdbl=define, longdblsize=16, longdblkind=3
    ivtype='long', ivsize=8, nvtype='double', nvsize=8, Off_t='off_t', lseeksize=8
    alignbytes=8, prototype=define
  Linker and Libraries:
    ld='cc', ldflags =' -fstack-protector -L/usr/local/lib'
    libpth=/usr/local/lib /usr/lib/gcc/x86_64-linux-gnu/4.7/include-fixed /usr/include/x86_64-linux-gnu /usr/lib /lib/x86_64-linux-gnu /lib/../lib /usr/lib/x86_64-linux-gnu /usr/lib/../lib /lib
    libs=-lpthread -lnsl -ldb -ldl -lm -lcrypt -lutil -lc
    perllibs=-lpthread -lnsl -ldl -lm -lcrypt -lutil -lc
    libc=libc-2.13.so, so=so, useshrplib=false, libperl=libperl.a
    gnulibc_version='2.13'
  Dynamic Linking:
    dlsrc=dl_dlopen.xs, dlext=so, d_dlsymun=undef, ccdlflags='-Wl,-E'
    cccdlflags='-fPIC', lddlflags='-shared -O2 -L/usr/local/lib -fstack-protector'


Characteristics of this binary (from libperl): 
  Compile-time options: HAS_TIMES MULTIPLICITY PERLIO_LAYERS
                        PERL_DONT_CREATE_GVSV
                        PERL_HASH_FUNC_ONE_AT_A_TIME_HARD
                        PERL_IMPLICIT_CONTEXT PERL_NEW_COPY_ON_WRITE
                        PERL_PRESERVE_IVUV PERL_USE_DEVEL USE_64_BIT_ALL
                        USE_64_BIT_INT USE_ITHREADS USE_LARGE_FILES
                        USE_LOCALE USE_LOCALE_COLLATE USE_LOCALE_CTYPE
                        USE_LOCALE_NUMERIC USE_LOCALE_TIME USE_PERLIO
                        USE_PERL_ATOF USE_REENTRANT_API
  Built under linux
  Compiled at Mar 20 2015 21:32:34
  %ENV:
    PERL5LIB="/home/eserte/.cpan/build/Test-RedisServer-0.14-CWjvgH/blib/arch:/home/eserte/.cpan/build/Test-RedisServer-0.14-CWjvgH/blib/lib:/home/eserte/.cpan/build/Event-1.24-vyYwjM/blib/arch:/home/eserte/.cpan/build/Event-1.24-vyYwjM/blib/lib:/home/eserte/.cpan/build/Eval-LineNumbers-0.34-vT1E2z/blib/arch:/home/eserte/.cpan/build/Eval-LineNumbers-0.34-vT1E2z/blib/lib:/home/eserte/.cpan/build/Tie-Array-Sorted-1.41-8ov80L/blib/arch:/home/eserte/.cpan/build/Tie-Array-Sorted-1.41-8ov80L/blib/lib:/home/eserte/.cpan/build/Lingua-Stem-0.84-s5lgGh/blib/arch:/home/eserte/.cpan/build/Lingua-Stem-0.84-s5lgGh/blib/lib:/home/eserte/.cpan/build/Snowball-Swedish-1.2-CWzlCq/blib/arch:/home/eserte/.cpan/build/Snowball-Swedish-1.2-CWzlCq/blib/lib:/home/eserte/.cpan/build/Lingua-PT-Stemmer-0.01-iS8fat/blib/arch:/home/eserte/.cpan/build/Lingua-PT-Stemmer-0.01-iS8fat/blib/lib:/home/eserte/.cpan/build/Lingua-Stem-Ru-0.01-m2ku2h/blib/arch:/home/eserte/.cpan/build/Lingua-Stem-Ru-0.01-m2ku2h/blib/lib:/home/eserte/.cpan/build/Lingua-Stem-Fr-0.02-aZ92mB/blib/arch:/home/eserte/.cpan/build/Lingua-Stem-Fr-0.02-aZ92mB/blib/lib:/home/eserte/.cpan/build/Text-German-0.06-ZOKvpP/blib/arch:/home/eserte/.cpan/build/Text-German-0.06-ZOKvpP/blib/lib:/home/eserte/.cpan/build/Lingua-Stem-Snowball-Da-1.01-dWDY9x/blib/arch:/home/eserte/.cpan/build/Lingua-Stem-Snowball-Da-1.01-dWDY9x/blib/lib:/home/eserte/.cpan/build/Snowball-Norwegian-1.2-ZEhPsp/blib/arch:/home/eserte/.cpan/build/Snowball-Norwegian-1.2-ZEhPsp/blib/lib:/home/eserte/.cpan/build/Lingua-Stem-It-0.02-XLUZHh/blib/arch:/home/eserte/.cpan/build/Lingua-Stem-It-0.02-XLUZHh/blib/lib:/home/eserte/.cpan/build/Bit-Vector-Minimal-1.3-8QGeWs/blib/arch:/home/eserte/.cpan/build/Bit-Vector-Minimal-1.3-8QGeWs/blib/lib"
    PERL5OPT=""
    PERL5_CPANPLUS_IS_RUNNING="8194"
    PERL5_CPAN_IS_RUNNING="8194"
    PERL5_CPAN_IS_RUNNING_IN_RECURSION="2885,8194"
    PERLDOC="-MPod::Perldoc::ToTextOverstrike"
    PERL_BATCH="yes"
    PERL_CPAN_REPORTER_CONFIG="/var/tmp/cpansmoker-1001/buvCrGDSwu_config.ini"
    PERL_EXTUTILS_AUTOINSTALL="--defaultdeps"
    PERL_HTML_DISPLAY_CLASS="HTML::Display::Mozilla"
  @INC:
    /home/eserte/.cpan/build/Test-RedisServer-0.14-CWjvgH/blib/arch
    /home/eserte/.cpan/build/Test-RedisServer-0.14-CWjvgH/blib/lib
    /home/eserte/.cpan/build/Event-1.24-vyYwjM/blib/arch
    /home/eserte/.cpan/build/Event-1.24-vyYwjM/blib/lib
    /home/eserte/.cpan/build/Eval-LineNumbers-0.34-vT1E2z/blib/arch
    /home/eserte/.cpan/build/Eval-LineNumbers-0.34-vT1E2z/blib/lib
    /home/eserte/.cpan/build/Tie-Array-Sorted-1.41-8ov80L/blib/arch
    /home/eserte/.cpan/build/Tie-Array-Sorted-1.41-8ov80L/blib/lib
    /home/eserte/.cpan/build/Lingua-Stem-0.84-s5lgGh/blib/arch
    /home/eserte/.cpan/build/Lingua-Stem-0.84-s5lgGh/blib/lib
    /home/eserte/.cpan/build/Snowball-Swedish-1.2-CWzlCq/blib/arch
    /home/eserte/.cpan/build/Snowball-Swedish-1.2-CWzlCq/blib/lib
    /home/eserte/.cpan/build/Lingua-PT-Stemmer-0.01-iS8fat/blib/arch
    /home/eserte/.cpan/build/Lingua-PT-Stemmer-0.01-iS8fat/blib/lib
    /home/eserte/.cpan/build/Lingua-Stem-Ru-0.01-m2ku2h/blib/arch
    /home/eserte/.cpan/build/Lingua-Stem-Ru-0.01-m2ku2h/blib/lib
    /home/eserte/.cpan/build/Lingua-Stem-Fr-0.02-aZ92mB/blib/arch
    /home/eserte/.cpan/build/Lingua-Stem-Fr-0.02-aZ92mB/blib/lib
    /home/eserte/.cpan/build/Text-German-0.06-ZOKvpP/blib/arch
    /home/eserte/.cpan/build/Text-German-0.06-ZOKvpP/blib/lib
    /home/eserte/.cpan/build/Lingua-Stem-Snowball-Da-1.01-dWDY9x/blib/arch
    /home/eserte/.cpan/build/Lingua-Stem-Snowball-Da-1.01-dWDY9x/blib/lib
    /home/eserte/.cpan/build/Snowball-Norwegian-1.2-ZEhPsp/blib/arch
    /home/eserte/.cpan/build/Snowball-Norwegian-1.2-ZEhPsp/blib/lib
    /home/eserte/.cpan/build/Lingua-Stem-It-0.02-XLUZHh/blib/arch
    /home/eserte/.cpan/build/Lingua-Stem-It-0.02-XLUZHh/blib/lib
    /home/eserte/.cpan/build/Bit-Vector-Minimal-1.3-8QGeWs/blib/arch
    /home/eserte/.cpan/build/Bit-Vector-Minimal-1.3-8QGeWs/blib/lib
    /opt/perl-5.21.10t/lib/site_perl/5.21.10/x86_64-linux-thread-multi
    /opt/perl-5.21.10t/lib/site_perl/5.21.10
    /opt/perl-5.21.10t/lib/5.21.10/x86_64-linux-thread-multi
    /opt/perl-5.21.10t/lib/5.21.10
    .